[INFO] cloning repository https://github.com/Rocketman21/claw-machine
[INFO] running `Command { std: "git" "-c" "credential.helper=" "-c" "credential.helper=/workspace/cargo-home/bin/git-credential-null" "clone" "--bare" "https://github.com/Rocketman21/claw-machine" "/workspace/cache/git-repos/https%3A%2F%2Fgithub.com%2FRocketman21%2Fclaw-machine", kill_on_drop: false }`
[INFO] [stderr] Cloning into bare repository '/workspace/cache/git-repos/https%3A%2F%2Fgithub.com%2FRocketman21%2Fclaw-machine'...
[INFO] running `Command { std: "git" "rev-parse" "HEAD", kill_on_drop: false }`
[INFO] [stdout] e1071d9aa683aeb9ed1f15c7b49c9b68570838d0
[INFO] documenting Rocketman21/claw-machine against beta-2023-04-20 for beta-1.70-rustdoc-1
[INFO] running `Command { std: "git" "clone" "/workspace/cache/git-repos/https%3A%2F%2Fgithub.com%2FRocketman21%2Fclaw-machine" "/workspace/builds/worker-2-tc2/source", kill_on_drop: false }`
[INFO] [stderr] Cloning into '/workspace/builds/worker-2-tc2/source'...
[INFO] [stderr] done.
[INFO] validating manifest of git repo https://github.com/Rocketman21/claw-machine on toolchain beta-2023-04-20
[INFO] running `Command { std: CARGO_HOME="/workspace/cargo-home" RUSTUP_HOME="/workspace/rustup-home" "/workspace/cargo-home/bin/cargo" "+beta-2023-04-20" "metadata" "--manifest-path" "Cargo.toml" "--no-deps", kill_on_drop: false }`
[INFO] removed /workspace/builds/worker-2-tc2/source/.cargo/config.toml
[INFO] removed /workspace/builds/worker-2-tc2/source/rust-toolchain.toml
[INFO] started tweaking git repo https://github.com/Rocketman21/claw-machine
[INFO] finished tweaking git repo https://github.com/Rocketman21/claw-machine
[INFO] tweaked toml for git repo https://github.com/Rocketman21/claw-machine written to /workspace/builds/worker-2-tc2/source/Cargo.toml
[INFO] crate git repo https://github.com/Rocketman21/claw-machine already has a lockfile, it will not be regenerated
[INFO] running `Command { std: CARGO_HOME="/workspace/cargo-home" RUSTUP_HOME="/workspace/rustup-home" "/workspace/cargo-home/bin/cargo" "+beta-2023-04-20" "fetch" "--manifest-path" "Cargo.toml", kill_on_drop: false }`
[INFO] [stderr] warning: unused manifest key: toolchain
[INFO] [stderr]     Updating crates.io index
[INFO] [stderr]  Downloading crates ...
[INFO] [stderr]   Downloaded ringbuf v0.2.8
[INFO] [stderr]   Downloaded atomic-arena v0.1.1
[INFO] [stderr]   Downloaded kira v0.6.0
[INFO] [stderr]   Downloaded bevy_rapier3d v0.13.2
[INFO] [stderr]   Downloaded nalgebra v0.31.0
[INFO] [stderr]   Downloaded iyes_loopless v0.5.1
[INFO] [stderr]   Downloaded tracing-subscriber v0.3.7
[INFO] [stderr]   Downloaded parry3d v0.9.0
[INFO] [stderr]   Downloaded rapier3d v0.12.0
[INFO] running `Command { std: "docker" "create" "-v" "/var/lib/crater-agent-workspace/builds/worker-2-tc2/target:/opt/rustwide/target:rw,Z" "-v" "/var/lib/crater-agent-workspace/builds/worker-2-tc2/source:/opt/rustwide/workdir:ro,Z" "-v" "/var/lib/crater-agent-workspace/cargo-home:/opt/rustwide/cargo-home:ro,Z" "-v" "/var/lib/crater-agent-workspace/rustup-home:/opt/rustwide/rustup-home:ro,Z" "-e" "SOURCE_DIR=/opt/rustwide/workdir" "-e" "CARGO_TARGET_DIR=/opt/rustwide/target" "-e" "CARGO_HOME=/opt/rustwide/cargo-home" "-e" "RUSTUP_HOME=/opt/rustwide/rustup-home" "-w" "/opt/rustwide/workdir" "-m" "1610612736" "--user" "0:0" "--network" "none" "ghcr.io/rust-lang/crates-build-env/linux@sha256:5ff2268d62e97bff2cde7d5815dd6ed5b47097566f13b8d0ca110b04b60e07ed" "/opt/rustwide/cargo-home/bin/cargo" "+beta-2023-04-20" "metadata" "--no-deps" "--format-version=1", kill_on_drop: false }`
[INFO] [stdout] 54f5b00d5604e9c76b12a0713e61375c9c91f8547d0471d9beef514984f9fab1
[INFO] running `Command { std: "docker" "start" "-a" "54f5b00d5604e9c76b12a0713e61375c9c91f8547d0471d9beef514984f9fab1", kill_on_drop: false }`
[INFO] running `Command { std: "docker" "inspect" "54f5b00d5604e9c76b12a0713e61375c9c91f8547d0471d9beef514984f9fab1", kill_on_drop: false }`
[INFO] running `Command { std: "docker" "rm" "-f" "54f5b00d5604e9c76b12a0713e61375c9c91f8547d0471d9beef514984f9fab1", kill_on_drop: false }`
[INFO] [stdout] 54f5b00d5604e9c76b12a0713e61375c9c91f8547d0471d9beef514984f9fab1
[INFO] running `Command { std: "docker" "create" "-v" "/var/lib/crater-agent-workspace/builds/worker-2-tc2/target:/opt/rustwide/target:rw,Z" "-v" "/var/lib/crater-agent-workspace/builds/worker-2-tc2/source:/opt/rustwide/workdir:ro,Z" "-v" "/var/lib/crater-agent-workspace/cargo-home:/opt/rustwide/cargo-home:ro,Z" "-v" "/var/lib/crater-agent-workspace/rustup-home:/opt/rustwide/rustup-home:ro,Z" "-e" "SOURCE_DIR=/opt/rustwide/workdir" "-e" "CARGO_TARGET_DIR=/opt/rustwide/target" "-e" "CARGO_INCREMENTAL=0" "-e" "RUST_BACKTRACE=full" "-e" "RUSTFLAGS=--cap-lints=warn" "-e" "RUSTDOCFLAGS=--cap-lints=warn" "-e" "CARGO_HOME=/opt/rustwide/cargo-home" "-e" "RUSTUP_HOME=/opt/rustwide/rustup-home" "-w" "/opt/rustwide/workdir" "-m" "1610612736" "--user" "0:0" "--network" "none" "ghcr.io/rust-lang/crates-build-env/linux@sha256:5ff2268d62e97bff2cde7d5815dd6ed5b47097566f13b8d0ca110b04b60e07ed" "/opt/rustwide/cargo-home/bin/cargo" "+beta-2023-04-20" "doc" "--frozen" "--no-deps" "--document-private-items" "--message-format=json", kill_on_drop: false }`
[INFO] [stdout] 16ce4f92c7220268debbb45ac812a87b69df7ce8b2b3c9f273f55e83b196176f
[INFO] running `Command { std: "docker" "start" "-a" "16ce4f92c7220268debbb45ac812a87b69df7ce8b2b3c9f273f55e83b196176f", kill_on_drop: false }`
[INFO] [stderr] warning: unused manifest key: toolchain
[INFO] [stderr]     Blocking waiting for file lock on package cache
[INFO] [stderr]    Compiling proc-macro2 v1.0.36
[INFO] [stderr]    Compiling unicode-xid v0.2.2
[INFO] [stderr]    Compiling syn v1.0.86
[INFO] [stderr]     Checking cfg-if v1.0.0
[INFO] [stderr]    Compiling autocfg v1.0.1
[INFO] [stderr]    Compiling serde_derive v1.0.136
[INFO] [stderr]    Compiling libc v0.2.116
[INFO] [stderr]    Compiling serde v1.0.136
[INFO] [stderr]     Checking lazy_static v1.4.0
[INFO] [stderr]     Checking bitflags v1.3.2
[INFO] [stderr]     Checking once_cell v1.9.0
[INFO] [stderr]     Checking scopeguard v1.1.0
[INFO] [stderr]    Compiling version_check v0.9.4
[INFO] [stderr]    Compiling log v0.4.14
[INFO] [stderr]     Checking instant v0.1.12
[INFO] [stderr]    Compiling hashbrown v0.11.2
[INFO] [stderr]    Compiling parking_lot_core v0.8.5
[INFO] [stderr]    Compiling libm v0.2.1
[INFO] [stderr]     Checking lock_api v0.4.6
[INFO] [stderr]     Checking mint v0.5.8
[INFO] [stderr]    Compiling indexmap v1.8.0
[INFO] [stderr]    Compiling num-traits v0.2.14
[INFO] [stderr]    Compiling quote v1.0.15
[INFO] [stderr]    Compiling ahash v0.7.6
[INFO] [stderr]     Checking getrandom v0.2.4
[INFO] [stderr]    Compiling memchr v2.4.1
[INFO] [stderr]     Checking pin-project-lite v0.2.8
[INFO] [stderr]     Checking byteorder v1.4.3
[INFO] [stderr]     Checking tracing-core v0.1.21
[INFO] [stderr]     Checking cache-padded v1.2.0
[INFO] [stderr]    Compiling futures-core v0.3.19
[INFO] [stderr]     Checking fixedbitset v0.4.1
[INFO] [stderr]     Checking slab v0.4.5
[INFO] [stderr]    Compiling erased-serde v0.3.18
[INFO] [stderr]     Checking downcast-rs v1.2.0
[INFO] [stderr]     Checking concurrent-queue v1.2.2
[INFO] [stderr]     Checking fxhash v0.2.1
[INFO] [stderr]     Checking waker-fn v1.1.0
[INFO] [stderr]     Checking fastrand v1.7.0
[INFO] [stderr]     Checking futures-io v0.3.19
[INFO] [stderr]     Checking parking v2.0.0
[INFO] [stderr]     Checking event-listener v2.5.2
[INFO] [stderr]     Checking async-task v4.1.0
[INFO] [stderr]     Checking futures-lite v1.12.0
[INFO] [stderr]     Checking async-channel v1.6.1
[INFO] [stderr]     Checking num_cpus v1.13.1
[INFO] [stderr]     Checking arrayvec v0.7.2
[INFO] [stderr]    Compiling crossbeam-utils v0.8.6
[INFO] [stderr]    Compiling pkg-config v0.3.24
[INFO] [stderr]    Compiling num-integer v0.1.44
[INFO] [stderr]    Compiling toml v0.5.8
[INFO] [stderr]    Compiling uuid v0.8.2
[INFO] [stderr]     Checking regex-syntax v0.6.25
[INFO] [stderr]     Checking async-executor v1.4.1
[INFO] [stderr]     Checking bevy_tasks v0.7.0
[INFO] [stderr]     Checking cty v0.2.2
[INFO] [stderr]     Checking raw-window-handle v0.4.2
[INFO] [stderr]     Checking aho-corasick v0.7.18
[INFO] [stderr]    Compiling memoffset v0.6.5
[INFO] [stderr]     Checking bit-vec v0.6.3
[INFO] [stderr]     Checking rustc-hash v1.1.0
[INFO] [stderr]     Checking crossbeam-channel v0.5.2
[INFO] [stderr]     Checking tracing-log v0.1.2
[INFO] [stderr]     Checking thread_local v1.1.4
[INFO] [stderr]     Checking sharded-slab v0.1.4
[INFO] [stderr]     Checking libloading v0.7.3
[INFO] [stderr]    Compiling khronos-egl v4.1.0
[INFO] [stderr]     Checking ansi_term v0.12.1
[INFO] [stderr]     Checking termcolor v1.1.2
[INFO] [stderr]    Compiling ash v0.34.0+1.2.203
[INFO] [stderr]     Checking unicode-width v0.1.9
[INFO] [stderr]     Checking pp-rs v0.2.1
[INFO] [stderr]     Checking codespan-reporting v0.11.1
[INFO] [stderr]     Checking bit-set v0.5.2
[INFO] [stderr]     Checking spirv v0.2.0+1.5.4
[INFO] [stderr]     Checking rand_core v0.6.3
[INFO] [stderr]     Checking inotify-sys v0.1.5
[INFO] [stderr]     Checking gpu-alloc-types v0.2.0
[INFO] [stderr]     Checking regex-automata v0.1.10
[INFO] [stderr]     Checking regex v1.5.4
[INFO] [stderr]     Checking gpu-descriptor-types v0.1.1
[INFO] [stderr]     Checking hexf-parse v0.2.1
[INFO] [stderr]    Compiling cfg_aliases v0.1.1
[INFO] [stderr]     Checking ppv-lite86 v0.2.16
[INFO] [stderr]    Compiling crc32fast v1.3.2
[INFO] [stderr]     Checking same-file v1.0.6
[INFO] [stderr]     Checking adler32 v1.2.0
[INFO] [stderr]    Compiling anyhow v1.0.53
[INFO] [stderr]     Checking walkdir v2.3.2
[INFO] [stderr]     Checking rand_chacha v0.3.1
[INFO] [stderr]    Compiling wgpu-core v0.12.2
[INFO] [stderr]     Checking matchers v0.1.0
[INFO] [stderr]     Checking gpu-alloc v0.5.3
[INFO] [stderr]     Checking inotify v0.9.6
[INFO] [stderr]     Checking mio v0.7.14
[INFO] [stderr]     Checking filetime v0.2.15
[INFO] [stderr]    Compiling num-rational v0.3.2
[INFO] [stderr]    Compiling num-iter v0.1.42
[INFO] [stderr]     Checking wgpu-types v0.12.0
[INFO] [stderr]     Checking renderdoc-sys v0.7.1
[INFO] [stderr]     Checking inplace_it v0.3.3
[INFO] [stderr]     Checking profiling v1.0.5
[INFO] [stderr]     Checking glow v0.11.2
[INFO] [stderr]     Checking notify v5.0.0-pre.11
[INFO] [stderr]     Checking rand v0.8.4
[INFO] [stderr]     Checking deflate v0.8.6
[INFO] [stderr]     Checking miniz_oxide v0.3.7
[INFO] [stderr]     Checking copyless v0.1.5
[INFO] [stderr]    Compiling libm v0.1.4
[INFO] [stderr]     Checking png v0.16.8
[INFO] [stderr]     Checking approx v0.5.1
[INFO] [stderr]     Checking scoped_threadpool v0.1.9
[INFO] [stderr]     Checking color_quant v1.1.0
[INFO] [stderr]     Checking hex v0.4.3
[INFO] [stderr]     Checking nix v0.23.1
[INFO] [stderr]    Compiling libudev-sys v0.1.4
[INFO] [stderr]    Compiling serde_json v1.0.78
[INFO] [stderr]     Checking ttf-parser v0.14.0
[INFO] [stderr]    Compiling x11-dl v2.19.1
[INFO] [stderr]     Checking euclid v0.22.6
[INFO] [stderr]    Compiling encoding_rs v0.8.31
[INFO] [stderr]     Checking ryu v1.0.9
[INFO] [stderr]    Compiling inflections v1.1.1
[INFO] [stderr]     Checking ab_glyph_rasterizer v0.1.5
[INFO] [stderr]     Checking vec_map v0.8.2
[INFO] [stderr]     Checking svg_fmt v0.4.1
[INFO] [stderr]     Checking itoa v1.0.1
[INFO] [stderr]     Checking guillotiere v0.6.2
[INFO] [stderr]     Checking rectangle-pack v0.4.2
[INFO] [stderr]     Checking owned_ttf_parser v0.14.0
[INFO] [stderr]     Checking base64 v0.13.0
[INFO] [stderr]    Compiling winit v0.26.1
[INFO] [stderr]     Checking ab_glyph v0.2.13
[INFO] [stderr]     Checking xi-unicode v0.3.0
[INFO] [stderr]     Checking percent-encoding v2.1.0
[INFO] [stderr]     Checking glyph_brush_layout v0.2.3
[INFO] [stderr]     Checking mio v0.8.0
[INFO] [stderr]    Compiling packed_simd_2 v0.3.8
[INFO] [stderr]     Checking fnv v1.0.7
[INFO] [stderr]     Checking stretch v0.3.2
[INFO] [stderr]    Compiling alsa-sys v0.3.1
[INFO] [stderr]    Compiling num-rational v0.4.0
[INFO] [stderr]    Compiling crossbeam-epoch v0.9.7
[INFO] [stderr]    Compiling typenum v1.15.0
[INFO] [stderr]     Checking num-complex v0.4.0
[INFO] [stderr]    Compiling crossbeam-queue v0.3.4
[INFO] [stderr]     Checking rawpointer v0.2.1
[INFO] [stderr]    Compiling paste v1.0.6
[INFO] [stderr]     Checking matrixmultiply v0.3.2
[INFO] [stderr]     Checking robust v0.2.3
[INFO] [stderr]     Checking optional v0.5.0
[INFO] [stderr]    Compiling cpal v0.13.5
[INFO] [stderr]     Checking alsa v0.6.0
[INFO] [stdout] error[E0554]: `#![feature]` may not be used on the beta release channel
[INFO] [stdout]    --> /opt/rustwide/cargo-home/registry/src/index.crates.io-6f17d22bba15001f/packed_simd_2-0.3.8/src/lib.rs:214:1
[INFO] [stdout]     |
[INFO] [stdout] 214 | / #![feature(
[INFO] [stdout] 215 | |     adt_const_params,
[INFO] [stdout] 216 | |     repr_simd,
[INFO] [stdout] 217 | |     rustc_attrs,
[INFO] [stdout] ...   |
[INFO] [stdout] 224 | |     custom_inner_attributes,
[INFO] [stdout] 225 | | )]
[INFO] [stdout]     | |__^
[INFO] [stdout] 
[INFO] [stdout] 
[INFO] [stderr]     Checking crossbeam-deque v0.8.1
[INFO] [stderr]     Checking either v1.6.1
[INFO] [stderr]    Compiling rustversion v1.0.8
[INFO] [stderr]     Checking crossbeam v0.8.1
[INFO] [stderr]     Checking ringbuf v0.2.8
[INFO] [stderr]     Checking atomic-arena v0.1.1
[INFO] [stdout] error[E0554]: `#![feature]` may not be used on the beta release channel
[INFO] [stdout]    --> /opt/rustwide/cargo-home/registry/src/index.crates.io-6f17d22bba15001f/packed_simd_2-0.3.8/src/lib.rs:219:5
[INFO] [stdout]     |
[INFO] [stdout] 219 |     stdsimd,
[INFO] [stdout]     |     ^^^^^^^
[INFO] [stdout] 
[INFO] [stdout] 
[INFO] [stdout] error[E0554]: `#![feature]` may not be used on the beta release channel
[INFO] [stdout]    --> /opt/rustwide/cargo-home/registry/src/index.crates.io-6f17d22bba15001f/packed_simd_2-0.3.8/src/lib.rs:222:5
[INFO] [stdout]     |
[INFO] [stdout] 222 |     core_intrinsics,
[INFO] [stdout]     |     ^^^^^^^^^^^^^^^
[INFO] [stdout] 
[INFO] [stdout] 
[INFO] [stderr]    Compiling heck v0.4.0
[INFO] [stderr]     Checking strum v0.24.1
[INFO] [stdout] error: aborting due to 3 previous errors
[INFO] [stdout] 
[INFO] [stdout] 
[INFO] [stdout] For more information about this error, try `rustc --explain E0554`.
[INFO] [stdout] 
[INFO] [stderr] error: could not compile `packed_simd_2` (lib) due to 4 previous errors
[INFO] [stderr] warning: build failed, waiting for other jobs to finish...
[INFO] running `Command { std: "docker" "inspect" "16ce4f92c7220268debbb45ac812a87b69df7ce8b2b3c9f273f55e83b196176f", kill_on_drop: false }`
[INFO] running `Command { std: "docker" "rm" "-f" "16ce4f92c7220268debbb45ac812a87b69df7ce8b2b3c9f273f55e83b196176f", kill_on_drop: false }`
[INFO] [stdout] 16ce4f92c7220268debbb45ac812a87b69df7ce8b2b3c9f273f55e83b196176f
