[INFO] cloning repository https://github.com/Rob2309/SimpleOS-rs
[INFO] running `Command { std: "git" "-c" "credential.helper=" "-c" "credential.helper=/workspace/cargo-home/bin/git-credential-null" "clone" "--bare" "https://github.com/Rob2309/SimpleOS-rs" "/workspace/cache/git-repos/https%3A%2F%2Fgithub.com%2FRob2309%2FSimpleOS-rs", kill_on_drop: false }`
[INFO] [stderr] Cloning into bare repository '/workspace/cache/git-repos/https%3A%2F%2Fgithub.com%2FRob2309%2FSimpleOS-rs'...
[INFO] running `Command { std: "git" "rev-parse" "HEAD", kill_on_drop: false }`
[INFO] [stdout] b02ae56b16f8eaf9a770c62bba53e3199cfba3d8
[INFO] documenting Rob2309/SimpleOS-rs against 1.69.0 for beta-1.70-rustdoc-1
[INFO] running `Command { std: "git" "clone" "/workspace/cache/git-repos/https%3A%2F%2Fgithub.com%2FRob2309%2FSimpleOS-rs" "/workspace/builds/worker-2-tc1/source", kill_on_drop: false }`
[INFO] [stderr] Cloning into '/workspace/builds/worker-2-tc1/source'...
[INFO] [stderr] done.
[INFO] validating manifest of git repo https://github.com/Rob2309/SimpleOS-rs on toolchain 1.69.0
[INFO] running `Command { std: CARGO_HOME="/workspace/cargo-home" RUSTUP_HOME="/workspace/rustup-home" "/workspace/cargo-home/bin/cargo" "+1.69.0" "metadata" "--manifest-path" "Cargo.toml" "--no-deps", kill_on_drop: false }`
[INFO] removed /workspace/builds/worker-2-tc1/source/.cargo/config.toml
[INFO] started tweaking git repo https://github.com/Rob2309/SimpleOS-rs
[INFO] finished tweaking git repo https://github.com/Rob2309/SimpleOS-rs
[INFO] tweaked toml for git repo https://github.com/Rob2309/SimpleOS-rs written to /workspace/builds/worker-2-tc1/source/Cargo.toml
[INFO] crate git repo https://github.com/Rob2309/SimpleOS-rs already has a lockfile, it will not be regenerated
[INFO] running `Command { std: CARGO_HOME="/workspace/cargo-home" RUSTUP_HOME="/workspace/rustup-home" "/workspace/cargo-home/bin/cargo" "+1.69.0" "fetch" "--manifest-path" "Cargo.toml", kill_on_drop: false }`
[INFO] [stderr]  Downloading crates ...
[INFO] [stderr]   Downloaded ucs2 v0.3.2
[INFO] [stderr]   Downloaded uefi-macros v0.3.3
[INFO] [stderr]   Downloaded fatfs v0.3.5
[INFO] [stderr]   Downloaded uefi v0.8.0
[INFO] [stderr]   Downloaded font8x8 v0.3.1
[INFO] [stderr]   Downloaded gpt v2.0.0
[INFO] running `Command { std: "docker" "create" "-v" "/var/lib/crater-agent-workspace/builds/worker-2-tc1/target:/opt/rustwide/target:rw,Z" "-v" "/var/lib/crater-agent-workspace/builds/worker-2-tc1/source:/opt/rustwide/workdir:ro,Z" "-v" "/var/lib/crater-agent-workspace/cargo-home:/opt/rustwide/cargo-home:ro,Z" "-v" "/var/lib/crater-agent-workspace/rustup-home:/opt/rustwide/rustup-home:ro,Z" "-e" "SOURCE_DIR=/opt/rustwide/workdir" "-e" "CARGO_TARGET_DIR=/opt/rustwide/target" "-e" "CARGO_HOME=/opt/rustwide/cargo-home" "-e" "RUSTUP_HOME=/opt/rustwide/rustup-home" "-w" "/opt/rustwide/workdir" "-m" "1610612736" "--user" "0:0" "--network" "none" "ghcr.io/rust-lang/crates-build-env/linux@sha256:5ff2268d62e97bff2cde7d5815dd6ed5b47097566f13b8d0ca110b04b60e07ed" "/opt/rustwide/cargo-home/bin/cargo" "+1.69.0" "metadata" "--no-deps" "--format-version=1", kill_on_drop: false }`
[INFO] [stdout] 19ab5546b174746ec4965c136eb633c6c9139c77f62541766276d8fc8cedefa1
[INFO] running `Command { std: "docker" "start" "-a" "19ab5546b174746ec4965c136eb633c6c9139c77f62541766276d8fc8cedefa1", kill_on_drop: false }`
[INFO] running `Command { std: "docker" "inspect" "19ab5546b174746ec4965c136eb633c6c9139c77f62541766276d8fc8cedefa1", kill_on_drop: false }`
[INFO] running `Command { std: "docker" "rm" "-f" "19ab5546b174746ec4965c136eb633c6c9139c77f62541766276d8fc8cedefa1", kill_on_drop: false }`
[INFO] [stdout] 19ab5546b174746ec4965c136eb633c6c9139c77f62541766276d8fc8cedefa1
[INFO] running `Command { std: "docker" "create" "-v" "/var/lib/crater-agent-workspace/builds/worker-2-tc1/target:/opt/rustwide/target:rw,Z" "-v" "/var/lib/crater-agent-workspace/builds/worker-2-tc1/source:/opt/rustwide/workdir:ro,Z" "-v" "/var/lib/crater-agent-workspace/cargo-home:/opt/rustwide/cargo-home:ro,Z" "-v" "/var/lib/crater-agent-workspace/rustup-home:/opt/rustwide/rustup-home:ro,Z" "-e" "SOURCE_DIR=/opt/rustwide/workdir" "-e" "CARGO_TARGET_DIR=/opt/rustwide/target" "-e" "CARGO_INCREMENTAL=0" "-e" "RUST_BACKTRACE=full" "-e" "RUSTFLAGS=--cap-lints=warn" "-e" "RUSTDOCFLAGS=--cap-lints=warn" "-e" "CARGO_HOME=/opt/rustwide/cargo-home" "-e" "RUSTUP_HOME=/opt/rustwide/rustup-home" "-w" "/opt/rustwide/workdir" "-m" "1610612736" "--user" "0:0" "--network" "none" "ghcr.io/rust-lang/crates-build-env/linux@sha256:5ff2268d62e97bff2cde7d5815dd6ed5b47097566f13b8d0ca110b04b60e07ed" "/opt/rustwide/cargo-home/bin/cargo" "+1.69.0" "doc" "--frozen" "--no-deps" "--document-private-items" "--message-format=json", kill_on_drop: false }`
[INFO] [stdout] 1bcdb353e4acc2dcdb71d7314d68d171684e595fbeb8744250c01449335f805e
[INFO] running `Command { std: "docker" "start" "-a" "1bcdb353e4acc2dcdb71d7314d68d171684e595fbeb8744250c01449335f805e", kill_on_drop: false }`
[INFO] [stderr]    Compiling autocfg v1.0.1
[INFO] [stderr]    Compiling libc v0.2.94
[INFO] [stderr]     Checking cfg-if v1.0.0
[INFO] [stderr]    Compiling proc-macro2 v1.0.26
[INFO] [stderr]    Compiling log v0.4.14
[INFO] [stderr]    Compiling unicode-xid v0.2.1
[INFO] [stderr]    Compiling build_const v0.2.2
[INFO] [stderr]    Compiling getrandom v0.2.2
[INFO] [stderr]    Compiling syn v1.0.71
[INFO] [stderr]     Checking bit_field v0.10.1
[INFO] [stderr]    Compiling crc v1.8.1
[INFO] [stderr]     Checking ucs2 v0.3.2
[INFO] [stderr]     Checking common-structures v0.1.0 (/opt/rustwide/workdir/common-structures)
[INFO] [stderr]     Checking byteorder v1.4.3
[INFO] [stderr]     Checking font8x8 v0.3.1
[INFO] [stderr]  Documenting common-structures v0.1.0 (/opt/rustwide/workdir/common-structures)
[INFO] [stderr]    Compiling num-traits v0.2.14
[INFO] [stderr]    Compiling num-integer v0.1.44
[INFO] [stderr]  Documenting kernel v0.1.0 (/opt/rustwide/workdir/kernel)
[INFO] [stdout] error: cannot find macro `asm` in this scope
[INFO] [stdout]    --> kernel/src/arch/x86_64/gdt.rs:106:12
[INFO] [stdout]     |
[INFO] [stdout] 106 |     unsafe{asm!(
[INFO] [stdout]     |            ^^^
[INFO] [stdout]     |
[INFO] [stdout]     = help: consider importing this macro:
[INFO] [stdout]             core::arch::asm
[INFO] [stdout] 
[INFO] [stdout] 
[INFO] [stdout] error: cannot find macro `asm` in this scope
[INFO] [stdout]    --> kernel/src/arch/x86_64/gdt.rs:125:12
[INFO] [stdout]     |
[INFO] [stdout] 125 |     unsafe{asm!(
[INFO] [stdout]     |            ^^^
[INFO] [stdout]     |
[INFO] [stdout]     = help: consider importing this macro:
[INFO] [stdout]             core::arch::asm
[INFO] [stdout] 
[INFO] [stdout] 
[INFO] [stdout] error: cannot find macro `asm` in this scope
[INFO] [stdout]    --> kernel/src/arch/x86_64/interrupt/mod.rs:219:20
[INFO] [stdout]     |
[INFO] [stdout] 219 |             unsafe{asm!(
[INFO] [stdout]     |                    ^^^
[INFO] [stdout]     |
[INFO] [stdout]    ::: kernel/src/arch/x86_64/interrupt/isrs.rs:257:1
[INFO] [stdout]     |
[INFO] [stdout] 257 | isr!(isr_stub_255, 255);
[INFO] [stdout]     | ----------------------- in this macro invocation
[INFO] [stdout]     |
[INFO] [stdout]     = help: consider importing this macro:
[INFO] [stdout]             core::arch::asm
[INFO] [stdout]     = note: this error originates in the macro `isr` (in Nightly builds, run with -Z macro-backtrace for more info)
[INFO] [stdout] 
[INFO] [stdout] 
[INFO] [stdout] error: cannot find macro `asm` in this scope
[INFO] [stdout]   --> kernel/src/arch/x86_64/virt_manager.rs:14:12
[INFO] [stdout]    |
[INFO] [stdout] 14 |     unsafe{asm!(
[INFO] [stdout]    |            ^^^
[INFO] [stdout]    |
[INFO] [stdout]    = help: consider importing this macro:
[INFO] [stdout]            core::arch::asm
[INFO] [stdout] 
[INFO] [stdout] 
[INFO] [stdout] error: cannot find macro `asm` in this scope
[INFO] [stdout]    --> kernel/src/arch/x86_64/interrupt/mod.rs:219:20
[INFO] [stdout]     |
[INFO] [stdout] 219 |             unsafe{asm!(
[INFO] [stdout]     |                    ^^^
[INFO] [stdout]     |
[INFO] [stdout]    ::: kernel/src/arch/x86_64/interrupt/isrs.rs:256:1
[INFO] [stdout]     |
[INFO] [stdout] 256 | isr!(isr_stub_254, 254);
[INFO] [stdout]     | ----------------------- in this macro invocation
[INFO] [stdout]     |
[INFO] [stdout]     = help: consider importing this macro:
[INFO] [stdout]             core::arch::asm
[INFO] [stdout]     = note: this error originates in the macro `isr` (in Nightly builds, run with -Z macro-backtrace for more info)
[INFO] [stdout] 
[INFO] [stdout] 
[INFO] [stdout] error: cannot find macro `asm` in this scope
[INFO] [stdout]    --> kernel/src/arch/x86_64/interrupt/mod.rs:219:20
[INFO] [stdout]     |
[INFO] [stdout] 219 |             unsafe{asm!(
[INFO] [stdout]     |                    ^^^
[INFO] [stdout]     |
[INFO] [stdout]    ::: kernel/src/arch/x86_64/interrupt/isrs.rs:255:1
[INFO] [stdout]     |
[INFO] [stdout] 255 | isr!(isr_stub_253, 253);
[INFO] [stdout]     | ----------------------- in this macro invocation
[INFO] [stdout]     |
[INFO] [stdout]     = help: consider importing this macro:
[INFO] [stdout]             core::arch::asm
[INFO] [stdout]     = note: this error originates in the macro `isr` (in Nightly builds, run with -Z macro-backtrace for more info)
[INFO] [stdout] 
[INFO] [stdout] 
[INFO] [stdout] error: cannot find macro `asm` in this scope
[INFO] [stdout]    --> kernel/src/arch/x86_64/interrupt/mod.rs:219:20
[INFO] [stdout]     |
[INFO] [stdout] 219 |             unsafe{asm!(
[INFO] [stdout]     |                    ^^^
[INFO] [stdout]     |
[INFO] [stdout]    ::: kernel/src/arch/x86_64/interrupt/isrs.rs:254:1
[INFO] [stdout]     |
[INFO] [stdout] 254 | isr!(isr_stub_252, 252);
[INFO] [stdout]     | ----------------------- in this macro invocation
[INFO] [stdout]     |
[INFO] [stdout]     = help: consider importing this macro:
[INFO] [stdout]             core::arch::asm
[INFO] [stdout]     = note: this error originates in the macro `isr` (in Nightly builds, run with -Z macro-backtrace for more info)
[INFO] [stdout] 
[INFO] [stdout] 
[INFO] [stdout] error: cannot find macro `asm` in this scope
[INFO] [stdout]    --> kernel/src/arch/x86_64/interrupt/mod.rs:219:20
[INFO] [stdout]     |
[INFO] [stdout] 219 |             unsafe{asm!(
[INFO] [stdout]     |                    ^^^
[INFO] [stdout]     |
[INFO] [stdout]    ::: kernel/src/arch/x86_64/interrupt/isrs.rs:253:1
[INFO] [stdout]     |
[INFO] [stdout] 253 | isr!(isr_stub_251, 251);
[INFO] [stdout]     | ----------------------- in this macro invocation
[INFO] [stdout]     |
[INFO] [stdout]     = help: consider importing this macro:
[INFO] [stdout]             core::arch::asm
[INFO] [stdout]     = note: this error originates in the macro `isr` (in Nightly builds, run with -Z macro-backtrace for more info)
[INFO] [stdout] 
[INFO] [stdout] 
[INFO] [stdout] error: cannot find macro `asm` in this scope
[INFO] [stdout]    --> kernel/src/arch/x86_64/interrupt/mod.rs:219:20
[INFO] [stdout]     |
[INFO] [stdout] 219 |             unsafe{asm!(
[INFO] [stdout]     |                    ^^^
[INFO] [stdout]     |
[INFO] [stdout]    ::: kernel/src/arch/x86_64/interrupt/isrs.rs:252:1
[INFO] [stdout]     |
[INFO] [stdout] 252 | isr!(isr_stub_250, 250);
[INFO] [stdout]     | ----------------------- in this macro invocation
[INFO] [stdout]     |
[INFO] [stdout]     = help: consider importing this macro:
[INFO] [stdout]             core::arch::asm
[INFO] [stdout]     = note: this error originates in the macro `isr` (in Nightly builds, run with -Z macro-backtrace for more info)
[INFO] [stdout] 
[INFO] [stdout] 
[INFO] [stdout] error: cannot find macro `asm` in this scope
[INFO] [stdout]    --> kernel/src/arch/x86_64/interrupt/mod.rs:219:20
[INFO] [stdout]     |
[INFO] [stdout] 219 |             unsafe{asm!(
[INFO] [stdout]     |                    ^^^
[INFO] [stdout]     |
[INFO] [stdout]    ::: kernel/src/arch/x86_64/interrupt/isrs.rs:251:1
[INFO] [stdout]     |
[INFO] [stdout] 251 | isr!(isr_stub_249, 249);
[INFO] [stdout]     | ----------------------- in this macro invocation
[INFO] [stdout]     |
[INFO] [stdout]     = help: consider importing this macro:
[INFO] [stdout]             core::arch::asm
[INFO] [stdout]     = note: this error originates in the macro `isr` (in Nightly builds, run with -Z macro-backtrace for more info)
[INFO] [stdout] 
[INFO] [stdout] 
[INFO] [stdout] error: cannot find macro `asm` in this scope
[INFO] [stdout]    --> kernel/src/arch/x86_64/interrupt/mod.rs:219:20
[INFO] [stdout]     |
[INFO] [stdout] 219 |             unsafe{asm!(
[INFO] [stdout]     |                    ^^^
[INFO] [stdout]     |
[INFO] [stdout]    ::: kernel/src/arch/x86_64/interrupt/isrs.rs:250:1
[INFO] [stdout]     |
[INFO] [stdout] 250 | isr!(isr_stub_248, 248);
[INFO] [stdout]     | ----------------------- in this macro invocation
[INFO] [stdout]     |
[INFO] [stdout]     = help: consider importing this macro:
[INFO] [stdout]             core::arch::asm
[INFO] [stdout]     = note: this error originates in the macro `isr` (in Nightly builds, run with -Z macro-backtrace for more info)
[INFO] [stdout] 
[INFO] [stdout] 
[INFO] [stdout] error: cannot find macro `asm` in this scope
[INFO] [stdout]    --> kernel/src/arch/x86_64/interrupt/mod.rs:219:20
[INFO] [stdout]     |
[INFO] [stdout] 219 |             unsafe{asm!(
[INFO] [stdout]     |                    ^^^
[INFO] [stdout]     |
[INFO] [stdout]    ::: kernel/src/arch/x86_64/interrupt/isrs.rs:249:1
[INFO] [stdout]     |
[INFO] [stdout] 249 | isr!(isr_stub_247, 247);
[INFO] [stdout]     | ----------------------- in this macro invocation
[INFO] [stdout]     |
[INFO] [stdout]     = help: consider importing this macro:
[INFO] [stdout]             core::arch::asm
[INFO] [stdout]     = note: this error originates in the macro `isr` (in Nightly builds, run with -Z macro-backtrace for more info)
[INFO] [stdout] 
[INFO] [stdout] 
[INFO] [stdout] error: cannot find macro `asm` in this scope
[INFO] [stdout]    --> kernel/src/arch/x86_64/interrupt/mod.rs:219:20
[INFO] [stdout]     |
[INFO] [stdout] 219 |             unsafe{asm!(
[INFO] [stdout]     |                    ^^^
[INFO] [stdout]     |
[INFO] [stdout]    ::: kernel/src/arch/x86_64/interrupt/isrs.rs:248:1
[INFO] [stdout]     |
[INFO] [stdout] 248 | isr!(isr_stub_246, 246);
[INFO] [stdout]     | ----------------------- in this macro invocation
[INFO] [stdout]     |
[INFO] [stdout]     = help: consider importing this macro:
[INFO] [stdout]             core::arch::asm
[INFO] [stdout]     = note: this error originates in the macro `isr` (in Nightly builds, run with -Z macro-backtrace for more info)
[INFO] [stdout] 
[INFO] [stdout] 
[INFO] [stdout] error: cannot find macro `asm` in this scope
[INFO] [stdout]    --> kernel/src/arch/x86_64/interrupt/mod.rs:219:20
[INFO] [stdout]     |
[INFO] [stdout] 219 |             unsafe{asm!(
[INFO] [stdout]     |                    ^^^
[INFO] [stdout]     |
[INFO] [stdout]    ::: kernel/src/arch/x86_64/interrupt/isrs.rs:247:1
[INFO] [stdout]     |
[INFO] [stdout] 247 | isr!(isr_stub_245, 245);
[INFO] [stdout]     | ----------------------- in this macro invocation
[INFO] [stdout]     |
[INFO] [stdout]     = help: consider importing this macro:
[INFO] [stdout]             core::arch::asm
[INFO] [stdout]     = note: this error originates in the macro `isr` (in Nightly builds, run with -Z macro-backtrace for more info)
[INFO] [stdout] 
[INFO] [stdout] 
[INFO] [stdout] error: cannot find macro `asm` in this scope
[INFO] [stdout]    --> kernel/src/arch/x86_64/interrupt/mod.rs:219:20
[INFO] [stdout]     |
[INFO] [stdout] 219 |             unsafe{asm!(
[INFO] [stdout]     |                    ^^^
[INFO] [stdout]     |
[INFO] [stdout]    ::: kernel/src/arch/x86_64/interrupt/isrs.rs:246:1
[INFO] [stdout]     |
[INFO] [stdout] 246 | isr!(isr_stub_244, 244);
[INFO] [stdout]     | ----------------------- in this macro invocation
[INFO] [stdout]     |
[INFO] [stdout]     = help: consider importing this macro:
[INFO] [stdout]             core::arch::asm
[INFO] [stdout]     = note: this error originates in the macro `isr` (in Nightly builds, run with -Z macro-backtrace for more info)
[INFO] [stdout] 
[INFO] [stdout] 
[INFO] [stdout] error: cannot find macro `asm` in this scope
[INFO] [stdout]    --> kernel/src/arch/x86_64/interrupt/mod.rs:219:20
[INFO] [stdout]     |
[INFO] [stdout] 219 |             unsafe{asm!(
[INFO] [stdout]     |                    ^^^
[INFO] [stdout]     |
[INFO] [stdout]    ::: kernel/src/arch/x86_64/interrupt/isrs.rs:245:1
[INFO] [stdout]     |
[INFO] [stdout] 245 | isr!(isr_stub_243, 243);
[INFO] [stdout]     | ----------------------- in this macro invocation
[INFO] [stdout]     |
[INFO] [stdout]     = help: consider importing this macro:
[INFO] [stdout]             core::arch::asm
[INFO] [stdout]     = note: this error originates in the macro `isr` (in Nightly builds, run with -Z macro-backtrace for more info)
[INFO] [stdout] 
[INFO] [stdout] 
[INFO] [stdout] error: cannot find macro `asm` in this scope
[INFO] [stdout]    --> kernel/src/arch/x86_64/interrupt/mod.rs:219:20
[INFO] [stdout]     |
[INFO] [stdout] 219 |             unsafe{asm!(
[INFO] [stdout]     |                    ^^^
[INFO] [stdout]     |
[INFO] [stdout]    ::: kernel/src/arch/x86_64/interrupt/isrs.rs:244:1
[INFO] [stdout]     |
[INFO] [stdout] 244 | isr!(isr_stub_242, 242);
[INFO] [stdout]     | ----------------------- in this macro invocation
[INFO] [stdout]     |
[INFO] [stdout]     = help: consider importing this macro:
[INFO] [stdout]             core::arch::asm
[INFO] [stdout]     = note: this error originates in the macro `isr` (in Nightly builds, run with -Z macro-backtrace for more info)
[INFO] [stdout] 
[INFO] [stdout] 
[INFO] [stdout] error: cannot find macro `asm` in this scope
[INFO] [stdout]    --> kernel/src/arch/x86_64/interrupt/mod.rs:219:20
[INFO] [stdout]     |
[INFO] [stdout] 219 |             unsafe{asm!(
[INFO] [stdout]     |                    ^^^
[INFO] [stdout]     |
[INFO] [stdout]    ::: kernel/src/arch/x86_64/interrupt/isrs.rs:243:1
[INFO] [stdout]     |
[INFO] [stdout] 243 | isr!(isr_stub_241, 241);
[INFO] [stdout]     | ----------------------- in this macro invocation
[INFO] [stdout]     |
[INFO] [stdout]     = help: consider importing this macro:
[INFO] [stdout]             core::arch::asm
[INFO] [stdout]     = note: this error originates in the macro `isr` (in Nightly builds, run with -Z macro-backtrace for more info)
[INFO] [stdout] 
[INFO] [stdout] 
[INFO] [stdout] error: cannot find macro `asm` in this scope
[INFO] [stdout]    --> kernel/src/arch/x86_64/interrupt/mod.rs:219:20
[INFO] [stdout]     |
[INFO] [stdout] 219 |             unsafe{asm!(
[INFO] [stdout]     |                    ^^^
[INFO] [stdout]     |
[INFO] [stdout]    ::: kernel/src/arch/x86_64/interrupt/isrs.rs:242:1
[INFO] [stdout]     |
[INFO] [stdout] 242 | isr!(isr_stub_240, 240);
[INFO] [stdout]     | ----------------------- in this macro invocation
[INFO] [stdout]     |
[INFO] [stdout]     = help: consider importing this macro:
[INFO] [stdout]             core::arch::asm
[INFO] [stdout]     = note: this error originates in the macro `isr` (in Nightly builds, run with -Z macro-backtrace for more info)
[INFO] [stdout] 
[INFO] [stdout] 
[INFO] [stdout] error: cannot find macro `asm` in this scope
[INFO] [stdout]    --> kernel/src/arch/x86_64/interrupt/mod.rs:219:20
[INFO] [stdout]     |
[INFO] [stdout] 219 |             unsafe{asm!(
[INFO] [stdout]     |                    ^^^
[INFO] [stdout]     |
[INFO] [stdout]    ::: kernel/src/arch/x86_64/interrupt/isrs.rs:241:1
[INFO] [stdout]     |
[INFO] [stdout] 241 | isr!(isr_stub_239, 239);
[INFO] [stdout]     | ----------------------- in this macro invocation
[INFO] [stdout]     |
[INFO] [stdout]     = help: consider importing this macro:
[INFO] [stdout]             core::arch::asm
[INFO] [stdout]     = note: this error originates in the macro `isr` (in Nightly builds, run with -Z macro-backtrace for more info)
[INFO] [stdout] 
[INFO] [stdout] 
[INFO] [stdout] error: cannot find macro `asm` in this scope
[INFO] [stdout]    --> kernel/src/arch/x86_64/interrupt/mod.rs:219:20
[INFO] [stdout]     |
[INFO] [stdout] 219 |             unsafe{asm!(
[INFO] [stdout]     |                    ^^^
[INFO] [stdout]     |
[INFO] [stdout]    ::: kernel/src/arch/x86_64/interrupt/isrs.rs:240:1
[INFO] [stdout]     |
[INFO] [stdout] 240 | isr!(isr_stub_238, 238);
[INFO] [stdout]     | ----------------------- in this macro invocation
[INFO] [stdout]     |
[INFO] [stdout]     = help: consider importing this macro:
[INFO] [stdout]             core::arch::asm
[INFO] [stdout]     = note: this error originates in the macro `isr` (in Nightly builds, run with -Z macro-backtrace for more info)
[INFO] [stdout] 
[INFO] [stdout] 
[INFO] [stdout] error: cannot find macro `asm` in this scope
[INFO] [stdout]    --> kernel/src/arch/x86_64/interrupt/mod.rs:219:20
[INFO] [stdout]     |
[INFO] [stdout] 219 |             unsafe{asm!(
[INFO] [stdout]     |                    ^^^
[INFO] [stdout]     |
[INFO] [stdout]    ::: kernel/src/arch/x86_64/interrupt/isrs.rs:239:1
[INFO] [stdout]     |
[INFO] [stdout] 239 | isr!(isr_stub_237, 237);
[INFO] [stdout]     | ----------------------- in this macro invocation
[INFO] [stdout]     |
[INFO] [stdout]     = help: consider importing this macro:
[INFO] [stdout]             core::arch::asm
[INFO] [stdout]     = note: this error originates in the macro `isr` (in Nightly builds, run with -Z macro-backtrace for more info)
[INFO] [stdout] 
[INFO] [stdout] 
[INFO] [stdout] error: cannot find macro `asm` in this scope
[INFO] [stdout]    --> kernel/src/arch/x86_64/interrupt/mod.rs:219:20
[INFO] [stdout]     |
[INFO] [stdout] 219 |             unsafe{asm!(
[INFO] [stdout]     |                    ^^^
[INFO] [stdout]     |
[INFO] [stdout]    ::: kernel/src/arch/x86_64/interrupt/isrs.rs:238:1
[INFO] [stdout]     |
[INFO] [stdout] 238 | isr!(isr_stub_236, 236);
[INFO] [stdout]     | ----------------------- in this macro invocation
[INFO] [stdout]     |
[INFO] [stdout]     = help: consider importing this macro:
[INFO] [stdout]             core::arch::asm
[INFO] [stdout]     = note: this error originates in the macro `isr` (in Nightly builds, run with -Z macro-backtrace for more info)
[INFO] [stdout] 
[INFO] [stdout] 
[INFO] [stdout] error: cannot find macro `asm` in this scope
[INFO] [stdout]    --> kernel/src/arch/x86_64/interrupt/mod.rs:219:20
[INFO] [stdout]     |
[INFO] [stdout] 219 |             unsafe{asm!(
[INFO] [stdout]     |                    ^^^
[INFO] [stdout]     |
[INFO] [stdout]    ::: kernel/src/arch/x86_64/interrupt/isrs.rs:237:1
[INFO] [stdout]     |
[INFO] [stdout] 237 | isr!(isr_stub_235, 235);
[INFO] [stdout]     | ----------------------- in this macro invocation
[INFO] [stdout]     |
[INFO] [stdout]     = help: consider importing this macro:
[INFO] [stdout]             core::arch::asm
[INFO] [stdout]     = note: this error originates in the macro `isr` (in Nightly builds, run with -Z macro-backtrace for more info)
[INFO] [stdout] 
[INFO] [stdout] 
[INFO] [stdout] error: cannot find macro `asm` in this scope
[INFO] [stdout]    --> kernel/src/arch/x86_64/interrupt/mod.rs:219:20
[INFO] [stdout]     |
[INFO] [stdout] 219 |             unsafe{asm!(
[INFO] [stdout]     |                    ^^^
[INFO] [stdout]     |
[INFO] [stdout]    ::: kernel/src/arch/x86_64/interrupt/isrs.rs:236:1
[INFO] [stdout]     |
[INFO] [stdout] 236 | isr!(isr_stub_234, 234);
[INFO] [stdout]     | ----------------------- in this macro invocation
[INFO] [stdout]     |
[INFO] [stdout]     = help: consider importing this macro:
[INFO] [stdout]             core::arch::asm
[INFO] [stdout]     = note: this error originates in the macro `isr` (in Nightly builds, run with -Z macro-backtrace for more info)
[INFO] [stdout] 
[INFO] [stdout] 
[INFO] [stdout] error: cannot find macro `asm` in this scope
[INFO] [stdout]    --> kernel/src/arch/x86_64/interrupt/mod.rs:219:20
[INFO] [stdout]     |
[INFO] [stdout] 219 |             unsafe{asm!(
[INFO] [stdout]     |                    ^^^
[INFO] [stdout]     |
[INFO] [stdout]    ::: kernel/src/arch/x86_64/interrupt/isrs.rs:235:1
[INFO] [stdout]     |
[INFO] [stdout] 235 | isr!(isr_stub_233, 233);
[INFO] [stdout]     | ----------------------- in this macro invocation
[INFO] [stdout]     |
[INFO] [stdout]     = help: consider importing this macro:
[INFO] [stdout]             core::arch::asm
[INFO] [stdout]     = note: this error originates in the macro `isr` (in Nightly builds, run with -Z macro-backtrace for more info)
[INFO] [stdout] 
[INFO] [stdout] 
[INFO] [stdout] error: cannot find macro `asm` in this scope
[INFO] [stdout]    --> kernel/src/arch/x86_64/interrupt/mod.rs:219:20
[INFO] [stdout]     |
[INFO] [stdout] 219 |             unsafe{asm!(
[INFO] [stdout]     |                    ^^^
[INFO] [stdout]     |
[INFO] [stdout]    ::: kernel/src/arch/x86_64/interrupt/isrs.rs:234:1
[INFO] [stdout]     |
[INFO] [stdout] 234 | isr!(isr_stub_232, 232);
[INFO] [stdout]     | ----------------------- in this macro invocation
[INFO] [stdout]     |
[INFO] [stdout]     = help: consider importing this macro:
[INFO] [stdout]             core::arch::asm
[INFO] [stdout]     = note: this error originates in the macro `isr` (in Nightly builds, run with -Z macro-backtrace for more info)
[INFO] [stdout] 
[INFO] [stdout] 
[INFO] [stdout] error: cannot find macro `asm` in this scope
[INFO] [stdout]    --> kernel/src/arch/x86_64/interrupt/mod.rs:219:20
[INFO] [stdout]     |
[INFO] [stdout] 219 |             unsafe{asm!(
[INFO] [stdout]     |                    ^^^
[INFO] [stdout]     |
[INFO] [stdout]    ::: kernel/src/arch/x86_64/interrupt/isrs.rs:233:1
[INFO] [stdout]     |
[INFO] [stdout] 233 | isr!(isr_stub_231, 231);
[INFO] [stdout]     | ----------------------- in this macro invocation
[INFO] [stdout]     |
[INFO] [stdout]     = help: consider importing this macro:
[INFO] [stdout]             core::arch::asm
[INFO] [stdout]     = note: this error originates in the macro `isr` (in Nightly builds, run with -Z macro-backtrace for more info)
[INFO] [stdout] 
[INFO] [stdout] 
[INFO] [stdout] error: cannot find macro `asm` in this scope
[INFO] [stdout]    --> kernel/src/arch/x86_64/interrupt/mod.rs:219:20
[INFO] [stdout]     |
[INFO] [stdout] 219 |             unsafe{asm!(
[INFO] [stdout]     |                    ^^^
[INFO] [stdout]     |
[INFO] [stdout]    ::: kernel/src/arch/x86_64/interrupt/isrs.rs:232:1
[INFO] [stdout]     |
[INFO] [stdout] 232 | isr!(isr_stub_230, 230);
[INFO] [stdout]     | ----------------------- in this macro invocation
[INFO] [stdout]     |
[INFO] [stdout]     = help: consider importing this macro:
[INFO] [stdout]             core::arch::asm
[INFO] [stdout]     = note: this error originates in the macro `isr` (in Nightly builds, run with -Z macro-backtrace for more info)
[INFO] [stdout] 
[INFO] [stdout] 
[INFO] [stdout] error: cannot find macro `asm` in this scope
[INFO] [stdout]    --> kernel/src/arch/x86_64/interrupt/mod.rs:219:20
[INFO] [stdout]     |
[INFO] [stdout] 219 |             unsafe{asm!(
[INFO] [stdout]     |                    ^^^
[INFO] [stdout]     |
[INFO] [stdout]    ::: kernel/src/arch/x86_64/interrupt/isrs.rs:231:1
[INFO] [stdout]     |
[INFO] [stdout] 231 | isr!(isr_stub_229, 229);
[INFO] [stdout]     | ----------------------- in this macro invocation
[INFO] [stdout]     |
[INFO] [stdout]     = help: consider importing this macro:
[INFO] [stdout]             core::arch::asm
[INFO] [stdout]     = note: this error originates in the macro `isr` (in Nightly builds, run with -Z macro-backtrace for more info)
[INFO] [stdout] 
[INFO] [stdout] 
[INFO] [stdout] error: cannot find macro `asm` in this scope
[INFO] [stdout]    --> kernel/src/arch/x86_64/interrupt/mod.rs:219:20
[INFO] [stdout]     |
[INFO] [stdout] 219 |             unsafe{asm!(
[INFO] [stdout]     |                    ^^^
[INFO] [stdout]     |
[INFO] [stdout]    ::: kernel/src/arch/x86_64/interrupt/isrs.rs:230:1
[INFO] [stdout]     |
[INFO] [stdout] 230 | isr!(isr_stub_228, 228);
[INFO] [stdout]     | ----------------------- in this macro invocation
[INFO] [stdout]     |
[INFO] [stdout]     = help: consider importing this macro:
[INFO] [stdout]             core::arch::asm
[INFO] [stdout]     = note: this error originates in the macro `isr` (in Nightly builds, run with -Z macro-backtrace for more info)
[INFO] [stdout] 
[INFO] [stdout] 
[INFO] [stdout] error: cannot find macro `asm` in this scope
[INFO] [stdout]    --> kernel/src/arch/x86_64/interrupt/mod.rs:219:20
[INFO] [stdout]     |
[INFO] [stdout] 219 |             unsafe{asm!(
[INFO] [stdout]     |                    ^^^
[INFO] [stdout]     |
[INFO] [stdout]    ::: kernel/src/arch/x86_64/interrupt/isrs.rs:229:1
[INFO] [stdout]     |
[INFO] [stdout] 229 | isr!(isr_stub_227, 227);
[INFO] [stdout]     | ----------------------- in this macro invocation
[INFO] [stdout]     |
[INFO] [stdout]     = help: consider importing this macro:
[INFO] [stdout]             core::arch::asm
[INFO] [stdout]     = note: this error originates in the macro `isr` (in Nightly builds, run with -Z macro-backtrace for more info)
[INFO] [stdout] 
[INFO] [stdout] 
[INFO] [stdout] error: cannot find macro `asm` in this scope
[INFO] [stdout]    --> kernel/src/arch/x86_64/interrupt/mod.rs:219:20
[INFO] [stdout]     |
[INFO] [stdout] 219 |             unsafe{asm!(
[INFO] [stdout]     |                    ^^^
[INFO] [stdout]     |
[INFO] [stdout]    ::: kernel/src/arch/x86_64/interrupt/isrs.rs:228:1
[INFO] [stdout]     |
[INFO] [stdout] 228 | isr!(isr_stub_226, 226);
[INFO] [stdout]     | ----------------------- in this macro invocation
[INFO] [stdout]     |
[INFO] [stdout]     = help: consider importing this macro:
[INFO] [stdout]             core::arch::asm
[INFO] [stdout]     = note: this error originates in the macro `isr` (in Nightly builds, run with -Z macro-backtrace for more info)
[INFO] [stdout] 
[INFO] [stdout] 
[INFO] [stdout] error: cannot find macro `asm` in this scope
[INFO] [stdout]    --> kernel/src/arch/x86_64/interrupt/mod.rs:219:20
[INFO] [stdout]     |
[INFO] [stdout] 219 |             unsafe{asm!(
[INFO] [stdout]     |                    ^^^
[INFO] [stdout]     |
[INFO] [stdout]    ::: kernel/src/arch/x86_64/interrupt/isrs.rs:227:1
[INFO] [stdout]     |
[INFO] [stdout] 227 | isr!(isr_stub_225, 225);
[INFO] [stdout]     | ----------------------- in this macro invocation
[INFO] [stdout]     |
[INFO] [stdout]     = help: consider importing this macro:
[INFO] [stdout]             core::arch::asm
[INFO] [stdout]     = note: this error originates in the macro `isr` (in Nightly builds, run with -Z macro-backtrace for more info)
[INFO] [stdout] 
[INFO] [stdout] 
[INFO] [stdout] error: cannot find macro `asm` in this scope
[INFO] [stdout]    --> kernel/src/arch/x86_64/interrupt/mod.rs:219:20
[INFO] [stdout]     |
[INFO] [stdout] 219 |             unsafe{asm!(
[INFO] [stdout]     |                    ^^^
[INFO] [stdout]     |
[INFO] [stdout]    ::: kernel/src/arch/x86_64/interrupt/isrs.rs:226:1
[INFO] [stdout]     |
[INFO] [stdout] 226 | isr!(isr_stub_224, 224);
[INFO] [stdout]     | ----------------------- in this macro invocation
[INFO] [stdout]     |
[INFO] [stdout]     = help: consider importing this macro:
[INFO] [stdout]             core::arch::asm
[INFO] [stdout]     = note: this error originates in the macro `isr` (in Nightly builds, run with -Z macro-backtrace for more info)
[INFO] [stdout] 
[INFO] [stdout] 
[INFO] [stdout] error: cannot find macro `asm` in this scope
[INFO] [stdout]    --> kernel/src/arch/x86_64/interrupt/mod.rs:219:20
[INFO] [stdout]     |
[INFO] [stdout] 219 |             unsafe{asm!(
[INFO] [stdout]     |                    ^^^
[INFO] [stdout]     |
[INFO] [stdout]    ::: kernel/src/arch/x86_64/interrupt/isrs.rs:225:1
[INFO] [stdout]     |
[INFO] [stdout] 225 | isr!(isr_stub_223, 223);
[INFO] [stdout]     | ----------------------- in this macro invocation
[INFO] [stdout]     |
[INFO] [stdout]     = help: consider importing this macro:
[INFO] [stdout]             core::arch::asm
[INFO] [stdout]     = note: this error originates in the macro `isr` (in Nightly builds, run with -Z macro-backtrace for more info)
[INFO] [stdout] 
[INFO] [stdout] 
[INFO] [stdout] error: cannot find macro `asm` in this scope
[INFO] [stdout]    --> kernel/src/arch/x86_64/interrupt/mod.rs:219:20
[INFO] [stdout]     |
[INFO] [stdout] 219 |             unsafe{asm!(
[INFO] [stdout]     |                    ^^^
[INFO] [stdout]     |
[INFO] [stdout]    ::: kernel/src/arch/x86_64/interrupt/isrs.rs:224:1
[INFO] [stdout]     |
[INFO] [stdout] 224 | isr!(isr_stub_222, 222);
[INFO] [stdout]     | ----------------------- in this macro invocation
[INFO] [stdout]     |
[INFO] [stdout]     = help: consider importing this macro:
[INFO] [stdout]             core::arch::asm
[INFO] [stdout]     = note: this error originates in the macro `isr` (in Nightly builds, run with -Z macro-backtrace for more info)
[INFO] [stdout] 
[INFO] [stdout] 
[INFO] [stdout] error: cannot find macro `asm` in this scope
[INFO] [stdout]    --> kernel/src/arch/x86_64/interrupt/mod.rs:219:20
[INFO] [stdout]     |
[INFO] [stdout] 219 |             unsafe{asm!(
[INFO] [stdout]     |                    ^^^
[INFO] [stdout]     |
[INFO] [stdout]    ::: kernel/src/arch/x86_64/interrupt/isrs.rs:223:1
[INFO] [stdout]     |
[INFO] [stdout] 223 | isr!(isr_stub_221, 221);
[INFO] [stdout]     | ----------------------- in this macro invocation
[INFO] [stdout]     |
[INFO] [stdout]     = help: consider importing this macro:
[INFO] [stdout]             core::arch::asm
[INFO] [stdout]     = note: this error originates in the macro `isr` (in Nightly builds, run with -Z macro-backtrace for more info)
[INFO] [stdout] 
[INFO] [stdout] 
[INFO] [stdout] error: cannot find macro `asm` in this scope
[INFO] [stdout]    --> kernel/src/arch/x86_64/interrupt/mod.rs:219:20
[INFO] [stdout]     |
[INFO] [stdout] 219 |             unsafe{asm!(
[INFO] [stdout]     |                    ^^^
[INFO] [stdout]     |
[INFO] [stdout]    ::: kernel/src/arch/x86_64/interrupt/isrs.rs:222:1
[INFO] [stdout]     |
[INFO] [stdout] 222 | isr!(isr_stub_220, 220);
[INFO] [stdout]     | ----------------------- in this macro invocation
[INFO] [stdout]     |
[INFO] [stdout]     = help: consider importing this macro:
[INFO] [stdout]             core::arch::asm
[INFO] [stdout]     = note: this error originates in the macro `isr` (in Nightly builds, run with -Z macro-backtrace for more info)
[INFO] [stdout] 
[INFO] [stdout] 
[INFO] [stdout] error: cannot find macro `asm` in this scope
[INFO] [stdout]    --> kernel/src/arch/x86_64/interrupt/mod.rs:219:20
[INFO] [stdout]     |
[INFO] [stdout] 219 |             unsafe{asm!(
[INFO] [stdout]     |                    ^^^
[INFO] [stdout]     |
[INFO] [stdout]    ::: kernel/src/arch/x86_64/interrupt/isrs.rs:221:1
[INFO] [stdout]     |
[INFO] [stdout] 221 | isr!(isr_stub_219, 219);
[INFO] [stdout]     | ----------------------- in this macro invocation
[INFO] [stdout]     |
[INFO] [stdout]     = help: consider importing this macro:
[INFO] [stdout]             core::arch::asm
[INFO] [stdout]     = note: this error originates in the macro `isr` (in Nightly builds, run with -Z macro-backtrace for more info)
[INFO] [stdout] 
[INFO] [stdout] 
[INFO] [stdout] error: cannot find macro `asm` in this scope
[INFO] [stdout]    --> kernel/src/arch/x86_64/interrupt/mod.rs:219:20
[INFO] [stdout]     |
[INFO] [stdout] 219 |             unsafe{asm!(
[INFO] [stdout]     |                    ^^^
[INFO] [stdout]     |
[INFO] [stdout]    ::: kernel/src/arch/x86_64/interrupt/isrs.rs:220:1
[INFO] [stdout]     |
[INFO] [stdout] 220 | isr!(isr_stub_218, 218);
[INFO] [stdout]     | ----------------------- in this macro invocation
[INFO] [stdout]     |
[INFO] [stdout]     = help: consider importing this macro:
[INFO] [stdout]             core::arch::asm
[INFO] [stdout]     = note: this error originates in the macro `isr` (in Nightly builds, run with -Z macro-backtrace for more info)
[INFO] [stdout] 
[INFO] [stdout] 
[INFO] [stdout] error: cannot find macro `asm` in this scope
[INFO] [stdout]    --> kernel/src/arch/x86_64/interrupt/mod.rs:219:20
[INFO] [stdout]     |
[INFO] [stdout] 219 |             unsafe{asm!(
[INFO] [stdout]     |                    ^^^
[INFO] [stdout]     |
[INFO] [stdout]    ::: kernel/src/arch/x86_64/interrupt/isrs.rs:219:1
[INFO] [stdout]     |
[INFO] [stdout] 219 | isr!(isr_stub_217, 217);
[INFO] [stdout]     | ----------------------- in this macro invocation
[INFO] [stdout]     |
[INFO] [stdout]     = help: consider importing this macro:
[INFO] [stdout]             core::arch::asm
[INFO] [stdout]     = note: this error originates in the macro `isr` (in Nightly builds, run with -Z macro-backtrace for more info)
[INFO] [stdout] 
[INFO] [stdout] 
[INFO] [stdout] error: cannot find macro `asm` in this scope
[INFO] [stdout]    --> kernel/src/arch/x86_64/interrupt/mod.rs:219:20
[INFO] [stdout]     |
[INFO] [stdout] 219 |             unsafe{asm!(
[INFO] [stdout]     |                    ^^^
[INFO] [stdout]     |
[INFO] [stdout]    ::: kernel/src/arch/x86_64/interrupt/isrs.rs:218:1
[INFO] [stdout]     |
[INFO] [stdout] 218 | isr!(isr_stub_216, 216);
[INFO] [stdout]     | ----------------------- in this macro invocation
[INFO] [stdout]     |
[INFO] [stdout]     = help: consider importing this macro:
[INFO] [stdout]             core::arch::asm
[INFO] [stdout]     = note: this error originates in the macro `isr` (in Nightly builds, run with -Z macro-backtrace for more info)
[INFO] [stdout] 
[INFO] [stdout] 
[INFO] [stdout] error: cannot find macro `asm` in this scope
[INFO] [stdout]    --> kernel/src/arch/x86_64/interrupt/mod.rs:219:20
[INFO] [stdout]     |
[INFO] [stdout] 219 |             unsafe{asm!(
[INFO] [stdout]     |                    ^^^
[INFO] [stdout]     |
[INFO] [stdout]    ::: kernel/src/arch/x86_64/interrupt/isrs.rs:217:1
[INFO] [stdout]     |
[INFO] [stdout] 217 | isr!(isr_stub_215, 215);
[INFO] [stdout]     | ----------------------- in this macro invocation
[INFO] [stdout]     |
[INFO] [stdout]     = help: consider importing this macro:
[INFO] [stdout]             core::arch::asm
[INFO] [stdout]     = note: this error originates in the macro `isr` (in Nightly builds, run with -Z macro-backtrace for more info)
[INFO] [stdout] 
[INFO] [stdout] 
[INFO] [stdout] error: cannot find macro `asm` in this scope
[INFO] [stdout]    --> kernel/src/arch/x86_64/interrupt/mod.rs:219:20
[INFO] [stdout]     |
[INFO] [stdout] 219 |             unsafe{asm!(
[INFO] [stdout]     |                    ^^^
[INFO] [stdout]     |
[INFO] [stdout]    ::: kernel/src/arch/x86_64/interrupt/isrs.rs:216:1
[INFO] [stdout]     |
[INFO] [stdout] 216 | isr!(isr_stub_214, 214);
[INFO] [stdout]     | ----------------------- in this macro invocation
[INFO] [stdout]     |
[INFO] [stdout]     = help: consider importing this macro:
[INFO] [stdout]             core::arch::asm
[INFO] [stdout]     = note: this error originates in the macro `isr` (in Nightly builds, run with -Z macro-backtrace for more info)
[INFO] [stdout] 
[INFO] [stdout] 
[INFO] [stdout] error: cannot find macro `asm` in this scope
[INFO] [stdout]    --> kernel/src/arch/x86_64/interrupt/mod.rs:219:20
[INFO] [stdout]     |
[INFO] [stdout] 219 |             unsafe{asm!(
[INFO] [stdout]     |                    ^^^
[INFO] [stdout]     |
[INFO] [stdout]    ::: kernel/src/arch/x86_64/interrupt/isrs.rs:215:1
[INFO] [stdout]     |
[INFO] [stdout] 215 | isr!(isr_stub_213, 213);
[INFO] [stdout]     | ----------------------- in this macro invocation
[INFO] [stdout]     |
[INFO] [stdout]     = help: consider importing this macro:
[INFO] [stdout]             core::arch::asm
[INFO] [stdout]     = note: this error originates in the macro `isr` (in Nightly builds, run with -Z macro-backtrace for more info)
[INFO] [stdout] 
[INFO] [stdout] 
[INFO] [stdout] error: cannot find macro `asm` in this scope
[INFO] [stdout]    --> kernel/src/arch/x86_64/interrupt/mod.rs:219:20
[INFO] [stdout]     |
[INFO] [stdout] 219 |             unsafe{asm!(
[INFO] [stdout]     |                    ^^^
[INFO] [stdout]     |
[INFO] [stdout]    ::: kernel/src/arch/x86_64/interrupt/isrs.rs:214:1
[INFO] [stdout]     |
[INFO] [stdout] 214 | isr!(isr_stub_212, 212);
[INFO] [stdout]     | ----------------------- in this macro invocation
[INFO] [stdout]     |
[INFO] [stdout]     = help: consider importing this macro:
[INFO] [stdout]             core::arch::asm
[INFO] [stdout]     = note: this error originates in the macro `isr` (in Nightly builds, run with -Z macro-backtrace for more info)
[INFO] [stdout] 
[INFO] [stdout] 
[INFO] [stdout] error: cannot find macro `asm` in this scope
[INFO] [stdout]    --> kernel/src/arch/x86_64/interrupt/mod.rs:219:20
[INFO] [stdout]     |
[INFO] [stdout] 219 |             unsafe{asm!(
[INFO] [stdout]     |                    ^^^
[INFO] [stdout]     |
[INFO] [stdout]    ::: kernel/src/arch/x86_64/interrupt/isrs.rs:213:1
[INFO] [stdout]     |
[INFO] [stdout] 213 | isr!(isr_stub_211, 211);
[INFO] [stdout]     | ----------------------- in this macro invocation
[INFO] [stdout]     |
[INFO] [stdout]     = help: consider importing this macro:
[INFO] [stdout]             core::arch::asm
[INFO] [stdout]     = note: this error originates in the macro `isr` (in Nightly builds, run with -Z macro-backtrace for more info)
[INFO] [stdout] 
[INFO] [stdout] 
[INFO] [stdout] error: cannot find macro `asm` in this scope
[INFO] [stdout]    --> kernel/src/arch/x86_64/interrupt/mod.rs:219:20
[INFO] [stdout]     |
[INFO] [stdout] 219 |             unsafe{asm!(
[INFO] [stdout]     |                    ^^^
[INFO] [stdout]     |
[INFO] [stdout]    ::: kernel/src/arch/x86_64/interrupt/isrs.rs:212:1
[INFO] [stdout]     |
[INFO] [stdout] 212 | isr!(isr_stub_210, 210);
[INFO] [stdout]     | ----------------------- in this macro invocation
[INFO] [stdout]     |
[INFO] [stdout]     = help: consider importing this macro:
[INFO] [stdout]             core::arch::asm
[INFO] [stdout]     = note: this error originates in the macro `isr` (in Nightly builds, run with -Z macro-backtrace for more info)
[INFO] [stdout] 
[INFO] [stdout] 
[INFO] [stdout] error: cannot find macro `asm` in this scope
[INFO] [stdout]    --> kernel/src/arch/x86_64/interrupt/mod.rs:219:20
[INFO] [stdout]     |
[INFO] [stdout] 219 |             unsafe{asm!(
[INFO] [stdout]     |                    ^^^
[INFO] [stdout]     |
[INFO] [stdout]    ::: kernel/src/arch/x86_64/interrupt/isrs.rs:211:1
[INFO] [stdout]     |
[INFO] [stdout] 211 | isr!(isr_stub_209, 209);
[INFO] [stdout]     | ----------------------- in this macro invocation
[INFO] [stdout]     |
[INFO] [stdout]     = help: consider importing this macro:
[INFO] [stdout]             core::arch::asm
[INFO] [stdout]     = note: this error originates in the macro `isr` (in Nightly builds, run with -Z macro-backtrace for more info)
[INFO] [stdout] 
[INFO] [stdout] 
[INFO] [stdout] error: cannot find macro `asm` in this scope
[INFO] [stdout]    --> kernel/src/arch/x86_64/interrupt/mod.rs:219:20
[INFO] [stdout]     |
[INFO] [stdout] 219 |             unsafe{asm!(
[INFO] [stdout]     |                    ^^^
[INFO] [stdout]     |
[INFO] [stdout]    ::: kernel/src/arch/x86_64/interrupt/isrs.rs:210:1
[INFO] [stdout]     |
[INFO] [stdout] 210 | isr!(isr_stub_208, 208);
[INFO] [stdout]     | ----------------------- in this macro invocation
[INFO] [stdout]     |
[INFO] [stdout]     = help: consider importing this macro:
[INFO] [stdout]             core::arch::asm
[INFO] [stdout]     = note: this error originates in the macro `isr` (in Nightly builds, run with -Z macro-backtrace for more info)
[INFO] [stdout] 
[INFO] [stdout] 
[INFO] [stdout] error: cannot find macro `asm` in this scope
[INFO] [stdout]    --> kernel/src/arch/x86_64/interrupt/mod.rs:219:20
[INFO] [stdout]     |
[INFO] [stdout] 219 |             unsafe{asm!(
[INFO] [stdout]     |                    ^^^
[INFO] [stdout]     |
[INFO] [stdout]    ::: kernel/src/arch/x86_64/interrupt/isrs.rs:209:1
[INFO] [stdout]     |
[INFO] [stdout] 209 | isr!(isr_stub_207, 207);
[INFO] [stdout]     | ----------------------- in this macro invocation
[INFO] [stdout]     |
[INFO] [stdout]     = help: consider importing this macro:
[INFO] [stdout]             core::arch::asm
[INFO] [stdout]     = note: this error originates in the macro `isr` (in Nightly builds, run with -Z macro-backtrace for more info)
[INFO] [stdout] 
[INFO] [stdout] 
[INFO] [stdout] error: cannot find macro `asm` in this scope
[INFO] [stdout]    --> kernel/src/arch/x86_64/interrupt/mod.rs:219:20
[INFO] [stdout]     |
[INFO] [stdout] 219 |             unsafe{asm!(
[INFO] [stdout]     |                    ^^^
[INFO] [stdout]     |
[INFO] [stdout]    ::: kernel/src/arch/x86_64/interrupt/isrs.rs:208:1
[INFO] [stdout]     |
[INFO] [stdout] 208 | isr!(isr_stub_206, 206);
[INFO] [stdout]     | ----------------------- in this macro invocation
[INFO] [stdout]     |
[INFO] [stdout]     = help: consider importing this macro:
[INFO] [stdout]             core::arch::asm
[INFO] [stdout]     = note: this error originates in the macro `isr` (in Nightly builds, run with -Z macro-backtrace for more info)
[INFO] [stdout] 
[INFO] [stdout] 
[INFO] [stdout] error: cannot find macro `asm` in this scope
[INFO] [stdout]    --> kernel/src/arch/x86_64/interrupt/mod.rs:219:20
[INFO] [stdout]     |
[INFO] [stdout] 219 |             unsafe{asm!(
[INFO] [stdout]     |                    ^^^
[INFO] [stdout]     |
[INFO] [stdout]    ::: kernel/src/arch/x86_64/interrupt/isrs.rs:207:1
[INFO] [stdout]     |
[INFO] [stdout] 207 | isr!(isr_stub_205, 205);
[INFO] [stdout]     | ----------------------- in this macro invocation
[INFO] [stdout]     |
[INFO] [stdout]     = help: consider importing this macro:
[INFO] [stdout]             core::arch::asm
[INFO] [stdout]     = note: this error originates in the macro `isr` (in Nightly builds, run with -Z macro-backtrace for more info)
[INFO] [stdout] 
[INFO] [stdout] 
[INFO] [stdout] error: cannot find macro `asm` in this scope
[INFO] [stdout]    --> kernel/src/arch/x86_64/interrupt/mod.rs:219:20
[INFO] [stdout]     |
[INFO] [stdout] 219 |             unsafe{asm!(
[INFO] [stdout]     |                    ^^^
[INFO] [stdout]     |
[INFO] [stdout]    ::: kernel/src/arch/x86_64/interrupt/isrs.rs:206:1
[INFO] [stdout]     |
[INFO] [stdout] 206 | isr!(isr_stub_204, 204);
[INFO] [stdout]     | ----------------------- in this macro invocation
[INFO] [stdout]     |
[INFO] [stdout]     = help: consider importing this macro:
[INFO] [stdout]             core::arch::asm
[INFO] [stdout]     = note: this error originates in the macro `isr` (in Nightly builds, run with -Z macro-backtrace for more info)
[INFO] [stdout] 
[INFO] [stdout] 
[INFO] [stdout] error: cannot find macro `asm` in this scope
[INFO] [stdout]    --> kernel/src/arch/x86_64/interrupt/mod.rs:219:20
[INFO] [stdout]     |
[INFO] [stdout] 219 |             unsafe{asm!(
[INFO] [stdout]     |                    ^^^
[INFO] [stdout]     |
[INFO] [stdout]    ::: kernel/src/arch/x86_64/interrupt/isrs.rs:205:1
[INFO] [stdout]     |
[INFO] [stdout] 205 | isr!(isr_stub_203, 203);
[INFO] [stdout]     | ----------------------- in this macro invocation
[INFO] [stdout]     |
[INFO] [stdout]     = help: consider importing this macro:
[INFO] [stdout]             core::arch::asm
[INFO] [stdout]     = note: this error originates in the macro `isr` (in Nightly builds, run with -Z macro-backtrace for more info)
[INFO] [stdout] 
[INFO] [stdout] 
[INFO] [stdout] error: cannot find macro `asm` in this scope
[INFO] [stdout]    --> kernel/src/arch/x86_64/interrupt/mod.rs:219:20
[INFO] [stdout]     |
[INFO] [stdout] 219 |             unsafe{asm!(
[INFO] [stdout]     |                    ^^^
[INFO] [stdout]     |
[INFO] [stdout]    ::: kernel/src/arch/x86_64/interrupt/isrs.rs:204:1
[INFO] [stdout]     |
[INFO] [stdout] 204 | isr!(isr_stub_202, 202);
[INFO] [stdout]     | ----------------------- in this macro invocation
[INFO] [stdout]     |
[INFO] [stdout]     = help: consider importing this macro:
[INFO] [stdout]             core::arch::asm
[INFO] [stdout]     = note: this error originates in the macro `isr` (in Nightly builds, run with -Z macro-backtrace for more info)
[INFO] [stdout] 
[INFO] [stdout] 
[INFO] [stdout] error: cannot find macro `asm` in this scope
[INFO] [stdout]    --> kernel/src/arch/x86_64/interrupt/mod.rs:219:20
[INFO] [stdout]     |
[INFO] [stdout] 219 |             unsafe{asm!(
[INFO] [stdout]     |                    ^^^
[INFO] [stdout]     |
[INFO] [stdout]    ::: kernel/src/arch/x86_64/interrupt/isrs.rs:203:1
[INFO] [stdout]     |
[INFO] [stdout] 203 | isr!(isr_stub_201, 201);
[INFO] [stdout]     | ----------------------- in this macro invocation
[INFO] [stdout]     |
[INFO] [stdout]     = help: consider importing this macro:
[INFO] [stdout]             core::arch::asm
[INFO] [stdout]     = note: this error originates in the macro `isr` (in Nightly builds, run with -Z macro-backtrace for more info)
[INFO] [stdout] 
[INFO] [stdout] 
[INFO] [stdout] error: cannot find macro `asm` in this scope
[INFO] [stdout]    --> kernel/src/arch/x86_64/interrupt/mod.rs:219:20
[INFO] [stdout]     |
[INFO] [stdout] 219 |             unsafe{asm!(
[INFO] [stdout]     |                    ^^^
[INFO] [stdout]     |
[INFO] [stdout]    ::: kernel/src/arch/x86_64/interrupt/isrs.rs:202:1
[INFO] [stdout]     |
[INFO] [stdout] 202 | isr!(isr_stub_200, 200);
[INFO] [stdout]     | ----------------------- in this macro invocation
[INFO] [stdout]     |
[INFO] [stdout]     = help: consider importing this macro:
[INFO] [stdout]             core::arch::asm
[INFO] [stdout]     = note: this error originates in the macro `isr` (in Nightly builds, run with -Z macro-backtrace for more info)
[INFO] [stdout] 
[INFO] [stdout] 
[INFO] [stdout] error: cannot find macro `asm` in this scope
[INFO] [stdout]    --> kernel/src/arch/x86_64/interrupt/mod.rs:219:20
[INFO] [stdout]     |
[INFO] [stdout] 219 |             unsafe{asm!(
[INFO] [stdout]     |                    ^^^
[INFO] [stdout]     |
[INFO] [stdout]    ::: kernel/src/arch/x86_64/interrupt/isrs.rs:201:1
[INFO] [stdout]     |
[INFO] [stdout] 201 | isr!(isr_stub_199, 199);
[INFO] [stdout]     | ----------------------- in this macro invocation
[INFO] [stdout]     |
[INFO] [stdout]     = help: consider importing this macro:
[INFO] [stdout]             core::arch::asm
[INFO] [stdout]     = note: this error originates in the macro `isr` (in Nightly builds, run with -Z macro-backtrace for more info)
[INFO] [stdout] 
[INFO] [stdout] 
[INFO] [stdout] error: cannot find macro `asm` in this scope
[INFO] [stdout]    --> kernel/src/arch/x86_64/interrupt/mod.rs:219:20
[INFO] [stdout]     |
[INFO] [stdout] 219 |             unsafe{asm!(
[INFO] [stdout]     |                    ^^^
[INFO] [stdout]     |
[INFO] [stdout]    ::: kernel/src/arch/x86_64/interrupt/isrs.rs:200:1
[INFO] [stdout]     |
[INFO] [stdout] 200 | isr!(isr_stub_198, 198);
[INFO] [stdout]     | ----------------------- in this macro invocation
[INFO] [stdout]     |
[INFO] [stdout]     = help: consider importing this macro:
[INFO] [stdout]             core::arch::asm
[INFO] [stdout]     = note: this error originates in the macro `isr` (in Nightly builds, run with -Z macro-backtrace for more info)
[INFO] [stdout] 
[INFO] [stdout] 
[INFO] [stdout] error: cannot find macro `asm` in this scope
[INFO] [stdout]    --> kernel/src/arch/x86_64/interrupt/mod.rs:219:20
[INFO] [stdout]     |
[INFO] [stdout] 219 |             unsafe{asm!(
[INFO] [stdout]     |                    ^^^
[INFO] [stdout]     |
[INFO] [stdout]    ::: kernel/src/arch/x86_64/interrupt/isrs.rs:199:1
[INFO] [stdout]     |
[INFO] [stdout] 199 | isr!(isr_stub_197, 197);
[INFO] [stdout]     | ----------------------- in this macro invocation
[INFO] [stdout]     |
[INFO] [stdout]     = help: consider importing this macro:
[INFO] [stdout]             core::arch::asm
[INFO] [stdout]     = note: this error originates in the macro `isr` (in Nightly builds, run with -Z macro-backtrace for more info)
[INFO] [stdout] 
[INFO] [stdout] 
[INFO] [stdout] error: cannot find macro `asm` in this scope
[INFO] [stdout]    --> kernel/src/arch/x86_64/interrupt/mod.rs:219:20
[INFO] [stdout]     |
[INFO] [stdout] 219 |             unsafe{asm!(
[INFO] [stdout]     |                    ^^^
[INFO] [stdout]     |
[INFO] [stdout]    ::: kernel/src/arch/x86_64/interrupt/isrs.rs:198:1
[INFO] [stdout]     |
[INFO] [stdout] 198 | isr!(isr_stub_196, 196);
[INFO] [stdout]     | ----------------------- in this macro invocation
[INFO] [stdout]     |
[INFO] [stdout]     = help: consider importing this macro:
[INFO] [stdout]             core::arch::asm
[INFO] [stdout]     = note: this error originates in the macro `isr` (in Nightly builds, run with -Z macro-backtrace for more info)
[INFO] [stdout] 
[INFO] [stdout] 
[INFO] [stdout] error: cannot find macro `asm` in this scope
[INFO] [stdout]    --> kernel/src/arch/x86_64/interrupt/mod.rs:219:20
[INFO] [stdout]     |
[INFO] [stdout] 219 |             unsafe{asm!(
[INFO] [stdout]     |                    ^^^
[INFO] [stdout]     |
[INFO] [stdout]    ::: kernel/src/arch/x86_64/interrupt/isrs.rs:197:1
[INFO] [stdout]     |
[INFO] [stdout] 197 | isr!(isr_stub_195, 195);
[INFO] [stdout]     | ----------------------- in this macro invocation
[INFO] [stdout]     |
[INFO] [stdout]     = help: consider importing this macro:
[INFO] [stdout]             core::arch::asm
[INFO] [stdout]     = note: this error originates in the macro `isr` (in Nightly builds, run with -Z macro-backtrace for more info)
[INFO] [stdout] 
[INFO] [stdout] 
[INFO] [stdout] error: cannot find macro `asm` in this scope
[INFO] [stdout]    --> kernel/src/arch/x86_64/interrupt/mod.rs:219:20
[INFO] [stdout]     |
[INFO] [stdout] 219 |             unsafe{asm!(
[INFO] [stdout]     |                    ^^^
[INFO] [stdout]     |
[INFO] [stdout]    ::: kernel/src/arch/x86_64/interrupt/isrs.rs:196:1
[INFO] [stdout]     |
[INFO] [stdout] 196 | isr!(isr_stub_194, 194);
[INFO] [stdout]     | ----------------------- in this macro invocation
[INFO] [stdout]     |
[INFO] [stdout]     = help: consider importing this macro:
[INFO] [stdout]             core::arch::asm
[INFO] [stdout]     = note: this error originates in the macro `isr` (in Nightly builds, run with -Z macro-backtrace for more info)
[INFO] [stdout] 
[INFO] [stdout] 
[INFO] [stdout] error: cannot find macro `asm` in this scope
[INFO] [stdout]    --> kernel/src/arch/x86_64/interrupt/mod.rs:219:20
[INFO] [stdout]     |
[INFO] [stdout] 219 |             unsafe{asm!(
[INFO] [stdout]     |                    ^^^
[INFO] [stdout]     |
[INFO] [stdout]    ::: kernel/src/arch/x86_64/interrupt/isrs.rs:195:1
[INFO] [stdout]     |
[INFO] [stdout] 195 | isr!(isr_stub_193, 193);
[INFO] [stdout]     | ----------------------- in this macro invocation
[INFO] [stdout]     |
[INFO] [stdout]     = help: consider importing this macro:
[INFO] [stdout]             core::arch::asm
[INFO] [stdout]     = note: this error originates in the macro `isr` (in Nightly builds, run with -Z macro-backtrace for more info)
[INFO] [stdout] 
[INFO] [stdout] 
[INFO] [stdout] error: cannot find macro `asm` in this scope
[INFO] [stdout]    --> kernel/src/arch/x86_64/interrupt/mod.rs:219:20
[INFO] [stdout]     |
[INFO] [stdout] 219 |             unsafe{asm!(
[INFO] [stdout]     |                    ^^^
[INFO] [stdout]     |
[INFO] [stdout]    ::: kernel/src/arch/x86_64/interrupt/isrs.rs:194:1
[INFO] [stdout]     |
[INFO] [stdout] 194 | isr!(isr_stub_192, 192);
[INFO] [stdout]     | ----------------------- in this macro invocation
[INFO] [stdout]     |
[INFO] [stdout]     = help: consider importing this macro:
[INFO] [stdout]             core::arch::asm
[INFO] [stdout]     = note: this error originates in the macro `isr` (in Nightly builds, run with -Z macro-backtrace for more info)
[INFO] [stdout] 
[INFO] [stdout] 
[INFO] [stdout] error: cannot find macro `asm` in this scope
[INFO] [stdout]    --> kernel/src/arch/x86_64/interrupt/mod.rs:219:20
[INFO] [stdout]     |
[INFO] [stdout] 219 |             unsafe{asm!(
[INFO] [stdout]     |                    ^^^
[INFO] [stdout]     |
[INFO] [stdout]    ::: kernel/src/arch/x86_64/interrupt/isrs.rs:193:1
[INFO] [stdout]     |
[INFO] [stdout] 193 | isr!(isr_stub_191, 191);
[INFO] [stdout]     | ----------------------- in this macro invocation
[INFO] [stdout]     |
[INFO] [stdout]     = help: consider importing this macro:
[INFO] [stdout]             core::arch::asm
[INFO] [stdout]     = note: this error originates in the macro `isr` (in Nightly builds, run with -Z macro-backtrace for more info)
[INFO] [stdout] 
[INFO] [stdout] 
[INFO] [stdout] error: cannot find macro `asm` in this scope
[INFO] [stdout]    --> kernel/src/arch/x86_64/interrupt/mod.rs:219:20
[INFO] [stdout]     |
[INFO] [stdout] 219 |             unsafe{asm!(
[INFO] [stdout]     |                    ^^^
[INFO] [stdout]     |
[INFO] [stdout]    ::: kernel/src/arch/x86_64/interrupt/isrs.rs:192:1
[INFO] [stdout]     |
[INFO] [stdout] 192 | isr!(isr_stub_190, 190);
[INFO] [stdout]     | ----------------------- in this macro invocation
[INFO] [stdout]     |
[INFO] [stdout]     = help: consider importing this macro:
[INFO] [stdout]             core::arch::asm
[INFO] [stdout]     = note: this error originates in the macro `isr` (in Nightly builds, run with -Z macro-backtrace for more info)
[INFO] [stdout] 
[INFO] [stdout] 
[INFO] [stdout] error: cannot find macro `asm` in this scope
[INFO] [stdout]    --> kernel/src/arch/x86_64/interrupt/mod.rs:219:20
[INFO] [stdout]     |
[INFO] [stdout] 219 |             unsafe{asm!(
[INFO] [stdout]     |                    ^^^
[INFO] [stdout]     |
[INFO] [stdout]    ::: kernel/src/arch/x86_64/interrupt/isrs.rs:191:1
[INFO] [stdout]     |
[INFO] [stdout] 191 | isr!(isr_stub_189, 189);
[INFO] [stdout]     | ----------------------- in this macro invocation
[INFO] [stdout]     |
[INFO] [stdout]     = help: consider importing this macro:
[INFO] [stdout]             core::arch::asm
[INFO] [stdout]     = note: this error originates in the macro `isr` (in Nightly builds, run with -Z macro-backtrace for more info)
[INFO] [stdout] 
[INFO] [stdout] 
[INFO] [stdout] error: cannot find macro `asm` in this scope
[INFO] [stdout]    --> kernel/src/arch/x86_64/interrupt/mod.rs:219:20
[INFO] [stdout]     |
[INFO] [stdout] 219 |             unsafe{asm!(
[INFO] [stdout]     |                    ^^^
[INFO] [stdout]     |
[INFO] [stdout]    ::: kernel/src/arch/x86_64/interrupt/isrs.rs:190:1
[INFO] [stdout]     |
[INFO] [stdout] 190 | isr!(isr_stub_188, 188);
[INFO] [stdout]     | ----------------------- in this macro invocation
[INFO] [stdout]     |
[INFO] [stdout]     = help: consider importing this macro:
[INFO] [stdout]             core::arch::asm
[INFO] [stdout]     = note: this error originates in the macro `isr` (in Nightly builds, run with -Z macro-backtrace for more info)
[INFO] [stdout] 
[INFO] [stdout] 
[INFO] [stdout] error: cannot find macro `asm` in this scope
[INFO] [stdout]    --> kernel/src/arch/x86_64/interrupt/mod.rs:219:20
[INFO] [stdout]     |
[INFO] [stdout] 219 |             unsafe{asm!(
[INFO] [stdout]     |                    ^^^
[INFO] [stdout]     |
[INFO] [stdout]    ::: kernel/src/arch/x86_64/interrupt/isrs.rs:189:1
[INFO] [stdout]     |
[INFO] [stdout] 189 | isr!(isr_stub_187, 187);
[INFO] [stdout]     | ----------------------- in this macro invocation
[INFO] [stdout]     |
[INFO] [stdout]     = help: consider importing this macro:
[INFO] [stdout]             core::arch::asm
[INFO] [stdout]     = note: this error originates in the macro `isr` (in Nightly builds, run with -Z macro-backtrace for more info)
[INFO] [stdout] 
[INFO] [stdout] 
[INFO] [stdout] error: cannot find macro `asm` in this scope
[INFO] [stdout]    --> kernel/src/arch/x86_64/interrupt/mod.rs:219:20
[INFO] [stdout]     |
[INFO] [stdout] 219 |             unsafe{asm!(
[INFO] [stdout]     |                    ^^^
[INFO] [stdout]     |
[INFO] [stdout]    ::: kernel/src/arch/x86_64/interrupt/isrs.rs:188:1
[INFO] [stdout]     |
[INFO] [stdout] 188 | isr!(isr_stub_186, 186);
[INFO] [stdout]     | ----------------------- in this macro invocation
[INFO] [stdout]     |
[INFO] [stdout]     = help: consider importing this macro:
[INFO] [stdout]             core::arch::asm
[INFO] [stdout]     = note: this error originates in the macro `isr` (in Nightly builds, run with -Z macro-backtrace for more info)
[INFO] [stdout] 
[INFO] [stdout] 
[INFO] [stdout] error: cannot find macro `asm` in this scope
[INFO] [stdout]    --> kernel/src/arch/x86_64/interrupt/mod.rs:219:20
[INFO] [stdout]     |
[INFO] [stdout] 219 |             unsafe{asm!(
[INFO] [stdout]     |                    ^^^
[INFO] [stdout]     |
[INFO] [stdout]    ::: kernel/src/arch/x86_64/interrupt/isrs.rs:187:1
[INFO] [stdout]     |
[INFO] [stdout] 187 | isr!(isr_stub_185, 185);
[INFO] [stdout]     | ----------------------- in this macro invocation
[INFO] [stdout]     |
[INFO] [stdout]     = help: consider importing this macro:
[INFO] [stdout]             core::arch::asm
[INFO] [stdout]     = note: this error originates in the macro `isr` (in Nightly builds, run with -Z macro-backtrace for more info)
[INFO] [stdout] 
[INFO] [stdout] 
[INFO] [stdout] error: cannot find macro `asm` in this scope
[INFO] [stdout]    --> kernel/src/arch/x86_64/interrupt/mod.rs:219:20
[INFO] [stdout]     |
[INFO] [stdout] 219 |             unsafe{asm!(
[INFO] [stdout]     |                    ^^^
[INFO] [stdout]     |
[INFO] [stdout]    ::: kernel/src/arch/x86_64/interrupt/isrs.rs:186:1
[INFO] [stdout]     |
[INFO] [stdout] 186 | isr!(isr_stub_184, 184);
[INFO] [stdout]     | ----------------------- in this macro invocation
[INFO] [stdout]     |
[INFO] [stdout]     = help: consider importing this macro:
[INFO] [stdout]             core::arch::asm
[INFO] [stdout]     = note: this error originates in the macro `isr` (in Nightly builds, run with -Z macro-backtrace for more info)
[INFO] [stdout] 
[INFO] [stdout] 
[INFO] [stdout] error: cannot find macro `asm` in this scope
[INFO] [stdout]    --> kernel/src/arch/x86_64/interrupt/mod.rs:219:20
[INFO] [stdout]     |
[INFO] [stdout] 219 |             unsafe{asm!(
[INFO] [stdout]     |                    ^^^
[INFO] [stdout]     |
[INFO] [stdout]    ::: kernel/src/arch/x86_64/interrupt/isrs.rs:185:1
[INFO] [stdout]     |
[INFO] [stdout] 185 | isr!(isr_stub_183, 183);
[INFO] [stdout]     | ----------------------- in this macro invocation
[INFO] [stdout]     |
[INFO] [stdout]     = help: consider importing this macro:
[INFO] [stdout]             core::arch::asm
[INFO] [stdout]     = note: this error originates in the macro `isr` (in Nightly builds, run with -Z macro-backtrace for more info)
[INFO] [stdout] 
[INFO] [stdout] 
[INFO] [stdout] error: cannot find macro `asm` in this scope
[INFO] [stdout]    --> kernel/src/arch/x86_64/interrupt/mod.rs:219:20
[INFO] [stdout]     |
[INFO] [stdout] 219 |             unsafe{asm!(
[INFO] [stdout]     |                    ^^^
[INFO] [stdout]     |
[INFO] [stdout]    ::: kernel/src/arch/x86_64/interrupt/isrs.rs:184:1
[INFO] [stdout]     |
[INFO] [stdout] 184 | isr!(isr_stub_182, 182);
[INFO] [stdout]     | ----------------------- in this macro invocation
[INFO] [stdout]     |
[INFO] [stdout]     = help: consider importing this macro:
[INFO] [stdout]             core::arch::asm
[INFO] [stdout]     = note: this error originates in the macro `isr` (in Nightly builds, run with -Z macro-backtrace for more info)
[INFO] [stdout] 
[INFO] [stdout] 
[INFO] [stdout] error: cannot find macro `asm` in this scope
[INFO] [stdout]    --> kernel/src/arch/x86_64/interrupt/mod.rs:219:20
[INFO] [stdout]     |
[INFO] [stdout] 219 |             unsafe{asm!(
[INFO] [stdout]     |                    ^^^
[INFO] [stdout]     |
[INFO] [stdout]    ::: kernel/src/arch/x86_64/interrupt/isrs.rs:183:1
[INFO] [stdout]     |
[INFO] [stdout] 183 | isr!(isr_stub_181, 181);
[INFO] [stdout]     | ----------------------- in this macro invocation
[INFO] [stdout]     |
[INFO] [stdout]     = help: consider importing this macro:
[INFO] [stdout]             core::arch::asm
[INFO] [stdout]     = note: this error originates in the macro `isr` (in Nightly builds, run with -Z macro-backtrace for more info)
[INFO] [stdout] 
[INFO] [stdout] 
[INFO] [stdout] error: cannot find macro `asm` in this scope
[INFO] [stdout]    --> kernel/src/arch/x86_64/interrupt/mod.rs:219:20
[INFO] [stdout]     |
[INFO] [stdout] 219 |             unsafe{asm!(
[INFO] [stdout]     |                    ^^^
[INFO] [stdout]     |
[INFO] [stdout]    ::: kernel/src/arch/x86_64/interrupt/isrs.rs:182:1
[INFO] [stdout]     |
[INFO] [stdout] 182 | isr!(isr_stub_180, 180);
[INFO] [stdout]     | ----------------------- in this macro invocation
[INFO] [stdout]     |
[INFO] [stdout]     = help: consider importing this macro:
[INFO] [stdout]             core::arch::asm
[INFO] [stdout]     = note: this error originates in the macro `isr` (in Nightly builds, run with -Z macro-backtrace for more info)
[INFO] [stdout] 
[INFO] [stdout] 
[INFO] [stdout] error: cannot find macro `asm` in this scope
[INFO] [stdout]    --> kernel/src/arch/x86_64/interrupt/mod.rs:219:20
[INFO] [stdout]     |
[INFO] [stdout] 219 |             unsafe{asm!(
[INFO] [stdout]     |                    ^^^
[INFO] [stdout]     |
[INFO] [stdout]    ::: kernel/src/arch/x86_64/interrupt/isrs.rs:181:1
[INFO] [stdout]     |
[INFO] [stdout] 181 | isr!(isr_stub_179, 179);
[INFO] [stdout]     | ----------------------- in this macro invocation
[INFO] [stdout]     |
[INFO] [stdout]     = help: consider importing this macro:
[INFO] [stdout]             core::arch::asm
[INFO] [stdout]     = note: this error originates in the macro `isr` (in Nightly builds, run with -Z macro-backtrace for more info)
[INFO] [stdout] 
[INFO] [stdout] 
[INFO] [stdout] error: cannot find macro `asm` in this scope
[INFO] [stdout]    --> kernel/src/arch/x86_64/interrupt/mod.rs:219:20
[INFO] [stdout]     |
[INFO] [stdout] 219 |             unsafe{asm!(
[INFO] [stdout]     |                    ^^^
[INFO] [stdout]     |
[INFO] [stdout]    ::: kernel/src/arch/x86_64/interrupt/isrs.rs:180:1
[INFO] [stdout]     |
[INFO] [stdout] 180 | isr!(isr_stub_178, 178);
[INFO] [stdout]     | ----------------------- in this macro invocation
[INFO] [stdout]     |
[INFO] [stdout]     = help: consider importing this macro:
[INFO] [stdout]             core::arch::asm
[INFO] [stdout]     = note: this error originates in the macro `isr` (in Nightly builds, run with -Z macro-backtrace for more info)
[INFO] [stdout] 
[INFO] [stdout] 
[INFO] [stdout] error: cannot find macro `asm` in this scope
[INFO] [stdout]    --> kernel/src/arch/x86_64/interrupt/mod.rs:219:20
[INFO] [stdout]     |
[INFO] [stdout] 219 |             unsafe{asm!(
[INFO] [stdout]     |                    ^^^
[INFO] [stdout]     |
[INFO] [stdout]    ::: kernel/src/arch/x86_64/interrupt/isrs.rs:179:1
[INFO] [stdout]     |
[INFO] [stdout] 179 | isr!(isr_stub_177, 177);
[INFO] [stdout]     | ----------------------- in this macro invocation
[INFO] [stdout]     |
[INFO] [stdout]     = help: consider importing this macro:
[INFO] [stdout]             core::arch::asm
[INFO] [stdout]     = note: this error originates in the macro `isr` (in Nightly builds, run with -Z macro-backtrace for more info)
[INFO] [stdout] 
[INFO] [stdout] 
[INFO] [stdout] error: cannot find macro `asm` in this scope
[INFO] [stdout]    --> kernel/src/arch/x86_64/interrupt/mod.rs:219:20
[INFO] [stdout]     |
[INFO] [stdout] 219 |             unsafe{asm!(
[INFO] [stdout]     |                    ^^^
[INFO] [stdout]     |
[INFO] [stdout]    ::: kernel/src/arch/x86_64/interrupt/isrs.rs:178:1
[INFO] [stdout]     |
[INFO] [stdout] 178 | isr!(isr_stub_176, 176);
[INFO] [stdout]     | ----------------------- in this macro invocation
[INFO] [stdout]     |
[INFO] [stdout]     = help: consider importing this macro:
[INFO] [stdout]             core::arch::asm
[INFO] [stdout]     = note: this error originates in the macro `isr` (in Nightly builds, run with -Z macro-backtrace for more info)
[INFO] [stdout] 
[INFO] [stdout] 
[INFO] [stdout] error: cannot find macro `asm` in this scope
[INFO] [stdout]    --> kernel/src/arch/x86_64/interrupt/mod.rs:219:20
[INFO] [stdout]     |
[INFO] [stdout] 219 |             unsafe{asm!(
[INFO] [stdout]     |                    ^^^
[INFO] [stdout]     |
[INFO] [stdout]    ::: kernel/src/arch/x86_64/interrupt/isrs.rs:177:1
[INFO] [stdout]     |
[INFO] [stdout] 177 | isr!(isr_stub_175, 175);
[INFO] [stdout]     | ----------------------- in this macro invocation
[INFO] [stdout]     |
[INFO] [stdout]     = help: consider importing this macro:
[INFO] [stdout]             core::arch::asm
[INFO] [stdout]     = note: this error originates in the macro `isr` (in Nightly builds, run with -Z macro-backtrace for more info)
[INFO] [stdout] 
[INFO] [stdout] 
[INFO] [stdout] error: cannot find macro `asm` in this scope
[INFO] [stdout]    --> kernel/src/arch/x86_64/interrupt/mod.rs:219:20
[INFO] [stdout]     |
[INFO] [stdout] 219 |             unsafe{asm!(
[INFO] [stdout]     |                    ^^^
[INFO] [stdout]     |
[INFO] [stdout]    ::: kernel/src/arch/x86_64/interrupt/isrs.rs:176:1
[INFO] [stdout]     |
[INFO] [stdout] 176 | isr!(isr_stub_174, 174);
[INFO] [stdout]     | ----------------------- in this macro invocation
[INFO] [stdout]     |
[INFO] [stdout]     = help: consider importing this macro:
[INFO] [stdout]             core::arch::asm
[INFO] [stdout]     = note: this error originates in the macro `isr` (in Nightly builds, run with -Z macro-backtrace for more info)
[INFO] [stdout] 
[INFO] [stdout] 
[INFO] [stdout] error: cannot find macro `asm` in this scope
[INFO] [stdout]    --> kernel/src/arch/x86_64/interrupt/mod.rs:219:20
[INFO] [stdout]     |
[INFO] [stdout] 219 |             unsafe{asm!(
[INFO] [stdout]     |                    ^^^
[INFO] [stdout]     |
[INFO] [stdout]    ::: kernel/src/arch/x86_64/interrupt/isrs.rs:175:1
[INFO] [stdout]     |
[INFO] [stdout] 175 | isr!(isr_stub_173, 173);
[INFO] [stdout]     | ----------------------- in this macro invocation
[INFO] [stdout]     |
[INFO] [stdout]     = help: consider importing this macro:
[INFO] [stdout]             core::arch::asm
[INFO] [stdout]     = note: this error originates in the macro `isr` (in Nightly builds, run with -Z macro-backtrace for more info)
[INFO] [stdout] 
[INFO] [stdout] 
[INFO] [stdout] error: cannot find macro `asm` in this scope
[INFO] [stdout]    --> kernel/src/arch/x86_64/interrupt/mod.rs:219:20
[INFO] [stdout]     |
[INFO] [stdout] 219 |             unsafe{asm!(
[INFO] [stdout]     |                    ^^^
[INFO] [stdout]     |
[INFO] [stdout]    ::: kernel/src/arch/x86_64/interrupt/isrs.rs:174:1
[INFO] [stdout]     |
[INFO] [stdout] 174 | isr!(isr_stub_172, 172);
[INFO] [stdout]     | ----------------------- in this macro invocation
[INFO] [stdout]     |
[INFO] [stdout]     = help: consider importing this macro:
[INFO] [stdout]             core::arch::asm
[INFO] [stdout]     = note: this error originates in the macro `isr` (in Nightly builds, run with -Z macro-backtrace for more info)
[INFO] [stdout] 
[INFO] [stdout] 
[INFO] [stdout] error: cannot find macro `asm` in this scope
[INFO] [stdout]    --> kernel/src/arch/x86_64/interrupt/mod.rs:219:20
[INFO] [stdout]     |
[INFO] [stdout] 219 |             unsafe{asm!(
[INFO] [stdout]     |                    ^^^
[INFO] [stdout]     |
[INFO] [stdout]    ::: kernel/src/arch/x86_64/interrupt/isrs.rs:173:1
[INFO] [stdout]     |
[INFO] [stdout] 173 | isr!(isr_stub_171, 171);
[INFO] [stdout]     | ----------------------- in this macro invocation
[INFO] [stdout]     |
[INFO] [stdout]     = help: consider importing this macro:
[INFO] [stdout]             core::arch::asm
[INFO] [stdout]     = note: this error originates in the macro `isr` (in Nightly builds, run with -Z macro-backtrace for more info)
[INFO] [stdout] 
[INFO] [stdout] 
[INFO] [stdout] error: cannot find macro `asm` in this scope
[INFO] [stdout]    --> kernel/src/arch/x86_64/interrupt/mod.rs:219:20
[INFO] [stdout]     |
[INFO] [stdout] 219 |             unsafe{asm!(
[INFO] [stdout]     |                    ^^^
[INFO] [stdout]     |
[INFO] [stdout]    ::: kernel/src/arch/x86_64/interrupt/isrs.rs:172:1
[INFO] [stdout]     |
[INFO] [stdout] 172 | isr!(isr_stub_170, 170);
[INFO] [stdout]     | ----------------------- in this macro invocation
[INFO] [stdout]     |
[INFO] [stdout]     = help: consider importing this macro:
[INFO] [stdout]             core::arch::asm
[INFO] [stdout]     = note: this error originates in the macro `isr` (in Nightly builds, run with -Z macro-backtrace for more info)
[INFO] [stdout] 
[INFO] [stdout] 
[INFO] [stdout] error: cannot find macro `asm` in this scope
[INFO] [stdout]    --> kernel/src/arch/x86_64/interrupt/mod.rs:219:20
[INFO] [stdout]     |
[INFO] [stdout] 219 |             unsafe{asm!(
[INFO] [stdout]     |                    ^^^
[INFO] [stdout]     |
[INFO] [stdout]    ::: kernel/src/arch/x86_64/interrupt/isrs.rs:171:1
[INFO] [stdout]     |
[INFO] [stdout] 171 | isr!(isr_stub_169, 169);
[INFO] [stdout]     | ----------------------- in this macro invocation
[INFO] [stdout]     |
[INFO] [stdout]     = help: consider importing this macro:
[INFO] [stdout]             core::arch::asm
[INFO] [stdout]     = note: this error originates in the macro `isr` (in Nightly builds, run with -Z macro-backtrace for more info)
[INFO] [stdout] 
[INFO] [stdout] 
[INFO] [stdout] error: cannot find macro `asm` in this scope
[INFO] [stdout]    --> kernel/src/arch/x86_64/interrupt/mod.rs:219:20
[INFO] [stdout]     |
[INFO] [stdout] 219 |             unsafe{asm!(
[INFO] [stdout]     |                    ^^^
[INFO] [stdout]     |
[INFO] [stdout]    ::: kernel/src/arch/x86_64/interrupt/isrs.rs:170:1
[INFO] [stdout]     |
[INFO] [stdout] 170 | isr!(isr_stub_168, 168);
[INFO] [stdout]     | ----------------------- in this macro invocation
[INFO] [stdout]     |
[INFO] [stdout]     = help: consider importing this macro:
[INFO] [stdout]             core::arch::asm
[INFO] [stdout]     = note: this error originates in the macro `isr` (in Nightly builds, run with -Z macro-backtrace for more info)
[INFO] [stdout] 
[INFO] [stdout] 
[INFO] [stdout] error: cannot find macro `asm` in this scope
[INFO] [stdout]    --> kernel/src/arch/x86_64/interrupt/mod.rs:219:20
[INFO] [stdout]     |
[INFO] [stdout] 219 |             unsafe{asm!(
[INFO] [stdout]     |                    ^^^
[INFO] [stdout]     |
[INFO] [stdout]    ::: kernel/src/arch/x86_64/interrupt/isrs.rs:169:1
[INFO] [stdout]     |
[INFO] [stdout] 169 | isr!(isr_stub_167, 167);
[INFO] [stdout]     | ----------------------- in this macro invocation
[INFO] [stdout]     |
[INFO] [stdout]     = help: consider importing this macro:
[INFO] [stdout]             core::arch::asm
[INFO] [stdout]     = note: this error originates in the macro `isr` (in Nightly builds, run with -Z macro-backtrace for more info)
[INFO] [stdout] 
[INFO] [stdout] 
[INFO] [stdout] error: cannot find macro `asm` in this scope
[INFO] [stdout]    --> kernel/src/arch/x86_64/interrupt/mod.rs:219:20
[INFO] [stdout]     |
[INFO] [stdout] 219 |             unsafe{asm!(
[INFO] [stdout]     |                    ^^^
[INFO] [stdout]     |
[INFO] [stdout]    ::: kernel/src/arch/x86_64/interrupt/isrs.rs:168:1
[INFO] [stdout]     |
[INFO] [stdout] 168 | isr!(isr_stub_166, 166);
[INFO] [stdout]     | ----------------------- in this macro invocation
[INFO] [stdout]     |
[INFO] [stdout]     = help: consider importing this macro:
[INFO] [stdout]             core::arch::asm
[INFO] [stdout]     = note: this error originates in the macro `isr` (in Nightly builds, run with -Z macro-backtrace for more info)
[INFO] [stdout] 
[INFO] [stdout] 
[INFO] [stdout] error: cannot find macro `asm` in this scope
[INFO] [stdout]    --> kernel/src/arch/x86_64/interrupt/mod.rs:219:20
[INFO] [stdout]     |
[INFO] [stdout] 219 |             unsafe{asm!(
[INFO] [stdout]     |                    ^^^
[INFO] [stdout]     |
[INFO] [stdout]    ::: kernel/src/arch/x86_64/interrupt/isrs.rs:167:1
[INFO] [stdout]     |
[INFO] [stdout] 167 | isr!(isr_stub_165, 165);
[INFO] [stdout]     | ----------------------- in this macro invocation
[INFO] [stdout]     |
[INFO] [stdout]     = help: consider importing this macro:
[INFO] [stdout]             core::arch::asm
[INFO] [stdout]     = note: this error originates in the macro `isr` (in Nightly builds, run with -Z macro-backtrace for more info)
[INFO] [stdout] 
[INFO] [stdout] 
[INFO] [stdout] error: cannot find macro `asm` in this scope
[INFO] [stdout]    --> kernel/src/arch/x86_64/interrupt/mod.rs:219:20
[INFO] [stdout]     |
[INFO] [stdout] 219 |             unsafe{asm!(
[INFO] [stdout]     |                    ^^^
[INFO] [stdout]     |
[INFO] [stdout]    ::: kernel/src/arch/x86_64/interrupt/isrs.rs:166:1
[INFO] [stdout]     |
[INFO] [stdout] 166 | isr!(isr_stub_164, 164);
[INFO] [stdout]     | ----------------------- in this macro invocation
[INFO] [stdout]     |
[INFO] [stdout]     = help: consider importing this macro:
[INFO] [stdout]             core::arch::asm
[INFO] [stdout]     = note: this error originates in the macro `isr` (in Nightly builds, run with -Z macro-backtrace for more info)
[INFO] [stdout] 
[INFO] [stdout] 
[INFO] [stdout] error: cannot find macro `asm` in this scope
[INFO] [stdout]    --> kernel/src/arch/x86_64/interrupt/mod.rs:219:20
[INFO] [stdout]     |
[INFO] [stdout] 219 |             unsafe{asm!(
[INFO] [stdout]     |                    ^^^
[INFO] [stdout]     |
[INFO] [stdout]    ::: kernel/src/arch/x86_64/interrupt/isrs.rs:165:1
[INFO] [stdout]     |
[INFO] [stdout] 165 | isr!(isr_stub_163, 163);
[INFO] [stdout]     | ----------------------- in this macro invocation
[INFO] [stdout]     |
[INFO] [stdout]     = help: consider importing this macro:
[INFO] [stdout]             core::arch::asm
[INFO] [stdout]     = note: this error originates in the macro `isr` (in Nightly builds, run with -Z macro-backtrace for more info)
[INFO] [stdout] 
[INFO] [stdout] 
[INFO] [stdout] error: cannot find macro `asm` in this scope
[INFO] [stdout]    --> kernel/src/arch/x86_64/interrupt/mod.rs:219:20
[INFO] [stdout]     |
[INFO] [stdout] 219 |             unsafe{asm!(
[INFO] [stdout]     |                    ^^^
[INFO] [stdout]     |
[INFO] [stdout]    ::: kernel/src/arch/x86_64/interrupt/isrs.rs:164:1
[INFO] [stdout]     |
[INFO] [stdout] 164 | isr!(isr_stub_162, 162);
[INFO] [stdout]     | ----------------------- in this macro invocation
[INFO] [stdout]     |
[INFO] [stdout]     = help: consider importing this macro:
[INFO] [stdout]             core::arch::asm
[INFO] [stdout]     = note: this error originates in the macro `isr` (in Nightly builds, run with -Z macro-backtrace for more info)
[INFO] [stdout] 
[INFO] [stdout] 
[INFO] [stdout] error: cannot find macro `asm` in this scope
[INFO] [stdout]    --> kernel/src/arch/x86_64/interrupt/mod.rs:219:20
[INFO] [stdout]     |
[INFO] [stdout] 219 |             unsafe{asm!(
[INFO] [stdout]     |                    ^^^
[INFO] [stdout]     |
[INFO] [stdout]    ::: kernel/src/arch/x86_64/interrupt/isrs.rs:163:1
[INFO] [stdout]     |
[INFO] [stdout] 163 | isr!(isr_stub_161, 161);
[INFO] [stdout]     | ----------------------- in this macro invocation
[INFO] [stdout]     |
[INFO] [stdout]     = help: consider importing this macro:
[INFO] [stdout]             core::arch::asm
[INFO] [stdout]     = note: this error originates in the macro `isr` (in Nightly builds, run with -Z macro-backtrace for more info)
[INFO] [stdout] 
[INFO] [stdout] 
[INFO] [stdout] error: cannot find macro `asm` in this scope
[INFO] [stdout]    --> kernel/src/arch/x86_64/interrupt/mod.rs:219:20
[INFO] [stdout]     |
[INFO] [stdout] 219 |             unsafe{asm!(
[INFO] [stdout]     |                    ^^^
[INFO] [stdout]     |
[INFO] [stdout]    ::: kernel/src/arch/x86_64/interrupt/isrs.rs:162:1
[INFO] [stdout]     |
[INFO] [stdout] 162 | isr!(isr_stub_160, 160);
[INFO] [stdout]     | ----------------------- in this macro invocation
[INFO] [stdout]     |
[INFO] [stdout]     = help: consider importing this macro:
[INFO] [stdout]             core::arch::asm
[INFO] [stdout]     = note: this error originates in the macro `isr` (in Nightly builds, run with -Z macro-backtrace for more info)
[INFO] [stdout] 
[INFO] [stdout] 
[INFO] [stdout] error: cannot find macro `asm` in this scope
[INFO] [stdout]    --> kernel/src/arch/x86_64/interrupt/mod.rs:219:20
[INFO] [stdout]     |
[INFO] [stdout] 219 |             unsafe{asm!(
[INFO] [stdout]     |                    ^^^
[INFO] [stdout]     |
[INFO] [stdout]    ::: kernel/src/arch/x86_64/interrupt/isrs.rs:161:1
[INFO] [stdout]     |
[INFO] [stdout] 161 | isr!(isr_stub_159, 159);
[INFO] [stdout]     | ----------------------- in this macro invocation
[INFO] [stdout]     |
[INFO] [stdout]     = help: consider importing this macro:
[INFO] [stdout]             core::arch::asm
[INFO] [stdout]     = note: this error originates in the macro `isr` (in Nightly builds, run with -Z macro-backtrace for more info)
[INFO] [stdout] 
[INFO] [stdout] 
[INFO] [stdout] error: cannot find macro `asm` in this scope
[INFO] [stdout]    --> kernel/src/arch/x86_64/interrupt/mod.rs:219:20
[INFO] [stdout]     |
[INFO] [stdout] 219 |             unsafe{asm!(
[INFO] [stdout]     |                    ^^^
[INFO] [stdout]     |
[INFO] [stdout]    ::: kernel/src/arch/x86_64/interrupt/isrs.rs:160:1
[INFO] [stdout]     |
[INFO] [stdout] 160 | isr!(isr_stub_158, 158);
[INFO] [stdout]     | ----------------------- in this macro invocation
[INFO] [stdout]     |
[INFO] [stdout]     = help: consider importing this macro:
[INFO] [stdout]             core::arch::asm
[INFO] [stdout]     = note: this error originates in the macro `isr` (in Nightly builds, run with -Z macro-backtrace for more info)
[INFO] [stdout] 
[INFO] [stdout] 
[INFO] [stdout] error: cannot find macro `asm` in this scope
[INFO] [stdout]    --> kernel/src/arch/x86_64/interrupt/mod.rs:219:20
[INFO] [stdout]     |
[INFO] [stdout] 219 |             unsafe{asm!(
[INFO] [stdout]     |                    ^^^
[INFO] [stdout]     |
[INFO] [stdout]    ::: kernel/src/arch/x86_64/interrupt/isrs.rs:159:1
[INFO] [stdout]     |
[INFO] [stdout] 159 | isr!(isr_stub_157, 157);
[INFO] [stdout]     | ----------------------- in this macro invocation
[INFO] [stdout]     |
[INFO] [stdout]     = help: consider importing this macro:
[INFO] [stdout]             core::arch::asm
[INFO] [stdout]     = note: this error originates in the macro `isr` (in Nightly builds, run with -Z macro-backtrace for more info)
[INFO] [stdout] 
[INFO] [stdout] 
[INFO] [stdout] error: cannot find macro `asm` in this scope
[INFO] [stdout]    --> kernel/src/arch/x86_64/interrupt/mod.rs:219:20
[INFO] [stdout]     |
[INFO] [stdout] 219 |             unsafe{asm!(
[INFO] [stdout]     |                    ^^^
[INFO] [stdout]     |
[INFO] [stdout]    ::: kernel/src/arch/x86_64/interrupt/isrs.rs:158:1
[INFO] [stdout]     |
[INFO] [stdout] 158 | isr!(isr_stub_156, 156);
[INFO] [stdout]     | ----------------------- in this macro invocation
[INFO] [stdout]     |
[INFO] [stdout]     = help: consider importing this macro:
[INFO] [stdout]             core::arch::asm
[INFO] [stdout]     = note: this error originates in the macro `isr` (in Nightly builds, run with -Z macro-backtrace for more info)
[INFO] [stdout] 
[INFO] [stdout] 
[INFO] [stdout] error: cannot find macro `asm` in this scope
[INFO] [stdout]    --> kernel/src/arch/x86_64/interrupt/mod.rs:219:20
[INFO] [stdout]     |
[INFO] [stdout] 219 |             unsafe{asm!(
[INFO] [stdout]     |                    ^^^
[INFO] [stdout]     |
[INFO] [stdout]    ::: kernel/src/arch/x86_64/interrupt/isrs.rs:157:1
[INFO] [stdout]     |
[INFO] [stdout] 157 | isr!(isr_stub_155, 155);
[INFO] [stdout]     | ----------------------- in this macro invocation
[INFO] [stdout]     |
[INFO] [stdout]     = help: consider importing this macro:
[INFO] [stdout]             core::arch::asm
[INFO] [stdout]     = note: this error originates in the macro `isr` (in Nightly builds, run with -Z macro-backtrace for more info)
[INFO] [stdout] 
[INFO] [stdout] 
[INFO] [stdout] error: cannot find macro `asm` in this scope
[INFO] [stdout]    --> kernel/src/arch/x86_64/interrupt/mod.rs:219:20
[INFO] [stdout]     |
[INFO] [stdout] 219 |             unsafe{asm!(
[INFO] [stdout]     |                    ^^^
[INFO] [stdout]     |
[INFO] [stdout]    ::: kernel/src/arch/x86_64/interrupt/isrs.rs:156:1
[INFO] [stdout]     |
[INFO] [stdout] 156 | isr!(isr_stub_154, 154);
[INFO] [stdout]     | ----------------------- in this macro invocation
[INFO] [stdout]     |
[INFO] [stdout]     = help: consider importing this macro:
[INFO] [stdout]             core::arch::asm
[INFO] [stdout]     = note: this error originates in the macro `isr` (in Nightly builds, run with -Z macro-backtrace for more info)
[INFO] [stdout] 
[INFO] [stdout] 
[INFO] [stdout] error: cannot find macro `asm` in this scope
[INFO] [stdout]    --> kernel/src/arch/x86_64/interrupt/mod.rs:219:20
[INFO] [stdout]     |
[INFO] [stdout] 219 |             unsafe{asm!(
[INFO] [stdout]     |                    ^^^
[INFO] [stdout]     |
[INFO] [stdout]    ::: kernel/src/arch/x86_64/interrupt/isrs.rs:155:1
[INFO] [stdout]     |
[INFO] [stdout] 155 | isr!(isr_stub_153, 153);
[INFO] [stdout]     | ----------------------- in this macro invocation
[INFO] [stdout]     |
[INFO] [stdout]     = help: consider importing this macro:
[INFO] [stdout]             core::arch::asm
[INFO] [stdout]     = note: this error originates in the macro `isr` (in Nightly builds, run with -Z macro-backtrace for more info)
[INFO] [stdout] 
[INFO] [stdout] 
[INFO] [stdout] error: cannot find macro `asm` in this scope
[INFO] [stdout]    --> kernel/src/arch/x86_64/interrupt/mod.rs:219:20
[INFO] [stdout]     |
[INFO] [stdout] 219 |             unsafe{asm!(
[INFO] [stdout]     |                    ^^^
[INFO] [stdout]     |
[INFO] [stdout]    ::: kernel/src/arch/x86_64/interrupt/isrs.rs:154:1
[INFO] [stdout]     |
[INFO] [stdout] 154 | isr!(isr_stub_152, 152);
[INFO] [stdout]     | ----------------------- in this macro invocation
[INFO] [stdout]     |
[INFO] [stdout]     = help: consider importing this macro:
[INFO] [stdout]             core::arch::asm
[INFO] [stdout]     = note: this error originates in the macro `isr` (in Nightly builds, run with -Z macro-backtrace for more info)
[INFO] [stdout] 
[INFO] [stdout] 
[INFO] [stdout] error: cannot find macro `asm` in this scope
[INFO] [stdout]    --> kernel/src/arch/x86_64/interrupt/mod.rs:219:20
[INFO] [stdout]     |
[INFO] [stdout] 219 |             unsafe{asm!(
[INFO] [stdout]     |                    ^^^
[INFO] [stdout]     |
[INFO] [stdout]    ::: kernel/src/arch/x86_64/interrupt/isrs.rs:153:1
[INFO] [stdout]     |
[INFO] [stdout] 153 | isr!(isr_stub_151, 151);
[INFO] [stdout]     | ----------------------- in this macro invocation
[INFO] [stdout]     |
[INFO] [stdout]     = help: consider importing this macro:
[INFO] [stdout]             core::arch::asm
[INFO] [stdout]     = note: this error originates in the macro `isr` (in Nightly builds, run with -Z macro-backtrace for more info)
[INFO] [stdout] 
[INFO] [stdout] 
[INFO] [stdout] error: cannot find macro `asm` in this scope
[INFO] [stdout]    --> kernel/src/arch/x86_64/interrupt/mod.rs:219:20
[INFO] [stdout]     |
[INFO] [stdout] 219 |             unsafe{asm!(
[INFO] [stdout]     |                    ^^^
[INFO] [stdout]     |
[INFO] [stdout]    ::: kernel/src/arch/x86_64/interrupt/isrs.rs:152:1
[INFO] [stdout]     |
[INFO] [stdout] 152 | isr!(isr_stub_150, 150);
[INFO] [stdout]     | ----------------------- in this macro invocation
[INFO] [stdout]     |
[INFO] [stdout]     = help: consider importing this macro:
[INFO] [stdout]             core::arch::asm
[INFO] [stdout]     = note: this error originates in the macro `isr` (in Nightly builds, run with -Z macro-backtrace for more info)
[INFO] [stdout] 
[INFO] [stdout] 
[INFO] [stdout] error: cannot find macro `asm` in this scope
[INFO] [stdout]    --> kernel/src/arch/x86_64/interrupt/mod.rs:219:20
[INFO] [stdout]     |
[INFO] [stdout] 219 |             unsafe{asm!(
[INFO] [stdout]     |                    ^^^
[INFO] [stdout]     |
[INFO] [stdout]    ::: kernel/src/arch/x86_64/interrupt/isrs.rs:151:1
[INFO] [stdout]     |
[INFO] [stdout] 151 | isr!(isr_stub_149, 149);
[INFO] [stdout]     | ----------------------- in this macro invocation
[INFO] [stdout]     |
[INFO] [stdout]     = help: consider importing this macro:
[INFO] [stdout]             core::arch::asm
[INFO] [stdout]     = note: this error originates in the macro `isr` (in Nightly builds, run with -Z macro-backtrace for more info)
[INFO] [stdout] 
[INFO] [stdout] 
[INFO] [stdout] error: cannot find macro `asm` in this scope
[INFO] [stdout]    --> kernel/src/arch/x86_64/interrupt/mod.rs:219:20
[INFO] [stdout]     |
[INFO] [stdout] 219 |             unsafe{asm!(
[INFO] [stdout]     |                    ^^^
[INFO] [stdout]     |
[INFO] [stdout]    ::: kernel/src/arch/x86_64/interrupt/isrs.rs:150:1
[INFO] [stdout]     |
[INFO] [stdout] 150 | isr!(isr_stub_148, 148);
[INFO] [stdout]     | ----------------------- in this macro invocation
[INFO] [stdout]     |
[INFO] [stdout]     = help: consider importing this macro:
[INFO] [stdout]             core::arch::asm
[INFO] [stdout]     = note: this error originates in the macro `isr` (in Nightly builds, run with -Z macro-backtrace for more info)
[INFO] [stdout] 
[INFO] [stdout] 
[INFO] [stdout] error: cannot find macro `asm` in this scope
[INFO] [stdout]    --> kernel/src/arch/x86_64/interrupt/mod.rs:219:20
[INFO] [stdout]     |
[INFO] [stdout] 219 |             unsafe{asm!(
[INFO] [stdout]     |                    ^^^
[INFO] [stdout]     |
[INFO] [stdout]    ::: kernel/src/arch/x86_64/interrupt/isrs.rs:149:1
[INFO] [stdout]     |
[INFO] [stdout] 149 | isr!(isr_stub_147, 147);
[INFO] [stdout]     | ----------------------- in this macro invocation
[INFO] [stdout]     |
[INFO] [stdout]     = help: consider importing this macro:
[INFO] [stdout]             core::arch::asm
[INFO] [stdout]     = note: this error originates in the macro `isr` (in Nightly builds, run with -Z macro-backtrace for more info)
[INFO] [stdout] 
[INFO] [stdout] 
[INFO] [stdout] error: cannot find macro `asm` in this scope
[INFO] [stdout]    --> kernel/src/arch/x86_64/interrupt/mod.rs:219:20
[INFO] [stdout]     |
[INFO] [stdout] 219 |             unsafe{asm!(
[INFO] [stdout]     |                    ^^^
[INFO] [stdout]     |
[INFO] [stdout]    ::: kernel/src/arch/x86_64/interrupt/isrs.rs:148:1
[INFO] [stdout]     |
[INFO] [stdout] 148 | isr!(isr_stub_146, 146);
[INFO] [stdout]     | ----------------------- in this macro invocation
[INFO] [stdout]     |
[INFO] [stdout]     = help: consider importing this macro:
[INFO] [stdout]             core::arch::asm
[INFO] [stdout]     = note: this error originates in the macro `isr` (in Nightly builds, run with -Z macro-backtrace for more info)
[INFO] [stdout] 
[INFO] [stdout] 
[INFO] [stdout] error: cannot find macro `asm` in this scope
[INFO] [stdout]    --> kernel/src/arch/x86_64/interrupt/mod.rs:219:20
[INFO] [stdout]     |
[INFO] [stdout] 219 |             unsafe{asm!(
[INFO] [stdout]     |                    ^^^
[INFO] [stdout]     |
[INFO] [stdout]    ::: kernel/src/arch/x86_64/interrupt/isrs.rs:147:1
[INFO] [stdout]     |
[INFO] [stdout] 147 | isr!(isr_stub_145, 145);
[INFO] [stdout]     | ----------------------- in this macro invocation
[INFO] [stdout]     |
[INFO] [stdout]     = help: consider importing this macro:
[INFO] [stdout]             core::arch::asm
[INFO] [stdout]     = note: this error originates in the macro `isr` (in Nightly builds, run with -Z macro-backtrace for more info)
[INFO] [stdout] 
[INFO] [stdout] 
[INFO] [stdout] error: cannot find macro `asm` in this scope
[INFO] [stdout]    --> kernel/src/arch/x86_64/interrupt/mod.rs:219:20
[INFO] [stdout]     |
[INFO] [stdout] 219 |             unsafe{asm!(
[INFO] [stdout]     |                    ^^^
[INFO] [stdout]     |
[INFO] [stdout]    ::: kernel/src/arch/x86_64/interrupt/isrs.rs:146:1
[INFO] [stdout]     |
[INFO] [stdout] 146 | isr!(isr_stub_144, 144);
[INFO] [stdout]     | ----------------------- in this macro invocation
[INFO] [stdout]     |
[INFO] [stdout]     = help: consider importing this macro:
[INFO] [stdout]             core::arch::asm
[INFO] [stdout]     = note: this error originates in the macro `isr` (in Nightly builds, run with -Z macro-backtrace for more info)
[INFO] [stdout] 
[INFO] [stdout] 
[INFO] [stdout] error: cannot find macro `asm` in this scope
[INFO] [stdout]    --> kernel/src/arch/x86_64/interrupt/mod.rs:219:20
[INFO] [stdout]     |
[INFO] [stdout] 219 |             unsafe{asm!(
[INFO] [stdout]     |                    ^^^
[INFO] [stdout]     |
[INFO] [stdout]    ::: kernel/src/arch/x86_64/interrupt/isrs.rs:145:1
[INFO] [stdout]     |
[INFO] [stdout] 145 | isr!(isr_stub_143, 143);
[INFO] [stdout]     | ----------------------- in this macro invocation
[INFO] [stdout]     |
[INFO] [stdout]     = help: consider importing this macro:
[INFO] [stdout]             core::arch::asm
[INFO] [stdout]     = note: this error originates in the macro `isr` (in Nightly builds, run with -Z macro-backtrace for more info)
[INFO] [stdout] 
[INFO] [stdout] 
[INFO] [stdout] error: cannot find macro `asm` in this scope
[INFO] [stdout]    --> kernel/src/arch/x86_64/interrupt/mod.rs:219:20
[INFO] [stdout]     |
[INFO] [stdout] 219 |             unsafe{asm!(
[INFO] [stdout]     |                    ^^^
[INFO] [stdout]     |
[INFO] [stdout]    ::: kernel/src/arch/x86_64/interrupt/isrs.rs:144:1
[INFO] [stdout]     |
[INFO] [stdout] 144 | isr!(isr_stub_142, 142);
[INFO] [stdout]     | ----------------------- in this macro invocation
[INFO] [stdout]     |
[INFO] [stdout]     = help: consider importing this macro:
[INFO] [stdout]             core::arch::asm
[INFO] [stdout]     = note: this error originates in the macro `isr` (in Nightly builds, run with -Z macro-backtrace for more info)
[INFO] [stdout] 
[INFO] [stdout] 
[INFO] [stdout] error: cannot find macro `asm` in this scope
[INFO] [stdout]    --> kernel/src/arch/x86_64/interrupt/mod.rs:219:20
[INFO] [stdout]     |
[INFO] [stdout] 219 |             unsafe{asm!(
[INFO] [stdout]     |                    ^^^
[INFO] [stdout]     |
[INFO] [stdout]    ::: kernel/src/arch/x86_64/interrupt/isrs.rs:143:1
[INFO] [stdout]     |
[INFO] [stdout] 143 | isr!(isr_stub_141, 141);
[INFO] [stdout]     | ----------------------- in this macro invocation
[INFO] [stdout]     |
[INFO] [stdout]     = help: consider importing this macro:
[INFO] [stdout]             core::arch::asm
[INFO] [stdout]     = note: this error originates in the macro `isr` (in Nightly builds, run with -Z macro-backtrace for more info)
[INFO] [stdout] 
[INFO] [stdout] 
[INFO] [stdout] error: cannot find macro `asm` in this scope
[INFO] [stdout]    --> kernel/src/arch/x86_64/interrupt/mod.rs:219:20
[INFO] [stdout]     |
[INFO] [stdout] 219 |             unsafe{asm!(
[INFO] [stdout]     |                    ^^^
[INFO] [stdout]     |
[INFO] [stdout]    ::: kernel/src/arch/x86_64/interrupt/isrs.rs:142:1
[INFO] [stdout]     |
[INFO] [stdout] 142 | isr!(isr_stub_140, 140);
[INFO] [stdout]     | ----------------------- in this macro invocation
[INFO] [stdout]     |
[INFO] [stdout]     = help: consider importing this macro:
[INFO] [stdout]             core::arch::asm
[INFO] [stdout]     = note: this error originates in the macro `isr` (in Nightly builds, run with -Z macro-backtrace for more info)
[INFO] [stdout] 
[INFO] [stdout] 
[INFO] [stdout] error: cannot find macro `asm` in this scope
[INFO] [stdout]    --> kernel/src/arch/x86_64/interrupt/mod.rs:219:20
[INFO] [stdout]     |
[INFO] [stdout] 219 |             unsafe{asm!(
[INFO] [stdout]     |                    ^^^
[INFO] [stdout]     |
[INFO] [stdout]    ::: kernel/src/arch/x86_64/interrupt/isrs.rs:141:1
[INFO] [stdout]     |
[INFO] [stdout] 141 | isr!(isr_stub_139, 139);
[INFO] [stdout]     | ----------------------- in this macro invocation
[INFO] [stdout]     |
[INFO] [stdout]     = help: consider importing this macro:
[INFO] [stdout]             core::arch::asm
[INFO] [stdout]     = note: this error originates in the macro `isr` (in Nightly builds, run with -Z macro-backtrace for more info)
[INFO] [stdout] 
[INFO] [stdout] 
[INFO] [stdout] error: cannot find macro `asm` in this scope
[INFO] [stdout]    --> kernel/src/arch/x86_64/interrupt/mod.rs:219:20
[INFO] [stdout]     |
[INFO] [stdout] 219 |             unsafe{asm!(
[INFO] [stdout]     |                    ^^^
[INFO] [stdout]     |
[INFO] [stdout]    ::: kernel/src/arch/x86_64/interrupt/isrs.rs:140:1
[INFO] [stdout]     |
[INFO] [stdout] 140 | isr!(isr_stub_138, 138);
[INFO] [stdout]     | ----------------------- in this macro invocation
[INFO] [stdout]     |
[INFO] [stdout]     = help: consider importing this macro:
[INFO] [stdout]             core::arch::asm
[INFO] [stdout]     = note: this error originates in the macro `isr` (in Nightly builds, run with -Z macro-backtrace for more info)
[INFO] [stdout] 
[INFO] [stdout] 
[INFO] [stdout] error: cannot find macro `asm` in this scope
[INFO] [stdout]    --> kernel/src/arch/x86_64/interrupt/mod.rs:219:20
[INFO] [stdout]     |
[INFO] [stdout] 219 |             unsafe{asm!(
[INFO] [stdout]     |                    ^^^
[INFO] [stdout]     |
[INFO] [stdout]    ::: kernel/src/arch/x86_64/interrupt/isrs.rs:139:1
[INFO] [stdout]     |
[INFO] [stdout] 139 | isr!(isr_stub_137, 137);
[INFO] [stdout]     | ----------------------- in this macro invocation
[INFO] [stdout]     |
[INFO] [stdout]     = help: consider importing this macro:
[INFO] [stdout]             core::arch::asm
[INFO] [stdout]     = note: this error originates in the macro `isr` (in Nightly builds, run with -Z macro-backtrace for more info)
[INFO] [stdout] 
[INFO] [stdout] 
[INFO] [stdout] error: cannot find macro `asm` in this scope
[INFO] [stdout]    --> kernel/src/arch/x86_64/interrupt/mod.rs:219:20
[INFO] [stdout]     |
[INFO] [stdout] 219 |             unsafe{asm!(
[INFO] [stdout]     |                    ^^^
[INFO] [stdout]     |
[INFO] [stdout]    ::: kernel/src/arch/x86_64/interrupt/isrs.rs:138:1
[INFO] [stdout]     |
[INFO] [stdout] 138 | isr!(isr_stub_136, 136);
[INFO] [stdout]     | ----------------------- in this macro invocation
[INFO] [stdout]     |
[INFO] [stdout]     = help: consider importing this macro:
[INFO] [stdout]             core::arch::asm
[INFO] [stdout]     = note: this error originates in the macro `isr` (in Nightly builds, run with -Z macro-backtrace for more info)
[INFO] [stdout] 
[INFO] [stdout] 
[INFO] [stdout] error: cannot find macro `asm` in this scope
[INFO] [stdout]    --> kernel/src/arch/x86_64/interrupt/mod.rs:219:20
[INFO] [stdout]     |
[INFO] [stdout] 219 |             unsafe{asm!(
[INFO] [stdout]     |                    ^^^
[INFO] [stdout]     |
[INFO] [stdout]    ::: kernel/src/arch/x86_64/interrupt/isrs.rs:137:1
[INFO] [stdout]     |
[INFO] [stdout] 137 | isr!(isr_stub_135, 135);
[INFO] [stdout]     | ----------------------- in this macro invocation
[INFO] [stdout]     |
[INFO] [stdout]     = help: consider importing this macro:
[INFO] [stdout]             core::arch::asm
[INFO] [stdout]     = note: this error originates in the macro `isr` (in Nightly builds, run with -Z macro-backtrace for more info)
[INFO] [stdout] 
[INFO] [stdout] 
[INFO] [stdout] error: cannot find macro `asm` in this scope
[INFO] [stdout]    --> kernel/src/arch/x86_64/interrupt/mod.rs:219:20
[INFO] [stdout]     |
[INFO] [stdout] 219 |             unsafe{asm!(
[INFO] [stdout]     |                    ^^^
[INFO] [stdout]     |
[INFO] [stdout]    ::: kernel/src/arch/x86_64/interrupt/isrs.rs:136:1
[INFO] [stdout]     |
[INFO] [stdout] 136 | isr!(isr_stub_134, 134);
[INFO] [stdout]     | ----------------------- in this macro invocation
[INFO] [stdout]     |
[INFO] [stdout]     = help: consider importing this macro:
[INFO] [stdout]             core::arch::asm
[INFO] [stdout]     = note: this error originates in the macro `isr` (in Nightly builds, run with -Z macro-backtrace for more info)
[INFO] [stdout] 
[INFO] [stdout] 
[INFO] [stdout] error: cannot find macro `asm` in this scope
[INFO] [stdout]    --> kernel/src/arch/x86_64/interrupt/mod.rs:219:20
[INFO] [stdout]     |
[INFO] [stdout] 219 |             unsafe{asm!(
[INFO] [stdout]     |                    ^^^
[INFO] [stdout]     |
[INFO] [stdout]    ::: kernel/src/arch/x86_64/interrupt/isrs.rs:135:1
[INFO] [stdout]     |
[INFO] [stdout] 135 | isr!(isr_stub_133, 133);
[INFO] [stdout]     | ----------------------- in this macro invocation
[INFO] [stdout]     |
[INFO] [stdout]     = help: consider importing this macro:
[INFO] [stdout]             core::arch::asm
[INFO] [stdout]     = note: this error originates in the macro `isr` (in Nightly builds, run with -Z macro-backtrace for more info)
[INFO] [stdout] 
[INFO] [stdout] 
[INFO] [stdout] error: cannot find macro `asm` in this scope
[INFO] [stdout]    --> kernel/src/arch/x86_64/interrupt/mod.rs:219:20
[INFO] [stdout]     |
[INFO] [stdout] 219 |             unsafe{asm!(
[INFO] [stdout]     |                    ^^^
[INFO] [stdout]     |
[INFO] [stdout]    ::: kernel/src/arch/x86_64/interrupt/isrs.rs:134:1
[INFO] [stdout]     |
[INFO] [stdout] 134 | isr!(isr_stub_132, 132);
[INFO] [stdout]     | ----------------------- in this macro invocation
[INFO] [stdout]     |
[INFO] [stdout]     = help: consider importing this macro:
[INFO] [stdout]             core::arch::asm
[INFO] [stdout]     = note: this error originates in the macro `isr` (in Nightly builds, run with -Z macro-backtrace for more info)
[INFO] [stdout] 
[INFO] [stdout] 
[INFO] [stdout] error: cannot find macro `asm` in this scope
[INFO] [stdout]    --> kernel/src/arch/x86_64/interrupt/mod.rs:219:20
[INFO] [stdout]     |
[INFO] [stdout] 219 |             unsafe{asm!(
[INFO] [stdout]     |                    ^^^
[INFO] [stdout]     |
[INFO] [stdout]    ::: kernel/src/arch/x86_64/interrupt/isrs.rs:133:1
[INFO] [stdout]     |
[INFO] [stdout] 133 | isr!(isr_stub_131, 131);
[INFO] [stdout]     | ----------------------- in this macro invocation
[INFO] [stdout]     |
[INFO] [stdout]     = help: consider importing this macro:
[INFO] [stdout]             core::arch::asm
[INFO] [stdout]     = note: this error originates in the macro `isr` (in Nightly builds, run with -Z macro-backtrace for more info)
[INFO] [stdout] 
[INFO] [stdout] 
[INFO] [stdout] error: cannot find macro `asm` in this scope
[INFO] [stdout]    --> kernel/src/arch/x86_64/interrupt/mod.rs:219:20
[INFO] [stdout]     |
[INFO] [stdout] 219 |             unsafe{asm!(
[INFO] [stdout]     |                    ^^^
[INFO] [stdout]     |
[INFO] [stdout]    ::: kernel/src/arch/x86_64/interrupt/isrs.rs:132:1
[INFO] [stdout]     |
[INFO] [stdout] 132 | isr!(isr_stub_130, 130);
[INFO] [stdout]     | ----------------------- in this macro invocation
[INFO] [stdout]     |
[INFO] [stdout]     = help: consider importing this macro:
[INFO] [stdout]             core::arch::asm
[INFO] [stdout]     = note: this error originates in the macro `isr` (in Nightly builds, run with -Z macro-backtrace for more info)
[INFO] [stdout] 
[INFO] [stdout] 
[INFO] [stdout] error: cannot find macro `asm` in this scope
[INFO] [stdout]    --> kernel/src/arch/x86_64/interrupt/mod.rs:219:20
[INFO] [stdout]     |
[INFO] [stdout] 219 |             unsafe{asm!(
[INFO] [stdout]     |                    ^^^
[INFO] [stdout]     |
[INFO] [stdout]    ::: kernel/src/arch/x86_64/interrupt/isrs.rs:131:1
[INFO] [stdout]     |
[INFO] [stdout] 131 | isr!(isr_stub_129, 129);
[INFO] [stdout]     | ----------------------- in this macro invocation
[INFO] [stdout]     |
[INFO] [stdout]     = help: consider importing this macro:
[INFO] [stdout]             core::arch::asm
[INFO] [stdout]     = note: this error originates in the macro `isr` (in Nightly builds, run with -Z macro-backtrace for more info)
[INFO] [stdout] 
[INFO] [stdout] 
[INFO] [stdout] error: cannot find macro `asm` in this scope
[INFO] [stdout]    --> kernel/src/arch/x86_64/interrupt/mod.rs:219:20
[INFO] [stdout]     |
[INFO] [stdout] 219 |             unsafe{asm!(
[INFO] [stdout]     |                    ^^^
[INFO] [stdout]     |
[INFO] [stdout]    ::: kernel/src/arch/x86_64/interrupt/isrs.rs:130:1
[INFO] [stdout]     |
[INFO] [stdout] 130 | isr!(isr_stub_128, 128);
[INFO] [stdout]     | ----------------------- in this macro invocation
[INFO] [stdout]     |
[INFO] [stdout]     = help: consider importing this macro:
[INFO] [stdout]             core::arch::asm
[INFO] [stdout]     = note: this error originates in the macro `isr` (in Nightly builds, run with -Z macro-backtrace for more info)
[INFO] [stdout] 
[INFO] [stdout] 
[INFO] [stdout] error: cannot find macro `asm` in this scope
[INFO] [stdout]    --> kernel/src/arch/x86_64/interrupt/mod.rs:219:20
[INFO] [stdout]     |
[INFO] [stdout] 219 |             unsafe{asm!(
[INFO] [stdout]     |                    ^^^
[INFO] [stdout]     |
[INFO] [stdout]    ::: kernel/src/arch/x86_64/interrupt/isrs.rs:129:1
[INFO] [stdout]     |
[INFO] [stdout] 129 | isr!(isr_stub_127, 127);
[INFO] [stdout]     | ----------------------- in this macro invocation
[INFO] [stdout]     |
[INFO] [stdout]     = help: consider importing this macro:
[INFO] [stdout]             core::arch::asm
[INFO] [stdout]     = note: this error originates in the macro `isr` (in Nightly builds, run with -Z macro-backtrace for more info)
[INFO] [stdout] 
[INFO] [stdout] 
[INFO] [stdout] error: cannot find macro `asm` in this scope
[INFO] [stdout]    --> kernel/src/arch/x86_64/interrupt/mod.rs:219:20
[INFO] [stdout]     |
[INFO] [stdout] 219 |             unsafe{asm!(
[INFO] [stdout]     |                    ^^^
[INFO] [stdout]     |
[INFO] [stdout]    ::: kernel/src/arch/x86_64/interrupt/isrs.rs:128:1
[INFO] [stdout]     |
[INFO] [stdout] 128 | isr!(isr_stub_126, 126);
[INFO] [stdout]     | ----------------------- in this macro invocation
[INFO] [stdout]     |
[INFO] [stdout]     = help: consider importing this macro:
[INFO] [stdout]             core::arch::asm
[INFO] [stdout]     = note: this error originates in the macro `isr` (in Nightly builds, run with -Z macro-backtrace for more info)
[INFO] [stdout] 
[INFO] [stdout] 
[INFO] [stdout] error: cannot find macro `asm` in this scope
[INFO] [stdout]    --> kernel/src/arch/x86_64/interrupt/mod.rs:219:20
[INFO] [stdout]     |
[INFO] [stdout] 219 |             unsafe{asm!(
[INFO] [stdout]     |                    ^^^
[INFO] [stdout]     |
[INFO] [stdout]    ::: kernel/src/arch/x86_64/interrupt/isrs.rs:127:1
[INFO] [stdout]     |
[INFO] [stdout] 127 | isr!(isr_stub_125, 125);
[INFO] [stdout]     | ----------------------- in this macro invocation
[INFO] [stdout]     |
[INFO] [stdout]     = help: consider importing this macro:
[INFO] [stdout]             core::arch::asm
[INFO] [stdout]     = note: this error originates in the macro `isr` (in Nightly builds, run with -Z macro-backtrace for more info)
[INFO] [stdout] 
[INFO] [stdout] 
[INFO] [stdout] error: cannot find macro `asm` in this scope
[INFO] [stdout]    --> kernel/src/arch/x86_64/interrupt/mod.rs:219:20
[INFO] [stdout]     |
[INFO] [stdout] 219 |             unsafe{asm!(
[INFO] [stdout]     |                    ^^^
[INFO] [stdout]     |
[INFO] [stdout]    ::: kernel/src/arch/x86_64/interrupt/isrs.rs:126:1
[INFO] [stdout]     |
[INFO] [stdout] 126 | isr!(isr_stub_124, 124);
[INFO] [stdout]     | ----------------------- in this macro invocation
[INFO] [stdout]     |
[INFO] [stdout]     = help: consider importing this macro:
[INFO] [stdout]             core::arch::asm
[INFO] [stdout]     = note: this error originates in the macro `isr` (in Nightly builds, run with -Z macro-backtrace for more info)
[INFO] [stdout] 
[INFO] [stdout] 
[INFO] [stdout] error: cannot find macro `asm` in this scope
[INFO] [stdout]    --> kernel/src/arch/x86_64/interrupt/mod.rs:219:20
[INFO] [stdout]     |
[INFO] [stdout] 219 |             unsafe{asm!(
[INFO] [stdout]     |                    ^^^
[INFO] [stdout]     |
[INFO] [stdout]    ::: kernel/src/arch/x86_64/interrupt/isrs.rs:125:1
[INFO] [stdout]     |
[INFO] [stdout] 125 | isr!(isr_stub_123, 123);
[INFO] [stdout]     | ----------------------- in this macro invocation
[INFO] [stdout]     |
[INFO] [stdout]     = help: consider importing this macro:
[INFO] [stdout]             core::arch::asm
[INFO] [stdout]     = note: this error originates in the macro `isr` (in Nightly builds, run with -Z macro-backtrace for more info)
[INFO] [stdout] 
[INFO] [stdout] 
[INFO] [stdout] error: cannot find macro `asm` in this scope
[INFO] [stdout]    --> kernel/src/arch/x86_64/interrupt/mod.rs:219:20
[INFO] [stdout]     |
[INFO] [stdout] 219 |             unsafe{asm!(
[INFO] [stdout]     |                    ^^^
[INFO] [stdout]     |
[INFO] [stdout]    ::: kernel/src/arch/x86_64/interrupt/isrs.rs:124:1
[INFO] [stdout]     |
[INFO] [stdout] 124 | isr!(isr_stub_122, 122);
[INFO] [stdout]     | ----------------------- in this macro invocation
[INFO] [stdout]     |
[INFO] [stdout]     = help: consider importing this macro:
[INFO] [stdout]             core::arch::asm
[INFO] [stdout]     = note: this error originates in the macro `isr` (in Nightly builds, run with -Z macro-backtrace for more info)
[INFO] [stdout] 
[INFO] [stdout] 
[INFO] [stdout] error: cannot find macro `asm` in this scope
[INFO] [stdout]    --> kernel/src/arch/x86_64/interrupt/mod.rs:219:20
[INFO] [stdout]     |
[INFO] [stdout] 219 |             unsafe{asm!(
[INFO] [stdout]     |                    ^^^
[INFO] [stdout]     |
[INFO] [stdout]    ::: kernel/src/arch/x86_64/interrupt/isrs.rs:123:1
[INFO] [stdout]     |
[INFO] [stdout] 123 | isr!(isr_stub_121, 121);
[INFO] [stdout]     | ----------------------- in this macro invocation
[INFO] [stdout]     |
[INFO] [stdout]     = help: consider importing this macro:
[INFO] [stdout]             core::arch::asm
[INFO] [stdout]     = note: this error originates in the macro `isr` (in Nightly builds, run with -Z macro-backtrace for more info)
[INFO] [stdout] 
[INFO] [stdout] 
[INFO] [stdout] error: cannot find macro `asm` in this scope
[INFO] [stdout]    --> kernel/src/arch/x86_64/interrupt/mod.rs:219:20
[INFO] [stdout]     |
[INFO] [stdout] 219 |             unsafe{asm!(
[INFO] [stdout]     |                    ^^^
[INFO] [stdout]     |
[INFO] [stdout]    ::: kernel/src/arch/x86_64/interrupt/isrs.rs:122:1
[INFO] [stdout]     |
[INFO] [stdout] 122 | isr!(isr_stub_120, 120);
[INFO] [stdout]     | ----------------------- in this macro invocation
[INFO] [stdout]     |
[INFO] [stdout]     = help: consider importing this macro:
[INFO] [stdout]             core::arch::asm
[INFO] [stdout]     = note: this error originates in the macro `isr` (in Nightly builds, run with -Z macro-backtrace for more info)
[INFO] [stdout] 
[INFO] [stdout] 
[INFO] [stdout] error: cannot find macro `asm` in this scope
[INFO] [stdout]    --> kernel/src/arch/x86_64/interrupt/mod.rs:219:20
[INFO] [stdout]     |
[INFO] [stdout] 219 |             unsafe{asm!(
[INFO] [stdout]     |                    ^^^
[INFO] [stdout]     |
[INFO] [stdout]    ::: kernel/src/arch/x86_64/interrupt/isrs.rs:121:1
[INFO] [stdout]     |
[INFO] [stdout] 121 | isr!(isr_stub_119, 119);
[INFO] [stdout]     | ----------------------- in this macro invocation
[INFO] [stdout]     |
[INFO] [stdout]     = help: consider importing this macro:
[INFO] [stdout]             core::arch::asm
[INFO] [stdout]     = note: this error originates in the macro `isr` (in Nightly builds, run with -Z macro-backtrace for more info)
[INFO] [stdout] 
[INFO] [stdout] 
[INFO] [stdout] error: cannot find macro `asm` in this scope
[INFO] [stdout]    --> kernel/src/arch/x86_64/interrupt/mod.rs:219:20
[INFO] [stdout]     |
[INFO] [stdout] 219 |             unsafe{asm!(
[INFO] [stdout]     |                    ^^^
[INFO] [stdout]     |
[INFO] [stdout]    ::: kernel/src/arch/x86_64/interrupt/isrs.rs:120:1
[INFO] [stdout]     |
[INFO] [stdout] 120 | isr!(isr_stub_118, 118);
[INFO] [stdout]     | ----------------------- in this macro invocation
[INFO] [stdout]     |
[INFO] [stdout]     = help: consider importing this macro:
[INFO] [stdout]             core::arch::asm
[INFO] [stdout]     = note: this error originates in the macro `isr` (in Nightly builds, run with -Z macro-backtrace for more info)
[INFO] [stdout] 
[INFO] [stdout] 
[INFO] [stdout] error: cannot find macro `asm` in this scope
[INFO] [stdout]    --> kernel/src/arch/x86_64/interrupt/mod.rs:219:20
[INFO] [stdout]     |
[INFO] [stdout] 219 |             unsafe{asm!(
[INFO] [stdout]     |                    ^^^
[INFO] [stdout]     |
[INFO] [stdout]    ::: kernel/src/arch/x86_64/interrupt/isrs.rs:119:1
[INFO] [stdout]     |
[INFO] [stdout] 119 | isr!(isr_stub_117, 117);
[INFO] [stdout]     | ----------------------- in this macro invocation
[INFO] [stdout]     |
[INFO] [stdout]     = help: consider importing this macro:
[INFO] [stdout]             core::arch::asm
[INFO] [stdout]     = note: this error originates in the macro `isr` (in Nightly builds, run with -Z macro-backtrace for more info)
[INFO] [stdout] 
[INFO] [stdout] 
[INFO] [stdout] error: cannot find macro `asm` in this scope
[INFO] [stdout]    --> kernel/src/arch/x86_64/interrupt/mod.rs:219:20
[INFO] [stdout]     |
[INFO] [stdout] 219 |             unsafe{asm!(
[INFO] [stdout]     |                    ^^^
[INFO] [stdout]     |
[INFO] [stdout]    ::: kernel/src/arch/x86_64/interrupt/isrs.rs:118:1
[INFO] [stdout]     |
[INFO] [stdout] 118 | isr!(isr_stub_116, 116);
[INFO] [stdout]     | ----------------------- in this macro invocation
[INFO] [stdout]     |
[INFO] [stdout]     = help: consider importing this macro:
[INFO] [stdout]             core::arch::asm
[INFO] [stdout]     = note: this error originates in the macro `isr` (in Nightly builds, run with -Z macro-backtrace for more info)
[INFO] [stdout] 
[INFO] [stdout] 
[INFO] [stdout] error: cannot find macro `asm` in this scope
[INFO] [stdout]    --> kernel/src/arch/x86_64/interrupt/mod.rs:219:20
[INFO] [stdout]     |
[INFO] [stdout] 219 |             unsafe{asm!(
[INFO] [stdout]     |                    ^^^
[INFO] [stdout]     |
[INFO] [stdout]    ::: kernel/src/arch/x86_64/interrupt/isrs.rs:117:1
[INFO] [stdout]     |
[INFO] [stdout] 117 | isr!(isr_stub_115, 115);
[INFO] [stdout]     | ----------------------- in this macro invocation
[INFO] [stdout]     |
[INFO] [stdout]     = help: consider importing this macro:
[INFO] [stdout]             core::arch::asm
[INFO] [stdout]     = note: this error originates in the macro `isr` (in Nightly builds, run with -Z macro-backtrace for more info)
[INFO] [stdout] 
[INFO] [stdout] 
[INFO] [stdout] error: cannot find macro `asm` in this scope
[INFO] [stdout]    --> kernel/src/arch/x86_64/interrupt/mod.rs:219:20
[INFO] [stdout]     |
[INFO] [stdout] 219 |             unsafe{asm!(
[INFO] [stdout]     |                    ^^^
[INFO] [stdout]     |
[INFO] [stdout]    ::: kernel/src/arch/x86_64/interrupt/isrs.rs:116:1
[INFO] [stdout]     |
[INFO] [stdout] 116 | isr!(isr_stub_114, 114);
[INFO] [stdout]     | ----------------------- in this macro invocation
[INFO] [stdout]     |
[INFO] [stdout]     = help: consider importing this macro:
[INFO] [stdout]             core::arch::asm
[INFO] [stdout]     = note: this error originates in the macro `isr` (in Nightly builds, run with -Z macro-backtrace for more info)
[INFO] [stdout] 
[INFO] [stdout] 
[INFO] [stdout] error: cannot find macro `asm` in this scope
[INFO] [stdout]    --> kernel/src/arch/x86_64/interrupt/mod.rs:219:20
[INFO] [stdout]     |
[INFO] [stdout] 219 |             unsafe{asm!(
[INFO] [stdout]     |                    ^^^
[INFO] [stdout]     |
[INFO] [stdout]    ::: kernel/src/arch/x86_64/interrupt/isrs.rs:115:1
[INFO] [stdout]     |
[INFO] [stdout] 115 | isr!(isr_stub_113, 113);
[INFO] [stdout]     | ----------------------- in this macro invocation
[INFO] [stdout]     |
[INFO] [stdout]     = help: consider importing this macro:
[INFO] [stdout]             core::arch::asm
[INFO] [stdout]     = note: this error originates in the macro `isr` (in Nightly builds, run with -Z macro-backtrace for more info)
[INFO] [stdout] 
[INFO] [stdout] 
[INFO] [stdout] error: cannot find macro `asm` in this scope
[INFO] [stdout]    --> kernel/src/arch/x86_64/interrupt/mod.rs:219:20
[INFO] [stdout]     |
[INFO] [stdout] 219 |             unsafe{asm!(
[INFO] [stdout]     |                    ^^^
[INFO] [stdout]     |
[INFO] [stdout]    ::: kernel/src/arch/x86_64/interrupt/isrs.rs:114:1
[INFO] [stdout]     |
[INFO] [stdout] 114 | isr!(isr_stub_112, 112);
[INFO] [stdout]     | ----------------------- in this macro invocation
[INFO] [stdout]     |
[INFO] [stdout]     = help: consider importing this macro:
[INFO] [stdout]             core::arch::asm
[INFO] [stdout]     = note: this error originates in the macro `isr` (in Nightly builds, run with -Z macro-backtrace for more info)
[INFO] [stdout] 
[INFO] [stdout] 
[INFO] [stdout] error: cannot find macro `asm` in this scope
[INFO] [stdout]    --> kernel/src/arch/x86_64/interrupt/mod.rs:219:20
[INFO] [stdout]     |
[INFO] [stdout] 219 |             unsafe{asm!(
[INFO] [stdout]     |                    ^^^
[INFO] [stdout]     |
[INFO] [stdout]    ::: kernel/src/arch/x86_64/interrupt/isrs.rs:113:1
[INFO] [stdout]     |
[INFO] [stdout] 113 | isr!(isr_stub_111, 111);
[INFO] [stdout]     | ----------------------- in this macro invocation
[INFO] [stdout]     |
[INFO] [stdout]     = help: consider importing this macro:
[INFO] [stdout]             core::arch::asm
[INFO] [stdout]     = note: this error originates in the macro `isr` (in Nightly builds, run with -Z macro-backtrace for more info)
[INFO] [stdout] 
[INFO] [stdout] 
[INFO] [stdout] error: cannot find macro `asm` in this scope
[INFO] [stdout]    --> kernel/src/arch/x86_64/interrupt/mod.rs:219:20
[INFO] [stdout]     |
[INFO] [stdout] 219 |             unsafe{asm!(
[INFO] [stdout]     |                    ^^^
[INFO] [stdout]     |
[INFO] [stdout]    ::: kernel/src/arch/x86_64/interrupt/isrs.rs:112:1
[INFO] [stdout]     |
[INFO] [stdout] 112 | isr!(isr_stub_110, 110);
[INFO] [stdout]     | ----------------------- in this macro invocation
[INFO] [stdout]     |
[INFO] [stdout]     = help: consider importing this macro:
[INFO] [stdout]             core::arch::asm
[INFO] [stdout]     = note: this error originates in the macro `isr` (in Nightly builds, run with -Z macro-backtrace for more info)
[INFO] [stdout] 
[INFO] [stdout] 
[INFO] [stdout] error: cannot find macro `asm` in this scope
[INFO] [stdout]    --> kernel/src/arch/x86_64/interrupt/mod.rs:219:20
[INFO] [stdout]     |
[INFO] [stdout] 219 |             unsafe{asm!(
[INFO] [stdout]     |                    ^^^
[INFO] [stdout]     |
[INFO] [stdout]    ::: kernel/src/arch/x86_64/interrupt/isrs.rs:111:1
[INFO] [stdout]     |
[INFO] [stdout] 111 | isr!(isr_stub_109, 109);
[INFO] [stdout]     | ----------------------- in this macro invocation
[INFO] [stdout]     |
[INFO] [stdout]     = help: consider importing this macro:
[INFO] [stdout]             core::arch::asm
[INFO] [stdout]     = note: this error originates in the macro `isr` (in Nightly builds, run with -Z macro-backtrace for more info)
[INFO] [stdout] 
[INFO] [stdout] 
[INFO] [stdout] error: cannot find macro `asm` in this scope
[INFO] [stdout]    --> kernel/src/arch/x86_64/interrupt/mod.rs:219:20
[INFO] [stdout]     |
[INFO] [stdout] 219 |             unsafe{asm!(
[INFO] [stdout]     |                    ^^^
[INFO] [stdout]     |
[INFO] [stdout]    ::: kernel/src/arch/x86_64/interrupt/isrs.rs:110:1
[INFO] [stdout]     |
[INFO] [stdout] 110 | isr!(isr_stub_108, 108);
[INFO] [stdout]     | ----------------------- in this macro invocation
[INFO] [stdout]     |
[INFO] [stdout]     = help: consider importing this macro:
[INFO] [stdout]             core::arch::asm
[INFO] [stdout]     = note: this error originates in the macro `isr` (in Nightly builds, run with -Z macro-backtrace for more info)
[INFO] [stdout] 
[INFO] [stdout] 
[INFO] [stdout] error: cannot find macro `asm` in this scope
[INFO] [stdout]    --> kernel/src/arch/x86_64/interrupt/mod.rs:219:20
[INFO] [stdout]     |
[INFO] [stdout] 219 |             unsafe{asm!(
[INFO] [stdout]     |                    ^^^
[INFO] [stdout]     |
[INFO] [stdout]    ::: kernel/src/arch/x86_64/interrupt/isrs.rs:109:1
[INFO] [stdout]     |
[INFO] [stdout] 109 | isr!(isr_stub_107, 107);
[INFO] [stdout]     | ----------------------- in this macro invocation
[INFO] [stdout]     |
[INFO] [stdout]     = help: consider importing this macro:
[INFO] [stdout]             core::arch::asm
[INFO] [stdout]     = note: this error originates in the macro `isr` (in Nightly builds, run with -Z macro-backtrace for more info)
[INFO] [stdout] 
[INFO] [stdout] 
[INFO] [stdout] error: cannot find macro `asm` in this scope
[INFO] [stdout]    --> kernel/src/arch/x86_64/interrupt/mod.rs:219:20
[INFO] [stdout]     |
[INFO] [stdout] 219 |             unsafe{asm!(
[INFO] [stdout]     |                    ^^^
[INFO] [stdout]     |
[INFO] [stdout]    ::: kernel/src/arch/x86_64/interrupt/isrs.rs:108:1
[INFO] [stdout]     |
[INFO] [stdout] 108 | isr!(isr_stub_106, 106);
[INFO] [stdout]     | ----------------------- in this macro invocation
[INFO] [stdout]     |
[INFO] [stdout]     = help: consider importing this macro:
[INFO] [stdout]             core::arch::asm
[INFO] [stdout]     = note: this error originates in the macro `isr` (in Nightly builds, run with -Z macro-backtrace for more info)
[INFO] [stdout] 
[INFO] [stdout] 
[INFO] [stdout] error: cannot find macro `asm` in this scope
[INFO] [stdout]    --> kernel/src/arch/x86_64/interrupt/mod.rs:219:20
[INFO] [stdout]     |
[INFO] [stdout] 219 |             unsafe{asm!(
[INFO] [stdout]     |                    ^^^
[INFO] [stdout]     |
[INFO] [stdout]    ::: kernel/src/arch/x86_64/interrupt/isrs.rs:107:1
[INFO] [stdout]     |
[INFO] [stdout] 107 | isr!(isr_stub_105, 105);
[INFO] [stdout]     | ----------------------- in this macro invocation
[INFO] [stdout]     |
[INFO] [stdout]     = help: consider importing this macro:
[INFO] [stdout]             core::arch::asm
[INFO] [stdout]     = note: this error originates in the macro `isr` (in Nightly builds, run with -Z macro-backtrace for more info)
[INFO] [stdout] 
[INFO] [stdout] 
[INFO] [stdout] error: cannot find macro `asm` in this scope
[INFO] [stdout]    --> kernel/src/arch/x86_64/interrupt/mod.rs:219:20
[INFO] [stdout]     |
[INFO] [stdout] 219 |             unsafe{asm!(
[INFO] [stdout]     |                    ^^^
[INFO] [stdout]     |
[INFO] [stdout]    ::: kernel/src/arch/x86_64/interrupt/isrs.rs:106:1
[INFO] [stdout]     |
[INFO] [stdout] 106 | isr!(isr_stub_104, 104);
[INFO] [stdout]     | ----------------------- in this macro invocation
[INFO] [stdout]     |
[INFO] [stdout]     = help: consider importing this macro:
[INFO] [stdout]             core::arch::asm
[INFO] [stdout]     = note: this error originates in the macro `isr` (in Nightly builds, run with -Z macro-backtrace for more info)
[INFO] [stdout] 
[INFO] [stdout] 
[INFO] [stdout] error: cannot find macro `asm` in this scope
[INFO] [stdout]    --> kernel/src/arch/x86_64/interrupt/mod.rs:219:20
[INFO] [stdout]     |
[INFO] [stdout] 219 |             unsafe{asm!(
[INFO] [stdout]     |                    ^^^
[INFO] [stdout]     |
[INFO] [stdout]    ::: kernel/src/arch/x86_64/interrupt/isrs.rs:105:1
[INFO] [stdout]     |
[INFO] [stdout] 105 | isr!(isr_stub_103, 103);
[INFO] [stdout]     | ----------------------- in this macro invocation
[INFO] [stdout]     |
[INFO] [stdout]     = help: consider importing this macro:
[INFO] [stdout]             core::arch::asm
[INFO] [stdout]     = note: this error originates in the macro `isr` (in Nightly builds, run with -Z macro-backtrace for more info)
[INFO] [stdout] 
[INFO] [stdout] 
[INFO] [stdout] error: cannot find macro `asm` in this scope
[INFO] [stdout]    --> kernel/src/arch/x86_64/interrupt/mod.rs:219:20
[INFO] [stdout]     |
[INFO] [stdout] 219 |             unsafe{asm!(
[INFO] [stdout]     |                    ^^^
[INFO] [stdout]     |
[INFO] [stdout]    ::: kernel/src/arch/x86_64/interrupt/isrs.rs:104:1
[INFO] [stdout]     |
[INFO] [stdout] 104 | isr!(isr_stub_102, 102);
[INFO] [stdout]     | ----------------------- in this macro invocation
[INFO] [stdout]     |
[INFO] [stdout]     = help: consider importing this macro:
[INFO] [stdout]             core::arch::asm
[INFO] [stdout]     = note: this error originates in the macro `isr` (in Nightly builds, run with -Z macro-backtrace for more info)
[INFO] [stdout] 
[INFO] [stdout] 
[INFO] [stdout] error: cannot find macro `asm` in this scope
[INFO] [stdout]    --> kernel/src/arch/x86_64/interrupt/mod.rs:219:20
[INFO] [stdout]     |
[INFO] [stdout] 219 |             unsafe{asm!(
[INFO] [stdout]     |                    ^^^
[INFO] [stdout]     |
[INFO] [stdout]    ::: kernel/src/arch/x86_64/interrupt/isrs.rs:103:1
[INFO] [stdout]     |
[INFO] [stdout] 103 | isr!(isr_stub_101, 101);
[INFO] [stdout]     | ----------------------- in this macro invocation
[INFO] [stdout]     |
[INFO] [stdout]     = help: consider importing this macro:
[INFO] [stdout]             core::arch::asm
[INFO] [stdout]     = note: this error originates in the macro `isr` (in Nightly builds, run with -Z macro-backtrace for more info)
[INFO] [stdout] 
[INFO] [stdout] 
[INFO] [stdout] error: cannot find macro `asm` in this scope
[INFO] [stdout]    --> kernel/src/arch/x86_64/interrupt/mod.rs:219:20
[INFO] [stdout]     |
[INFO] [stdout] 219 |             unsafe{asm!(
[INFO] [stdout]     |                    ^^^
[INFO] [stdout]     |
[INFO] [stdout]    ::: kernel/src/arch/x86_64/interrupt/isrs.rs:102:1
[INFO] [stdout]     |
[INFO] [stdout] 102 | isr!(isr_stub_100, 100);
[INFO] [stdout]     | ----------------------- in this macro invocation
[INFO] [stdout]     |
[INFO] [stdout]     = help: consider importing this macro:
[INFO] [stdout]             core::arch::asm
[INFO] [stdout]     = note: this error originates in the macro `isr` (in Nightly builds, run with -Z macro-backtrace for more info)
[INFO] [stdout] 
[INFO] [stdout] 
[INFO] [stdout] error: cannot find macro `asm` in this scope
[INFO] [stdout]    --> kernel/src/arch/x86_64/interrupt/mod.rs:219:20
[INFO] [stdout]     |
[INFO] [stdout] 219 |             unsafe{asm!(
[INFO] [stdout]     |                    ^^^
[INFO] [stdout]     |
[INFO] [stdout]    ::: kernel/src/arch/x86_64/interrupt/isrs.rs:101:1
[INFO] [stdout]     |
[INFO] [stdout] 101 | isr!(isr_stub_99, 99);
[INFO] [stdout]     | --------------------- in this macro invocation
[INFO] [stdout]     |
[INFO] [stdout]     = help: consider importing this macro:
[INFO] [stdout]             core::arch::asm
[INFO] [stdout]     = note: this error originates in the macro `isr` (in Nightly builds, run with -Z macro-backtrace for more info)
[INFO] [stdout] 
[INFO] [stdout] 
[INFO] [stdout] error: cannot find macro `asm` in this scope
[INFO] [stdout]    --> kernel/src/arch/x86_64/interrupt/mod.rs:219:20
[INFO] [stdout]     |
[INFO] [stdout] 219 |             unsafe{asm!(
[INFO] [stdout]     |                    ^^^
[INFO] [stdout]     |
[INFO] [stdout]    ::: kernel/src/arch/x86_64/interrupt/isrs.rs:100:1
[INFO] [stdout]     |
[INFO] [stdout] 100 | isr!(isr_stub_98, 98);
[INFO] [stdout]     | --------------------- in this macro invocation
[INFO] [stdout]     |
[INFO] [stdout]     = help: consider importing this macro:
[INFO] [stdout]             core::arch::asm
[INFO] [stdout]     = note: this error originates in the macro `isr` (in Nightly builds, run with -Z macro-backtrace for more info)
[INFO] [stdout] 
[INFO] [stdout] 
[INFO] [stdout] error: cannot find macro `asm` in this scope
[INFO] [stdout]    --> kernel/src/arch/x86_64/interrupt/mod.rs:219:20
[INFO] [stdout]     |
[INFO] [stdout] 219 |             unsafe{asm!(
[INFO] [stdout]     |                    ^^^
[INFO] [stdout]     |
[INFO] [stdout]    ::: kernel/src/arch/x86_64/interrupt/isrs.rs:99:1
[INFO] [stdout]     |
[INFO] [stdout] 99  | isr!(isr_stub_97, 97);
[INFO] [stdout]     | --------------------- in this macro invocation
[INFO] [stdout]     |
[INFO] [stdout]     = help: consider importing this macro:
[INFO] [stdout]             core::arch::asm
[INFO] [stdout]     = note: this error originates in the macro `isr` (in Nightly builds, run with -Z macro-backtrace for more info)
[INFO] [stdout] 
[INFO] [stdout] 
[INFO] [stdout] error: cannot find macro `asm` in this scope
[INFO] [stdout]    --> kernel/src/arch/x86_64/interrupt/mod.rs:219:20
[INFO] [stdout]     |
[INFO] [stdout] 219 |             unsafe{asm!(
[INFO] [stdout]     |                    ^^^
[INFO] [stdout]     |
[INFO] [stdout]    ::: kernel/src/arch/x86_64/interrupt/isrs.rs:98:1
[INFO] [stdout]     |
[INFO] [stdout] 98  | isr!(isr_stub_96, 96);
[INFO] [stdout]     | --------------------- in this macro invocation
[INFO] [stdout]     |
[INFO] [stdout]     = help: consider importing this macro:
[INFO] [stdout]             core::arch::asm
[INFO] [stdout]     = note: this error originates in the macro `isr` (in Nightly builds, run with -Z macro-backtrace for more info)
[INFO] [stdout] 
[INFO] [stdout] 
[INFO] [stdout] error: cannot find macro `asm` in this scope
[INFO] [stdout]    --> kernel/src/arch/x86_64/interrupt/mod.rs:219:20
[INFO] [stdout]     |
[INFO] [stdout] 219 |             unsafe{asm!(
[INFO] [stdout]     |                    ^^^
[INFO] [stdout]     |
[INFO] [stdout]    ::: kernel/src/arch/x86_64/interrupt/isrs.rs:97:1
[INFO] [stdout]     |
[INFO] [stdout] 97  | isr!(isr_stub_95, 95);
[INFO] [stdout]     | --------------------- in this macro invocation
[INFO] [stdout]     |
[INFO] [stdout]     = help: consider importing this macro:
[INFO] [stdout]             core::arch::asm
[INFO] [stdout]     = note: this error originates in the macro `isr` (in Nightly builds, run with -Z macro-backtrace for more info)
[INFO] [stdout] 
[INFO] [stdout] 
[INFO] [stdout] error: cannot find macro `asm` in this scope
[INFO] [stdout]    --> kernel/src/arch/x86_64/interrupt/mod.rs:219:20
[INFO] [stdout]     |
[INFO] [stdout] 219 |             unsafe{asm!(
[INFO] [stdout]     |                    ^^^
[INFO] [stdout]     |
[INFO] [stdout]    ::: kernel/src/arch/x86_64/interrupt/isrs.rs:96:1
[INFO] [stdout]     |
[INFO] [stdout] 96  | isr!(isr_stub_94, 94);
[INFO] [stdout]     | --------------------- in this macro invocation
[INFO] [stdout]     |
[INFO] [stdout]     = help: consider importing this macro:
[INFO] [stdout]             core::arch::asm
[INFO] [stdout]     = note: this error originates in the macro `isr` (in Nightly builds, run with -Z macro-backtrace for more info)
[INFO] [stdout] 
[INFO] [stdout] 
[INFO] [stdout] error: cannot find macro `asm` in this scope
[INFO] [stdout]    --> kernel/src/arch/x86_64/interrupt/mod.rs:219:20
[INFO] [stdout]     |
[INFO] [stdout] 219 |             unsafe{asm!(
[INFO] [stdout]     |                    ^^^
[INFO] [stdout]     |
[INFO] [stdout]    ::: kernel/src/arch/x86_64/interrupt/isrs.rs:95:1
[INFO] [stdout]     |
[INFO] [stdout] 95  | isr!(isr_stub_93, 93);
[INFO] [stdout]     | --------------------- in this macro invocation
[INFO] [stdout]     |
[INFO] [stdout]     = help: consider importing this macro:
[INFO] [stdout]             core::arch::asm
[INFO] [stdout]     = note: this error originates in the macro `isr` (in Nightly builds, run with -Z macro-backtrace for more info)
[INFO] [stdout] 
[INFO] [stdout] 
[INFO] [stdout] error: cannot find macro `asm` in this scope
[INFO] [stdout]    --> kernel/src/arch/x86_64/interrupt/mod.rs:219:20
[INFO] [stdout]     |
[INFO] [stdout] 219 |             unsafe{asm!(
[INFO] [stdout]     |                    ^^^
[INFO] [stdout]     |
[INFO] [stdout]    ::: kernel/src/arch/x86_64/interrupt/isrs.rs:94:1
[INFO] [stdout]     |
[INFO] [stdout] 94  | isr!(isr_stub_92, 92);
[INFO] [stdout]     | --------------------- in this macro invocation
[INFO] [stdout]     |
[INFO] [stdout]     = help: consider importing this macro:
[INFO] [stdout]             core::arch::asm
[INFO] [stdout]     = note: this error originates in the macro `isr` (in Nightly builds, run with -Z macro-backtrace for more info)
[INFO] [stdout] 
[INFO] [stdout] 
[INFO] [stdout] error: cannot find macro `asm` in this scope
[INFO] [stdout]    --> kernel/src/arch/x86_64/interrupt/mod.rs:219:20
[INFO] [stdout]     |
[INFO] [stdout] 219 |             unsafe{asm!(
[INFO] [stdout]     |                    ^^^
[INFO] [stdout]     |
[INFO] [stdout]    ::: kernel/src/arch/x86_64/interrupt/isrs.rs:93:1
[INFO] [stdout]     |
[INFO] [stdout] 93  | isr!(isr_stub_91, 91);
[INFO] [stdout]     | --------------------- in this macro invocation
[INFO] [stdout]     |
[INFO] [stdout]     = help: consider importing this macro:
[INFO] [stdout]             core::arch::asm
[INFO] [stdout]     = note: this error originates in the macro `isr` (in Nightly builds, run with -Z macro-backtrace for more info)
[INFO] [stdout] 
[INFO] [stdout] 
[INFO] [stdout] error: cannot find macro `asm` in this scope
[INFO] [stdout]    --> kernel/src/arch/x86_64/interrupt/mod.rs:219:20
[INFO] [stdout]     |
[INFO] [stdout] 219 |             unsafe{asm!(
[INFO] [stdout]     |                    ^^^
[INFO] [stdout]     |
[INFO] [stdout]    ::: kernel/src/arch/x86_64/interrupt/isrs.rs:92:1
[INFO] [stdout]     |
[INFO] [stdout] 92  | isr!(isr_stub_90, 90);
[INFO] [stdout]     | --------------------- in this macro invocation
[INFO] [stdout]     |
[INFO] [stdout]     = help: consider importing this macro:
[INFO] [stdout]             core::arch::asm
[INFO] [stdout]     = note: this error originates in the macro `isr` (in Nightly builds, run with -Z macro-backtrace for more info)
[INFO] [stdout] 
[INFO] [stdout] 
[INFO] [stdout] error: cannot find macro `asm` in this scope
[INFO] [stdout]    --> kernel/src/arch/x86_64/interrupt/mod.rs:219:20
[INFO] [stdout]     |
[INFO] [stdout] 219 |             unsafe{asm!(
[INFO] [stdout]     |                    ^^^
[INFO] [stdout]     |
[INFO] [stdout]    ::: kernel/src/arch/x86_64/interrupt/isrs.rs:91:1
[INFO] [stdout]     |
[INFO] [stdout] 91  | isr!(isr_stub_89, 89);
[INFO] [stdout]     | --------------------- in this macro invocation
[INFO] [stdout]     |
[INFO] [stdout]     = help: consider importing this macro:
[INFO] [stdout]             core::arch::asm
[INFO] [stdout]     = note: this error originates in the macro `isr` (in Nightly builds, run with -Z macro-backtrace for more info)
[INFO] [stdout] 
[INFO] [stdout] 
[INFO] [stdout] error: cannot find macro `asm` in this scope
[INFO] [stdout]    --> kernel/src/arch/x86_64/interrupt/mod.rs:219:20
[INFO] [stdout]     |
[INFO] [stdout] 219 |             unsafe{asm!(
[INFO] [stdout]     |                    ^^^
[INFO] [stdout]     |
[INFO] [stdout]    ::: kernel/src/arch/x86_64/interrupt/isrs.rs:90:1
[INFO] [stdout]     |
[INFO] [stdout] 90  | isr!(isr_stub_88, 88);
[INFO] [stdout]     | --------------------- in this macro invocation
[INFO] [stdout]     |
[INFO] [stdout]     = help: consider importing this macro:
[INFO] [stdout]             core::arch::asm
[INFO] [stdout]     = note: this error originates in the macro `isr` (in Nightly builds, run with -Z macro-backtrace for more info)
[INFO] [stdout] 
[INFO] [stdout] 
[INFO] [stdout] error: cannot find macro `asm` in this scope
[INFO] [stdout]    --> kernel/src/arch/x86_64/interrupt/mod.rs:219:20
[INFO] [stdout]     |
[INFO] [stdout] 219 |             unsafe{asm!(
[INFO] [stdout]     |                    ^^^
[INFO] [stdout]     |
[INFO] [stdout]    ::: kernel/src/arch/x86_64/interrupt/isrs.rs:89:1
[INFO] [stdout]     |
[INFO] [stdout] 89  | isr!(isr_stub_87, 87);
[INFO] [stdout]     | --------------------- in this macro invocation
[INFO] [stdout]     |
[INFO] [stdout]     = help: consider importing this macro:
[INFO] [stdout]             core::arch::asm
[INFO] [stdout]     = note: this error originates in the macro `isr` (in Nightly builds, run with -Z macro-backtrace for more info)
[INFO] [stdout] 
[INFO] [stdout] 
[INFO] [stdout] error: cannot find macro `asm` in this scope
[INFO] [stdout]    --> kernel/src/arch/x86_64/interrupt/mod.rs:219:20
[INFO] [stdout]     |
[INFO] [stdout] 219 |             unsafe{asm!(
[INFO] [stdout]     |                    ^^^
[INFO] [stdout]     |
[INFO] [stdout]    ::: kernel/src/arch/x86_64/interrupt/isrs.rs:88:1
[INFO] [stdout]     |
[INFO] [stdout] 88  | isr!(isr_stub_86, 86);
[INFO] [stdout]     | --------------------- in this macro invocation
[INFO] [stdout]     |
[INFO] [stdout]     = help: consider importing this macro:
[INFO] [stdout]             core::arch::asm
[INFO] [stdout]     = note: this error originates in the macro `isr` (in Nightly builds, run with -Z macro-backtrace for more info)
[INFO] [stdout] 
[INFO] [stdout] 
[INFO] [stdout] error: cannot find macro `asm` in this scope
[INFO] [stdout]    --> kernel/src/arch/x86_64/interrupt/mod.rs:219:20
[INFO] [stdout]     |
[INFO] [stdout] 219 |             unsafe{asm!(
[INFO] [stdout]     |                    ^^^
[INFO] [stdout]     |
[INFO] [stdout]    ::: kernel/src/arch/x86_64/interrupt/isrs.rs:87:1
[INFO] [stdout]     |
[INFO] [stdout] 87  | isr!(isr_stub_85, 85);
[INFO] [stdout]     | --------------------- in this macro invocation
[INFO] [stdout]     |
[INFO] [stdout]     = help: consider importing this macro:
[INFO] [stdout]             core::arch::asm
[INFO] [stdout]     = note: this error originates in the macro `isr` (in Nightly builds, run with -Z macro-backtrace for more info)
[INFO] [stdout] 
[INFO] [stdout] 
[INFO] [stdout] error: cannot find macro `asm` in this scope
[INFO] [stdout]    --> kernel/src/arch/x86_64/interrupt/mod.rs:219:20
[INFO] [stdout]     |
[INFO] [stdout] 219 |             unsafe{asm!(
[INFO] [stdout]     |                    ^^^
[INFO] [stdout]     |
[INFO] [stdout]    ::: kernel/src/arch/x86_64/interrupt/isrs.rs:86:1
[INFO] [stdout]     |
[INFO] [stdout] 86  | isr!(isr_stub_84, 84);
[INFO] [stdout]     | --------------------- in this macro invocation
[INFO] [stdout]     |
[INFO] [stdout]     = help: consider importing this macro:
[INFO] [stdout]             core::arch::asm
[INFO] [stdout]     = note: this error originates in the macro `isr` (in Nightly builds, run with -Z macro-backtrace for more info)
[INFO] [stdout] 
[INFO] [stdout] 
[INFO] [stdout] error: cannot find macro `asm` in this scope
[INFO] [stdout]    --> kernel/src/arch/x86_64/interrupt/mod.rs:219:20
[INFO] [stdout]     |
[INFO] [stdout] 219 |             unsafe{asm!(
[INFO] [stdout]     |                    ^^^
[INFO] [stdout]     |
[INFO] [stdout]    ::: kernel/src/arch/x86_64/interrupt/isrs.rs:85:1
[INFO] [stdout]     |
[INFO] [stdout] 85  | isr!(isr_stub_83, 83);
[INFO] [stdout]     | --------------------- in this macro invocation
[INFO] [stdout]     |
[INFO] [stdout]     = help: consider importing this macro:
[INFO] [stdout]             core::arch::asm
[INFO] [stdout]     = note: this error originates in the macro `isr` (in Nightly builds, run with -Z macro-backtrace for more info)
[INFO] [stdout] 
[INFO] [stdout] 
[INFO] [stdout] error: cannot find macro `asm` in this scope
[INFO] [stdout]    --> kernel/src/arch/x86_64/interrupt/mod.rs:219:20
[INFO] [stdout]     |
[INFO] [stdout] 219 |             unsafe{asm!(
[INFO] [stdout]     |                    ^^^
[INFO] [stdout]     |
[INFO] [stdout]    ::: kernel/src/arch/x86_64/interrupt/isrs.rs:84:1
[INFO] [stdout]     |
[INFO] [stdout] 84  | isr!(isr_stub_82, 82);
[INFO] [stdout]     | --------------------- in this macro invocation
[INFO] [stdout]     |
[INFO] [stdout]     = help: consider importing this macro:
[INFO] [stdout]             core::arch::asm
[INFO] [stdout]     = note: this error originates in the macro `isr` (in Nightly builds, run with -Z macro-backtrace for more info)
[INFO] [stdout] 
[INFO] [stdout] 
[INFO] [stdout] error: cannot find macro `asm` in this scope
[INFO] [stdout]    --> kernel/src/arch/x86_64/interrupt/mod.rs:219:20
[INFO] [stdout]     |
[INFO] [stdout] 219 |             unsafe{asm!(
[INFO] [stdout]     |                    ^^^
[INFO] [stdout]     |
[INFO] [stdout]    ::: kernel/src/arch/x86_64/interrupt/isrs.rs:83:1
[INFO] [stdout]     |
[INFO] [stdout] 83  | isr!(isr_stub_81, 81);
[INFO] [stdout]     | --------------------- in this macro invocation
[INFO] [stdout]     |
[INFO] [stdout]     = help: consider importing this macro:
[INFO] [stdout]             core::arch::asm
[INFO] [stdout]     = note: this error originates in the macro `isr` (in Nightly builds, run with -Z macro-backtrace for more info)
[INFO] [stdout] 
[INFO] [stdout] 
[INFO] [stdout] error: cannot find macro `asm` in this scope
[INFO] [stdout]    --> kernel/src/arch/x86_64/interrupt/mod.rs:219:20
[INFO] [stdout]     |
[INFO] [stdout] 219 |             unsafe{asm!(
[INFO] [stdout]     |                    ^^^
[INFO] [stdout]     |
[INFO] [stdout]    ::: kernel/src/arch/x86_64/interrupt/isrs.rs:82:1
[INFO] [stdout]     |
[INFO] [stdout] 82  | isr!(isr_stub_80, 80);
[INFO] [stdout]     | --------------------- in this macro invocation
[INFO] [stdout]     |
[INFO] [stdout]     = help: consider importing this macro:
[INFO] [stdout]             core::arch::asm
[INFO] [stdout]     = note: this error originates in the macro `isr` (in Nightly builds, run with -Z macro-backtrace for more info)
[INFO] [stdout] 
[INFO] [stdout] 
[INFO] [stdout] error: cannot find macro `asm` in this scope
[INFO] [stdout]    --> kernel/src/arch/x86_64/interrupt/mod.rs:219:20
[INFO] [stdout]     |
[INFO] [stdout] 219 |             unsafe{asm!(
[INFO] [stdout]     |                    ^^^
[INFO] [stdout]     |
[INFO] [stdout]    ::: kernel/src/arch/x86_64/interrupt/isrs.rs:81:1
[INFO] [stdout]     |
[INFO] [stdout] 81  | isr!(isr_stub_79, 79);
[INFO] [stdout]     | --------------------- in this macro invocation
[INFO] [stdout]     |
[INFO] [stdout]     = help: consider importing this macro:
[INFO] [stdout]             core::arch::asm
[INFO] [stdout]     = note: this error originates in the macro `isr` (in Nightly builds, run with -Z macro-backtrace for more info)
[INFO] [stdout] 
[INFO] [stdout] 
[INFO] [stdout] error: cannot find macro `asm` in this scope
[INFO] [stdout]    --> kernel/src/arch/x86_64/interrupt/mod.rs:219:20
[INFO] [stdout]     |
[INFO] [stdout] 219 |             unsafe{asm!(
[INFO] [stdout]     |                    ^^^
[INFO] [stdout]     |
[INFO] [stdout]    ::: kernel/src/arch/x86_64/interrupt/isrs.rs:80:1
[INFO] [stdout]     |
[INFO] [stdout] 80  | isr!(isr_stub_78, 78);
[INFO] [stdout]     | --------------------- in this macro invocation
[INFO] [stdout]     |
[INFO] [stdout]     = help: consider importing this macro:
[INFO] [stdout]             core::arch::asm
[INFO] [stdout]     = note: this error originates in the macro `isr` (in Nightly builds, run with -Z macro-backtrace for more info)
[INFO] [stdout] 
[INFO] [stdout] 
[INFO] [stdout] error: cannot find macro `asm` in this scope
[INFO] [stdout]    --> kernel/src/arch/x86_64/interrupt/mod.rs:219:20
[INFO] [stdout]     |
[INFO] [stdout] 219 |             unsafe{asm!(
[INFO] [stdout]     |                    ^^^
[INFO] [stdout]     |
[INFO] [stdout]    ::: kernel/src/arch/x86_64/interrupt/isrs.rs:79:1
[INFO] [stdout]     |
[INFO] [stdout] 79  | isr!(isr_stub_77, 77);
[INFO] [stdout]     | --------------------- in this macro invocation
[INFO] [stdout]     |
[INFO] [stdout]     = help: consider importing this macro:
[INFO] [stdout]             core::arch::asm
[INFO] [stdout]     = note: this error originates in the macro `isr` (in Nightly builds, run with -Z macro-backtrace for more info)
[INFO] [stdout] 
[INFO] [stdout] 
[INFO] [stdout] error: cannot find macro `asm` in this scope
[INFO] [stdout]    --> kernel/src/arch/x86_64/interrupt/mod.rs:219:20
[INFO] [stdout]     |
[INFO] [stdout] 219 |             unsafe{asm!(
[INFO] [stdout]     |                    ^^^
[INFO] [stdout]     |
[INFO] [stdout]    ::: kernel/src/arch/x86_64/interrupt/isrs.rs:78:1
[INFO] [stdout]     |
[INFO] [stdout] 78  | isr!(isr_stub_76, 76);
[INFO] [stdout]     | --------------------- in this macro invocation
[INFO] [stdout]     |
[INFO] [stdout]     = help: consider importing this macro:
[INFO] [stdout]             core::arch::asm
[INFO] [stdout]     = note: this error originates in the macro `isr` (in Nightly builds, run with -Z macro-backtrace for more info)
[INFO] [stdout] 
[INFO] [stdout] 
[INFO] [stdout] error: cannot find macro `asm` in this scope
[INFO] [stdout]    --> kernel/src/arch/x86_64/interrupt/mod.rs:219:20
[INFO] [stdout]     |
[INFO] [stdout] 219 |             unsafe{asm!(
[INFO] [stdout]     |                    ^^^
[INFO] [stdout]     |
[INFO] [stdout]    ::: kernel/src/arch/x86_64/interrupt/isrs.rs:77:1
[INFO] [stdout]     |
[INFO] [stdout] 77  | isr!(isr_stub_75, 75);
[INFO] [stdout]     | --------------------- in this macro invocation
[INFO] [stdout]     |
[INFO] [stdout]     = help: consider importing this macro:
[INFO] [stdout]             core::arch::asm
[INFO] [stdout]     = note: this error originates in the macro `isr` (in Nightly builds, run with -Z macro-backtrace for more info)
[INFO] [stdout] 
[INFO] [stdout] 
[INFO] [stdout] error: cannot find macro `asm` in this scope
[INFO] [stdout]    --> kernel/src/arch/x86_64/interrupt/mod.rs:219:20
[INFO] [stdout]     |
[INFO] [stdout] 219 |             unsafe{asm!(
[INFO] [stdout]     |                    ^^^
[INFO] [stdout]     |
[INFO] [stdout]    ::: kernel/src/arch/x86_64/interrupt/isrs.rs:76:1
[INFO] [stdout]     |
[INFO] [stdout] 76  | isr!(isr_stub_74, 74);
[INFO] [stdout]     | --------------------- in this macro invocation
[INFO] [stdout]     |
[INFO] [stdout]     = help: consider importing this macro:
[INFO] [stdout]             core::arch::asm
[INFO] [stdout]     = note: this error originates in the macro `isr` (in Nightly builds, run with -Z macro-backtrace for more info)
[INFO] [stdout] 
[INFO] [stdout] 
[INFO] [stdout] error: cannot find macro `asm` in this scope
[INFO] [stdout]    --> kernel/src/arch/x86_64/interrupt/mod.rs:219:20
[INFO] [stdout]     |
[INFO] [stdout] 219 |             unsafe{asm!(
[INFO] [stdout]     |                    ^^^
[INFO] [stdout]     |
[INFO] [stdout]    ::: kernel/src/arch/x86_64/interrupt/isrs.rs:75:1
[INFO] [stdout]     |
[INFO] [stdout] 75  | isr!(isr_stub_73, 73);
[INFO] [stdout]     | --------------------- in this macro invocation
[INFO] [stdout]     |
[INFO] [stdout]     = help: consider importing this macro:
[INFO] [stdout]             core::arch::asm
[INFO] [stdout]     = note: this error originates in the macro `isr` (in Nightly builds, run with -Z macro-backtrace for more info)
[INFO] [stdout] 
[INFO] [stdout] 
[INFO] [stdout] error: cannot find macro `asm` in this scope
[INFO] [stdout]    --> kernel/src/arch/x86_64/interrupt/mod.rs:219:20
[INFO] [stdout]     |
[INFO] [stdout] 219 |             unsafe{asm!(
[INFO] [stdout]     |                    ^^^
[INFO] [stdout]     |
[INFO] [stdout]    ::: kernel/src/arch/x86_64/interrupt/isrs.rs:74:1
[INFO] [stdout]     |
[INFO] [stdout] 74  | isr!(isr_stub_72, 72);
[INFO] [stdout]     | --------------------- in this macro invocation
[INFO] [stdout]     |
[INFO] [stdout]     = help: consider importing this macro:
[INFO] [stdout]             core::arch::asm
[INFO] [stdout]     = note: this error originates in the macro `isr` (in Nightly builds, run with -Z macro-backtrace for more info)
[INFO] [stdout] 
[INFO] [stdout] 
[INFO] [stdout] error: cannot find macro `asm` in this scope
[INFO] [stdout]    --> kernel/src/arch/x86_64/interrupt/mod.rs:219:20
[INFO] [stdout]     |
[INFO] [stdout] 219 |             unsafe{asm!(
[INFO] [stdout]     |                    ^^^
[INFO] [stdout]     |
[INFO] [stdout]    ::: kernel/src/arch/x86_64/interrupt/isrs.rs:73:1
[INFO] [stdout]     |
[INFO] [stdout] 73  | isr!(isr_stub_71, 71);
[INFO] [stdout]     | --------------------- in this macro invocation
[INFO] [stdout]     |
[INFO] [stdout]     = help: consider importing this macro:
[INFO] [stdout]             core::arch::asm
[INFO] [stdout]     = note: this error originates in the macro `isr` (in Nightly builds, run with -Z macro-backtrace for more info)
[INFO] [stdout] 
[INFO] [stdout] 
[INFO] [stdout] error: cannot find macro `asm` in this scope
[INFO] [stdout]    --> kernel/src/arch/x86_64/interrupt/mod.rs:219:20
[INFO] [stdout]     |
[INFO] [stdout] 219 |             unsafe{asm!(
[INFO] [stdout]     |                    ^^^
[INFO] [stdout]     |
[INFO] [stdout]    ::: kernel/src/arch/x86_64/interrupt/isrs.rs:72:1
[INFO] [stdout]     |
[INFO] [stdout] 72  | isr!(isr_stub_70, 70);
[INFO] [stdout]     | --------------------- in this macro invocation
[INFO] [stdout]     |
[INFO] [stdout]     = help: consider importing this macro:
[INFO] [stdout]             core::arch::asm
[INFO] [stdout]     = note: this error originates in the macro `isr` (in Nightly builds, run with -Z macro-backtrace for more info)
[INFO] [stdout] 
[INFO] [stdout] 
[INFO] [stdout] error: cannot find macro `asm` in this scope
[INFO] [stdout]    --> kernel/src/arch/x86_64/interrupt/mod.rs:219:20
[INFO] [stdout]     |
[INFO] [stdout] 219 |             unsafe{asm!(
[INFO] [stdout]     |                    ^^^
[INFO] [stdout]     |
[INFO] [stdout]    ::: kernel/src/arch/x86_64/interrupt/isrs.rs:71:1
[INFO] [stdout]     |
[INFO] [stdout] 71  | isr!(isr_stub_69, 69);
[INFO] [stdout]     | --------------------- in this macro invocation
[INFO] [stdout]     |
[INFO] [stdout]     = help: consider importing this macro:
[INFO] [stdout]             core::arch::asm
[INFO] [stdout]     = note: this error originates in the macro `isr` (in Nightly builds, run with -Z macro-backtrace for more info)
[INFO] [stdout] 
[INFO] [stdout] 
[INFO] [stdout] error: cannot find macro `asm` in this scope
[INFO] [stdout]    --> kernel/src/arch/x86_64/interrupt/mod.rs:219:20
[INFO] [stdout]     |
[INFO] [stdout] 219 |             unsafe{asm!(
[INFO] [stdout]     |                    ^^^
[INFO] [stdout]     |
[INFO] [stdout]    ::: kernel/src/arch/x86_64/interrupt/isrs.rs:70:1
[INFO] [stdout]     |
[INFO] [stdout] 70  | isr!(isr_stub_68, 68);
[INFO] [stdout]     | --------------------- in this macro invocation
[INFO] [stdout]     |
[INFO] [stdout]     = help: consider importing this macro:
[INFO] [stdout]             core::arch::asm
[INFO] [stdout]     = note: this error originates in the macro `isr` (in Nightly builds, run with -Z macro-backtrace for more info)
[INFO] [stdout] 
[INFO] [stdout] 
[INFO] [stdout] error: cannot find macro `asm` in this scope
[INFO] [stdout]    --> kernel/src/arch/x86_64/interrupt/mod.rs:219:20
[INFO] [stdout]     |
[INFO] [stdout] 219 |             unsafe{asm!(
[INFO] [stdout]     |                    ^^^
[INFO] [stdout]     |
[INFO] [stdout]    ::: kernel/src/arch/x86_64/interrupt/isrs.rs:69:1
[INFO] [stdout]     |
[INFO] [stdout] 69  | isr!(isr_stub_67, 67);
[INFO] [stdout]     | --------------------- in this macro invocation
[INFO] [stdout]     |
[INFO] [stdout]     = help: consider importing this macro:
[INFO] [stdout]             core::arch::asm
[INFO] [stdout]     = note: this error originates in the macro `isr` (in Nightly builds, run with -Z macro-backtrace for more info)
[INFO] [stdout] 
[INFO] [stdout] 
[INFO] [stdout] error: cannot find macro `asm` in this scope
[INFO] [stdout]    --> kernel/src/arch/x86_64/interrupt/mod.rs:219:20
[INFO] [stdout]     |
[INFO] [stdout] 219 |             unsafe{asm!(
[INFO] [stdout]     |                    ^^^
[INFO] [stdout]     |
[INFO] [stdout]    ::: kernel/src/arch/x86_64/interrupt/isrs.rs:68:1
[INFO] [stdout]     |
[INFO] [stdout] 68  | isr!(isr_stub_66, 66);
[INFO] [stdout]     | --------------------- in this macro invocation
[INFO] [stdout]     |
[INFO] [stdout]     = help: consider importing this macro:
[INFO] [stdout]             core::arch::asm
[INFO] [stdout]     = note: this error originates in the macro `isr` (in Nightly builds, run with -Z macro-backtrace for more info)
[INFO] [stdout] 
[INFO] [stdout] 
[INFO] [stdout] error: cannot find macro `asm` in this scope
[INFO] [stdout]    --> kernel/src/arch/x86_64/interrupt/mod.rs:219:20
[INFO] [stdout]     |
[INFO] [stdout] 219 |             unsafe{asm!(
[INFO] [stdout]     |                    ^^^
[INFO] [stdout]     |
[INFO] [stdout]    ::: kernel/src/arch/x86_64/interrupt/isrs.rs:67:1
[INFO] [stdout]     |
[INFO] [stdout] 67  | isr!(isr_stub_65, 65);
[INFO] [stdout]     | --------------------- in this macro invocation
[INFO] [stdout]     |
[INFO] [stdout]     = help: consider importing this macro:
[INFO] [stdout]             core::arch::asm
[INFO] [stdout]     = note: this error originates in the macro `isr` (in Nightly builds, run with -Z macro-backtrace for more info)
[INFO] [stdout] 
[INFO] [stdout] 
[INFO] [stdout] error: cannot find macro `asm` in this scope
[INFO] [stdout]    --> kernel/src/arch/x86_64/interrupt/mod.rs:219:20
[INFO] [stdout]     |
[INFO] [stdout] 219 |             unsafe{asm!(
[INFO] [stdout]     |                    ^^^
[INFO] [stdout]     |
[INFO] [stdout]    ::: kernel/src/arch/x86_64/interrupt/isrs.rs:66:1
[INFO] [stdout]     |
[INFO] [stdout] 66  | isr!(isr_stub_64, 64);
[INFO] [stdout]     | --------------------- in this macro invocation
[INFO] [stdout]     |
[INFO] [stdout]     = help: consider importing this macro:
[INFO] [stdout]             core::arch::asm
[INFO] [stdout]     = note: this error originates in the macro `isr` (in Nightly builds, run with -Z macro-backtrace for more info)
[INFO] [stdout] 
[INFO] [stdout] 
[INFO] [stdout] error: cannot find macro `asm` in this scope
[INFO] [stdout]    --> kernel/src/arch/x86_64/interrupt/mod.rs:219:20
[INFO] [stdout]     |
[INFO] [stdout] 219 |             unsafe{asm!(
[INFO] [stdout]     |                    ^^^
[INFO] [stdout]     |
[INFO] [stdout]    ::: kernel/src/arch/x86_64/interrupt/isrs.rs:65:1
[INFO] [stdout]     |
[INFO] [stdout] 65  | isr!(isr_stub_63, 63);
[INFO] [stdout]     | --------------------- in this macro invocation
[INFO] [stdout]     |
[INFO] [stdout]     = help: consider importing this macro:
[INFO] [stdout]             core::arch::asm
[INFO] [stdout]     = note: this error originates in the macro `isr` (in Nightly builds, run with -Z macro-backtrace for more info)
[INFO] [stdout] 
[INFO] [stdout] 
[INFO] [stdout] error: cannot find macro `asm` in this scope
[INFO] [stdout]    --> kernel/src/arch/x86_64/interrupt/mod.rs:219:20
[INFO] [stdout]     |
[INFO] [stdout] 219 |             unsafe{asm!(
[INFO] [stdout]     |                    ^^^
[INFO] [stdout]     |
[INFO] [stdout]    ::: kernel/src/arch/x86_64/interrupt/isrs.rs:64:1
[INFO] [stdout]     |
[INFO] [stdout] 64  | isr!(isr_stub_62, 62);
[INFO] [stdout]     | --------------------- in this macro invocation
[INFO] [stdout]     |
[INFO] [stdout]     = help: consider importing this macro:
[INFO] [stdout]             core::arch::asm
[INFO] [stdout]     = note: this error originates in the macro `isr` (in Nightly builds, run with -Z macro-backtrace for more info)
[INFO] [stdout] 
[INFO] [stdout] 
[INFO] [stdout] error: cannot find macro `asm` in this scope
[INFO] [stdout]    --> kernel/src/arch/x86_64/interrupt/mod.rs:219:20
[INFO] [stdout]     |
[INFO] [stdout] 219 |             unsafe{asm!(
[INFO] [stdout]     |                    ^^^
[INFO] [stdout]     |
[INFO] [stdout]    ::: kernel/src/arch/x86_64/interrupt/isrs.rs:63:1
[INFO] [stdout]     |
[INFO] [stdout] 63  | isr!(isr_stub_61, 61);
[INFO] [stdout]     | --------------------- in this macro invocation
[INFO] [stdout]     |
[INFO] [stdout]     = help: consider importing this macro:
[INFO] [stdout]             core::arch::asm
[INFO] [stdout]     = note: this error originates in the macro `isr` (in Nightly builds, run with -Z macro-backtrace for more info)
[INFO] [stdout] 
[INFO] [stdout] 
[INFO] [stdout] error: cannot find macro `asm` in this scope
[INFO] [stdout]    --> kernel/src/arch/x86_64/interrupt/mod.rs:219:20
[INFO] [stdout]     |
[INFO] [stdout] 219 |             unsafe{asm!(
[INFO] [stdout]     |                    ^^^
[INFO] [stdout]     |
[INFO] [stdout]    ::: kernel/src/arch/x86_64/interrupt/isrs.rs:62:1
[INFO] [stdout]     |
[INFO] [stdout] 62  | isr!(isr_stub_60, 60);
[INFO] [stdout]     | --------------------- in this macro invocation
[INFO] [stdout]     |
[INFO] [stdout]     = help: consider importing this macro:
[INFO] [stdout]             core::arch::asm
[INFO] [stdout]     = note: this error originates in the macro `isr` (in Nightly builds, run with -Z macro-backtrace for more info)
[INFO] [stdout] 
[INFO] [stdout] 
[INFO] [stdout] error: cannot find macro `asm` in this scope
[INFO] [stdout]    --> kernel/src/arch/x86_64/interrupt/mod.rs:219:20
[INFO] [stdout]     |
[INFO] [stdout] 219 |             unsafe{asm!(
[INFO] [stdout]     |                    ^^^
[INFO] [stdout]     |
[INFO] [stdout]    ::: kernel/src/arch/x86_64/interrupt/isrs.rs:61:1
[INFO] [stdout]     |
[INFO] [stdout] 61  | isr!(isr_stub_59, 59);
[INFO] [stdout]     | --------------------- in this macro invocation
[INFO] [stdout]     |
[INFO] [stdout]     = help: consider importing this macro:
[INFO] [stdout]             core::arch::asm
[INFO] [stdout]     = note: this error originates in the macro `isr` (in Nightly builds, run with -Z macro-backtrace for more info)
[INFO] [stdout] 
[INFO] [stdout] 
[INFO] [stdout] error: cannot find macro `asm` in this scope
[INFO] [stdout]    --> kernel/src/arch/x86_64/interrupt/mod.rs:219:20
[INFO] [stdout]     |
[INFO] [stdout] 219 |             unsafe{asm!(
[INFO] [stdout]     |                    ^^^
[INFO] [stdout]     |
[INFO] [stdout]    ::: kernel/src/arch/x86_64/interrupt/isrs.rs:60:1
[INFO] [stdout]     |
[INFO] [stdout] 60  | isr!(isr_stub_58, 58);
[INFO] [stdout]     | --------------------- in this macro invocation
[INFO] [stdout]     |
[INFO] [stdout]     = help: consider importing this macro:
[INFO] [stdout]             core::arch::asm
[INFO] [stdout]     = note: this error originates in the macro `isr` (in Nightly builds, run with -Z macro-backtrace for more info)
[INFO] [stdout] 
[INFO] [stdout] 
[INFO] [stdout] error: cannot find macro `asm` in this scope
[INFO] [stdout]    --> kernel/src/arch/x86_64/interrupt/mod.rs:219:20
[INFO] [stdout]     |
[INFO] [stdout] 219 |             unsafe{asm!(
[INFO] [stdout]     |                    ^^^
[INFO] [stdout]     |
[INFO] [stdout]    ::: kernel/src/arch/x86_64/interrupt/isrs.rs:59:1
[INFO] [stdout]     |
[INFO] [stdout] 59  | isr!(isr_stub_57, 57);
[INFO] [stdout]     | --------------------- in this macro invocation
[INFO] [stdout]     |
[INFO] [stdout]     = help: consider importing this macro:
[INFO] [stdout]             core::arch::asm
[INFO] [stdout]     = note: this error originates in the macro `isr` (in Nightly builds, run with -Z macro-backtrace for more info)
[INFO] [stdout] 
[INFO] [stdout] 
[INFO] [stdout] error: cannot find macro `asm` in this scope
[INFO] [stdout]    --> kernel/src/arch/x86_64/interrupt/mod.rs:219:20
[INFO] [stdout]     |
[INFO] [stdout] 219 |             unsafe{asm!(
[INFO] [stdout]     |                    ^^^
[INFO] [stdout]     |
[INFO] [stdout]    ::: kernel/src/arch/x86_64/interrupt/isrs.rs:58:1
[INFO] [stdout]     |
[INFO] [stdout] 58  | isr!(isr_stub_56, 56);
[INFO] [stdout]     | --------------------- in this macro invocation
[INFO] [stdout]     |
[INFO] [stdout]     = help: consider importing this macro:
[INFO] [stdout]             core::arch::asm
[INFO] [stdout]     = note: this error originates in the macro `isr` (in Nightly builds, run with -Z macro-backtrace for more info)
[INFO] [stdout] 
[INFO] [stdout] 
[INFO] [stdout] error: cannot find macro `asm` in this scope
[INFO] [stdout]    --> kernel/src/arch/x86_64/interrupt/mod.rs:219:20
[INFO] [stdout]     |
[INFO] [stdout] 219 |             unsafe{asm!(
[INFO] [stdout]     |                    ^^^
[INFO] [stdout]     |
[INFO] [stdout]    ::: kernel/src/arch/x86_64/interrupt/isrs.rs:57:1
[INFO] [stdout]     |
[INFO] [stdout] 57  | isr!(isr_stub_55, 55);
[INFO] [stdout]     | --------------------- in this macro invocation
[INFO] [stdout]     |
[INFO] [stdout]     = help: consider importing this macro:
[INFO] [stdout]             core::arch::asm
[INFO] [stdout]     = note: this error originates in the macro `isr` (in Nightly builds, run with -Z macro-backtrace for more info)
[INFO] [stdout] 
[INFO] [stdout] 
[INFO] [stdout] error: cannot find macro `asm` in this scope
[INFO] [stdout]    --> kernel/src/arch/x86_64/interrupt/mod.rs:219:20
[INFO] [stdout]     |
[INFO] [stdout] 219 |             unsafe{asm!(
[INFO] [stdout]     |                    ^^^
[INFO] [stdout]     |
[INFO] [stdout]    ::: kernel/src/arch/x86_64/interrupt/isrs.rs:56:1
[INFO] [stdout]     |
[INFO] [stdout] 56  | isr!(isr_stub_54, 54);
[INFO] [stdout]     | --------------------- in this macro invocation
[INFO] [stdout]     |
[INFO] [stdout]     = help: consider importing this macro:
[INFO] [stdout]             core::arch::asm
[INFO] [stdout]     = note: this error originates in the macro `isr` (in Nightly builds, run with -Z macro-backtrace for more info)
[INFO] [stdout] 
[INFO] [stdout] 
[INFO] [stdout] error: cannot find macro `asm` in this scope
[INFO] [stdout]    --> kernel/src/arch/x86_64/interrupt/mod.rs:219:20
[INFO] [stdout]     |
[INFO] [stdout] 219 |             unsafe{asm!(
[INFO] [stdout]     |                    ^^^
[INFO] [stdout]     |
[INFO] [stdout]    ::: kernel/src/arch/x86_64/interrupt/isrs.rs:55:1
[INFO] [stdout]     |
[INFO] [stdout] 55  | isr!(isr_stub_53, 53);
[INFO] [stdout]     | --------------------- in this macro invocation
[INFO] [stdout]     |
[INFO] [stdout]     = help: consider importing this macro:
[INFO] [stdout]             core::arch::asm
[INFO] [stdout]     = note: this error originates in the macro `isr` (in Nightly builds, run with -Z macro-backtrace for more info)
[INFO] [stdout] 
[INFO] [stdout] 
[INFO] [stdout] error: cannot find macro `asm` in this scope
[INFO] [stdout]    --> kernel/src/arch/x86_64/interrupt/mod.rs:219:20
[INFO] [stdout]     |
[INFO] [stdout] 219 |             unsafe{asm!(
[INFO] [stdout]     |                    ^^^
[INFO] [stdout]     |
[INFO] [stdout]    ::: kernel/src/arch/x86_64/interrupt/isrs.rs:54:1
[INFO] [stdout]     |
[INFO] [stdout] 54  | isr!(isr_stub_52, 52);
[INFO] [stdout]     | --------------------- in this macro invocation
[INFO] [stdout]     |
[INFO] [stdout]     = help: consider importing this macro:
[INFO] [stdout]             core::arch::asm
[INFO] [stdout]     = note: this error originates in the macro `isr` (in Nightly builds, run with -Z macro-backtrace for more info)
[INFO] [stdout] 
[INFO] [stdout] 
[INFO] [stdout] error: cannot find macro `asm` in this scope
[INFO] [stdout]    --> kernel/src/arch/x86_64/interrupt/mod.rs:219:20
[INFO] [stdout]     |
[INFO] [stdout] 219 |             unsafe{asm!(
[INFO] [stdout]     |                    ^^^
[INFO] [stdout]     |
[INFO] [stdout]    ::: kernel/src/arch/x86_64/interrupt/isrs.rs:53:1
[INFO] [stdout]     |
[INFO] [stdout] 53  | isr!(isr_stub_51, 51);
[INFO] [stdout]     | --------------------- in this macro invocation
[INFO] [stdout]     |
[INFO] [stdout]     = help: consider importing this macro:
[INFO] [stdout]             core::arch::asm
[INFO] [stdout]     = note: this error originates in the macro `isr` (in Nightly builds, run with -Z macro-backtrace for more info)
[INFO] [stdout] 
[INFO] [stdout] 
[INFO] [stdout] error: cannot find macro `asm` in this scope
[INFO] [stdout]    --> kernel/src/arch/x86_64/interrupt/mod.rs:219:20
[INFO] [stdout]     |
[INFO] [stdout] 219 |             unsafe{asm!(
[INFO] [stdout]     |                    ^^^
[INFO] [stdout]     |
[INFO] [stdout]    ::: kernel/src/arch/x86_64/interrupt/isrs.rs:52:1
[INFO] [stdout]     |
[INFO] [stdout] 52  | isr!(isr_stub_50, 50);
[INFO] [stdout]     | --------------------- in this macro invocation
[INFO] [stdout]     |
[INFO] [stdout]     = help: consider importing this macro:
[INFO] [stdout]             core::arch::asm
[INFO] [stdout]     = note: this error originates in the macro `isr` (in Nightly builds, run with -Z macro-backtrace for more info)
[INFO] [stdout] 
[INFO] [stdout] 
[INFO] [stdout] error: cannot find macro `asm` in this scope
[INFO] [stdout]    --> kernel/src/arch/x86_64/interrupt/mod.rs:219:20
[INFO] [stdout]     |
[INFO] [stdout] 219 |             unsafe{asm!(
[INFO] [stdout]     |                    ^^^
[INFO] [stdout]     |
[INFO] [stdout]    ::: kernel/src/arch/x86_64/interrupt/isrs.rs:51:1
[INFO] [stdout]     |
[INFO] [stdout] 51  | isr!(isr_stub_49, 49);
[INFO] [stdout]     | --------------------- in this macro invocation
[INFO] [stdout]     |
[INFO] [stdout]     = help: consider importing this macro:
[INFO] [stdout]             core::arch::asm
[INFO] [stdout]     = note: this error originates in the macro `isr` (in Nightly builds, run with -Z macro-backtrace for more info)
[INFO] [stdout] 
[INFO] [stdout] 
[INFO] [stdout] error: cannot find macro `asm` in this scope
[INFO] [stdout]    --> kernel/src/arch/x86_64/interrupt/mod.rs:219:20
[INFO] [stdout]     |
[INFO] [stdout] 219 |             unsafe{asm!(
[INFO] [stdout]     |                    ^^^
[INFO] [stdout]     |
[INFO] [stdout]    ::: kernel/src/arch/x86_64/interrupt/isrs.rs:50:1
[INFO] [stdout]     |
[INFO] [stdout] 50  | isr!(isr_stub_48, 48);
[INFO] [stdout]     | --------------------- in this macro invocation
[INFO] [stdout]     |
[INFO] [stdout]     = help: consider importing this macro:
[INFO] [stdout]             core::arch::asm
[INFO] [stdout]     = note: this error originates in the macro `isr` (in Nightly builds, run with -Z macro-backtrace for more info)
[INFO] [stdout] 
[INFO] [stdout] 
[INFO] [stdout] error: cannot find macro `asm` in this scope
[INFO] [stdout]    --> kernel/src/arch/x86_64/interrupt/mod.rs:219:20
[INFO] [stdout]     |
[INFO] [stdout] 219 |             unsafe{asm!(
[INFO] [stdout]     |                    ^^^
[INFO] [stdout]     |
[INFO] [stdout]    ::: kernel/src/arch/x86_64/interrupt/isrs.rs:49:1
[INFO] [stdout]     |
[INFO] [stdout] 49  | isr!(isr_stub_47, 47);
[INFO] [stdout]     | --------------------- in this macro invocation
[INFO] [stdout]     |
[INFO] [stdout]     = help: consider importing this macro:
[INFO] [stdout]             core::arch::asm
[INFO] [stdout]     = note: this error originates in the macro `isr` (in Nightly builds, run with -Z macro-backtrace for more info)
[INFO] [stdout] 
[INFO] [stdout] 
[INFO] [stdout] error: cannot find macro `asm` in this scope
[INFO] [stdout]    --> kernel/src/arch/x86_64/interrupt/mod.rs:219:20
[INFO] [stdout]     |
[INFO] [stdout] 219 |             unsafe{asm!(
[INFO] [stdout]     |                    ^^^
[INFO] [stdout]     |
[INFO] [stdout]    ::: kernel/src/arch/x86_64/interrupt/isrs.rs:48:1
[INFO] [stdout]     |
[INFO] [stdout] 48  | isr!(isr_stub_46, 46);
[INFO] [stdout]     | --------------------- in this macro invocation
[INFO] [stdout]     |
[INFO] [stdout]     = help: consider importing this macro:
[INFO] [stdout]             core::arch::asm
[INFO] [stdout]     = note: this error originates in the macro `isr` (in Nightly builds, run with -Z macro-backtrace for more info)
[INFO] [stdout] 
[INFO] [stdout] 
[INFO] [stdout] error: cannot find macro `asm` in this scope
[INFO] [stdout]    --> kernel/src/arch/x86_64/interrupt/mod.rs:219:20
[INFO] [stdout]     |
[INFO] [stdout] 219 |             unsafe{asm!(
[INFO] [stdout]     |                    ^^^
[INFO] [stdout]     |
[INFO] [stdout]    ::: kernel/src/arch/x86_64/interrupt/isrs.rs:47:1
[INFO] [stdout]     |
[INFO] [stdout] 47  | isr!(isr_stub_45, 45);
[INFO] [stdout]     | --------------------- in this macro invocation
[INFO] [stdout]     |
[INFO] [stdout]     = help: consider importing this macro:
[INFO] [stdout]             core::arch::asm
[INFO] [stdout]     = note: this error originates in the macro `isr` (in Nightly builds, run with -Z macro-backtrace for more info)
[INFO] [stdout] 
[INFO] [stdout] 
[INFO] [stdout] error: cannot find macro `asm` in this scope
[INFO] [stdout]    --> kernel/src/arch/x86_64/interrupt/mod.rs:219:20
[INFO] [stdout]     |
[INFO] [stdout] 219 |             unsafe{asm!(
[INFO] [stdout]     |                    ^^^
[INFO] [stdout]     |
[INFO] [stdout]    ::: kernel/src/arch/x86_64/interrupt/isrs.rs:46:1
[INFO] [stdout]     |
[INFO] [stdout] 46  | isr!(isr_stub_44, 44);
[INFO] [stdout]     | --------------------- in this macro invocation
[INFO] [stdout]     |
[INFO] [stdout]     = help: consider importing this macro:
[INFO] [stdout]             core::arch::asm
[INFO] [stdout]     = note: this error originates in the macro `isr` (in Nightly builds, run with -Z macro-backtrace for more info)
[INFO] [stdout] 
[INFO] [stdout] 
[INFO] [stdout] error: cannot find macro `asm` in this scope
[INFO] [stdout]    --> kernel/src/arch/x86_64/interrupt/mod.rs:219:20
[INFO] [stdout]     |
[INFO] [stdout] 219 |             unsafe{asm!(
[INFO] [stdout]     |                    ^^^
[INFO] [stdout]     |
[INFO] [stdout]    ::: kernel/src/arch/x86_64/interrupt/isrs.rs:45:1
[INFO] [stdout]     |
[INFO] [stdout] 45  | isr!(isr_stub_43, 43);
[INFO] [stdout]     | --------------------- in this macro invocation
[INFO] [stdout]     |
[INFO] [stdout]     = help: consider importing this macro:
[INFO] [stdout]             core::arch::asm
[INFO] [stdout]     = note: this error originates in the macro `isr` (in Nightly builds, run with -Z macro-backtrace for more info)
[INFO] [stdout] 
[INFO] [stdout] 
[INFO] [stdout] error: cannot find macro `asm` in this scope
[INFO] [stdout]    --> kernel/src/arch/x86_64/interrupt/mod.rs:219:20
[INFO] [stdout]     |
[INFO] [stdout] 219 |             unsafe{asm!(
[INFO] [stdout]     |                    ^^^
[INFO] [stdout]     |
[INFO] [stdout]    ::: kernel/src/arch/x86_64/interrupt/isrs.rs:44:1
[INFO] [stdout]     |
[INFO] [stdout] 44  | isr!(isr_stub_42, 42);
[INFO] [stdout]     | --------------------- in this macro invocation
[INFO] [stdout]     |
[INFO] [stdout]     = help: consider importing this macro:
[INFO] [stdout]             core::arch::asm
[INFO] [stdout]     = note: this error originates in the macro `isr` (in Nightly builds, run with -Z macro-backtrace for more info)
[INFO] [stdout] 
[INFO] [stdout] 
[INFO] [stdout] error: cannot find macro `asm` in this scope
[INFO] [stdout]    --> kernel/src/arch/x86_64/interrupt/mod.rs:219:20
[INFO] [stdout]     |
[INFO] [stdout] 219 |             unsafe{asm!(
[INFO] [stdout]     |                    ^^^
[INFO] [stdout]     |
[INFO] [stdout]    ::: kernel/src/arch/x86_64/interrupt/isrs.rs:43:1
[INFO] [stdout]     |
[INFO] [stdout] 43  | isr!(isr_stub_41, 41);
[INFO] [stdout]     | --------------------- in this macro invocation
[INFO] [stdout]     |
[INFO] [stdout]     = help: consider importing this macro:
[INFO] [stdout]             core::arch::asm
[INFO] [stdout]     = note: this error originates in the macro `isr` (in Nightly builds, run with -Z macro-backtrace for more info)
[INFO] [stdout] 
[INFO] [stdout] 
[INFO] [stdout] error: cannot find macro `asm` in this scope
[INFO] [stdout]    --> kernel/src/arch/x86_64/interrupt/mod.rs:219:20
[INFO] [stdout]     |
[INFO] [stdout] 219 |             unsafe{asm!(
[INFO] [stdout]     |                    ^^^
[INFO] [stdout]     |
[INFO] [stdout]    ::: kernel/src/arch/x86_64/interrupt/isrs.rs:42:1
[INFO] [stdout]     |
[INFO] [stdout] 42  | isr!(isr_stub_40, 40);
[INFO] [stdout]     | --------------------- in this macro invocation
[INFO] [stdout]     |
[INFO] [stdout]     = help: consider importing this macro:
[INFO] [stdout]             core::arch::asm
[INFO] [stdout]     = note: this error originates in the macro `isr` (in Nightly builds, run with -Z macro-backtrace for more info)
[INFO] [stdout] 
[INFO] [stdout] 
[INFO] [stdout] error: cannot find macro `asm` in this scope
[INFO] [stdout]    --> kernel/src/arch/x86_64/interrupt/mod.rs:219:20
[INFO] [stdout]     |
[INFO] [stdout] 219 |             unsafe{asm!(
[INFO] [stdout]     |                    ^^^
[INFO] [stdout]     |
[INFO] [stdout]    ::: kernel/src/arch/x86_64/interrupt/isrs.rs:41:1
[INFO] [stdout]     |
[INFO] [stdout] 41  | isr!(isr_stub_39, 39);
[INFO] [stdout]     | --------------------- in this macro invocation
[INFO] [stdout]     |
[INFO] [stdout]     = help: consider importing this macro:
[INFO] [stdout]             core::arch::asm
[INFO] [stdout]     = note: this error originates in the macro `isr` (in Nightly builds, run with -Z macro-backtrace for more info)
[INFO] [stdout] 
[INFO] [stdout] 
[INFO] [stdout] error: cannot find macro `asm` in this scope
[INFO] [stdout]    --> kernel/src/arch/x86_64/interrupt/mod.rs:219:20
[INFO] [stdout]     |
[INFO] [stdout] 219 |             unsafe{asm!(
[INFO] [stdout]     |                    ^^^
[INFO] [stdout]     |
[INFO] [stdout]    ::: kernel/src/arch/x86_64/interrupt/isrs.rs:40:1
[INFO] [stdout]     |
[INFO] [stdout] 40  | isr!(isr_stub_38, 38);
[INFO] [stdout]     | --------------------- in this macro invocation
[INFO] [stdout]     |
[INFO] [stdout]     = help: consider importing this macro:
[INFO] [stdout]             core::arch::asm
[INFO] [stdout]     = note: this error originates in the macro `isr` (in Nightly builds, run with -Z macro-backtrace for more info)
[INFO] [stdout] 
[INFO] [stdout] 
[INFO] [stdout] error: cannot find macro `asm` in this scope
[INFO] [stdout]    --> kernel/src/arch/x86_64/interrupt/mod.rs:219:20
[INFO] [stdout]     |
[INFO] [stdout] 219 |             unsafe{asm!(
[INFO] [stdout]     |                    ^^^
[INFO] [stdout]     |
[INFO] [stdout]    ::: kernel/src/arch/x86_64/interrupt/isrs.rs:39:1
[INFO] [stdout]     |
[INFO] [stdout] 39  | isr!(isr_stub_37, 37);
[INFO] [stdout]     | --------------------- in this macro invocation
[INFO] [stdout]     |
[INFO] [stdout]     = help: consider importing this macro:
[INFO] [stdout]             core::arch::asm
[INFO] [stdout]     = note: this error originates in the macro `isr` (in Nightly builds, run with -Z macro-backtrace for more info)
[INFO] [stdout] 
[INFO] [stdout] 
[INFO] [stdout] error: cannot find macro `asm` in this scope
[INFO] [stdout]    --> kernel/src/arch/x86_64/interrupt/mod.rs:219:20
[INFO] [stdout]     |
[INFO] [stdout] 219 |             unsafe{asm!(
[INFO] [stdout]     |                    ^^^
[INFO] [stdout]     |
[INFO] [stdout]    ::: kernel/src/arch/x86_64/interrupt/isrs.rs:38:1
[INFO] [stdout]     |
[INFO] [stdout] 38  | isr!(isr_stub_36, 36);
[INFO] [stdout]     | --------------------- in this macro invocation
[INFO] [stdout]     |
[INFO] [stdout]     = help: consider importing this macro:
[INFO] [stdout]             core::arch::asm
[INFO] [stdout]     = note: this error originates in the macro `isr` (in Nightly builds, run with -Z macro-backtrace for more info)
[INFO] [stdout] 
[INFO] [stdout] 
[INFO] [stdout] error: cannot find macro `asm` in this scope
[INFO] [stdout]    --> kernel/src/arch/x86_64/interrupt/mod.rs:219:20
[INFO] [stdout]     |
[INFO] [stdout] 219 |             unsafe{asm!(
[INFO] [stdout]     |                    ^^^
[INFO] [stdout]     |
[INFO] [stdout]    ::: kernel/src/arch/x86_64/interrupt/isrs.rs:37:1
[INFO] [stdout]     |
[INFO] [stdout] 37  | isr!(isr_stub_35, 35);
[INFO] [stdout]     | --------------------- in this macro invocation
[INFO] [stdout]     |
[INFO] [stdout]     = help: consider importing this macro:
[INFO] [stdout]             core::arch::asm
[INFO] [stdout]     = note: this error originates in the macro `isr` (in Nightly builds, run with -Z macro-backtrace for more info)
[INFO] [stdout] 
[INFO] [stdout] 
[INFO] [stdout] error: cannot find macro `asm` in this scope
[INFO] [stdout]    --> kernel/src/arch/x86_64/interrupt/mod.rs:219:20
[INFO] [stdout]     |
[INFO] [stdout] 219 |             unsafe{asm!(
[INFO] [stdout]     |                    ^^^
[INFO] [stdout]     |
[INFO] [stdout]    ::: kernel/src/arch/x86_64/interrupt/isrs.rs:36:1
[INFO] [stdout]     |
[INFO] [stdout] 36  | isr!(isr_stub_34, 34);
[INFO] [stdout]     | --------------------- in this macro invocation
[INFO] [stdout]     |
[INFO] [stdout]     = help: consider importing this macro:
[INFO] [stdout]             core::arch::asm
[INFO] [stdout]     = note: this error originates in the macro `isr` (in Nightly builds, run with -Z macro-backtrace for more info)
[INFO] [stdout] 
[INFO] [stdout] 
[INFO] [stdout] error: cannot find macro `asm` in this scope
[INFO] [stdout]    --> kernel/src/arch/x86_64/interrupt/mod.rs:219:20
[INFO] [stdout]     |
[INFO] [stdout] 219 |             unsafe{asm!(
[INFO] [stdout]     |                    ^^^
[INFO] [stdout]     |
[INFO] [stdout]    ::: kernel/src/arch/x86_64/interrupt/isrs.rs:35:1
[INFO] [stdout]     |
[INFO] [stdout] 35  | isr!(isr_stub_33, 33);
[INFO] [stdout]     | --------------------- in this macro invocation
[INFO] [stdout]     |
[INFO] [stdout]     = help: consider importing this macro:
[INFO] [stdout]             core::arch::asm
[INFO] [stdout]     = note: this error originates in the macro `isr` (in Nightly builds, run with -Z macro-backtrace for more info)
[INFO] [stdout] 
[INFO] [stdout] 
[INFO] [stdout] error: cannot find macro `asm` in this scope
[INFO] [stdout]    --> kernel/src/arch/x86_64/interrupt/mod.rs:219:20
[INFO] [stdout]     |
[INFO] [stdout] 219 |             unsafe{asm!(
[INFO] [stdout]     |                    ^^^
[INFO] [stdout]     |
[INFO] [stdout]    ::: kernel/src/arch/x86_64/interrupt/isrs.rs:34:1
[INFO] [stdout]     |
[INFO] [stdout] 34  | isr!(isr_stub_32, 32);
[INFO] [stdout]     | --------------------- in this macro invocation
[INFO] [stdout]     |
[INFO] [stdout]     = help: consider importing this macro:
[INFO] [stdout]             core::arch::asm
[INFO] [stdout]     = note: this error originates in the macro `isr` (in Nightly builds, run with -Z macro-backtrace for more info)
[INFO] [stdout] 
[INFO] [stdout] 
[INFO] [stdout] error: cannot find macro `asm` in this scope
[INFO] [stdout]    --> kernel/src/arch/x86_64/interrupt/mod.rs:219:20
[INFO] [stdout]     |
[INFO] [stdout] 219 |             unsafe{asm!(
[INFO] [stdout]     |                    ^^^
[INFO] [stdout]     |
[INFO] [stdout]    ::: kernel/src/arch/x86_64/interrupt/isrs.rs:33:1
[INFO] [stdout]     |
[INFO] [stdout] 33  | isr!(isr_stub_31, 31);
[INFO] [stdout]     | --------------------- in this macro invocation
[INFO] [stdout]     |
[INFO] [stdout]     = help: consider importing this macro:
[INFO] [stdout]             core::arch::asm
[INFO] [stdout]     = note: this error originates in the macro `isr` (in Nightly builds, run with -Z macro-backtrace for more info)
[INFO] [stdout] 
[INFO] [stdout] 
[INFO] [stdout] error: cannot find macro `asm` in this scope
[INFO] [stdout]    --> kernel/src/arch/x86_64/interrupt/mod.rs:219:20
[INFO] [stdout]     |
[INFO] [stdout] 219 |             unsafe{asm!(
[INFO] [stdout]     |                    ^^^
[INFO] [stdout]     |
[INFO] [stdout]    ::: kernel/src/arch/x86_64/interrupt/isrs.rs:32:1
[INFO] [stdout]     |
[INFO] [stdout] 32  | isr!(isr_stub_30, 30);
[INFO] [stdout]     | --------------------- in this macro invocation
[INFO] [stdout]     |
[INFO] [stdout]     = help: consider importing this macro:
[INFO] [stdout]             core::arch::asm
[INFO] [stdout]     = note: this error originates in the macro `isr` (in Nightly builds, run with -Z macro-backtrace for more info)
[INFO] [stdout] 
[INFO] [stdout] 
[INFO] [stdout] error: cannot find macro `asm` in this scope
[INFO] [stdout]    --> kernel/src/arch/x86_64/interrupt/mod.rs:219:20
[INFO] [stdout]     |
[INFO] [stdout] 219 |             unsafe{asm!(
[INFO] [stdout]     |                    ^^^
[INFO] [stdout]     |
[INFO] [stdout]    ::: kernel/src/arch/x86_64/interrupt/isrs.rs:31:1
[INFO] [stdout]     |
[INFO] [stdout] 31  | isr!(isr_stub_29, 29);
[INFO] [stdout]     | --------------------- in this macro invocation
[INFO] [stdout]     |
[INFO] [stdout]     = help: consider importing this macro:
[INFO] [stdout]             core::arch::asm
[INFO] [stdout]     = note: this error originates in the macro `isr` (in Nightly builds, run with -Z macro-backtrace for more info)
[INFO] [stdout] 
[INFO] [stdout] 
[INFO] [stdout] error: cannot find macro `asm` in this scope
[INFO] [stdout]    --> kernel/src/arch/x86_64/interrupt/mod.rs:219:20
[INFO] [stdout]     |
[INFO] [stdout] 219 |             unsafe{asm!(
[INFO] [stdout]     |                    ^^^
[INFO] [stdout]     |
[INFO] [stdout]    ::: kernel/src/arch/x86_64/interrupt/isrs.rs:30:1
[INFO] [stdout]     |
[INFO] [stdout] 30  | isr!(isr_stub_28, 28);
[INFO] [stdout]     | --------------------- in this macro invocation
[INFO] [stdout]     |
[INFO] [stdout]     = help: consider importing this macro:
[INFO] [stdout]             core::arch::asm
[INFO] [stdout]     = note: this error originates in the macro `isr` (in Nightly builds, run with -Z macro-backtrace for more info)
[INFO] [stdout] 
[INFO] [stdout] 
[INFO] [stdout] error: cannot find macro `asm` in this scope
[INFO] [stdout]    --> kernel/src/arch/x86_64/interrupt/mod.rs:219:20
[INFO] [stdout]     |
[INFO] [stdout] 219 |             unsafe{asm!(
[INFO] [stdout]     |                    ^^^
[INFO] [stdout]     |
[INFO] [stdout]    ::: kernel/src/arch/x86_64/interrupt/isrs.rs:29:1
[INFO] [stdout]     |
[INFO] [stdout] 29  | isr!(isr_stub_27, 27);
[INFO] [stdout]     | --------------------- in this macro invocation
[INFO] [stdout]     |
[INFO] [stdout]     = help: consider importing this macro:
[INFO] [stdout]             core::arch::asm
[INFO] [stdout]     = note: this error originates in the macro `isr` (in Nightly builds, run with -Z macro-backtrace for more info)
[INFO] [stdout] 
[INFO] [stdout] 
[INFO] [stdout] error: cannot find macro `asm` in this scope
[INFO] [stdout]    --> kernel/src/arch/x86_64/interrupt/mod.rs:219:20
[INFO] [stdout]     |
[INFO] [stdout] 219 |             unsafe{asm!(
[INFO] [stdout]     |                    ^^^
[INFO] [stdout]     |
[INFO] [stdout]    ::: kernel/src/arch/x86_64/interrupt/isrs.rs:28:1
[INFO] [stdout]     |
[INFO] [stdout] 28  | isr!(isr_stub_26, 26);
[INFO] [stdout]     | --------------------- in this macro invocation
[INFO] [stdout]     |
[INFO] [stdout]     = help: consider importing this macro:
[INFO] [stdout]             core::arch::asm
[INFO] [stdout]     = note: this error originates in the macro `isr` (in Nightly builds, run with -Z macro-backtrace for more info)
[INFO] [stdout] 
[INFO] [stdout] 
[INFO] [stdout] error: cannot find macro `asm` in this scope
[INFO] [stdout]    --> kernel/src/arch/x86_64/interrupt/mod.rs:219:20
[INFO] [stdout]     |
[INFO] [stdout] 219 |             unsafe{asm!(
[INFO] [stdout]     |                    ^^^
[INFO] [stdout]     |
[INFO] [stdout]    ::: kernel/src/arch/x86_64/interrupt/isrs.rs:27:1
[INFO] [stdout]     |
[INFO] [stdout] 27  | isr!(isr_stub_25, 25);
[INFO] [stdout]     | --------------------- in this macro invocation
[INFO] [stdout]     |
[INFO] [stdout]     = help: consider importing this macro:
[INFO] [stdout]             core::arch::asm
[INFO] [stdout]     = note: this error originates in the macro `isr` (in Nightly builds, run with -Z macro-backtrace for more info)
[INFO] [stdout] 
[INFO] [stdout] 
[INFO] [stdout] error: cannot find macro `asm` in this scope
[INFO] [stdout]    --> kernel/src/arch/x86_64/interrupt/mod.rs:219:20
[INFO] [stdout]     |
[INFO] [stdout] 219 |             unsafe{asm!(
[INFO] [stdout]     |                    ^^^
[INFO] [stdout]     |
[INFO] [stdout]    ::: kernel/src/arch/x86_64/interrupt/isrs.rs:26:1
[INFO] [stdout]     |
[INFO] [stdout] 26  | isr!(isr_stub_24, 24);
[INFO] [stdout]     | --------------------- in this macro invocation
[INFO] [stdout]     |
[INFO] [stdout]     = help: consider importing this macro:
[INFO] [stdout]             core::arch::asm
[INFO] [stdout]     = note: this error originates in the macro `isr` (in Nightly builds, run with -Z macro-backtrace for more info)
[INFO] [stdout] 
[INFO] [stdout] 
[INFO] [stdout] error: cannot find macro `asm` in this scope
[INFO] [stdout]    --> kernel/src/arch/x86_64/interrupt/mod.rs:219:20
[INFO] [stdout]     |
[INFO] [stdout] 219 |             unsafe{asm!(
[INFO] [stdout]     |                    ^^^
[INFO] [stdout]     |
[INFO] [stdout]    ::: kernel/src/arch/x86_64/interrupt/isrs.rs:25:1
[INFO] [stdout]     |
[INFO] [stdout] 25  | isr!(isr_stub_23, 23);
[INFO] [stdout]     | --------------------- in this macro invocation
[INFO] [stdout]     |
[INFO] [stdout]     = help: consider importing this macro:
[INFO] [stdout]             core::arch::asm
[INFO] [stdout]     = note: this error originates in the macro `isr` (in Nightly builds, run with -Z macro-backtrace for more info)
[INFO] [stdout] 
[INFO] [stdout] 
[INFO] [stdout] error: cannot find macro `asm` in this scope
[INFO] [stdout]    --> kernel/src/arch/x86_64/interrupt/mod.rs:219:20
[INFO] [stdout]     |
[INFO] [stdout] 219 |             unsafe{asm!(
[INFO] [stdout]     |                    ^^^
[INFO] [stdout]     |
[INFO] [stdout]    ::: kernel/src/arch/x86_64/interrupt/isrs.rs:24:1
[INFO] [stdout]     |
[INFO] [stdout] 24  | isr!(isr_stub_22, 22);
[INFO] [stdout]     | --------------------- in this macro invocation
[INFO] [stdout]     |
[INFO] [stdout]     = help: consider importing this macro:
[INFO] [stdout]             core::arch::asm
[INFO] [stdout]     = note: this error originates in the macro `isr` (in Nightly builds, run with -Z macro-backtrace for more info)
[INFO] [stdout] 
[INFO] [stdout] 
[INFO] [stdout] error: cannot find macro `asm` in this scope
[INFO] [stdout]    --> kernel/src/arch/x86_64/interrupt/mod.rs:219:20
[INFO] [stdout]     |
[INFO] [stdout] 219 |             unsafe{asm!(
[INFO] [stdout]     |                    ^^^
[INFO] [stdout]     |
[INFO] [stdout]    ::: kernel/src/arch/x86_64/interrupt/isrs.rs:23:1
[INFO] [stdout]     |
[INFO] [stdout] 23  | isr!(isr_stub_21, 21);
[INFO] [stdout]     | --------------------- in this macro invocation
[INFO] [stdout]     |
[INFO] [stdout]     = help: consider importing this macro:
[INFO] [stdout]             core::arch::asm
[INFO] [stdout]     = note: this error originates in the macro `isr` (in Nightly builds, run with -Z macro-backtrace for more info)
[INFO] [stdout] 
[INFO] [stdout] 
[INFO] [stdout] error: cannot find macro `asm` in this scope
[INFO] [stdout]    --> kernel/src/arch/x86_64/interrupt/mod.rs:219:20
[INFO] [stdout]     |
[INFO] [stdout] 219 |             unsafe{asm!(
[INFO] [stdout]     |                    ^^^
[INFO] [stdout]     |
[INFO] [stdout]    ::: kernel/src/arch/x86_64/interrupt/isrs.rs:22:1
[INFO] [stdout]     |
[INFO] [stdout] 22  | isr!(isr_stub_20, 20);
[INFO] [stdout]     | --------------------- in this macro invocation
[INFO] [stdout]     |
[INFO] [stdout]     = help: consider importing this macro:
[INFO] [stdout]             core::arch::asm
[INFO] [stdout]     = note: this error originates in the macro `isr` (in Nightly builds, run with -Z macro-backtrace for more info)
[INFO] [stdout] 
[INFO] [stdout] 
[INFO] [stdout] error: cannot find macro `asm` in this scope
[INFO] [stdout]    --> kernel/src/arch/x86_64/interrupt/mod.rs:219:20
[INFO] [stdout]     |
[INFO] [stdout] 219 |             unsafe{asm!(
[INFO] [stdout]     |                    ^^^
[INFO] [stdout]     |
[INFO] [stdout]    ::: kernel/src/arch/x86_64/interrupt/isrs.rs:21:1
[INFO] [stdout]     |
[INFO] [stdout] 21  | isr!(isr_stub_19, 19);
[INFO] [stdout]     | --------------------- in this macro invocation
[INFO] [stdout]     |
[INFO] [stdout]     = help: consider importing this macro:
[INFO] [stdout]             core::arch::asm
[INFO] [stdout]     = note: this error originates in the macro `isr` (in Nightly builds, run with -Z macro-backtrace for more info)
[INFO] [stdout] 
[INFO] [stdout] 
[INFO] [stdout] error: cannot find macro `asm` in this scope
[INFO] [stdout]    --> kernel/src/arch/x86_64/interrupt/mod.rs:219:20
[INFO] [stdout]     |
[INFO] [stdout] 219 |             unsafe{asm!(
[INFO] [stdout]     |                    ^^^
[INFO] [stdout]     |
[INFO] [stdout]    ::: kernel/src/arch/x86_64/interrupt/isrs.rs:20:1
[INFO] [stdout]     |
[INFO] [stdout] 20  | isr!(isr_stub_18, 18);
[INFO] [stdout]     | --------------------- in this macro invocation
[INFO] [stdout]     |
[INFO] [stdout]     = help: consider importing this macro:
[INFO] [stdout]             core::arch::asm
[INFO] [stdout]     = note: this error originates in the macro `isr` (in Nightly builds, run with -Z macro-backtrace for more info)
[INFO] [stdout] 
[INFO] [stdout] 
[INFO] [stdout] error: cannot find macro `asm` in this scope
[INFO] [stdout]    --> kernel/src/arch/x86_64/interrupt/mod.rs:234:20
[INFO] [stdout]     |
[INFO] [stdout] 234 |             unsafe{asm!(
[INFO] [stdout]     |                    ^^^
[INFO] [stdout]     |
[INFO] [stdout]    ::: kernel/src/arch/x86_64/interrupt/isrs.rs:19:1
[INFO] [stdout]     |
[INFO] [stdout] 19  | isr!(isr_stub_17, 17, error);
[INFO] [stdout]     | ---------------------------- in this macro invocation
[INFO] [stdout]     |
[INFO] [stdout]     = help: consider importing this macro:
[INFO] [stdout]             core::arch::asm
[INFO] [stdout]     = note: this error originates in the macro `isr` (in Nightly builds, run with -Z macro-backtrace for more info)
[INFO] [stdout] 
[INFO] [stdout] 
[INFO] [stdout] error: cannot find macro `asm` in this scope
[INFO] [stdout]    --> kernel/src/arch/x86_64/interrupt/mod.rs:219:20
[INFO] [stdout]     |
[INFO] [stdout] 219 |             unsafe{asm!(
[INFO] [stdout]     |                    ^^^
[INFO] [stdout]     |
[INFO] [stdout]    ::: kernel/src/arch/x86_64/interrupt/isrs.rs:18:1
[INFO] [stdout]     |
[INFO] [stdout] 18  | isr!(isr_stub_16, 16);
[INFO] [stdout]     | --------------------- in this macro invocation
[INFO] [stdout]     |
[INFO] [stdout]     = help: consider importing this macro:
[INFO] [stdout]             core::arch::asm
[INFO] [stdout]     = note: this error originates in the macro `isr` (in Nightly builds, run with -Z macro-backtrace for more info)
[INFO] [stdout] 
[INFO] [stdout] 
[INFO] [stdout] error: cannot find macro `asm` in this scope
[INFO] [stdout]    --> kernel/src/arch/x86_64/interrupt/mod.rs:219:20
[INFO] [stdout]     |
[INFO] [stdout] 219 |             unsafe{asm!(
[INFO] [stdout]     |                    ^^^
[INFO] [stdout]     |
[INFO] [stdout]    ::: kernel/src/arch/x86_64/interrupt/isrs.rs:17:1
[INFO] [stdout]     |
[INFO] [stdout] 17  | isr!(isr_stub_15, 15);
[INFO] [stdout]     | --------------------- in this macro invocation
[INFO] [stdout]     |
[INFO] [stdout]     = help: consider importing this macro:
[INFO] [stdout]             core::arch::asm
[INFO] [stdout]     = note: this error originates in the macro `isr` (in Nightly builds, run with -Z macro-backtrace for more info)
[INFO] [stdout] 
[INFO] [stdout] 
[INFO] [stdout] error: cannot find macro `asm` in this scope
[INFO] [stdout]    --> kernel/src/arch/x86_64/interrupt/mod.rs:234:20
[INFO] [stdout]     |
[INFO] [stdout] 234 |             unsafe{asm!(
[INFO] [stdout]     |                    ^^^
[INFO] [stdout]     |
[INFO] [stdout]    ::: kernel/src/arch/x86_64/interrupt/isrs.rs:16:1
[INFO] [stdout]     |
[INFO] [stdout] 16  | isr!(isr_stub_14, 14, error);
[INFO] [stdout]     | ---------------------------- in this macro invocation
[INFO] [stdout]     |
[INFO] [stdout]     = help: consider importing this macro:
[INFO] [stdout]             core::arch::asm
[INFO] [stdout]     = note: this error originates in the macro `isr` (in Nightly builds, run with -Z macro-backtrace for more info)
[INFO] [stdout] 
[INFO] [stdout] 
[INFO] [stdout] error: cannot find macro `asm` in this scope
[INFO] [stdout]    --> kernel/src/arch/x86_64/interrupt/mod.rs:234:20
[INFO] [stdout]     |
[INFO] [stdout] 234 |             unsafe{asm!(
[INFO] [stdout]     |                    ^^^
[INFO] [stdout]     |
[INFO] [stdout]    ::: kernel/src/arch/x86_64/interrupt/isrs.rs:15:1
[INFO] [stdout]     |
[INFO] [stdout] 15  | isr!(isr_stub_13, 13, error);
[INFO] [stdout]     | ---------------------------- in this macro invocation
[INFO] [stdout]     |
[INFO] [stdout]     = help: consider importing this macro:
[INFO] [stdout]             core::arch::asm
[INFO] [stdout]     = note: this error originates in the macro `isr` (in Nightly builds, run with -Z macro-backtrace for more info)
[INFO] [stdout] 
[INFO] [stdout] 
[INFO] [stdout] error: cannot find macro `asm` in this scope
[INFO] [stdout]    --> kernel/src/arch/x86_64/interrupt/mod.rs:234:20
[INFO] [stdout]     |
[INFO] [stdout] 234 |             unsafe{asm!(
[INFO] [stdout]     |                    ^^^
[INFO] [stdout]     |
[INFO] [stdout]    ::: kernel/src/arch/x86_64/interrupt/isrs.rs:14:1
[INFO] [stdout]     |
[INFO] [stdout] 14  | isr!(isr_stub_12, 12, error);
[INFO] [stdout]     | ---------------------------- in this macro invocation
[INFO] [stdout]     |
[INFO] [stdout]     = help: consider importing this macro:
[INFO] [stdout]             core::arch::asm
[INFO] [stdout]     = note: this error originates in the macro `isr` (in Nightly builds, run with -Z macro-backtrace for more info)
[INFO] [stdout] 
[INFO] [stdout] 
[INFO] [stdout] error: cannot find macro `asm` in this scope
[INFO] [stdout]    --> kernel/src/arch/x86_64/interrupt/mod.rs:234:20
[INFO] [stdout]     |
[INFO] [stdout] 234 |             unsafe{asm!(
[INFO] [stdout]     |                    ^^^
[INFO] [stdout]     |
[INFO] [stdout]    ::: kernel/src/arch/x86_64/interrupt/isrs.rs:13:1
[INFO] [stdout]     |
[INFO] [stdout] 13  | isr!(isr_stub_11, 11, error);
[INFO] [stdout]     | ---------------------------- in this macro invocation
[INFO] [stdout]     |
[INFO] [stdout]     = help: consider importing this macro:
[INFO] [stdout]             core::arch::asm
[INFO] [stdout]     = note: this error originates in the macro `isr` (in Nightly builds, run with -Z macro-backtrace for more info)
[INFO] [stdout] 
[INFO] [stdout] 
[INFO] [stdout] error: cannot find macro `asm` in this scope
[INFO] [stdout]    --> kernel/src/arch/x86_64/interrupt/mod.rs:234:20
[INFO] [stdout]     |
[INFO] [stdout] 234 |             unsafe{asm!(
[INFO] [stdout]     |                    ^^^
[INFO] [stdout]     |
[INFO] [stdout]    ::: kernel/src/arch/x86_64/interrupt/isrs.rs:12:1
[INFO] [stdout]     |
[INFO] [stdout] 12  | isr!(isr_stub_10, 10, error);
[INFO] [stdout]     | ---------------------------- in this macro invocation
[INFO] [stdout]     |
[INFO] [stdout]     = help: consider importing this macro:
[INFO] [stdout]             core::arch::asm
[INFO] [stdout]     = note: this error originates in the macro `isr` (in Nightly builds, run with -Z macro-backtrace for more info)
[INFO] [stdout] 
[INFO] [stdout] 
[INFO] [stdout] error: cannot find macro `asm` in this scope
[INFO] [stdout]    --> kernel/src/arch/x86_64/interrupt/mod.rs:219:20
[INFO] [stdout]     |
[INFO] [stdout] 219 |             unsafe{asm!(
[INFO] [stdout]     |                    ^^^
[INFO] [stdout]     |
[INFO] [stdout]    ::: kernel/src/arch/x86_64/interrupt/isrs.rs:11:1
[INFO] [stdout]     |
[INFO] [stdout] 11  | isr!(isr_stub_9, 9);
[INFO] [stdout]     | ------------------- in this macro invocation
[INFO] [stdout]     |
[INFO] [stdout]     = help: consider importing this macro:
[INFO] [stdout]             core::arch::asm
[INFO] [stdout]     = note: this error originates in the macro `isr` (in Nightly builds, run with -Z macro-backtrace for more info)
[INFO] [stdout] 
[INFO] [stdout] 
[INFO] [stdout] error: cannot find macro `asm` in this scope
[INFO] [stdout]    --> kernel/src/arch/x86_64/interrupt/mod.rs:234:20
[INFO] [stdout]     |
[INFO] [stdout] 234 |             unsafe{asm!(
[INFO] [stdout]     |                    ^^^
[INFO] [stdout]     |
[INFO] [stdout]    ::: kernel/src/arch/x86_64/interrupt/isrs.rs:10:1
[INFO] [stdout]     |
[INFO] [stdout] 10  | isr!(isr_stub_8, 8, error);
[INFO] [stdout]     | -------------------------- in this macro invocation
[INFO] [stdout]     |
[INFO] [stdout]     = help: consider importing this macro:
[INFO] [stdout]             core::arch::asm
[INFO] [stdout]     = note: this error originates in the macro `isr` (in Nightly builds, run with -Z macro-backtrace for more info)
[INFO] [stdout] 
[INFO] [stdout] 
[INFO] [stdout] error: cannot find macro `asm` in this scope
[INFO] [stdout]    --> kernel/src/arch/x86_64/interrupt/mod.rs:219:20
[INFO] [stdout]     |
[INFO] [stdout] 219 |             unsafe{asm!(
[INFO] [stdout]     |                    ^^^
[INFO] [stdout]     |
[INFO] [stdout]    ::: kernel/src/arch/x86_64/interrupt/isrs.rs:9:1
[INFO] [stdout]     |
[INFO] [stdout] 9   | isr!(isr_stub_7, 7);
[INFO] [stdout]     | ------------------- in this macro invocation
[INFO] [stdout]     |
[INFO] [stdout]     = help: consider importing this macro:
[INFO] [stdout]             core::arch::asm
[INFO] [stdout]     = note: this error originates in the macro `isr` (in Nightly builds, run with -Z macro-backtrace for more info)
[INFO] [stdout] 
[INFO] [stdout] 
[INFO] [stdout] error: cannot find macro `asm` in this scope
[INFO] [stdout]    --> kernel/src/arch/x86_64/interrupt/mod.rs:219:20
[INFO] [stdout]     |
[INFO] [stdout] 219 |             unsafe{asm!(
[INFO] [stdout]     |                    ^^^
[INFO] [stdout]     |
[INFO] [stdout]    ::: kernel/src/arch/x86_64/interrupt/isrs.rs:8:1
[INFO] [stdout]     |
[INFO] [stdout] 8   | isr!(isr_stub_6, 6);
[INFO] [stdout]     | ------------------- in this macro invocation
[INFO] [stdout]     |
[INFO] [stdout]     = help: consider importing this macro:
[INFO] [stdout]             core::arch::asm
[INFO] [stdout]     = note: this error originates in the macro `isr` (in Nightly builds, run with -Z macro-backtrace for more info)
[INFO] [stdout] 
[INFO] [stdout] 
[INFO] [stdout] error: cannot find macro `asm` in this scope
[INFO] [stdout]    --> kernel/src/arch/x86_64/interrupt/mod.rs:219:20
[INFO] [stdout]     |
[INFO] [stdout] 219 |             unsafe{asm!(
[INFO] [stdout]     |                    ^^^
[INFO] [stdout]     |
[INFO] [stdout]    ::: kernel/src/arch/x86_64/interrupt/isrs.rs:7:1
[INFO] [stdout]     |
[INFO] [stdout] 7   | isr!(isr_stub_5, 5);
[INFO] [stdout]     | ------------------- in this macro invocation
[INFO] [stdout]     |
[INFO] [stdout]     = help: consider importing this macro:
[INFO] [stdout]             core::arch::asm
[INFO] [stdout]     = note: this error originates in the macro `isr` (in Nightly builds, run with -Z macro-backtrace for more info)
[INFO] [stdout] 
[INFO] [stdout] 
[INFO] [stdout] error: cannot find macro `asm` in this scope
[INFO] [stdout]    --> kernel/src/arch/x86_64/interrupt/mod.rs:219:20
[INFO] [stdout]     |
[INFO] [stdout] 219 |             unsafe{asm!(
[INFO] [stdout]     |                    ^^^
[INFO] [stdout]     |
[INFO] [stdout]    ::: kernel/src/arch/x86_64/interrupt/isrs.rs:6:1
[INFO] [stdout]     |
[INFO] [stdout] 6   | isr!(isr_stub_4, 4);
[INFO] [stdout]     | ------------------- in this macro invocation
[INFO] [stdout]     |
[INFO] [stdout]     = help: consider importing this macro:
[INFO] [stdout]             core::arch::asm
[INFO] [stdout]     = note: this error originates in the macro `isr` (in Nightly builds, run with -Z macro-backtrace for more info)
[INFO] [stdout] 
[INFO] [stdout] 
[INFO] [stdout] error: cannot find macro `asm` in this scope
[INFO] [stdout]    --> kernel/src/arch/x86_64/interrupt/mod.rs:219:20
[INFO] [stdout]     |
[INFO] [stdout] 219 |             unsafe{asm!(
[INFO] [stdout]     |                    ^^^
[INFO] [stdout]     |
[INFO] [stdout]    ::: kernel/src/arch/x86_64/interrupt/isrs.rs:5:1
[INFO] [stdout]     |
[INFO] [stdout] 5   | isr!(isr_stub_3, 3);
[INFO] [stdout]     | ------------------- in this macro invocation
[INFO] [stdout]     |
[INFO] [stdout]     = help: consider importing this macro:
[INFO] [stdout]             core::arch::asm
[INFO] [stdout]     = note: this error originates in the macro `isr` (in Nightly builds, run with -Z macro-backtrace for more info)
[INFO] [stdout] 
[INFO] [stdout] 
[INFO] [stdout] error: cannot find macro `asm` in this scope
[INFO] [stdout]    --> kernel/src/arch/x86_64/interrupt/mod.rs:219:20
[INFO] [stdout]     |
[INFO] [stdout] 219 |             unsafe{asm!(
[INFO] [stdout]     |                    ^^^
[INFO] [stdout]     |
[INFO] [stdout]    ::: kernel/src/arch/x86_64/interrupt/isrs.rs:4:1
[INFO] [stdout]     |
[INFO] [stdout] 4   | isr!(isr_stub_2, 2);
[INFO] [stdout]     | ------------------- in this macro invocation
[INFO] [stdout]     |
[INFO] [stdout]     = help: consider importing this macro:
[INFO] [stdout]             core::arch::asm
[INFO] [stdout]     = note: this error originates in the macro `isr` (in Nightly builds, run with -Z macro-backtrace for more info)
[INFO] [stdout] 
[INFO] [stdout] 
[INFO] [stdout] error: cannot find macro `asm` in this scope
[INFO] [stdout]    --> kernel/src/arch/x86_64/interrupt/mod.rs:219:20
[INFO] [stdout]     |
[INFO] [stdout] 219 |             unsafe{asm!(
[INFO] [stdout]     |                    ^^^
[INFO] [stdout]     |
[INFO] [stdout]    ::: kernel/src/arch/x86_64/interrupt/isrs.rs:3:1
[INFO] [stdout]     |
[INFO] [stdout] 3   | isr!(isr_stub_1, 1);
[INFO] [stdout]     | ------------------- in this macro invocation
[INFO] [stdout]     |
[INFO] [stdout]     = help: consider importing this macro:
[INFO] [stdout]             core::arch::asm
[INFO] [stdout]     = note: this error originates in the macro `isr` (in Nightly builds, run with -Z macro-backtrace for more info)
[INFO] [stdout] 
[INFO] [stdout] 
[INFO] [stdout] error: cannot find macro `asm` in this scope
[INFO] [stdout]    --> kernel/src/arch/x86_64/interrupt/mod.rs:219:20
[INFO] [stdout]     |
[INFO] [stdout] 219 |             unsafe{asm!(
[INFO] [stdout]     |                    ^^^
[INFO] [stdout]     |
[INFO] [stdout]    ::: kernel/src/arch/x86_64/interrupt/isrs.rs:2:1
[INFO] [stdout]     |
[INFO] [stdout] 2   | isr!(isr_stub_0, 0);
[INFO] [stdout]     | ------------------- in this macro invocation
[INFO] [stdout]     |
[INFO] [stdout]     = help: consider importing this macro:
[INFO] [stdout]             core::arch::asm
[INFO] [stdout]     = note: this error originates in the macro `isr` (in Nightly builds, run with -Z macro-backtrace for more info)
[INFO] [stdout] 
[INFO] [stdout] 
[INFO] [stdout] error: cannot find macro `asm` in this scope
[INFO] [stdout]    --> kernel/src/arch/x86_64/interrupt/mod.rs:156:12
[INFO] [stdout]     |
[INFO] [stdout] 156 |     unsafe{asm!(
[INFO] [stdout]     |            ^^^
[INFO] [stdout]     |
[INFO] [stdout]     = help: consider importing this macro:
[INFO] [stdout]             core::arch::asm
[INFO] [stdout] 
[INFO] [stdout] 
[INFO] [stdout] error: cannot find macro `asm` in this scope
[INFO] [stdout]   --> kernel/src/arch/x86_64/interrupt/mod.rs:49:9
[INFO] [stdout]    |
[INFO] [stdout] 49 |         asm!(
[INFO] [stdout]    |         ^^^
[INFO] [stdout]    |
[INFO] [stdout]    = help: consider importing this macro:
[INFO] [stdout]            core::arch::asm
[INFO] [stdout] 
[INFO] [stdout] 
[INFO] [stdout] error[E0554]: `#![feature]` may not be used on the stable release channel
[INFO] [stdout]  --> kernel/src/main.rs:4:1
[INFO] [stdout]   |
[INFO] [stdout] 4 | #![feature(maybe_uninit_extra)]
[INFO] [stdout]   | ^^^^^^^^^^^^^^^^^^^^^^^^^^^^^^^
[INFO] [stdout] 
[INFO] [stdout] 
[INFO] [stdout] error[E0554]: `#![feature]` may not be used on the stable release channel
[INFO] [stdout]  --> kernel/src/main.rs:5:1
[INFO] [stdout]   |
[INFO] [stdout] 5 | #![feature(asm)]
[INFO] [stdout]   | ^^^^^^^^^^^^^^^^
[INFO] [stdout] 
[INFO] [stdout] 
[INFO] [stdout] error[E0554]: `#![feature]` may not be used on the stable release channel
[INFO] [stdout]  --> kernel/src/main.rs:6:1
[INFO] [stdout]   |
[INFO] [stdout] 6 | #![feature(naked_functions)]
[INFO] [stdout]   | ^^^^^^^^^^^^^^^^^^^^^^^^^^^^
[INFO] [stdout] 
[INFO] [stdout] 
[INFO] [stdout] error: aborting due to 264 previous errors
[INFO] [stdout] 
[INFO] [stdout] 
[INFO] [stdout] For more information about this error, try `rustc --explain E0554`.
[INFO] [stdout] 
[INFO] [stderr] error: could not document `kernel`
[INFO] [stderr] 
[INFO] [stderr] Caused by:
[INFO] [stderr]   process didn't exit successfully: `rustdoc --edition=2018 --crate-type bin --crate-name kernel kernel/src/main.rs -o /opt/rustwide/target/doc --cfg 'feature="default"' --cfg 'feature="verbose-logging"' --error-format=json --json=diagnostic-rendered-ansi,artifacts,future-incompat --document-private-items '-Arustdoc::private-intra-doc-links' -C metadata=185c6e7de6765aff -L dependency=/opt/rustwide/target/debug/deps --extern common_structures=/opt/rustwide/target/debug/deps/libcommon_structures-debb2577ff8401de.rmeta --extern font8x8=/opt/rustwide/target/debug/deps/libfont8x8-96a9116517b5b8f0.rmeta --cap-lints=warn --crate-version 0.1.0` (exit status: 1)
[INFO] [stderr] warning: build failed, waiting for other jobs to finish...
[INFO] running `Command { std: "docker" "inspect" "1bcdb353e4acc2dcdb71d7314d68d171684e595fbeb8744250c01449335f805e", kill_on_drop: false }`
[INFO] running `Command { std: "docker" "rm" "-f" "1bcdb353e4acc2dcdb71d7314d68d171684e595fbeb8744250c01449335f805e", kill_on_drop: false }`
[INFO] [stdout] 1bcdb353e4acc2dcdb71d7314d68d171684e595fbeb8744250c01449335f805e
