[INFO] cloning repository https://github.com/RickCarlino/rust-fun
[INFO] running `Command { std: "git" "-c" "credential.helper=" "-c" "credential.helper=/workspace/cargo-home/bin/git-credential-null" "clone" "--bare" "https://github.com/RickCarlino/rust-fun" "/workspace/cache/git-repos/https%3A%2F%2Fgithub.com%2FRickCarlino%2Frust-fun", kill_on_drop: false }`
[INFO] [stderr] Cloning into bare repository '/workspace/cache/git-repos/https%3A%2F%2Fgithub.com%2FRickCarlino%2Frust-fun'...
[INFO] running `Command { std: "git" "rev-parse" "HEAD", kill_on_drop: false }`
[INFO] [stdout] 7bf904b651c64ec1decc4b4fd07e00e0b9affdd6
[INFO] documenting RickCarlino/rust-fun against beta-2023-04-20 for beta-1.70-rustdoc-1
[INFO] running `Command { std: "git" "clone" "/workspace/cache/git-repos/https%3A%2F%2Fgithub.com%2FRickCarlino%2Frust-fun" "/workspace/builds/worker-3-tc2/source", kill_on_drop: false }`
[INFO] [stderr] Cloning into '/workspace/builds/worker-3-tc2/source'...
[INFO] [stderr] done.
[INFO] validating manifest of git repo https://github.com/RickCarlino/rust-fun on toolchain beta-2023-04-20
[INFO] running `Command { std: CARGO_HOME="/workspace/cargo-home" RUSTUP_HOME="/workspace/rustup-home" "/workspace/cargo-home/bin/cargo" "+beta-2023-04-20" "metadata" "--manifest-path" "Cargo.toml" "--no-deps", kill_on_drop: false }`
[INFO] started tweaking git repo https://github.com/RickCarlino/rust-fun
[INFO] finished tweaking git repo https://github.com/RickCarlino/rust-fun
[INFO] tweaked toml for git repo https://github.com/RickCarlino/rust-fun written to /workspace/builds/worker-3-tc2/source/Cargo.toml
[INFO] crate git repo https://github.com/RickCarlino/rust-fun already has a lockfile, it will not be regenerated
[INFO] running `Command { std: CARGO_HOME="/workspace/cargo-home" RUSTUP_HOME="/workspace/rustup-home" "/workspace/cargo-home/bin/cargo" "+beta-2023-04-20" "fetch" "--manifest-path" "Cargo.toml", kill_on_drop: false }`
[INFO] [stderr] warning: dependency (redis) specified without providing a local path, Git repository, or version to use. This will be considered an error in future versions
[INFO] [stderr] warning: unused manifest key: dependencies.redis.redis
[INFO] [stderr]  Downloading crates ...
[INFO] [stderr]   Downloaded sha1 v0.0.3
[INFO] [stderr]   Downloaded url v0.2.1
[INFO] [stderr]   Downloaded redis v0.0.2
[INFO] running `Command { std: "docker" "create" "-v" "/var/lib/crater-agent-workspace/builds/worker-3-tc2/target:/opt/rustwide/target:rw,Z" "-v" "/var/lib/crater-agent-workspace/builds/worker-3-tc2/source:/opt/rustwide/workdir:ro,Z" "-v" "/var/lib/crater-agent-workspace/cargo-home:/opt/rustwide/cargo-home:ro,Z" "-v" "/var/lib/crater-agent-workspace/rustup-home:/opt/rustwide/rustup-home:ro,Z" "-e" "SOURCE_DIR=/opt/rustwide/workdir" "-e" "CARGO_TARGET_DIR=/opt/rustwide/target" "-e" "CARGO_HOME=/opt/rustwide/cargo-home" "-e" "RUSTUP_HOME=/opt/rustwide/rustup-home" "-w" "/opt/rustwide/workdir" "-m" "1610612736" "--user" "0:0" "--network" "none" "ghcr.io/rust-lang/crates-build-env/linux@sha256:5ff2268d62e97bff2cde7d5815dd6ed5b47097566f13b8d0ca110b04b60e07ed" "/opt/rustwide/cargo-home/bin/cargo" "+beta-2023-04-20" "metadata" "--no-deps" "--format-version=1", kill_on_drop: false }`
[INFO] [stdout] bc303de17e7dc9af937d6fd789c79cbc413f98a9847f0dae4ac90b013460c7b0
[INFO] running `Command { std: "docker" "start" "-a" "bc303de17e7dc9af937d6fd789c79cbc413f98a9847f0dae4ac90b013460c7b0", kill_on_drop: false }`
[INFO] running `Command { std: "docker" "inspect" "bc303de17e7dc9af937d6fd789c79cbc413f98a9847f0dae4ac90b013460c7b0", kill_on_drop: false }`
[INFO] running `Command { std: "docker" "rm" "-f" "bc303de17e7dc9af937d6fd789c79cbc413f98a9847f0dae4ac90b013460c7b0", kill_on_drop: false }`
[INFO] [stdout] bc303de17e7dc9af937d6fd789c79cbc413f98a9847f0dae4ac90b013460c7b0
[INFO] running `Command { std: "docker" "create" "-v" "/var/lib/crater-agent-workspace/builds/worker-3-tc2/target:/opt/rustwide/target:rw,Z" "-v" "/var/lib/crater-agent-workspace/builds/worker-3-tc2/source:/opt/rustwide/workdir:ro,Z" "-v" "/var/lib/crater-agent-workspace/cargo-home:/opt/rustwide/cargo-home:ro,Z" "-v" "/var/lib/crater-agent-workspace/rustup-home:/opt/rustwide/rustup-home:ro,Z" "-e" "SOURCE_DIR=/opt/rustwide/workdir" "-e" "CARGO_TARGET_DIR=/opt/rustwide/target" "-e" "CARGO_INCREMENTAL=0" "-e" "RUST_BACKTRACE=full" "-e" "RUSTFLAGS=--cap-lints=warn" "-e" "RUSTDOCFLAGS=--cap-lints=warn" "-e" "CARGO_HOME=/opt/rustwide/cargo-home" "-e" "RUSTUP_HOME=/opt/rustwide/rustup-home" "-w" "/opt/rustwide/workdir" "-m" "1610612736" "--user" "0:0" "--network" "none" "ghcr.io/rust-lang/crates-build-env/linux@sha256:5ff2268d62e97bff2cde7d5815dd6ed5b47097566f13b8d0ca110b04b60e07ed" "/opt/rustwide/cargo-home/bin/cargo" "+beta-2023-04-20" "doc" "--frozen" "--no-deps" "--document-private-items" "--message-format=json", kill_on_drop: false }`
[INFO] [stdout] 62d12d3afc88c4ca54245fb59fd8e144629946b7d4e13971c52ea42d8b0aeb38
[INFO] running `Command { std: "docker" "start" "-a" "62d12d3afc88c4ca54245fb59fd8e144629946b7d4e13971c52ea42d8b0aeb38", kill_on_drop: false }`
[INFO] [stderr] warning: dependency (redis) specified without providing a local path, Git repository, or version to use. This will be considered an error in future versions
[INFO] [stderr] warning: unused manifest key: dependencies.redis.redis
[INFO] [stderr]     Checking sha1 v0.0.3
[INFO] [stderr]     Checking url v0.2.1
[INFO] [stdout] error: expected one of `!`, `(`, `+`, `::`, `;`, `<`, or `]`, found `,`
[INFO] [stdout]   --> /opt/rustwide/cargo-home/registry/src/index.crates.io-6f17d22bba15001f/sha1-0.0.3/src/lib.rs:26:16
[INFO] [stdout]    |
[INFO] [stdout] 25 | pub struct Sha1 {
[INFO] [stdout]    |            ---- while parsing this struct
[INFO] [stdout] 26 |     state: [u32, ..5],
[INFO] [stdout]    |                ^ expected one of 7 possible tokens
[INFO] [stdout] 
[INFO] [stdout] 
[INFO] [stdout] error: expected one of `!`, `(`, `+`, `::`, `;`, `<`, or `]`, found `,`
[INFO] [stdout]   --> /opt/rustwide/cargo-home/registry/src/index.crates.io-6f17d22bba15001f/sha1-0.0.3/src/lib.rs:31:27
[INFO] [stdout]    |
[INFO] [stdout] 31 | const DEFAULT_STATE : [u32, ..5] =
[INFO] [stdout]    |                           ^ expected one of 7 possible tokens
[INFO] [stdout] 
[INFO] [stdout] 
[INFO] [stdout] error: aborting due to 2 previous errors
[INFO] [stdout] 
[INFO] [stdout] 
[INFO] [stderr] error: could not compile `sha1` (lib) due to 3 previous errors
[INFO] [stderr] warning: build failed, waiting for other jobs to finish...
[INFO] [stdout] error: expected identifier, found keyword `mod`
[INFO] [stdout]    --> /opt/rustwide/cargo-home/registry/src/index.crates.io-6f17d22bba15001f/url-0.2.1/src/lib.rs:135:16
[INFO] [stdout]     |
[INFO] [stdout] 135 | use std::fmt::{mod, Formatter, Show};
[INFO] [stdout]     |                ^^^ expected identifier, found keyword
[INFO] [stdout]     |
[INFO] [stdout] help: escape `mod` to use it as an identifier
[INFO] [stdout]     |
[INFO] [stdout] 135 | use std::fmt::{r#mod, Formatter, Show};
[INFO] [stdout]     |                ++
[INFO] [stdout] 
[INFO] [stdout] 
[INFO] [stdout] error: expected `;`, found `Ok`
[INFO] [stdout]    --> /opt/rustwide/cargo-home/registry/src/index.crates.io-6f17d22bba15001f/url-0.2.1/src/lib.rs:982:83
[INFO] [stdout]     |
[INFO] [stdout] 982 |                               "to_file_path() failed to produce an absolute Path")
[INFO] [stdout]     |                                                                                   ^ help: add `;` here
[INFO] [stdout] 983 |                 Ok(path)
[INFO] [stdout]     |                 -- unexpected token
[INFO] [stdout] 
[INFO] [stdout] 
[INFO] [stdout] error: expected `;`, found `debug_assert`
[INFO] [stdout]     --> /opt/rustwide/cargo-home/registry/src/index.crates.io-6f17d22bba15001f/url-0.2.1/src/lib.rs:1009:83
[INFO] [stdout]      |
[INFO] [stdout] 1009 |                               "to_file_path() failed to produce an absolute Path")
[INFO] [stdout]      |                                                                                   ^ help: add `;` here
[INFO] [stdout] 1010 |                 debug_assert!(path::windows::prefix(&path) == Some(path::windows::DiskPrefix),
[INFO] [stdout]      |                 ------------ unexpected token
[INFO] [stdout] 
[INFO] [stdout] 
[INFO] [stdout] error: expected `;`, found `Ok`
[INFO] [stdout]     --> /opt/rustwide/cargo-home/registry/src/index.crates.io-6f17d22bba15001f/url-0.2.1/src/lib.rs:1011:92
[INFO] [stdout]      |
[INFO] [stdout] 1011 |                               "to_file_path() failed to produce a Path with a disk prefix")
[INFO] [stdout]      |                                                                                            ^ help: add `;` here
[INFO] [stdout] 1012 |                 Ok(path)
[INFO] [stdout]      |                 -- unexpected token
[INFO] [stdout] 
[INFO] [stdout] 
[INFO] [stdout] error: expected identifier, found keyword `mod`
[INFO] [stdout]   --> /opt/rustwide/cargo-home/registry/src/index.crates.io-6f17d22bba15001f/url-0.2.1/src/host.rs:11:16
[INFO] [stdout]    |
[INFO] [stdout] 11 | use std::fmt::{mod, Formatter, Show};
[INFO] [stdout]    |                ^^^ expected identifier, found keyword
[INFO] [stdout]    |
[INFO] [stdout] help: escape `mod` to use it as an identifier
[INFO] [stdout]    |
[INFO] [stdout] 11 | use std::fmt::{r#mod, Formatter, Show};
[INFO] [stdout]    |                ++
[INFO] [stdout] 
[INFO] [stdout] 
[INFO] [stdout] error: expected one of `!`, `(`, `+`, `::`, `;`, `<`, or `]`, found `,`
[INFO] [stdout]   --> /opt/rustwide/cargo-home/registry/src/index.crates.io-6f17d22bba15001f/url-0.2.1/src/host.rs:34:21
[INFO] [stdout]    |
[INFO] [stdout] 33 | pub struct Ipv6Address {
[INFO] [stdout]    |            ----------- while parsing this struct
[INFO] [stdout] 34 |     pub pieces: [u16, ..8]
[INFO] [stdout]    |                     ^ expected one of 7 possible tokens
[INFO] [stdout] 
[INFO] [stdout] 
[INFO] [stdout] error: expected one of `!`, `(`, `+`, `::`, `;`, `<`, or `]`, found `,`
[INFO] [stdout]    --> /opt/rustwide/cargo-home/registry/src/index.crates.io-6f17d22bba15001f/url-0.2.1/src/host.rs:261:39
[INFO] [stdout]     |
[INFO] [stdout] 261 | fn longest_zero_sequence(pieces: &[u16, ..8]) -> (int, int) {
[INFO] [stdout]     |                                       ^ expected one of 7 possible tokens
[INFO] [stdout] 
[INFO] [stdout] 
[INFO] [stdout] error: expected one of `:` or `|`, found `]`
[INFO] [stdout]    --> /opt/rustwide/cargo-home/registry/src/index.crates.io-6f17d22bba15001f/url-0.2.1/src/host.rs:261:44
[INFO] [stdout]     |
[INFO] [stdout] 261 | fn longest_zero_sequence(pieces: &[u16, ..8]) -> (int, int) {
[INFO] [stdout]     |                                            ^ expected one of `:` or `|`
[INFO] [stdout] 
[INFO] [stdout] 
[INFO] [stdout] error: expected one of `)`, `,`, `->`, `:`, `where`, `{`, `|`, or identifier, found `]`
[INFO] [stdout]    --> /opt/rustwide/cargo-home/registry/src/index.crates.io-6f17d22bba15001f/url-0.2.1/src/host.rs:261:44
[INFO] [stdout]     |
[INFO] [stdout] 261 | fn longest_zero_sequence(pieces: &[u16, ..8]) -> (int, int) {
[INFO] [stdout]     |                                            ^ expected one of 8 possible tokens
[INFO] [stdout] 
[INFO] [stdout] 
[INFO] [stdout] error: incorrect unicode escape sequence
[INFO] [stdout]    --> /opt/rustwide/cargo-home/registry/src/index.crates.io-6f17d22bba15001f/url-0.2.1/src/parser.rs:700:10
[INFO] [stdout]     |
[INFO] [stdout] 700 |         '\u00A0'...'\uD7FF' | '\uE000'...'\uFDCF' | '\uFDF0'...'\uFFFD' |
[INFO] [stdout]     |          ^^^---
[INFO] [stdout]     |          |
[INFO] [stdout]     |          help: format of unicode escape sequences uses braces: `\u{00A0}`
[INFO] [stdout] 
[INFO] [stdout] 
[INFO] [stdout] error: incorrect unicode escape sequence
[INFO] [stdout]    --> /opt/rustwide/cargo-home/registry/src/index.crates.io-6f17d22bba15001f/url-0.2.1/src/parser.rs:700:21
[INFO] [stdout]     |
[INFO] [stdout] 700 |         '\u00A0'...'\uD7FF' | '\uE000'...'\uFDCF' | '\uFDF0'...'\uFFFD' |
[INFO] [stdout]     |                     ^^^---
[INFO] [stdout]     |                     |
[INFO] [stdout]     |                     help: format of unicode escape sequences uses braces: `\u{D7FF}`
[INFO] [stdout] 
[INFO] [stdout] 
[INFO] [stdout] error: incorrect unicode escape sequence
[INFO] [stdout]    --> /opt/rustwide/cargo-home/registry/src/index.crates.io-6f17d22bba15001f/url-0.2.1/src/parser.rs:700:32
[INFO] [stdout]     |
[INFO] [stdout] 700 |         '\u00A0'...'\uD7FF' | '\uE000'...'\uFDCF' | '\uFDF0'...'\uFFFD' |
[INFO] [stdout]     |                                ^^^---
[INFO] [stdout]     |                                |
[INFO] [stdout]     |                                help: format of unicode escape sequences uses braces: `\u{E000}`
[INFO] [stdout] 
[INFO] [stdout] 
[INFO] [stdout] error: incorrect unicode escape sequence
[INFO] [stdout]    --> /opt/rustwide/cargo-home/registry/src/index.crates.io-6f17d22bba15001f/url-0.2.1/src/parser.rs:700:43
[INFO] [stdout]     |
[INFO] [stdout] 700 |         '\u00A0'...'\uD7FF' | '\uE000'...'\uFDCF' | '\uFDF0'...'\uFFFD' |
[INFO] [stdout]     |                                           ^^^---
[INFO] [stdout]     |                                           |
[INFO] [stdout]     |                                           help: format of unicode escape sequences uses braces: `\u{FDCF}`
[INFO] [stdout] 
[INFO] [stdout] 
[INFO] [stdout] error: incorrect unicode escape sequence
[INFO] [stdout]    --> /opt/rustwide/cargo-home/registry/src/index.crates.io-6f17d22bba15001f/url-0.2.1/src/parser.rs:700:54
[INFO] [stdout]     |
[INFO] [stdout] 700 |         '\u00A0'...'\uD7FF' | '\uE000'...'\uFDCF' | '\uFDF0'...'\uFFFD' |
[INFO] [stdout]     |                                                      ^^^---
[INFO] [stdout]     |                                                      |
[INFO] [stdout]     |                                                      help: format of unicode escape sequences uses braces: `\u{FDF0}`
[INFO] [stdout] 
[INFO] [stdout] 
[INFO] [stdout] error: incorrect unicode escape sequence
[INFO] [stdout]    --> /opt/rustwide/cargo-home/registry/src/index.crates.io-6f17d22bba15001f/url-0.2.1/src/parser.rs:700:65
[INFO] [stdout]     |
[INFO] [stdout] 700 |         '\u00A0'...'\uD7FF' | '\uE000'...'\uFDCF' | '\uFDF0'...'\uFFFD' |
[INFO] [stdout]     |                                                                 ^^^---
[INFO] [stdout]     |                                                                 |
[INFO] [stdout]     |                                                                 help: format of unicode escape sequences uses braces: `\u{FFFD}`
[INFO] [stdout] 
[INFO] [stdout] 
[INFO] [stdout] error: unknown character escape: `U`
[INFO] [stdout]    --> /opt/rustwide/cargo-home/registry/src/index.crates.io-6f17d22bba15001f/url-0.2.1/src/parser.rs:701:11
[INFO] [stdout]     |
[INFO] [stdout] 701 |         '\U00010000'...'\U0001FFFD' | '\U00020000'...'\U0002FFFD' |
[INFO] [stdout]     |           ^ unknown character escape
[INFO] [stdout]     |
[INFO] [stdout]     = help: for more information, visit <https://static.rust-lang.org/doc/master/reference.html#literals>
[INFO] [stdout] help: if you meant to write a literal backslash (perhaps escaping in a regular expression), consider a raw string literal
[INFO] [stdout]     |
[INFO] [stdout] 701 |         r"\U00010000"...'\U0001FFFD' | '\U00020000'...'\U0002FFFD' |
[INFO] [stdout]     |         ~~~~~~~~~~~~~
[INFO] [stdout] 
[INFO] [stdout] 
[INFO] [stdout] error: unknown character escape: `U`
[INFO] [stdout]    --> /opt/rustwide/cargo-home/registry/src/index.crates.io-6f17d22bba15001f/url-0.2.1/src/parser.rs:701:26
[INFO] [stdout]     |
[INFO] [stdout] 701 |         '\U00010000'...'\U0001FFFD' | '\U00020000'...'\U0002FFFD' |
[INFO] [stdout]     |                          ^ unknown character escape
[INFO] [stdout]     |
[INFO] [stdout]     = help: for more information, visit <https://static.rust-lang.org/doc/master/reference.html#literals>
[INFO] [stdout] help: if you meant to write a literal backslash (perhaps escaping in a regular expression), consider a raw string literal
[INFO] [stdout]     |
[INFO] [stdout] 701 |         '\U00010000'...r"\U0001FFFD" | '\U00020000'...'\U0002FFFD' |
[INFO] [stdout]     |                        ~~~~~~~~~~~~~
[INFO] [stdout] 
[INFO] [stdout] 
[INFO] [stdout] error: unknown character escape: `U`
[INFO] [stdout]    --> /opt/rustwide/cargo-home/registry/src/index.crates.io-6f17d22bba15001f/url-0.2.1/src/parser.rs:701:41
[INFO] [stdout]     |
[INFO] [stdout] 701 |         '\U00010000'...'\U0001FFFD' | '\U00020000'...'\U0002FFFD' |
[INFO] [stdout]     |                                         ^ unknown character escape
[INFO] [stdout]     |
[INFO] [stdout]     = help: for more information, visit <https://static.rust-lang.org/doc/master/reference.html#literals>
[INFO] [stdout] help: if you meant to write a literal backslash (perhaps escaping in a regular expression), consider a raw string literal
[INFO] [stdout]     |
[INFO] [stdout] 701 |         '\U00010000'...'\U0001FFFD' | r"\U00020000"...'\U0002FFFD' |
[INFO] [stdout]     |                                       ~~~~~~~~~~~~~
[INFO] [stdout] 
[INFO] [stdout] 
[INFO] [stdout] error: unknown character escape: `U`
[INFO] [stdout]    --> /opt/rustwide/cargo-home/registry/src/index.crates.io-6f17d22bba15001f/url-0.2.1/src/parser.rs:701:56
[INFO] [stdout]     |
[INFO] [stdout] 701 |         '\U00010000'...'\U0001FFFD' | '\U00020000'...'\U0002FFFD' |
[INFO] [stdout]     |                                                        ^ unknown character escape
[INFO] [stdout]     |
[INFO] [stdout]     = help: for more information, visit <https://static.rust-lang.org/doc/master/reference.html#literals>
[INFO] [stdout] help: if you meant to write a literal backslash (perhaps escaping in a regular expression), consider a raw string literal
[INFO] [stdout]     |
[INFO] [stdout] 701 |         '\U00010000'...'\U0001FFFD' | '\U00020000'...r"\U0002FFFD" |
[INFO] [stdout]     |                                                      ~~~~~~~~~~~~~
[INFO] [stdout] 
[INFO] [stdout] 
[INFO] [stdout] error: unknown character escape: `U`
[INFO] [stdout]    --> /opt/rustwide/cargo-home/registry/src/index.crates.io-6f17d22bba15001f/url-0.2.1/src/parser.rs:702:11
[INFO] [stdout]     |
[INFO] [stdout] 702 |         '\U00030000'...'\U0003FFFD' | '\U00040000'...'\U0004FFFD' |
[INFO] [stdout]     |           ^ unknown character escape
[INFO] [stdout]     |
[INFO] [stdout]     = help: for more information, visit <https://static.rust-lang.org/doc/master/reference.html#literals>
[INFO] [stdout] help: if you meant to write a literal backslash (perhaps escaping in a regular expression), consider a raw string literal
[INFO] [stdout]     |
[INFO] [stdout] 702 |         r"\U00030000"...'\U0003FFFD' | '\U00040000'...'\U0004FFFD' |
[INFO] [stdout]     |         ~~~~~~~~~~~~~
[INFO] [stdout] 
[INFO] [stdout] 
[INFO] [stdout] error: unknown character escape: `U`
[INFO] [stdout]    --> /opt/rustwide/cargo-home/registry/src/index.crates.io-6f17d22bba15001f/url-0.2.1/src/parser.rs:702:26
[INFO] [stdout]     |
[INFO] [stdout] 702 |         '\U00030000'...'\U0003FFFD' | '\U00040000'...'\U0004FFFD' |
[INFO] [stdout]     |                          ^ unknown character escape
[INFO] [stdout]     |
[INFO] [stdout]     = help: for more information, visit <https://static.rust-lang.org/doc/master/reference.html#literals>
[INFO] [stdout] help: if you meant to write a literal backslash (perhaps escaping in a regular expression), consider a raw string literal
[INFO] [stdout]     |
[INFO] [stdout] 702 |         '\U00030000'...r"\U0003FFFD" | '\U00040000'...'\U0004FFFD' |
[INFO] [stdout]     |                        ~~~~~~~~~~~~~
[INFO] [stdout] 
[INFO] [stdout] 
[INFO] [stdout] error: unknown character escape: `U`
[INFO] [stdout]    --> /opt/rustwide/cargo-home/registry/src/index.crates.io-6f17d22bba15001f/url-0.2.1/src/parser.rs:702:41
[INFO] [stdout]     |
[INFO] [stdout] 702 |         '\U00030000'...'\U0003FFFD' | '\U00040000'...'\U0004FFFD' |
[INFO] [stdout]     |                                         ^ unknown character escape
[INFO] [stdout]     |
[INFO] [stdout]     = help: for more information, visit <https://static.rust-lang.org/doc/master/reference.html#literals>
[INFO] [stdout] help: if you meant to write a literal backslash (perhaps escaping in a regular expression), consider a raw string literal
[INFO] [stdout]     |
[INFO] [stdout] 702 |         '\U00030000'...'\U0003FFFD' | r"\U00040000"...'\U0004FFFD' |
[INFO] [stdout]     |                                       ~~~~~~~~~~~~~
[INFO] [stdout] 
[INFO] [stdout] 
[INFO] [stdout] error: unknown character escape: `U`
[INFO] [stdout]    --> /opt/rustwide/cargo-home/registry/src/index.crates.io-6f17d22bba15001f/url-0.2.1/src/parser.rs:702:56
[INFO] [stdout]     |
[INFO] [stdout] 702 |         '\U00030000'...'\U0003FFFD' | '\U00040000'...'\U0004FFFD' |
[INFO] [stdout]     |                                                        ^ unknown character escape
[INFO] [stdout]     |
[INFO] [stdout]     = help: for more information, visit <https://static.rust-lang.org/doc/master/reference.html#literals>
[INFO] [stdout] help: if you meant to write a literal backslash (perhaps escaping in a regular expression), consider a raw string literal
[INFO] [stdout]     |
[INFO] [stdout] 702 |         '\U00030000'...'\U0003FFFD' | '\U00040000'...r"\U0004FFFD" |
[INFO] [stdout]     |                                                      ~~~~~~~~~~~~~
[INFO] [stdout] 
[INFO] [stdout] 
[INFO] [stdout] error: unknown character escape: `U`
[INFO] [stdout]    --> /opt/rustwide/cargo-home/registry/src/index.crates.io-6f17d22bba15001f/url-0.2.1/src/parser.rs:703:11
[INFO] [stdout]     |
[INFO] [stdout] 703 |         '\U00050000'...'\U0005FFFD' | '\U00060000'...'\U0006FFFD' |
[INFO] [stdout]     |           ^ unknown character escape
[INFO] [stdout]     |
[INFO] [stdout]     = help: for more information, visit <https://static.rust-lang.org/doc/master/reference.html#literals>
[INFO] [stdout] help: if you meant to write a literal backslash (perhaps escaping in a regular expression), consider a raw string literal
[INFO] [stdout]     |
[INFO] [stdout] 703 |         r"\U00050000"...'\U0005FFFD' | '\U00060000'...'\U0006FFFD' |
[INFO] [stdout]     |         ~~~~~~~~~~~~~
[INFO] [stdout] 
[INFO] [stdout] 
[INFO] [stdout] error: unknown character escape: `U`
[INFO] [stdout]    --> /opt/rustwide/cargo-home/registry/src/index.crates.io-6f17d22bba15001f/url-0.2.1/src/parser.rs:703:26
[INFO] [stdout]     |
[INFO] [stdout] 703 |         '\U00050000'...'\U0005FFFD' | '\U00060000'...'\U0006FFFD' |
[INFO] [stdout]     |                          ^ unknown character escape
[INFO] [stdout]     |
[INFO] [stdout]     = help: for more information, visit <https://static.rust-lang.org/doc/master/reference.html#literals>
[INFO] [stdout] help: if you meant to write a literal backslash (perhaps escaping in a regular expression), consider a raw string literal
[INFO] [stdout]     |
[INFO] [stdout] 703 |         '\U00050000'...r"\U0005FFFD" | '\U00060000'...'\U0006FFFD' |
[INFO] [stdout]     |                        ~~~~~~~~~~~~~
[INFO] [stdout] 
[INFO] [stdout] 
[INFO] [stdout] error: unknown character escape: `U`
[INFO] [stdout]    --> /opt/rustwide/cargo-home/registry/src/index.crates.io-6f17d22bba15001f/url-0.2.1/src/parser.rs:703:41
[INFO] [stdout]     |
[INFO] [stdout] 703 |         '\U00050000'...'\U0005FFFD' | '\U00060000'...'\U0006FFFD' |
[INFO] [stdout]     |                                         ^ unknown character escape
[INFO] [stdout]     |
[INFO] [stdout]     = help: for more information, visit <https://static.rust-lang.org/doc/master/reference.html#literals>
[INFO] [stdout] help: if you meant to write a literal backslash (perhaps escaping in a regular expression), consider a raw string literal
[INFO] [stdout]     |
[INFO] [stdout] 703 |         '\U00050000'...'\U0005FFFD' | r"\U00060000"...'\U0006FFFD' |
[INFO] [stdout]     |                                       ~~~~~~~~~~~~~
[INFO] [stdout] 
[INFO] [stdout] 
[INFO] [stdout] error: unknown character escape: `U`
[INFO] [stdout]    --> /opt/rustwide/cargo-home/registry/src/index.crates.io-6f17d22bba15001f/url-0.2.1/src/parser.rs:703:56
[INFO] [stdout]     |
[INFO] [stdout] 703 |         '\U00050000'...'\U0005FFFD' | '\U00060000'...'\U0006FFFD' |
[INFO] [stdout]     |                                                        ^ unknown character escape
[INFO] [stdout]     |
[INFO] [stdout]     = help: for more information, visit <https://static.rust-lang.org/doc/master/reference.html#literals>
[INFO] [stdout] help: if you meant to write a literal backslash (perhaps escaping in a regular expression), consider a raw string literal
[INFO] [stdout]     |
[INFO] [stdout] 703 |         '\U00050000'...'\U0005FFFD' | '\U00060000'...r"\U0006FFFD" |
[INFO] [stdout]     |                                                      ~~~~~~~~~~~~~
[INFO] [stdout] 
[INFO] [stdout] 
[INFO] [stdout] error: unknown character escape: `U`
[INFO] [stdout]    --> /opt/rustwide/cargo-home/registry/src/index.crates.io-6f17d22bba15001f/url-0.2.1/src/parser.rs:704:11
[INFO] [stdout]     |
[INFO] [stdout] 704 |         '\U00070000'...'\U0007FFFD' | '\U00080000'...'\U0008FFFD' |
[INFO] [stdout]     |           ^ unknown character escape
[INFO] [stdout]     |
[INFO] [stdout]     = help: for more information, visit <https://static.rust-lang.org/doc/master/reference.html#literals>
[INFO] [stdout] help: if you meant to write a literal backslash (perhaps escaping in a regular expression), consider a raw string literal
[INFO] [stdout]     |
[INFO] [stdout] 704 |         r"\U00070000"...'\U0007FFFD' | '\U00080000'...'\U0008FFFD' |
[INFO] [stdout]     |         ~~~~~~~~~~~~~
[INFO] [stdout] 
[INFO] [stdout] 
[INFO] [stdout] error: unknown character escape: `U`
[INFO] [stdout]    --> /opt/rustwide/cargo-home/registry/src/index.crates.io-6f17d22bba15001f/url-0.2.1/src/parser.rs:704:26
[INFO] [stdout]     |
[INFO] [stdout] 704 |         '\U00070000'...'\U0007FFFD' | '\U00080000'...'\U0008FFFD' |
[INFO] [stdout]     |                          ^ unknown character escape
[INFO] [stdout]     |
[INFO] [stdout]     = help: for more information, visit <https://static.rust-lang.org/doc/master/reference.html#literals>
[INFO] [stdout] help: if you meant to write a literal backslash (perhaps escaping in a regular expression), consider a raw string literal
[INFO] [stdout]     |
[INFO] [stdout] 704 |         '\U00070000'...r"\U0007FFFD" | '\U00080000'...'\U0008FFFD' |
[INFO] [stdout]     |                        ~~~~~~~~~~~~~
[INFO] [stdout] 
[INFO] [stdout] 
[INFO] [stdout] error: unknown character escape: `U`
[INFO] [stdout]    --> /opt/rustwide/cargo-home/registry/src/index.crates.io-6f17d22bba15001f/url-0.2.1/src/parser.rs:704:41
[INFO] [stdout]     |
[INFO] [stdout] 704 |         '\U00070000'...'\U0007FFFD' | '\U00080000'...'\U0008FFFD' |
[INFO] [stdout]     |                                         ^ unknown character escape
[INFO] [stdout]     |
[INFO] [stdout]     = help: for more information, visit <https://static.rust-lang.org/doc/master/reference.html#literals>
[INFO] [stdout] help: if you meant to write a literal backslash (perhaps escaping in a regular expression), consider a raw string literal
[INFO] [stdout]     |
[INFO] [stdout] 704 |         '\U00070000'...'\U0007FFFD' | r"\U00080000"...'\U0008FFFD' |
[INFO] [stdout]     |                                       ~~~~~~~~~~~~~
[INFO] [stdout] 
[INFO] [stdout] 
[INFO] [stdout] error: unknown character escape: `U`
[INFO] [stdout]    --> /opt/rustwide/cargo-home/registry/src/index.crates.io-6f17d22bba15001f/url-0.2.1/src/parser.rs:704:56
[INFO] [stdout]     |
[INFO] [stdout] 704 |         '\U00070000'...'\U0007FFFD' | '\U00080000'...'\U0008FFFD' |
[INFO] [stdout]     |                                                        ^ unknown character escape
[INFO] [stdout]     |
[INFO] [stdout]     = help: for more information, visit <https://static.rust-lang.org/doc/master/reference.html#literals>
[INFO] [stdout] help: if you meant to write a literal backslash (perhaps escaping in a regular expression), consider a raw string literal
[INFO] [stdout]     |
[INFO] [stdout] 704 |         '\U00070000'...'\U0007FFFD' | '\U00080000'...r"\U0008FFFD" |
[INFO] [stdout]     |                                                      ~~~~~~~~~~~~~
[INFO] [stdout] 
[INFO] [stdout] 
[INFO] [stdout] error: unknown character escape: `U`
[INFO] [stdout]    --> /opt/rustwide/cargo-home/registry/src/index.crates.io-6f17d22bba15001f/url-0.2.1/src/parser.rs:705:11
[INFO] [stdout]     |
[INFO] [stdout] 705 |         '\U00090000'...'\U0009FFFD' | '\U000A0000'...'\U000AFFFD' |
[INFO] [stdout]     |           ^ unknown character escape
[INFO] [stdout]     |
[INFO] [stdout]     = help: for more information, visit <https://static.rust-lang.org/doc/master/reference.html#literals>
[INFO] [stdout] help: if you meant to write a literal backslash (perhaps escaping in a regular expression), consider a raw string literal
[INFO] [stdout]     |
[INFO] [stdout] 705 |         r"\U00090000"...'\U0009FFFD' | '\U000A0000'...'\U000AFFFD' |
[INFO] [stdout]     |         ~~~~~~~~~~~~~
[INFO] [stdout] 
[INFO] [stdout] 
[INFO] [stdout] error: unknown character escape: `U`
[INFO] [stdout]    --> /opt/rustwide/cargo-home/registry/src/index.crates.io-6f17d22bba15001f/url-0.2.1/src/parser.rs:705:26
[INFO] [stdout]     |
[INFO] [stdout] 705 |         '\U00090000'...'\U0009FFFD' | '\U000A0000'...'\U000AFFFD' |
[INFO] [stdout]     |                          ^ unknown character escape
[INFO] [stdout]     |
[INFO] [stdout]     = help: for more information, visit <https://static.rust-lang.org/doc/master/reference.html#literals>
[INFO] [stdout] help: if you meant to write a literal backslash (perhaps escaping in a regular expression), consider a raw string literal
[INFO] [stdout]     |
[INFO] [stdout] 705 |         '\U00090000'...r"\U0009FFFD" | '\U000A0000'...'\U000AFFFD' |
[INFO] [stdout]     |                        ~~~~~~~~~~~~~
[INFO] [stdout] 
[INFO] [stdout] 
[INFO] [stdout] error: unknown character escape: `U`
[INFO] [stdout]    --> /opt/rustwide/cargo-home/registry/src/index.crates.io-6f17d22bba15001f/url-0.2.1/src/parser.rs:705:41
[INFO] [stdout]     |
[INFO] [stdout] 705 |         '\U00090000'...'\U0009FFFD' | '\U000A0000'...'\U000AFFFD' |
[INFO] [stdout]     |                                         ^ unknown character escape
[INFO] [stdout]     |
[INFO] [stdout]     = help: for more information, visit <https://static.rust-lang.org/doc/master/reference.html#literals>
[INFO] [stdout] help: if you meant to write a literal backslash (perhaps escaping in a regular expression), consider a raw string literal
[INFO] [stdout]     |
[INFO] [stdout] 705 |         '\U00090000'...'\U0009FFFD' | r"\U000A0000"...'\U000AFFFD' |
[INFO] [stdout]     |                                       ~~~~~~~~~~~~~
[INFO] [stdout] 
[INFO] [stdout] 
[INFO] [stdout] error: unknown character escape: `U`
[INFO] [stdout]    --> /opt/rustwide/cargo-home/registry/src/index.crates.io-6f17d22bba15001f/url-0.2.1/src/parser.rs:705:56
[INFO] [stdout]     |
[INFO] [stdout] 705 |         '\U00090000'...'\U0009FFFD' | '\U000A0000'...'\U000AFFFD' |
[INFO] [stdout]     |                                                        ^ unknown character escape
[INFO] [stdout]     |
[INFO] [stdout]     = help: for more information, visit <https://static.rust-lang.org/doc/master/reference.html#literals>
[INFO] [stdout] help: if you meant to write a literal backslash (perhaps escaping in a regular expression), consider a raw string literal
[INFO] [stdout]     |
[INFO] [stdout] 705 |         '\U00090000'...'\U0009FFFD' | '\U000A0000'...r"\U000AFFFD" |
[INFO] [stdout]     |                                                      ~~~~~~~~~~~~~
[INFO] [stdout] 
[INFO] [stdout] 
[INFO] [stdout] error: unknown character escape: `U`
[INFO] [stdout]    --> /opt/rustwide/cargo-home/registry/src/index.crates.io-6f17d22bba15001f/url-0.2.1/src/parser.rs:706:11
[INFO] [stdout]     |
[INFO] [stdout] 706 |         '\U000B0000'...'\U000BFFFD' | '\U000C0000'...'\U000CFFFD' |
[INFO] [stdout]     |           ^ unknown character escape
[INFO] [stdout]     |
[INFO] [stdout]     = help: for more information, visit <https://static.rust-lang.org/doc/master/reference.html#literals>
[INFO] [stdout] help: if you meant to write a literal backslash (perhaps escaping in a regular expression), consider a raw string literal
[INFO] [stdout]     |
[INFO] [stdout] 706 |         r"\U000B0000"...'\U000BFFFD' | '\U000C0000'...'\U000CFFFD' |
[INFO] [stdout]     |         ~~~~~~~~~~~~~
[INFO] [stdout] 
[INFO] [stdout] 
[INFO] [stdout] error: unknown character escape: `U`
[INFO] [stdout]    --> /opt/rustwide/cargo-home/registry/src/index.crates.io-6f17d22bba15001f/url-0.2.1/src/parser.rs:706:26
[INFO] [stdout]     |
[INFO] [stdout] 706 |         '\U000B0000'...'\U000BFFFD' | '\U000C0000'...'\U000CFFFD' |
[INFO] [stdout]     |                          ^ unknown character escape
[INFO] [stdout]     |
[INFO] [stdout]     = help: for more information, visit <https://static.rust-lang.org/doc/master/reference.html#literals>
[INFO] [stdout] help: if you meant to write a literal backslash (perhaps escaping in a regular expression), consider a raw string literal
[INFO] [stdout]     |
[INFO] [stdout] 706 |         '\U000B0000'...r"\U000BFFFD" | '\U000C0000'...'\U000CFFFD' |
[INFO] [stdout]     |                        ~~~~~~~~~~~~~
[INFO] [stdout] 
[INFO] [stdout] 
[INFO] [stdout] error: unknown character escape: `U`
[INFO] [stdout]    --> /opt/rustwide/cargo-home/registry/src/index.crates.io-6f17d22bba15001f/url-0.2.1/src/parser.rs:706:41
[INFO] [stdout]     |
[INFO] [stdout] 706 |         '\U000B0000'...'\U000BFFFD' | '\U000C0000'...'\U000CFFFD' |
[INFO] [stdout]     |                                         ^ unknown character escape
[INFO] [stdout]     |
[INFO] [stdout]     = help: for more information, visit <https://static.rust-lang.org/doc/master/reference.html#literals>
[INFO] [stdout] help: if you meant to write a literal backslash (perhaps escaping in a regular expression), consider a raw string literal
[INFO] [stdout]     |
[INFO] [stdout] 706 |         '\U000B0000'...'\U000BFFFD' | r"\U000C0000"...'\U000CFFFD' |
[INFO] [stdout]     |                                       ~~~~~~~~~~~~~
[INFO] [stdout] 
[INFO] [stdout] 
[INFO] [stdout] error: unknown character escape: `U`
[INFO] [stdout]    --> /opt/rustwide/cargo-home/registry/src/index.crates.io-6f17d22bba15001f/url-0.2.1/src/parser.rs:706:56
[INFO] [stdout]     |
[INFO] [stdout] 706 |         '\U000B0000'...'\U000BFFFD' | '\U000C0000'...'\U000CFFFD' |
[INFO] [stdout]     |                                                        ^ unknown character escape
[INFO] [stdout]     |
[INFO] [stdout]     = help: for more information, visit <https://static.rust-lang.org/doc/master/reference.html#literals>
[INFO] [stdout] help: if you meant to write a literal backslash (perhaps escaping in a regular expression), consider a raw string literal
[INFO] [stdout]     |
[INFO] [stdout] 706 |         '\U000B0000'...'\U000BFFFD' | '\U000C0000'...r"\U000CFFFD" |
[INFO] [stdout]     |                                                      ~~~~~~~~~~~~~
[INFO] [stdout] 
[INFO] [stdout] 
[INFO] [stdout] error: unknown character escape: `U`
[INFO] [stdout]    --> /opt/rustwide/cargo-home/registry/src/index.crates.io-6f17d22bba15001f/url-0.2.1/src/parser.rs:707:11
[INFO] [stdout]     |
[INFO] [stdout] 707 |         '\U000D0000'...'\U000DFFFD' | '\U000E1000'...'\U000EFFFD' |
[INFO] [stdout]     |           ^ unknown character escape
[INFO] [stdout]     |
[INFO] [stdout]     = help: for more information, visit <https://static.rust-lang.org/doc/master/reference.html#literals>
[INFO] [stdout] help: if you meant to write a literal backslash (perhaps escaping in a regular expression), consider a raw string literal
[INFO] [stdout]     |
[INFO] [stdout] 707 |         r"\U000D0000"...'\U000DFFFD' | '\U000E1000'...'\U000EFFFD' |
[INFO] [stdout]     |         ~~~~~~~~~~~~~
[INFO] [stdout] 
[INFO] [stdout] 
[INFO] [stdout] error: unknown character escape: `U`
[INFO] [stdout]    --> /opt/rustwide/cargo-home/registry/src/index.crates.io-6f17d22bba15001f/url-0.2.1/src/parser.rs:707:26
[INFO] [stdout]     |
[INFO] [stdout] 707 |         '\U000D0000'...'\U000DFFFD' | '\U000E1000'...'\U000EFFFD' |
[INFO] [stdout]     |                          ^ unknown character escape
[INFO] [stdout]     |
[INFO] [stdout]     = help: for more information, visit <https://static.rust-lang.org/doc/master/reference.html#literals>
[INFO] [stdout] help: if you meant to write a literal backslash (perhaps escaping in a regular expression), consider a raw string literal
[INFO] [stdout]     |
[INFO] [stdout] 707 |         '\U000D0000'...r"\U000DFFFD" | '\U000E1000'...'\U000EFFFD' |
[INFO] [stdout]     |                        ~~~~~~~~~~~~~
[INFO] [stdout] 
[INFO] [stdout] 
[INFO] [stdout] error: unknown character escape: `U`
[INFO] [stdout]    --> /opt/rustwide/cargo-home/registry/src/index.crates.io-6f17d22bba15001f/url-0.2.1/src/parser.rs:707:41
[INFO] [stdout]     |
[INFO] [stdout] 707 |         '\U000D0000'...'\U000DFFFD' | '\U000E1000'...'\U000EFFFD' |
[INFO] [stdout]     |                                         ^ unknown character escape
[INFO] [stdout]     |
[INFO] [stdout]     = help: for more information, visit <https://static.rust-lang.org/doc/master/reference.html#literals>
[INFO] [stdout] help: if you meant to write a literal backslash (perhaps escaping in a regular expression), consider a raw string literal
[INFO] [stdout]     |
[INFO] [stdout] 707 |         '\U000D0000'...'\U000DFFFD' | r"\U000E1000"...'\U000EFFFD' |
[INFO] [stdout]     |                                       ~~~~~~~~~~~~~
[INFO] [stdout] 
[INFO] [stdout] 
[INFO] [stdout] error: unknown character escape: `U`
[INFO] [stdout]    --> /opt/rustwide/cargo-home/registry/src/index.crates.io-6f17d22bba15001f/url-0.2.1/src/parser.rs:707:56
[INFO] [stdout]     |
[INFO] [stdout] 707 |         '\U000D0000'...'\U000DFFFD' | '\U000E1000'...'\U000EFFFD' |
[INFO] [stdout]     |                                                        ^ unknown character escape
[INFO] [stdout]     |
[INFO] [stdout]     = help: for more information, visit <https://static.rust-lang.org/doc/master/reference.html#literals>
[INFO] [stdout] help: if you meant to write a literal backslash (perhaps escaping in a regular expression), consider a raw string literal
[INFO] [stdout]     |
[INFO] [stdout] 707 |         '\U000D0000'...'\U000DFFFD' | '\U000E1000'...r"\U000EFFFD" |
[INFO] [stdout]     |                                                      ~~~~~~~~~~~~~
[INFO] [stdout] 
[INFO] [stdout] 
[INFO] [stdout] error: unknown character escape: `U`
[INFO] [stdout]    --> /opt/rustwide/cargo-home/registry/src/index.crates.io-6f17d22bba15001f/url-0.2.1/src/parser.rs:708:11
[INFO] [stdout]     |
[INFO] [stdout] 708 |         '\U000F0000'...'\U000FFFFD' | '\U00100000'...'\U0010FFFD' => true,
[INFO] [stdout]     |           ^ unknown character escape
[INFO] [stdout]     |
[INFO] [stdout]     = help: for more information, visit <https://static.rust-lang.org/doc/master/reference.html#literals>
[INFO] [stdout] help: if you meant to write a literal backslash (perhaps escaping in a regular expression), consider a raw string literal
[INFO] [stdout]     |
[INFO] [stdout] 708 |         r"\U000F0000"...'\U000FFFFD' | '\U00100000'...'\U0010FFFD' => true,
[INFO] [stdout]     |         ~~~~~~~~~~~~~
[INFO] [stdout] 
[INFO] [stdout] 
[INFO] [stdout] error: unknown character escape: `U`
[INFO] [stdout]    --> /opt/rustwide/cargo-home/registry/src/index.crates.io-6f17d22bba15001f/url-0.2.1/src/parser.rs:708:26
[INFO] [stdout]     |
[INFO] [stdout] 708 |         '\U000F0000'...'\U000FFFFD' | '\U00100000'...'\U0010FFFD' => true,
[INFO] [stdout]     |                          ^ unknown character escape
[INFO] [stdout]     |
[INFO] [stdout]     = help: for more information, visit <https://static.rust-lang.org/doc/master/reference.html#literals>
[INFO] [stdout] help: if you meant to write a literal backslash (perhaps escaping in a regular expression), consider a raw string literal
[INFO] [stdout]     |
[INFO] [stdout] 708 |         '\U000F0000'...r"\U000FFFFD" | '\U00100000'...'\U0010FFFD' => true,
[INFO] [stdout]     |                        ~~~~~~~~~~~~~
[INFO] [stdout] 
[INFO] [stdout] 
[INFO] [stdout] error: unknown character escape: `U`
[INFO] [stdout]    --> /opt/rustwide/cargo-home/registry/src/index.crates.io-6f17d22bba15001f/url-0.2.1/src/parser.rs:708:41
[INFO] [stdout]     |
[INFO] [stdout] 708 |         '\U000F0000'...'\U000FFFFD' | '\U00100000'...'\U0010FFFD' => true,
[INFO] [stdout]     |                                         ^ unknown character escape
[INFO] [stdout]     |
[INFO] [stdout]     = help: for more information, visit <https://static.rust-lang.org/doc/master/reference.html#literals>
[INFO] [stdout] help: if you meant to write a literal backslash (perhaps escaping in a regular expression), consider a raw string literal
[INFO] [stdout]     |
[INFO] [stdout] 708 |         '\U000F0000'...'\U000FFFFD' | r"\U00100000"...'\U0010FFFD' => true,
[INFO] [stdout]     |                                       ~~~~~~~~~~~~~
[INFO] [stdout] 
[INFO] [stdout] 
[INFO] [stdout] error: unknown character escape: `U`
[INFO] [stdout]    --> /opt/rustwide/cargo-home/registry/src/index.crates.io-6f17d22bba15001f/url-0.2.1/src/parser.rs:708:56
[INFO] [stdout]     |
[INFO] [stdout] 708 |         '\U000F0000'...'\U000FFFFD' | '\U00100000'...'\U0010FFFD' => true,
[INFO] [stdout]     |                                                        ^ unknown character escape
[INFO] [stdout]     |
[INFO] [stdout]     = help: for more information, visit <https://static.rust-lang.org/doc/master/reference.html#literals>
[INFO] [stdout] help: if you meant to write a literal backslash (perhaps escaping in a regular expression), consider a raw string literal
[INFO] [stdout]     |
[INFO] [stdout] 708 |         '\U000F0000'...'\U000FFFFD' | '\U00100000'...r"\U0010FFFD" => true,
[INFO] [stdout]     |                                                      ~~~~~~~~~~~~~
[INFO] [stdout] 
[INFO] [stdout] 
[INFO] [stdout] error: expected identifier, found keyword `mod`
[INFO] [stdout]   --> /opt/rustwide/cargo-home/registry/src/index.crates.io-6f17d22bba15001f/url-0.2.1/src/parser.rs:11:16
[INFO] [stdout]    |
[INFO] [stdout] 11 | use std::fmt::{mod, Formatter, Show};
[INFO] [stdout]    |                ^^^ expected identifier, found keyword
[INFO] [stdout]    |
[INFO] [stdout] help: escape `mod` to use it as an identifier
[INFO] [stdout]    |
[INFO] [stdout] 11 | use std::fmt::{r#mod, Formatter, Show};
[INFO] [stdout]    |                ++
[INFO] [stdout] 
[INFO] [stdout] 
[INFO] [stdout] error: macros that expand to items must be delimited with braces or followed by a semicolon
[INFO] [stdout]   --> /opt/rustwide/cargo-home/registry/src/index.crates.io-6f17d22bba15001f/url-0.2.1/src/parser.rs:21:22
[INFO] [stdout]    |
[INFO] [stdout] 21 |   macro_rules! is_match(
[INFO] [stdout]    |  ______________________^
[INFO] [stdout] 22 | |     ($value:expr, $($pattern:pat)|+) => (
[INFO] [stdout] 23 | |         match $value { $($pattern)|+ => true, _ => false }
[INFO] [stdout] 24 | |     );
[INFO] [stdout] 25 | | )
[INFO] [stdout]    | |_^
[INFO] [stdout]    |
[INFO] [stdout] help: change the delimiters to curly braces
[INFO] [stdout]    |
[INFO] [stdout] 21 ~ macro_rules! is_match{
[INFO] [stdout] 22 |     ($value:expr, $($pattern:pat)|+) => (
[INFO] [stdout] 23 |         match $value { $($pattern)|+ => true, _ => false }
[INFO] [stdout] 24 |     );
[INFO] [stdout] 25 + }
[INFO] [stdout]    |
[INFO] [stdout] help: add a semicolon
[INFO] [stdout]    |
[INFO] [stdout] 25 | );
[INFO] [stdout]    |  +
[INFO] [stdout] 
[INFO] [stdout] 
[INFO] [stdout] error: expected one of `!`, `(`, `::`, `;`, `<`, or `]`, found `,`
[INFO] [stdout]   --> /opt/rustwide/cargo-home/registry/src/index.crates.io-6f17d22bba15001f/url-0.2.1/src/percent_encoding.rs:31:32
[INFO] [stdout]    |
[INFO] [stdout] 30 | pub struct EncodeSet {
[INFO] [stdout]    |            --------- while parsing this struct
[INFO] [stdout] 31 |     map: &'static [&'static str, ..256],
[INFO] [stdout]    |                                ^ expected one of `!`, `(`, `::`, `;`, `<`, or `]`
[INFO] [stdout] 
[INFO] [stdout] 
[INFO] [stdout] error: expected one of `!`, `(`, `::`, `;`, `<`, or `]`, found `,`
[INFO] [stdout]   --> /opt/rustwide/cargo-home/registry/src/index.crates.io-6f17d22bba15001f/url-0.2.1/src/encode_sets.rs:11:33
[INFO] [stdout]    |
[INFO] [stdout] 11 | pub static SIMPLE: [&'static str, ..256] = [
[INFO] [stdout]    |                                 ^ expected one of `!`, `(`, `::`, `;`, `<`, or `]`
[INFO] [stdout] 
[INFO] [stdout] 
[INFO] [stdout] error: expected identifier, found keyword `mod`
[INFO] [stdout]   --> /opt/rustwide/cargo-home/registry/src/index.crates.io-6f17d22bba15001f/url-0.2.1/src/format.rs:15:16
[INFO] [stdout]    |
[INFO] [stdout] 15 | use std::fmt::{mod, Show, Formatter};
[INFO] [stdout]    |                ^^^ expected identifier, found keyword
[INFO] [stdout]    |
[INFO] [stdout] help: escape `mod` to use it as an identifier
[INFO] [stdout]    |
[INFO] [stdout] 15 | use std::fmt::{r#mod, Show, Formatter};
[INFO] [stdout]    |                ++
[INFO] [stdout] 
[INFO] [stdout] 
[INFO] [stdout] error[E0463]: can't find crate for `serialize`
[INFO] [stdout]    --> /opt/rustwide/cargo-home/registry/src/index.crates.io-6f17d22bba15001f/url-0.2.1/src/lib.rs:133:1
[INFO] [stdout]     |
[INFO] [stdout] 133 | extern crate serialize;
[INFO] [stdout]     | ^^^^^^^^^^^^^^^^^^^^^^^ can't find crate
[INFO] [stdout] 
[INFO] [stdout] 
[INFO] [stdout] error[E0432]: unresolved imports `std::fmt::r#mod`, `std::fmt::Show`
[INFO] [stdout]    --> /opt/rustwide/cargo-home/registry/src/index.crates.io-6f17d22bba15001f/url-0.2.1/src/lib.rs:135:16
[INFO] [stdout]     |
[INFO] [stdout] 135 | use std::fmt::{mod, Formatter, Show};
[INFO] [stdout]     |                ^^^             ^^^^ no `Show` in `fmt`
[INFO] [stdout]     |                |
[INFO] [stdout]     |                no `r#mod` in `fmt`
[INFO] [stdout] 
[INFO] [stdout] 
[INFO] [stdout] error[E0432]: unresolved imports `host::Host`, `host::Ipv6Address`
[INFO] [stdout]    --> /opt/rustwide/cargo-home/registry/src/index.crates.io-6f17d22bba15001f/url-0.2.1/src/lib.rs:139:16
[INFO] [stdout]     |
[INFO] [stdout] 139 | pub use host::{Host, Ipv6Address};
[INFO] [stdout]     |                ^^^^  ^^^^^^^^^^^ no `Ipv6Address` in `host`
[INFO] [stdout]     |                |
[INFO] [stdout]     |                no `Host` in `host`
[INFO] [stdout] 
[INFO] [stdout] 
[INFO] [stdout] error[E0432]: unresolved imports `std::fmt::r#mod`, `std::fmt::Show`
[INFO] [stdout]   --> /opt/rustwide/cargo-home/registry/src/index.crates.io-6f17d22bba15001f/url-0.2.1/src/parser.rs:11:16
[INFO] [stdout]    |
[INFO] [stdout] 11 | use std::fmt::{mod, Formatter, Show};
[INFO] [stdout]    |                ^^^             ^^^^ no `Show` in `fmt`
[INFO] [stdout]    |                |
[INFO] [stdout]    |                no `r#mod` in `fmt`
[INFO] [stdout]    |
[INFO] [stdout]    = help: consider importing this unresolved item instead:
[INFO] [stdout]            r#mod
[INFO] [stdout]    = help: consider importing this unresolved item instead:
[INFO] [stdout]            Show
[INFO] [stdout] 
[INFO] [stdout] 
[INFO] [stdout] error[E0432]: unresolved import `std::str::CharRange`
[INFO] [stdout]   --> /opt/rustwide/cargo-home/registry/src/index.crates.io-6f17d22bba15001f/url-0.2.1/src/parser.rs:12:5
[INFO] [stdout]    |
[INFO] [stdout] 12 | use std::str::CharRange;
[INFO] [stdout]    |     ^^^^^^^^^^^^^^^^^^^ no `CharRange` in `str`
[INFO] [stdout] 
[INFO] [stdout] 
[INFO] [stdout] error[E0432]: unresolved imports `std::fmt::r#mod`, `std::fmt::Show`
[INFO] [stdout]   --> /opt/rustwide/cargo-home/registry/src/index.crates.io-6f17d22bba15001f/url-0.2.1/src/format.rs:15:16
[INFO] [stdout]    |
[INFO] [stdout] 15 | use std::fmt::{mod, Show, Formatter};
[INFO] [stdout]    |                ^^^  ^^^^ no `Show` in `fmt`
[INFO] [stdout]    |                |
[INFO] [stdout]    |                no `r#mod` in `fmt`
[INFO] [stdout]    |
[INFO] [stdout]    = help: consider importing this unresolved item instead:
[INFO] [stdout]            r#mod
[INFO] [stdout]    = help: consider importing this unresolved item instead:
[INFO] [stdout]            Show
[INFO] [stdout] 
[INFO] [stdout] 
[INFO] [stdout] error: cannot find attribute `deriving` in this scope
[INFO] [stdout]   --> /opt/rustwide/cargo-home/registry/src/index.crates.io-6f17d22bba15001f/url-0.2.1/src/parser.rs:34:11
[INFO] [stdout]    |
[INFO] [stdout] 34 |           #[deriving(PartialEq, Eq, Clone)]
[INFO] [stdout]    |             ^^^^^^^^
[INFO] [stdout] ...
[INFO] [stdout] 53 | / simple_enum_error! {
[INFO] [stdout] 54 | |     EmptyHost => "empty host",
[INFO] [stdout] 55 | |     InvalidScheme => "invalid scheme",
[INFO] [stdout] 56 | |     InvalidPort => "invalid port number",
[INFO] [stdout] ...  |
[INFO] [stdout] 77 | |     CannotSetPathWithNonRelativeScheme => "cannot set path with non-relative scheme",
[INFO] [stdout] 78 | | }
[INFO] [stdout]    | |_- in this macro invocation
[INFO] [stdout]    |
[INFO] [stdout]    = note: this error originates in the macro `simple_enum_error` (in Nightly builds, run with -Z macro-backtrace for more info)
[INFO] [stdout] 
[INFO] [stdout] 
[INFO] [stdout] error: cannot find attribute `deriving` in this scope
[INFO] [stdout]   --> /opt/rustwide/cargo-home/registry/src/index.crates.io-6f17d22bba15001f/url-0.2.1/src/parser.rs:95:3
[INFO] [stdout]    |
[INFO] [stdout] 95 | #[deriving(PartialEq, Eq)]
[INFO] [stdout]    |   ^^^^^^^^
[INFO] [stdout] 
[INFO] [stdout] 
[INFO] [stdout] error: cannot find attribute `deriving` in this scope
[INFO] [stdout]    --> /opt/rustwide/cargo-home/registry/src/index.crates.io-6f17d22bba15001f/url-0.2.1/src/lib.rs:167:3
[INFO] [stdout]     |
[INFO] [stdout] 167 | #[deriving(PartialEq, Eq, Clone)]
[INFO] [stdout]     |   ^^^^^^^^
[INFO] [stdout] 
[INFO] [stdout] 
[INFO] [stdout] error: cannot find attribute `deriving` in this scope
[INFO] [stdout]    --> /opt/rustwide/cargo-home/registry/src/index.crates.io-6f17d22bba15001f/url-0.2.1/src/lib.rs:198:3
[INFO] [stdout]     |
[INFO] [stdout] 198 | #[deriving(PartialEq, Eq, Clone)]
[INFO] [stdout]     |   ^^^^^^^^
[INFO] [stdout] 
[INFO] [stdout] 
[INFO] [stdout] error: cannot find attribute `deriving` in this scope
[INFO] [stdout]    --> /opt/rustwide/cargo-home/registry/src/index.crates.io-6f17d22bba15001f/url-0.2.1/src/lib.rs:212:3
[INFO] [stdout]     |
[INFO] [stdout] 212 | #[deriving(PartialEq, Eq, Clone)]
[INFO] [stdout]     |   ^^^^^^^^
[INFO] [stdout] 
[INFO] [stdout] 
[INFO] [stdout] error: cannot find attribute `deriving` in this scope
[INFO] [stdout]    --> /opt/rustwide/cargo-home/registry/src/index.crates.io-6f17d22bba15001f/url-0.2.1/src/lib.rs:415:3
[INFO] [stdout]     |
[INFO] [stdout] 415 | #[deriving(PartialEq, Eq)]
[INFO] [stdout]     |   ^^^^^^^^
[INFO] [stdout] 
[INFO] [stdout] 
[INFO] [stdout] error[E0433]: failed to resolve: use of undeclared crate or module `fmt`
[INFO] [stdout]   --> /opt/rustwide/cargo-home/registry/src/index.crates.io-6f17d22bba15001f/url-0.2.1/src/parser.rs:81:43
[INFO] [stdout]    |
[INFO] [stdout] 81 |     fn fmt(&self, fmt: &mut Formatter) -> fmt::Result {
[INFO] [stdout]    |                                           ^^^ use of undeclared crate or module `fmt`
[INFO] [stdout] 
[INFO] [stdout] 
[INFO] [stdout] error[E0433]: failed to resolve: could not find `raw` in `string`
[INFO] [stdout]    --> /opt/rustwide/cargo-home/registry/src/index.crates.io-6f17d22bba15001f/url-0.2.1/src/punycode.rs:147:39
[INFO] [stdout]     |
[INFO] [stdout] 147 |     let mut output = unsafe { string::raw::from_utf8(output_bytes) };
[INFO] [stdout]     |                                       ^^^ could not find `raw` in `string`
[INFO] [stdout] 
[INFO] [stdout] 
[INFO] [stdout] error[E0433]: failed to resolve: use of undeclared crate or module `fmt`
[INFO] [stdout]   --> /opt/rustwide/cargo-home/registry/src/index.crates.io-6f17d22bba15001f/url-0.2.1/src/format.rs:25:49
[INFO] [stdout]    |
[INFO] [stdout] 25 |     fn fmt(&self, formatter: &mut Formatter) -> fmt::Result {
[INFO] [stdout]    |                                                 ^^^ use of undeclared crate or module `fmt`
[INFO] [stdout] 
[INFO] [stdout] 
[INFO] [stdout] error[E0433]: failed to resolve: use of undeclared crate or module `fmt`
[INFO] [stdout]   --> /opt/rustwide/cargo-home/registry/src/index.crates.io-6f17d22bba15001f/url-0.2.1/src/format.rs:51:49
[INFO] [stdout]    |
[INFO] [stdout] 51 |     fn fmt(&self, formatter: &mut Formatter) -> fmt::Result {
[INFO] [stdout]    |                                                 ^^^ use of undeclared crate or module `fmt`
[INFO] [stdout] 
[INFO] [stdout] 
[INFO] [stdout] error[E0433]: failed to resolve: use of undeclared crate or module `fmt`
[INFO] [stdout]   --> /opt/rustwide/cargo-home/registry/src/index.crates.io-6f17d22bba15001f/url-0.2.1/src/format.rs:74:49
[INFO] [stdout]    |
[INFO] [stdout] 74 |     fn fmt(&self, formatter: &mut Formatter) -> fmt::Result {
[INFO] [stdout]    |                                                 ^^^ use of undeclared crate or module `fmt`
[INFO] [stdout] 
[INFO] [stdout] 
[INFO] [stdout] error[E0433]: failed to resolve: use of undeclared crate or module `fmt`
[INFO] [stdout]    --> /opt/rustwide/cargo-home/registry/src/index.crates.io-6f17d22bba15001f/url-0.2.1/src/lib.rs:779:49
[INFO] [stdout]     |
[INFO] [stdout] 779 |     fn fmt(&self, formatter: &mut Formatter) -> fmt::Result {
[INFO] [stdout]     |                                                 ^^^ use of undeclared crate or module `fmt`
[INFO] [stdout] 
[INFO] [stdout] 
[INFO] [stdout] error[E0433]: failed to resolve: use of undeclared crate or module `fmt`
[INFO] [stdout]    --> /opt/rustwide/cargo-home/registry/src/index.crates.io-6f17d22bba15001f/url-0.2.1/src/lib.rs:794:49
[INFO] [stdout]     |
[INFO] [stdout] 794 |     fn fmt(&self, formatter: &mut Formatter) -> fmt::Result {
[INFO] [stdout]     |                                                 ^^^ use of undeclared crate or module `fmt`
[INFO] [stdout] 
[INFO] [stdout] 
[INFO] [stdout] error[E0433]: failed to resolve: use of undeclared crate or module `fmt`
[INFO] [stdout]    --> /opt/rustwide/cargo-home/registry/src/index.crates.io-6f17d22bba15001f/url-0.2.1/src/lib.rs:899:49
[INFO] [stdout]     |
[INFO] [stdout] 899 |     fn fmt(&self, formatter: &mut Formatter) -> fmt::Result {
[INFO] [stdout]     |                                                 ^^^ use of undeclared crate or module `fmt`
[INFO] [stdout] 
[INFO] [stdout] 
[INFO] [stdout] error[E0433]: failed to resolve: could not find `posix` in `path`
[INFO] [stdout]    --> /opt/rustwide/cargo-home/registry/src/index.crates.io-6f17d22bba15001f/url-0.2.1/src/lib.rs:933:26
[INFO] [stdout]     |
[INFO] [stdout] 933 | impl ToUrlPath for path::posix::Path {
[INFO] [stdout]     |                          ^^^^^ could not find `posix` in `path`
[INFO] [stdout] 
[INFO] [stdout] 
[INFO] [stdout] error[E0433]: failed to resolve: could not find `windows` in `path`
[INFO] [stdout]    --> /opt/rustwide/cargo-home/registry/src/index.crates.io-6f17d22bba15001f/url-0.2.1/src/lib.rs:943:26
[INFO] [stdout]     |
[INFO] [stdout] 943 | impl ToUrlPath for path::windows::Path {
[INFO] [stdout]     |                          ^^^^^^^ could not find `windows` in `path`
[INFO] [stdout] 
[INFO] [stdout] 
[INFO] [stdout] error[E0433]: failed to resolve: could not find `windows` in `path`
[INFO] [stdout]    --> /opt/rustwide/cargo-home/registry/src/index.crates.io-6f17d22bba15001f/url-0.2.1/src/lib.rs:948:18
[INFO] [stdout]     |
[INFO] [stdout] 948 |         if path::windows::prefix(self) != Some(path::windows::DiskPrefix) {
[INFO] [stdout]     |                  ^^^^^^^ could not find `windows` in `path`
[INFO] [stdout] 
[INFO] [stdout] 
[INFO] [stdout] error[E0433]: failed to resolve: could not find `windows` in `path`
[INFO] [stdout]    --> /opt/rustwide/cargo-home/registry/src/index.crates.io-6f17d22bba15001f/url-0.2.1/src/lib.rs:948:54
[INFO] [stdout]     |
[INFO] [stdout] 948 |         if path::windows::prefix(self) != Some(path::windows::DiskPrefix) {
[INFO] [stdout]     |                                                      ^^^^^^^ could not find `windows` in `path`
[INFO] [stdout] 
[INFO] [stdout] 
[INFO] [stdout] error[E0433]: failed to resolve: could not find `posix` in `path`
[INFO] [stdout]    --> /opt/rustwide/cargo-home/registry/src/index.crates.io-6f17d22bba15001f/url-0.2.1/src/lib.rs:968:28
[INFO] [stdout]     |
[INFO] [stdout] 968 | impl FromUrlPath for path::posix::Path {
[INFO] [stdout]     |                            ^^^^^ could not find `posix` in `path`
[INFO] [stdout] 
[INFO] [stdout] 
[INFO] [stdout] error[E0433]: failed to resolve: could not find `posix` in `path`
[INFO] [stdout]    --> /opt/rustwide/cargo-home/registry/src/index.crates.io-6f17d22bba15001f/url-0.2.1/src/lib.rs:969:55
[INFO] [stdout]     |
[INFO] [stdout] 969 |     fn from_url_path(path: &[String]) -> Result<path::posix::Path, ()> {
[INFO] [stdout]     |                                                       ^^^^^ could not find `posix` in `path`
[INFO] [stdout] 
[INFO] [stdout] 
[INFO] [stdout] error[E0433]: failed to resolve: could not find `windows` in `path`
[INFO] [stdout]    --> /opt/rustwide/cargo-home/registry/src/index.crates.io-6f17d22bba15001f/url-0.2.1/src/lib.rs:990:28
[INFO] [stdout]     |
[INFO] [stdout] 990 | impl FromUrlPath for path::windows::Path {
[INFO] [stdout]     |                            ^^^^^^^ could not find `windows` in `path`
[INFO] [stdout] 
[INFO] [stdout] 
[INFO] [stdout] error[E0433]: failed to resolve: could not find `windows` in `path`
[INFO] [stdout]    --> /opt/rustwide/cargo-home/registry/src/index.crates.io-6f17d22bba15001f/url-0.2.1/src/lib.rs:991:55
[INFO] [stdout]     |
[INFO] [stdout] 991 |     fn from_url_path(path: &[String]) -> Result<path::windows::Path, ()> {
[INFO] [stdout]     |                                                       ^^^^^^^ could not find `windows` in `path`
[INFO] [stdout] 
[INFO] [stdout] 
[INFO] [stdout] error[E0412]: cannot find type `uint` in this scope
[INFO] [stdout]    --> /opt/rustwide/cargo-home/registry/src/index.crates.io-6f17d22bba15001f/url-0.2.1/src/parser.rs:736:15
[INFO] [stdout]     |
[INFO] [stdout] 736 |     position: uint,
[INFO] [stdout]     |               ^^^^ not found in this scope
[INFO] [stdout] 
[INFO] [stdout] 
[INFO] [stdout] error[E0412]: cannot find type `uint` in this scope
[INFO] [stdout]    --> /opt/rustwide/cargo-home/registry/src/index.crates.io-6f17d22bba15001f/url-0.2.1/src/parser.rs:739:20
[INFO] [stdout]     |
[INFO] [stdout] 739 | impl<'a> Iterator<(uint, char, uint)> for CharRanges<'a> {
[INFO] [stdout]     |                    ^^^^ not found in this scope
[INFO] [stdout]     |
[INFO] [stdout] help: you might be missing a type parameter
[INFO] [stdout]     |
[INFO] [stdout] 739 | impl<'a, uint> Iterator<(uint, char, uint)> for CharRanges<'a> {
[INFO] [stdout]     |        ++++++
[INFO] [stdout] 
[INFO] [stdout] 
[INFO] [stdout] error[E0412]: cannot find type `uint` in this scope
[INFO] [stdout]    --> /opt/rustwide/cargo-home/registry/src/index.crates.io-6f17d22bba15001f/url-0.2.1/src/parser.rs:739:32
[INFO] [stdout]     |
[INFO] [stdout] 739 | impl<'a> Iterator<(uint, char, uint)> for CharRanges<'a> {
[INFO] [stdout]     |                                ^^^^ not found in this scope
[INFO] [stdout]     |
[INFO] [stdout] help: you might be missing a type parameter
[INFO] [stdout]     |
[INFO] [stdout] 739 | impl<'a, uint> Iterator<(uint, char, uint)> for CharRanges<'a> {
[INFO] [stdout]     |        ++++++
[INFO] [stdout] 
[INFO] [stdout] 
[INFO] [stdout] error[E0412]: cannot find type `uint` in this scope
[INFO] [stdout]    --> /opt/rustwide/cargo-home/registry/src/index.crates.io-6f17d22bba15001f/url-0.2.1/src/parser.rs:741:35
[INFO] [stdout]     |
[INFO] [stdout] 741 |     fn next(&mut self) -> Option<(uint, char, uint)> {
[INFO] [stdout]     |                                   ^^^^ not found in this scope
[INFO] [stdout]     |
[INFO] [stdout] help: you might be missing a type parameter
[INFO] [stdout]     |
[INFO] [stdout] 739 | impl<'a, uint> Iterator<(uint, char, uint)> for CharRanges<'a> {
[INFO] [stdout]     |        ++++++
[INFO] [stdout] 
[INFO] [stdout] 
[INFO] [stdout] error[E0412]: cannot find type `uint` in this scope
[INFO] [stdout]    --> /opt/rustwide/cargo-home/registry/src/index.crates.io-6f17d22bba15001f/url-0.2.1/src/parser.rs:741:47
[INFO] [stdout]     |
[INFO] [stdout] 741 |     fn next(&mut self) -> Option<(uint, char, uint)> {
[INFO] [stdout]     |                                               ^^^^ not found in this scope
[INFO] [stdout]     |
[INFO] [stdout] help: you might be missing a type parameter
[INFO] [stdout]     |
[INFO] [stdout] 739 | impl<'a, uint> Iterator<(uint, char, uint)> for CharRanges<'a> {
[INFO] [stdout]     |        ++++++
[INFO] [stdout] 
[INFO] [stdout] 
[INFO] [stdout] error[E0412]: cannot find type `uint` in this scope
[INFO] [stdout]    --> /opt/rustwide/cargo-home/registry/src/index.crates.io-6f17d22bba15001f/url-0.2.1/src/parser.rs:754:41
[INFO] [stdout]     |
[INFO] [stdout] 754 | fn check_url_code_point(input: &str, i: uint, c: char, parser: &UrlParser)
[INFO] [stdout]     |                                         ^^^^ not found in this scope
[INFO] [stdout] 
[INFO] [stdout] 
[INFO] [stdout] error[E0425]: cannot find value `SIMPLE` in module `encode_sets`
[INFO] [stdout]   --> /opt/rustwide/cargo-home/registry/src/index.crates.io-6f17d22bba15001f/url-0.2.1/src/percent_encoding.rs:35:74
[INFO] [stdout]    |
[INFO] [stdout] 35 | pub static SIMPLE_ENCODE_SET: EncodeSet = EncodeSet { map: &encode_sets::SIMPLE };
[INFO] [stdout]    |                                                                          ^^^^^^ not found in `encode_sets`
[INFO] [stdout] 
[INFO] [stdout] 
[INFO] [stdout] error[E0425]: cannot find value `QUERY` in module `encode_sets`
[INFO] [stdout]   --> /opt/rustwide/cargo-home/registry/src/index.crates.io-6f17d22bba15001f/url-0.2.1/src/percent_encoding.rs:38:73
[INFO] [stdout]    |
[INFO] [stdout] 38 | pub static QUERY_ENCODE_SET: EncodeSet = EncodeSet { map: &encode_sets::QUERY };
[INFO] [stdout]    |                                                                         ^^^^^ not found in `encode_sets`
[INFO] [stdout] 
[INFO] [stdout] 
[INFO] [stdout] error[E0425]: cannot find value `DEFAULT` in module `encode_sets`
[INFO] [stdout]   --> /opt/rustwide/cargo-home/registry/src/index.crates.io-6f17d22bba15001f/url-0.2.1/src/percent_encoding.rs:41:75
[INFO] [stdout]    |
[INFO] [stdout] 41 | pub static DEFAULT_ENCODE_SET: EncodeSet = EncodeSet { map: &encode_sets::DEFAULT };
[INFO] [stdout]    |                                                                           ^^^^^^^ not found in `encode_sets`
[INFO] [stdout] 
[INFO] [stdout] 
[INFO] [stdout] error[E0425]: cannot find value `USERINFO` in module `encode_sets`
[INFO] [stdout]   --> /opt/rustwide/cargo-home/registry/src/index.crates.io-6f17d22bba15001f/url-0.2.1/src/percent_encoding.rs:44:76
[INFO] [stdout]    |
[INFO] [stdout] 44 | pub static USERINFO_ENCODE_SET: EncodeSet = EncodeSet { map: &encode_sets::USERINFO };
[INFO] [stdout]    |                                                                            ^^^^^^^^ not found in `encode_sets`
[INFO] [stdout] 
[INFO] [stdout] 
[INFO] [stdout] error[E0425]: cannot find value `PASSWORD` in module `encode_sets`
[INFO] [stdout]   --> /opt/rustwide/cargo-home/registry/src/index.crates.io-6f17d22bba15001f/url-0.2.1/src/percent_encoding.rs:47:76
[INFO] [stdout]    |
[INFO] [stdout] 47 | pub static PASSWORD_ENCODE_SET: EncodeSet = EncodeSet { map: &encode_sets::PASSWORD };
[INFO] [stdout]    |                                                                            ^^^^^^^^ not found in `encode_sets`
[INFO] [stdout] 
[INFO] [stdout] 
[INFO] [stdout] error[E0425]: cannot find value `USERNAME` in module `encode_sets`
[INFO] [stdout]   --> /opt/rustwide/cargo-home/registry/src/index.crates.io-6f17d22bba15001f/url-0.2.1/src/percent_encoding.rs:50:76
[INFO] [stdout]    |
[INFO] [stdout] 50 | pub static USERNAME_ENCODE_SET: EncodeSet = EncodeSet { map: &encode_sets::USERNAME };
[INFO] [stdout]    |                                                                            ^^^^^^^^ not found in `encode_sets`
[INFO] [stdout] 
[INFO] [stdout] 
[INFO] [stdout] error[E0425]: cannot find value `FORM_URLENCODED` in module `encode_sets`
[INFO] [stdout]   --> /opt/rustwide/cargo-home/registry/src/index.crates.io-6f17d22bba15001f/url-0.2.1/src/percent_encoding.rs:54:24
[INFO] [stdout]    |
[INFO] [stdout] 54 |     map: &encode_sets::FORM_URLENCODED,
[INFO] [stdout]    |                        ^^^^^^^^^^^^^^^ not found in `encode_sets`
[INFO] [stdout] 
[INFO] [stdout] 
[INFO] [stdout] error[E0412]: cannot find type `uint` in this scope
[INFO] [stdout]   --> /opt/rustwide/cargo-home/registry/src/index.crates.io-6f17d22bba15001f/url-0.2.1/src/percent_encoding.rs:64:48
[INFO] [stdout]    |
[INFO] [stdout] 64 |         output.push_str(encode_set.map[byte as uint])
[INFO] [stdout]    |                                                ^^^^ not found in this scope
[INFO] [stdout] 
[INFO] [stdout] 
[INFO] [stdout] error[E0412]: cannot find type `uint` in this scope
[INFO] [stdout]    --> /opt/rustwide/cargo-home/registry/src/index.crates.io-6f17d22bba15001f/url-0.2.1/src/punycode.rs:122:28
[INFO] [stdout]     |
[INFO] [stdout] 122 |         output.insert(i as uint, c);
[INFO] [stdout]     |                            ^^^^ not found in this scope
[INFO] [stdout] 
[INFO] [stdout] 
[INFO] [stdout] error[E0405]: cannot find trait `Str` in this scope
[INFO] [stdout]   --> /opt/rustwide/cargo-home/registry/src/index.crates.io-6f17d22bba15001f/url-0.2.1/src/format.rs:24:13
[INFO] [stdout]    |
[INFO] [stdout] 24 | impl<'a, T: Str + Show> Show for PathFormatter<'a, T> {
[INFO] [stdout]    |             ^^^ not found in this scope
[INFO] [stdout] 
[INFO] [stdout] 
[INFO] [stdout] error[E0405]: cannot find trait `Writer` in module `hash`
[INFO] [stdout]    --> /opt/rustwide/cargo-home/registry/src/index.crates.io-6f17d22bba15001f/url-0.2.1/src/lib.rs:251:15
[INFO] [stdout]     |
[INFO] [stdout] 251 | impl<S: hash::Writer> hash::Hash<S> for Url {
[INFO] [stdout]     |               ^^^^^^ not found in `hash`
[INFO] [stdout] 
[INFO] [stdout] 
[INFO] [stdout] error[E0433]: failed to resolve: could not find `posix` in `path`
[INFO] [stdout]    --> /opt/rustwide/cargo-home/registry/src/index.crates.io-6f17d22bba15001f/url-0.2.1/src/lib.rs:971:29
[INFO] [stdout]     |
[INFO] [stdout] 971 |             return Ok(path::posix::Path::new("/"))
[INFO] [stdout]     |                             ^^^^^ could not find `posix` in `path`
[INFO] [stdout]     |
[INFO] [stdout] help: consider importing this struct
[INFO] [stdout]     |
[INFO] [stdout] 135 + use path::Path;
[INFO] [stdout]     |
[INFO] [stdout] help: if you import `Path`, refer to it directly
[INFO] [stdout]     |
[INFO] [stdout] 971 -             return Ok(path::posix::Path::new("/"))
[INFO] [stdout] 971 +             return Ok(Path::new("/"))
[INFO] [stdout]     |
[INFO] [stdout] 
[INFO] [stdout] 
[INFO] [stdout] error[E0433]: failed to resolve: could not find `posix` in `path`
[INFO] [stdout]    --> /opt/rustwide/cargo-home/registry/src/index.crates.io-6f17d22bba15001f/url-0.2.1/src/lib.rs:978:21
[INFO] [stdout]     |
[INFO] [stdout] 978 |         match path::posix::Path::new_opt(bytes) {
[INFO] [stdout]     |                     ^^^^^ could not find `posix` in `path`
[INFO] [stdout]     |
[INFO] [stdout] help: consider importing this struct
[INFO] [stdout]     |
[INFO] [stdout] 135 + use path::Path;
[INFO] [stdout]     |
[INFO] [stdout] help: if you import `Path`, refer to it directly
[INFO] [stdout]     |
[INFO] [stdout] 978 -         match path::posix::Path::new_opt(bytes) {
[INFO] [stdout] 978 +         match Path::new_opt(bytes) {
[INFO] [stdout]     |
[INFO] [stdout] 
[INFO] [stdout] 
[INFO] [stdout] error[E0433]: failed to resolve: could not find `windows` in `path`
[INFO] [stdout]     --> /opt/rustwide/cargo-home/registry/src/index.crates.io-6f17d22bba15001f/url-0.2.1/src/lib.rs:1005:21
[INFO] [stdout]      |
[INFO] [stdout] 1005 |         match path::windows::Path::new_opt(bytes) {
[INFO] [stdout]      |                     ^^^^^^^ could not find `windows` in `path`
[INFO] [stdout]      |
[INFO] [stdout] help: consider importing this struct
[INFO] [stdout]      |
[INFO] [stdout] 135  + use path::Path;
[INFO] [stdout]      |
[INFO] [stdout] help: if you import `Path`, refer to it directly
[INFO] [stdout]      |
[INFO] [stdout] 1005 -         match path::windows::Path::new_opt(bytes) {
[INFO] [stdout] 1005 +         match Path::new_opt(bytes) {
[INFO] [stdout]      |
[INFO] [stdout] 
[INFO] [stdout] 
[INFO] [stdout] error[E0554]: `#![feature]` may not be used on the beta release channel
[INFO] [stdout]    --> /opt/rustwide/cargo-home/registry/src/index.crates.io-6f17d22bba15001f/url-0.2.1/src/lib.rs:131:1
[INFO] [stdout]     |
[INFO] [stdout] 131 | #![feature(macro_rules, default_type_params)]
[INFO] [stdout]     | ^^^^^^^^^^^^^^^^^^^^^^^^^^^^^^^^^^^^^^^^^^^^^ help: remove the attribute
[INFO] [stdout]     |
[INFO] [stdout]     = help: the feature `default_type_params` has been stable since `1.0.0` and no longer requires an attribute to enable
[INFO] [stdout]     = help: the feature `default_type_params` has been stable since `1.0.0` and no longer requires an attribute to enable
[INFO] [stdout] 
[INFO] [stdout] 
[INFO] [stdout] error: invalid suffix `u` for number literal
[INFO] [stdout]    --> /opt/rustwide/cargo-home/registry/src/index.crates.io-6f17d22bba15001f/url-0.2.1/src/percent_encoding.rs:102:17
[INFO] [stdout]     |
[INFO] [stdout] 102 |     let mut i = 0u;
[INFO] [stdout]     |                 ^^ invalid suffix `u`
[INFO] [stdout]     |
[INFO] [stdout]     = help: the suffix must be one of the numeric types (`u32`, `isize`, `f32`, etc.)
[INFO] [stdout] 
[INFO] [stdout] 
[INFO] [stdout] error[E0107]: trait takes 0 generic arguments but 1 generic argument was supplied
[INFO] [stdout]    --> /opt/rustwide/cargo-home/registry/src/index.crates.io-6f17d22bba15001f/url-0.2.1/src/lib.rs:251:29
[INFO] [stdout]     |
[INFO] [stdout] 251 | impl<S: hash::Writer> hash::Hash<S> for Url {
[INFO] [stdout]     |                             ^^^^--- help: remove these generics
[INFO] [stdout]     |                             |
[INFO] [stdout]     |                             expected 0 generic arguments
[INFO] [stdout] 
[INFO] [stdout] 
[INFO] [stdout] error: aborting due to 103 previous errors
[INFO] [stdout] 
[INFO] [stdout] 
[INFO] [stdout] Some errors have detailed explanations: E0107, E0405, E0412, E0425, E0432, E0433, E0463, E0554.
[INFO] [stdout] 
[INFO] [stdout] For more information about an error, try `rustc --explain E0107`.
[INFO] [stdout] 
[INFO] [stderr] error: could not compile `url` (lib) due to 104 previous errors
[INFO] running `Command { std: "docker" "inspect" "62d12d3afc88c4ca54245fb59fd8e144629946b7d4e13971c52ea42d8b0aeb38", kill_on_drop: false }`
[INFO] running `Command { std: "docker" "rm" "-f" "62d12d3afc88c4ca54245fb59fd8e144629946b7d4e13971c52ea42d8b0aeb38", kill_on_drop: false }`
[INFO] [stdout] 62d12d3afc88c4ca54245fb59fd8e144629946b7d4e13971c52ea42d8b0aeb38
