[INFO] cloning repository https://github.com/RemiliaForever/koumakan
[INFO] running `Command { std: "git" "-c" "credential.helper=" "-c" "credential.helper=/workspace/cargo-home/bin/git-credential-null" "clone" "--bare" "https://github.com/RemiliaForever/koumakan" "/workspace/cache/git-repos/https%3A%2F%2Fgithub.com%2FRemiliaForever%2Fkoumakan", kill_on_drop: false }`
[INFO] [stderr] Cloning into bare repository '/workspace/cache/git-repos/https%3A%2F%2Fgithub.com%2FRemiliaForever%2Fkoumakan'...
[INFO] running `Command { std: "git" "rev-parse" "HEAD", kill_on_drop: false }`
[INFO] [stdout] 0f0475d51118744d41dd677488a88775cdefb728
[INFO] documenting RemiliaForever/koumakan against 1.69.0 for beta-1.70-rustdoc-1
[INFO] running `Command { std: "git" "clone" "/workspace/cache/git-repos/https%3A%2F%2Fgithub.com%2FRemiliaForever%2Fkoumakan" "/workspace/builds/worker-5-tc1/source", kill_on_drop: false }`
[INFO] [stderr] Cloning into '/workspace/builds/worker-5-tc1/source'...
[INFO] [stderr] done.
[INFO] validating manifest of git repo https://github.com/RemiliaForever/koumakan on toolchain 1.69.0
[INFO] running `Command { std: CARGO_HOME="/workspace/cargo-home" RUSTUP_HOME="/workspace/rustup-home" "/workspace/cargo-home/bin/cargo" "+1.69.0" "metadata" "--manifest-path" "Cargo.toml" "--no-deps", kill_on_drop: false }`
[INFO] started tweaking git repo https://github.com/RemiliaForever/koumakan
[INFO] finished tweaking git repo https://github.com/RemiliaForever/koumakan
[INFO] tweaked toml for git repo https://github.com/RemiliaForever/koumakan written to /workspace/builds/worker-5-tc1/source/Cargo.toml
[INFO] crate git repo https://github.com/RemiliaForever/koumakan already has a lockfile, it will not be regenerated
[INFO] running `Command { std: CARGO_HOME="/workspace/cargo-home" RUSTUP_HOME="/workspace/rustup-home" "/workspace/cargo-home/bin/cargo" "+1.69.0" "fetch" "--manifest-path" "Cargo.toml", kill_on_drop: false }`
[INFO] [stderr]  Downloading crates ...
[INFO] [stderr]   Downloaded atom_syndication v0.11.0
[INFO] [stderr]   Downloaded lettre v0.10.0-rc.4
[INFO] [stderr]   Downloaded quoted_printable v0.4.5
[INFO] [stderr]   Downloaded diligent-date-parser v0.1.3
[INFO] [stderr]   Downloaded yew-router v0.14.0
[INFO] [stderr]   Downloaded yew-router-route-parser v0.14.0
[INFO] [stderr]   Downloaded rss v2.0.0
[INFO] [stderr]   Downloaded yew-router-macro v0.14.0
[INFO] [stderr]   Downloaded axum-core v0.1.0
[INFO] [stderr]   Downloaded axum v0.4.0
[INFO] running `Command { std: "docker" "create" "-v" "/var/lib/crater-agent-workspace/builds/worker-5-tc1/target:/opt/rustwide/target:rw,Z" "-v" "/var/lib/crater-agent-workspace/builds/worker-5-tc1/source:/opt/rustwide/workdir:ro,Z" "-v" "/var/lib/crater-agent-workspace/cargo-home:/opt/rustwide/cargo-home:ro,Z" "-v" "/var/lib/crater-agent-workspace/rustup-home:/opt/rustwide/rustup-home:ro,Z" "-e" "SOURCE_DIR=/opt/rustwide/workdir" "-e" "CARGO_TARGET_DIR=/opt/rustwide/target" "-e" "CARGO_HOME=/opt/rustwide/cargo-home" "-e" "RUSTUP_HOME=/opt/rustwide/rustup-home" "-w" "/opt/rustwide/workdir" "-m" "1610612736" "--user" "0:0" "--network" "none" "ghcr.io/rust-lang/crates-build-env/linux@sha256:5ff2268d62e97bff2cde7d5815dd6ed5b47097566f13b8d0ca110b04b60e07ed" "/opt/rustwide/cargo-home/bin/cargo" "+1.69.0" "metadata" "--no-deps" "--format-version=1", kill_on_drop: false }`
[INFO] [stdout] d67f12d2974ee3a5a54b56ec73ad927007425f7028a107e47395043df2d145cf
[INFO] running `Command { std: "docker" "start" "-a" "d67f12d2974ee3a5a54b56ec73ad927007425f7028a107e47395043df2d145cf", kill_on_drop: false }`
[INFO] running `Command { std: "docker" "inspect" "d67f12d2974ee3a5a54b56ec73ad927007425f7028a107e47395043df2d145cf", kill_on_drop: false }`
[INFO] running `Command { std: "docker" "rm" "-f" "d67f12d2974ee3a5a54b56ec73ad927007425f7028a107e47395043df2d145cf", kill_on_drop: false }`
[INFO] [stdout] d67f12d2974ee3a5a54b56ec73ad927007425f7028a107e47395043df2d145cf
[INFO] running `Command { std: "docker" "create" "-v" "/var/lib/crater-agent-workspace/builds/worker-5-tc1/target:/opt/rustwide/target:rw,Z" "-v" "/var/lib/crater-agent-workspace/builds/worker-5-tc1/source:/opt/rustwide/workdir:ro,Z" "-v" "/var/lib/crater-agent-workspace/cargo-home:/opt/rustwide/cargo-home:ro,Z" "-v" "/var/lib/crater-agent-workspace/rustup-home:/opt/rustwide/rustup-home:ro,Z" "-e" "SOURCE_DIR=/opt/rustwide/workdir" "-e" "CARGO_TARGET_DIR=/opt/rustwide/target" "-e" "CARGO_INCREMENTAL=0" "-e" "RUST_BACKTRACE=full" "-e" "RUSTFLAGS=--cap-lints=warn" "-e" "RUSTDOCFLAGS=--cap-lints=warn" "-e" "CARGO_HOME=/opt/rustwide/cargo-home" "-e" "RUSTUP_HOME=/opt/rustwide/rustup-home" "-w" "/opt/rustwide/workdir" "-m" "1610612736" "--user" "0:0" "--network" "none" "ghcr.io/rust-lang/crates-build-env/linux@sha256:5ff2268d62e97bff2cde7d5815dd6ed5b47097566f13b8d0ca110b04b60e07ed" "/opt/rustwide/cargo-home/bin/cargo" "+1.69.0" "doc" "--frozen" "--no-deps" "--document-private-items" "--message-format=json", kill_on_drop: false }`
[INFO] [stdout] 830e07f095b9a1f06ea3bbd51e30f32876c4200b73e83effe6a42dc359cf9b5f
[INFO] running `Command { std: "docker" "start" "-a" "830e07f095b9a1f06ea3bbd51e30f32876c4200b73e83effe6a42dc359cf9b5f", kill_on_drop: false }`
[INFO] [stderr]    Compiling proc-macro2 v1.0.32
[INFO] [stderr]    Compiling syn v1.0.82
[INFO] [stderr]    Compiling libc v0.2.108
[INFO] [stderr]    Compiling log v0.4.14
[INFO] [stderr]    Compiling memchr v2.4.1
[INFO] [stderr]    Compiling futures-core v0.3.18
[INFO] [stderr]    Compiling cc v1.0.72
[INFO] [stderr]     Checking once_cell v1.8.0
[INFO] [stderr]    Compiling futures-channel v0.3.18
[INFO] [stderr]    Compiling futures-task v0.3.18
[INFO] [stderr]    Compiling tokio v1.14.0
[INFO] [stderr]    Compiling futures-util v0.3.18
[INFO] [stderr]    Compiling num-traits v0.2.14
[INFO] [stderr]    Compiling ahash v0.7.6
[INFO] [stderr]     Checking futures-sink v0.3.18
[INFO] [stderr]    Compiling wasm-bindgen-shared v0.2.78
[INFO] [stderr]    Compiling bumpalo v3.8.0
[INFO] [stderr]     Checking futures-io v0.3.18
[INFO] [stderr]     Checking slab v0.4.5
[INFO] [stderr]    Compiling ryu v1.0.6
[INFO] [stderr]    Compiling num-integer v0.1.44
[INFO] [stderr]    Compiling wasm-bindgen v0.2.78
[INFO] [stderr]    Compiling crossbeam-utils v0.8.5
[INFO] [stderr]    Compiling spin v0.5.2
[INFO] [stderr]    Compiling untrusted v0.7.1
[INFO] [stderr]    Compiling nom v7.1.0
[INFO] [stderr]    Compiling indexmap v1.7.0
[INFO] [stderr]    Compiling pkg-config v0.3.22
[INFO] [stderr]    Compiling pin-project-lite v0.2.7
[INFO] [stderr]    Compiling tinyvec v1.5.1
[INFO] [stderr]    Compiling typenum v1.14.0
[INFO] [stderr]    Compiling crossbeam-queue v0.3.2
[INFO] [stderr]    Compiling instant v0.1.12
[INFO] [stderr]    Compiling quote v1.0.10
[INFO] [stderr]    Compiling smallvec v1.7.0
[INFO] [stderr]    Compiling base64 v0.13.0
[INFO] [stderr]     Checking num_cpus v1.13.0
[INFO] [stderr]     Checking signal-hook-registry v1.4.0
[INFO] [stderr]     Checking mio v0.7.14
[INFO] [stderr]     Checking getrandom v0.2.3
[INFO] [stderr]    Compiling ring v0.16.20
[INFO] [stderr]    Compiling libsqlite3-sys v0.22.2
[INFO] [stderr]     Checking time v0.1.44
[INFO] [stderr]     Checking unicode-bidi v0.3.7
[INFO] [stderr]    Compiling generic-array v0.14.4
[INFO] [stderr]     Checking hashbrown v0.11.2
[INFO] [stderr]     Checking unicode-normalization v0.1.19
[INFO] [stderr]    Compiling matches v0.1.9
[INFO] [stderr]    Compiling lexical-core v0.7.6
[INFO] [stderr]    Compiling scopeguard v1.1.0
[INFO] [stderr]    Compiling parking_lot_core v0.8.5
[INFO] [stderr]    Compiling lock_api v0.4.5
[INFO] [stderr]    Compiling either v1.6.1
[INFO] [stderr]    Compiling minimal-lexical v0.2.1
[INFO] [stderr]    Compiling parking_lot v0.11.2
[INFO] [stderr]    Compiling itertools v0.10.1
[INFO] [stderr]    Compiling digest v0.9.0
[INFO] [stderr]    Compiling block-buffer v0.9.0
[INFO] [stderr]    Compiling form_urlencoded v1.0.1
[INFO] [stderr]    Compiling nom v5.1.2
[INFO] [stderr]     Checking idna v0.2.3
[INFO] [stderr]    Compiling crc-catalog v1.1.1
[INFO] [stderr]    Compiling pin-utils v0.1.0
[INFO] [stderr]    Compiling unicode_categories v0.1.1
[INFO] [stderr]    Compiling cpufeatures v0.2.1
[INFO] [stderr]    Compiling opaque-debug v0.3.0
[INFO] [stderr]    Compiling sha2 v0.9.8
[INFO] [stderr]    Compiling stringprep v0.1.2
[INFO] [stderr]    Compiling crc v2.1.0
[INFO] [stderr]    Compiling futures-intrusive v0.4.0
[INFO] [stderr]    Compiling hashlink v0.7.0
[INFO] [stderr]    Compiling crossbeam-channel v0.5.1
[INFO] [stderr]    Compiling atoi v0.4.0
[INFO] [stderr]    Compiling serde_json v1.0.72
[INFO] [stderr]    Compiling url v2.2.2
[INFO] [stderr]    Compiling hex v0.4.3
[INFO] [stderr]    Compiling whoami v1.2.1
[INFO] [stderr]    Compiling byteorder v1.4.3
[INFO] [stderr]     Checking tracing-core v0.1.21
[INFO] [stderr]    Compiling dotenv v0.15.0
[INFO] [stderr]    Compiling encoding_rs v0.8.29
[INFO] [stderr]    Compiling static_assertions v1.1.0
[INFO] [stderr]    Compiling arrayvec v0.5.2
[INFO] [stderr]     Checking http-body v0.4.4
[INFO] [stderr]     Checking httpdate v1.0.2
[INFO] [stderr]    Compiling anyhow v1.0.51
[INFO] [stderr]     Checking tower-service v0.3.1
[INFO] [stderr]     Checking aho-corasick v0.7.18
[INFO] [stderr]    Compiling unicase v2.6.0
[INFO] [stderr]    Compiling boolinator v2.4.0
[INFO] [stderr]    Compiling yew v0.17.4
[INFO] [stderr]     Checking regex-syntax v0.6.25
[INFO] [stderr]    Compiling sqlformat v0.1.8
[INFO] [stderr]     Checking try-lock v0.2.3
[INFO] [stderr]     Checking tower-layer v0.3.1
[INFO] [stderr]     Checking want v0.3.0
[INFO] [stderr]     Checking socket2 v0.4.2
[INFO] [stderr]     Checking headers-core v0.2.0
[INFO] [stderr]    Compiling pulldown-cmark v0.8.0
[INFO] [stderr]     Checking cfg-match v0.2.1
[INFO] [stderr]     Checking anymap v0.12.1
[INFO] [stderr]     Checking never v0.1.0
[INFO] [stderr]    Compiling wee_alloc v0.4.5
[INFO] [stderr]     Checking http-range-header v0.3.0
[INFO] [stderr]     Checking webpki v0.21.4
[INFO] [stderr]     Checking sct v0.6.1
[INFO] [stderr]     Checking getopts v0.2.21
[INFO] [stderr]     Checking headers v0.3.5
[INFO] [stderr]     Checking atty v0.2.14
[INFO] [stderr]     Checking matchit v0.4.4
[INFO] [stderr]     Checking memory_units v0.4.0
[INFO] [stderr]     Checking rustls v0.19.1
[INFO] [stderr]     Checking webpki-roots v0.21.1
[INFO] [stderr]     Checking humantime v2.1.0
[INFO] [stderr]     Checking termcolor v1.1.2
[INFO] [stderr]     Checking regex v1.5.4
[INFO] [stderr]     Checking quoted_printable v0.4.5
[INFO] [stderr]     Checking quick-xml v0.22.0
[INFO] [stderr]     Checking sync_wrapper v0.1.1
[INFO] [stderr]     Checking md5 v0.7.0
[INFO] [stderr]    Compiling wasm-bindgen-backend v0.2.78
[INFO] [stderr]    Compiling darling_core v0.12.4
[INFO] [stderr]     Checking env_logger v0.9.0
[INFO] [stderr]    Compiling wasm-bindgen-macro-support v0.2.78
[INFO] [stderr]    Compiling serde_derive v1.0.130
[INFO] [stderr]    Compiling tokio-macros v1.6.0
[INFO] [stderr]    Compiling futures-macro v0.3.18
[INFO] [stderr]    Compiling thiserror-impl v1.0.30
[INFO] [stderr]    Compiling tracing-attributes v0.1.18
[INFO] [stderr]    Compiling async-trait v0.1.51
[INFO] [stderr]    Compiling pin-project-internal v1.0.8
[INFO] [stderr]    Compiling yew-macro v0.17.0
[INFO] [stderr]     Checking yew-router-route-parser v0.14.0
[INFO] [stderr]    Compiling wasm-bindgen-macro v0.2.78
[INFO] [stderr]    Compiling darling_macro v0.12.4
[INFO] [stderr]     Checking tracing v0.1.29
[INFO] [stderr]    Compiling yew-router-macro v0.14.0
[INFO] [stderr]     Checking thiserror v1.0.30
[INFO] [stderr]     Checking pin-project v1.0.8
[INFO] [stderr]    Compiling darling v0.12.4
[INFO] [stderr]    Compiling derive_builder_core v0.10.2
[INFO] [stderr]     Checking js-sys v0.3.55
[INFO] [stderr]     Checking console_error_panic_hook v0.1.7
[INFO] [stderr]     Checking serde v1.0.130
[INFO] [stderr]    Compiling derive_builder_macro v0.10.2
[INFO] [stderr]     Checking derive_builder v0.10.2
[INFO] [stderr]     Checking futures-executor v0.3.18
[INFO] [stderr]     Checking axum-core v0.1.0
[INFO] [stderr]     Checking tower-http v0.2.0
[INFO] [stderr]     Checking futures v0.3.18
[INFO] [stderr]     Checking web-sys v0.3.55
[INFO] [stderr]     Checking wasm-bindgen-futures v0.4.28
[INFO] [stderr]     Checking tokio-rustls v0.22.0
[INFO] [stderr]     Checking tokio-stream v0.1.8
[INFO] [stderr]     Checking tokio-util v0.6.9
[INFO] [stderr]     Checking hyper v0.14.15
[INFO] [stderr]     Checking lettre v0.10.0-rc.4
[INFO] [stderr]     Checking sqlx-rt v0.5.9
[INFO] [stderr]     Checking tower v0.4.11
[INFO] [stderr]     Checking chrono v0.4.19
[INFO] [stderr]     Checking bincode v1.3.3
[INFO] [stderr]     Checking serde_urlencoded v0.7.0
[INFO] [stderr]     Checking sqlx-core v0.5.9
[INFO] [stderr]     Checking diligent-date-parser v0.1.3
[INFO] [stderr]     Checking axum v0.4.0
[INFO] [stderr]     Checking atom_syndication v0.11.0
[INFO] [stderr]     Checking rss v2.0.0
[INFO] [stderr]     Checking gloo-events v0.1.1
[INFO] [stderr]     Checking gloo-console-timer v0.1.0
[INFO] [stderr]     Checking gloo-timers v0.2.1
[INFO] [stderr]     Checking console_log v0.2.0
[INFO] [stderr]     Checking gloo-file v0.1.0
[INFO] [stderr]     Checking gloo v0.2.1
[INFO] [stderr]    Compiling sqlx-macros v0.5.9
[INFO] [stderr]     Checking yew-router v0.14.0
[INFO] [stderr]     Checking sqlx v0.5.9
[INFO] [stderr]     Checking common v0.1.0 (/opt/rustwide/workdir/common)
[INFO] [stderr]  Documenting common v0.1.0 (/opt/rustwide/workdir/common)
[INFO] [stderr]  Documenting koumakan-frontend v0.1.0 (/opt/rustwide/workdir/frontend)
[INFO] [stderr]  Documenting koumakan-backend v0.1.0 (/opt/rustwide/workdir/backend)
[INFO] [stdout] error: error returned from database: unable to open database file
[INFO] [stdout]   --> backend/src/controller/article.rs:21:19
[INFO] [stdout]    |
[INFO] [stdout] 21 |     let article = sqlx::query_as!(Article, "SELECT * FROM article WHERE id = ?", id)
[INFO] [stdout]    |                   ^^^^^^^^^^^^^^^^^^^^^^^^^^^^^^^^^^^^^^^^^^^^^^^^^^^^^^^^^^^^^^^^^^
[INFO] [stdout]    |
[INFO] [stdout]    = note: this error originates in the macro `$crate::sqlx_macros::expand_query` which comes from the expansion of the macro `sqlx::query_as` (in Nightly builds, run with -Z macro-backtrace for more info)
[INFO] [stdout] 
[INFO] [stdout] 
[INFO] [stdout] error: error returned from database: unable to open database file
[INFO] [stdout]   --> backend/src/controller/article.rs:33:15
[INFO] [stdout]    |
[INFO] [stdout] 33 |         match sqlx::query!("SELECT title FROM article WHERE id = ?", id)
[INFO] [stdout]    |               ^^^^^^^^^^^^^^^^^^^^^^^^^^^^^^^^^^^^^^^^^^^^^^^^^^^^^^^^^^
[INFO] [stdout]    |
[INFO] [stdout]    = note: this error originates in the macro `$crate::sqlx_macros::expand_query` which comes from the expansion of the macro `sqlx::query` (in Nightly builds, run with -Z macro-backtrace for more info)
[INFO] [stdout] 
[INFO] [stdout] 
[INFO] [stdout] error: error returned from database: unable to open database file
[INFO] [stdout]   --> backend/src/controller/article.rs:77:23
[INFO] [stdout]    |
[INFO] [stdout] 77 |           "category" => sqlx::query_as!(Article,
[INFO] [stdout]    |  _______________________^
[INFO] [stdout] 78 | |             "SELECT * FROM article WHERE id > 20000 AND category = ? ORDER BY date DESC LIMIT ? OFFSET ?",
[INFO] [stdout] 79 | |             value,
[INFO] [stdout] 80 | |             pagesize,
[INFO] [stdout] 81 | |             offset,
[INFO] [stdout] 82 | |         ).fetch_all(&db).await?,
[INFO] [stdout]    | |_________^
[INFO] [stdout]    |
[INFO] [stdout]    = note: this error originates in the macro `$crate::sqlx_macros::expand_query` which comes from the expansion of the macro `sqlx::query_as` (in Nightly builds, run with -Z macro-backtrace for more info)
[INFO] [stdout] 
[INFO] [stdout] 
[INFO] [stdout] error: error returned from database: unable to open database file
[INFO] [stdout]   --> backend/src/controller/article.rs:85:13
[INFO] [stdout]    |
[INFO] [stdout] 85 | /             sqlx::query_as!(Article,
[INFO] [stdout] 86 | |                 "SELECT * FROM article WHERE id > 20000 AND category||','||labels||',' LIKE ? ORDER BY date DESC LIMIT ? OFFSET ?",
[INFO] [stdout] 87 | |                 search_value,
[INFO] [stdout] 88 | |                 pagesize,
[INFO] [stdout] 89 | |                 offset,
[INFO] [stdout] 90 | |             ).fetch_all(&db).await?},
[INFO] [stdout]    | |_____________^
[INFO] [stdout]    |
[INFO] [stdout]    = note: this error originates in the macro `$crate::sqlx_macros::expand_query` which comes from the expansion of the macro `sqlx::query_as` (in Nightly builds, run with -Z macro-backtrace for more info)
[INFO] [stdout] 
[INFO] [stdout] 
[INFO] [stdout] error: error returned from database: unable to open database file
[INFO] [stdout]    --> backend/src/controller/article.rs:97:13
[INFO] [stdout]     |
[INFO] [stdout] 97  | /             sqlx::query_as!(Article,
[INFO] [stdout] 98  | |                 "SELECT * FROM article WHERE id > 20000 AND date >= ? AND date < ? ORDER BY date DESC LIMIT ? OFFSET ?",
[INFO] [stdout] 99  | |                 start_date,
[INFO] [stdout] 100 | |                 end_date,
[INFO] [stdout] 101 | |                 pagesize,
[INFO] [stdout] 102 | |                 offset,
[INFO] [stdout] 103 | |             ).fetch_all(&db).await?
[INFO] [stdout]     | |_____________^
[INFO] [stdout]     |
[INFO] [stdout]     = note: this error originates in the macro `$crate::sqlx_macros::expand_query` which comes from the expansion of the macro `sqlx::query_as` (in Nightly builds, run with -Z macro-backtrace for more info)
[INFO] [stdout] 
[INFO] [stdout] 
[INFO] [stdout] error: error returned from database: unable to open database file
[INFO] [stdout]    --> backend/src/controller/article.rs:108:17
[INFO] [stdout]     |
[INFO] [stdout] 108 | / ...   sqlx::query_as!(Article,
[INFO] [stdout] 109 | | ...       "SELECT * FROM article WHERE id > 20000 AND ( title LIKE ? OR brief LIKE ? OR category LIKE ? OR labels LIKE ? ) ORDER BY date ...
[INFO] [stdout] 110 | | ...       search_value,
[INFO] [stdout] 111 | | ...       search_value,
[INFO] [stdout] ...   |
[INFO] [stdout] 115 | | ...       offset,
[INFO] [stdout] 116 | | ...   ).fetch_all(&db).await?
[INFO] [stdout]     | |_______^
[INFO] [stdout]     |
[INFO] [stdout]     = note: this error originates in the macro `$crate::sqlx_macros::expand_query` which comes from the expansion of the macro `sqlx::query_as` (in Nightly builds, run with -Z macro-backtrace for more info)
[INFO] [stdout] 
[INFO] [stdout] 
[INFO] [stdout] error: error returned from database: unable to open database file
[INFO] [stdout]    --> backend/src/controller/article.rs:118:19
[INFO] [stdout]     |
[INFO] [stdout] 118 |               "" => sqlx::query_as!(Article,
[INFO] [stdout]     |  ___________________^
[INFO] [stdout] 119 | |                 "SELECT * FROM article WHERE id > 20000 ORDER BY date DESC LIMIT ? OFFSET ?",
[INFO] [stdout] 120 | |                 pagesize,
[INFO] [stdout] 121 | |                 offset,
[INFO] [stdout] 122 | |             ).fetch_all(&db).await?,
[INFO] [stdout]     | |_____________^
[INFO] [stdout]     |
[INFO] [stdout]     = note: this error originates in the macro `$crate::sqlx_macros::expand_query` which comes from the expansion of the macro `sqlx::query_as` (in Nightly builds, run with -Z macro-backtrace for more info)
[INFO] [stdout] 
[INFO] [stdout] 
[INFO] [stdout] error: error returned from database: unable to open database file
[INFO] [stdout]    --> backend/src/controller/article.rs:149:18
[INFO] [stdout]     |
[INFO] [stdout] 149 |       let result = sqlx::query!(
[INFO] [stdout]     |  __________________^
[INFO] [stdout] 150 | |         "INSERT INTO article VALUES (0, ?, ?, ?, ?, ?, ?)",
[INFO] [stdout] 151 | |         article.title,
[INFO] [stdout] 152 | |         article.brief,
[INFO] [stdout] ...   |
[INFO] [stdout] 156 | |         article.date,
[INFO] [stdout] 157 | |     )
[INFO] [stdout]     | |_____^
[INFO] [stdout]     |
[INFO] [stdout]     = note: this error originates in the macro `$crate::sqlx_macros::expand_query` which comes from the expansion of the macro `sqlx::query` (in Nightly builds, run with -Z macro-backtrace for more info)
[INFO] [stdout] 
[INFO] [stdout] 
[INFO] [stdout] error: error returned from database: unable to open database file
[INFO] [stdout]    --> backend/src/controller/article.rs:181:18
[INFO] [stdout]     |
[INFO] [stdout] 181 |       let result = sqlx::query!(
[INFO] [stdout]     |  __________________^
[INFO] [stdout] 182 | |         "UPDATE article SET title = ?, brief = ?, content = ?, category = ?, labels = ?, date = ? WHERE id = ?",
[INFO] [stdout] 183 | |         article.title,
[INFO] [stdout] 184 | |         article.brief,
[INFO] [stdout] ...   |
[INFO] [stdout] 189 | |         id,
[INFO] [stdout] 190 | |     ).execute(&db)
[INFO] [stdout]     | |_____^
[INFO] [stdout]     |
[INFO] [stdout]     = note: this error originates in the macro `$crate::sqlx_macros::expand_query` which comes from the expansion of the macro `sqlx::query` (in Nightly builds, run with -Z macro-backtrace for more info)
[INFO] [stdout] 
[INFO] [stdout] 
[INFO] [stdout] error: error returned from database: unable to open database file
[INFO] [stdout]    --> backend/src/controller/article.rs:207:5
[INFO] [stdout]     |
[INFO] [stdout] 207 |     sqlx::query!("DELETE FROM article WHERE id = ?", id)
[INFO] [stdout]     |     ^^^^^^^^^^^^^^^^^^^^^^^^^^^^^^^^^^^^^^^^^^^^^^^^^^^^
[INFO] [stdout]     |
[INFO] [stdout]     = note: this error originates in the macro `$crate::sqlx_macros::expand_query` which comes from the expansion of the macro `sqlx::query` (in Nightly builds, run with -Z macro-backtrace for more info)
[INFO] [stdout] 
[INFO] [stdout] 
[INFO] [stdout] error: error returned from database: unable to open database file
[INFO] [stdout]   --> backend/src/controller/comment.rs:20:24
[INFO] [stdout]    |
[INFO] [stdout] 20 |       let mut comments = sqlx::query_as!(
[INFO] [stdout]    |  ________________________^
[INFO] [stdout] 21 | |         Comment,
[INFO] [stdout] 22 | |         "SELECT * FROM comment WHERE article_id = ? ORDER BY comment.date DESC",
[INFO] [stdout] 23 | |         id
[INFO] [stdout] 24 | |     )
[INFO] [stdout]    | |_____^
[INFO] [stdout]    |
[INFO] [stdout]    = note: this error originates in the macro `$crate::sqlx_macros::expand_query` which comes from the expansion of the macro `sqlx::query_as` (in Nightly builds, run with -Z macro-backtrace for more info)
[INFO] [stdout] 
[INFO] [stdout] 
[INFO] [stdout] error: error returned from database: unable to open database file
[INFO] [stdout]   --> backend/src/controller/comment.rs:56:18
[INFO] [stdout]    |
[INFO] [stdout] 56 |       let result = sqlx::query!(
[INFO] [stdout]    |  __________________^
[INFO] [stdout] 57 | |         "INSERT INTO comment VALUES (NULL, ?, ?, ?, ?, ?, ?, ?)",
[INFO] [stdout] 58 | |         comment.article_id,
[INFO] [stdout] 59 | |         comment.name,
[INFO] [stdout] ...  |
[INFO] [stdout] 64 | |         comment.date
[INFO] [stdout] 65 | |     )
[INFO] [stdout]    | |_____^
[INFO] [stdout]    |
[INFO] [stdout]    = note: this error originates in the macro `$crate::sqlx_macros::expand_query` which comes from the expansion of the macro `sqlx::query` (in Nightly builds, run with -Z macro-backtrace for more info)
[INFO] [stdout] 
[INFO] [stdout] 
[INFO] [stdout] error: error returned from database: unable to open database file
[INFO] [stdout]   --> backend/src/controller/label_archive.rs:70:22
[INFO] [stdout]    |
[INFO] [stdout] 70 |           let result = sqlx::query_as!(
[INFO] [stdout]    |  ______________________^
[INFO] [stdout] 71 | |             Article,
[INFO] [stdout] 72 | |             "SELECT * FROM article WHERE id > 20000 ORDER BY date DESC"
[INFO] [stdout] 73 | |         )
[INFO] [stdout]    | |_________^
[INFO] [stdout]    |
[INFO] [stdout]    = note: this error originates in the macro `$crate::sqlx_macros::expand_query` which comes from the expansion of the macro `sqlx::query_as` (in Nightly builds, run with -Z macro-backtrace for more info)
[INFO] [stdout] 
[INFO] [stdout] 
[INFO] [stdout] error[E0554]: `#![feature]` may not be used on the stable release channel
[INFO] [stdout]  --> backend/src/main.rs:1:1
[INFO] [stdout]   |
[INFO] [stdout] 1 | #![feature(async_closure)]
[INFO] [stdout]   | ^^^^^^^^^^^^^^^^^^^^^^^^^^
[INFO] [stdout] 
[INFO] [stdout] 
[INFO] [stdout] error: aborting due to 14 previous errors
[INFO] [stdout] 
[INFO] [stdout] 
[INFO] [stdout] For more information about this error, try `rustc --explain E0554`.
[INFO] [stdout] 
[INFO] [stderr] error: could not document `koumakan-backend`
[INFO] [stderr] 
[INFO] [stderr] Caused by:
[INFO] [stderr]   process didn't exit successfully: `rustdoc --edition=2018 --crate-type bin --crate-name koumakan_backend backend/src/main.rs -o /opt/rustwide/target/doc --error-format=json --json=diagnostic-rendered-ansi,artifacts,future-incompat --document-private-items '-Arustdoc::private-intra-doc-links' -C metadata=58d5573c90a8686b -L dependency=/opt/rustwide/target/debug/deps --extern axum=/opt/rustwide/target/debug/deps/libaxum-0874d60c369eed6a.rmeta --extern chrono=/opt/rustwide/target/debug/deps/libchrono-370c76d23bad9e9c.rmeta --extern common=/opt/rustwide/target/debug/deps/libcommon-1088613e968f4226.rmeta --extern dotenv=/opt/rustwide/target/debug/deps/libdotenv-cd86dd85a907a92e.rmeta --extern env_logger=/opt/rustwide/target/debug/deps/libenv_logger-f4280a9fb78f5c0d.rmeta --extern futures=/opt/rustwide/target/debug/deps/libfutures-38ab85013c0f8d47.rmeta --extern hyper=/opt/rustwide/target/debug/deps/libhyper-9aa1b98e8d35c01b.rmeta --extern lettre=/opt/rustwide/target/debug/deps/liblettre-fe16a80acc8a8fe6.rmeta --extern log=/opt/rustwide/target/debug/deps/liblog-cfdf503dbcd0d4be.rmeta --extern md5=/opt/rustwide/target/debug/deps/libmd5-3bc2651a937f1c9d.rmeta --extern pulldown_cmark=/opt/rustwide/target/debug/deps/libpulldown_cmark-8d720a17ae7022da.rmeta --extern rss=/opt/rustwide/target/debug/deps/librss-11617444c4613caa.rmeta --extern serde=/opt/rustwide/target/debug/deps/libserde-070126e3f2010fa5.rmeta --extern serde_json=/opt/rustwide/target/debug/deps/libserde_json-75376c3049971764.rmeta --extern sqlx=/opt/rustwide/target/debug/deps/libsqlx-2b995efa8999f70d.rmeta --extern thiserror=/opt/rustwide/target/debug/deps/libthiserror-035b9edfdc44b8ca.rmeta --extern tokio=/opt/rustwide/target/debug/deps/libtokio-7a03e60356a3e4f4.rmeta --extern tower=/opt/rustwide/target/debug/deps/libtower-e76c31ad25114d32.rmeta --extern tower_http=/opt/rustwide/target/debug/deps/libtower_http-8e2b319dc9723028.rmeta --cap-lints=warn --crate-version 0.1.0` (exit status: 1)
[INFO] [stderr] warning: build failed, waiting for other jobs to finish...
[INFO] running `Command { std: "docker" "inspect" "830e07f095b9a1f06ea3bbd51e30f32876c4200b73e83effe6a42dc359cf9b5f", kill_on_drop: false }`
[INFO] running `Command { std: "docker" "rm" "-f" "830e07f095b9a1f06ea3bbd51e30f32876c4200b73e83effe6a42dc359cf9b5f", kill_on_drop: false }`
[INFO] [stdout] 830e07f095b9a1f06ea3bbd51e30f32876c4200b73e83effe6a42dc359cf9b5f
