[INFO] cloning repository https://github.com/QCGPU/qcgpu-version-0.1.0
[INFO] running `Command { std: "git" "-c" "credential.helper=" "-c" "credential.helper=/workspace/cargo-home/bin/git-credential-null" "clone" "--bare" "https://github.com/QCGPU/qcgpu-version-0.1.0" "/workspace/cache/git-repos/https%3A%2F%2Fgithub.com%2FQCGPU%2Fqcgpu-version-0.1.0", kill_on_drop: false }`
[INFO] [stderr] Cloning into bare repository '/workspace/cache/git-repos/https%3A%2F%2Fgithub.com%2FQCGPU%2Fqcgpu-version-0.1.0'...
[INFO] running `Command { std: "git" "rev-parse" "HEAD", kill_on_drop: false }`
[INFO] [stdout] 6cbd75ff13cbdda1bfe718b4844bd3669f3926f2
[INFO] documenting QCGPU/qcgpu-version-0.1.0 against beta-2023-04-20 for beta-1.70-rustdoc-1
[INFO] running `Command { std: "git" "clone" "/workspace/cache/git-repos/https%3A%2F%2Fgithub.com%2FQCGPU%2Fqcgpu-version-0.1.0" "/workspace/builds/worker-1-tc2/source", kill_on_drop: false }`
[INFO] [stderr] Cloning into '/workspace/builds/worker-1-tc2/source'...
[INFO] [stderr] done.
[INFO] validating manifest of git repo https://github.com/QCGPU/qcgpu-version-0.1.0 on toolchain beta-2023-04-20
[INFO] running `Command { std: CARGO_HOME="/workspace/cargo-home" RUSTUP_HOME="/workspace/rustup-home" "/workspace/cargo-home/bin/cargo" "+beta-2023-04-20" "metadata" "--manifest-path" "Cargo.toml" "--no-deps", kill_on_drop: false }`
[INFO] started tweaking git repo https://github.com/QCGPU/qcgpu-version-0.1.0
[INFO] removed 0 missing examples
[INFO] finished tweaking git repo https://github.com/QCGPU/qcgpu-version-0.1.0
[INFO] tweaked toml for git repo https://github.com/QCGPU/qcgpu-version-0.1.0 written to /workspace/builds/worker-1-tc2/source/Cargo.toml
[INFO] crate git repo https://github.com/QCGPU/qcgpu-version-0.1.0 already has a lockfile, it will not be regenerated
[INFO] running `Command { std: CARGO_HOME="/workspace/cargo-home" RUSTUP_HOME="/workspace/rustup-home" "/workspace/cargo-home/bin/cargo" "+beta-2023-04-20" "fetch" "--manifest-path" "Cargo.toml", kill_on_drop: false }`
[INFO] [stderr]     Updating crates.io index
[INFO] [stderr]  Downloading crates ...
[INFO] [stderr]   Downloaded cl-sys v0.4.1
[INFO] [stderr]   Downloaded bindgen v0.20.5
[INFO] [stderr]   Downloaded quasi v0.29.0
[INFO] [stderr]   Downloaded term v0.5.1
[INFO] [stderr]   Downloaded serde_derive_internals v0.22.0
[INFO] [stderr]   Downloaded itertools v0.7.8
[INFO] [stderr]   Downloaded handlebars v0.31.0
[INFO] [stderr]   Downloaded ocl-core-vector v0.1.0
[INFO] [stderr]   Downloaded crossbeam v0.3.2
[INFO] [stderr]   Downloaded syntex_syntax v0.54.0
[INFO] [stderr]   Downloaded thread-scoped v1.0.2
[INFO] [stderr]   Downloaded criterion-plot v0.2.1
[INFO] [stderr]   Downloaded pest v1.0.6
[INFO] [stderr]   Downloaded textwrap v0.9.0
[INFO] [stderr]   Downloaded clap v2.31.2
[INFO] [stderr]   Downloaded regex v0.2.10
[INFO] [stderr]   Downloaded ocl v0.18.0
[INFO] [stderr]   Downloaded rustc-demangle v0.1.7
[INFO] [stderr]   Downloaded synstructure v0.6.1
[INFO] [stderr]   Downloaded failure v0.1.1
[INFO] [stderr]   Downloaded num-bigint v0.1.43
[INFO] [stderr]   Downloaded vec_map v0.8.0
[INFO] [stderr]   Downloaded failure_derive v0.1.1
[INFO] [stderr]   Downloaded futures v0.1.20
[INFO] [stderr]   Downloaded criterion-stats v0.2.1
[INFO] [stderr]   Downloaded simplelog v0.5.1
[INFO] [stderr]   Downloaded criterion v0.2.2
[INFO] [stderr]   Downloaded libquantum-patched v0.1.3
[INFO] [stderr]   Downloaded pest_derive v1.0.6
[INFO] [stderr]   Downloaded serde_derive v1.0.34
[INFO] [stderr]   Downloaded clang-sys v0.12.0
[INFO] [stderr]   Downloaded aster v0.38.0
[INFO] [stderr]   Downloaded syntex v0.54.0
[INFO] [stderr]   Downloaded regex-syntax v0.5.3
[INFO] [stderr]   Downloaded itertools-num v0.1.1
[INFO] [stderr]   Downloaded qutex v0.2.1
[INFO] [stderr]   Downloaded serde v1.0.34
[INFO] [stderr]   Downloaded ocl-core v0.9.0
[INFO] [stderr]   Downloaded quasi_codegen v0.29.0
[INFO] [stderr]   Downloaded syntex_errors v0.54.0
[INFO] [stderr]   Downloaded syntex_pos v0.54.0
[INFO] [stderr]   Downloaded cast v0.2.2
[INFO] running `Command { std: "docker" "create" "-v" "/var/lib/crater-agent-workspace/builds/worker-1-tc2/target:/opt/rustwide/target:rw,Z" "-v" "/var/lib/crater-agent-workspace/builds/worker-1-tc2/source:/opt/rustwide/workdir:ro,Z" "-v" "/var/lib/crater-agent-workspace/cargo-home:/opt/rustwide/cargo-home:ro,Z" "-v" "/var/lib/crater-agent-workspace/rustup-home:/opt/rustwide/rustup-home:ro,Z" "-e" "SOURCE_DIR=/opt/rustwide/workdir" "-e" "CARGO_TARGET_DIR=/opt/rustwide/target" "-e" "CARGO_HOME=/opt/rustwide/cargo-home" "-e" "RUSTUP_HOME=/opt/rustwide/rustup-home" "-w" "/opt/rustwide/workdir" "-m" "1610612736" "--user" "0:0" "--network" "none" "ghcr.io/rust-lang/crates-build-env/linux@sha256:5ff2268d62e97bff2cde7d5815dd6ed5b47097566f13b8d0ca110b04b60e07ed" "/opt/rustwide/cargo-home/bin/cargo" "+beta-2023-04-20" "metadata" "--no-deps" "--format-version=1", kill_on_drop: false }`
[INFO] [stdout] 0fc4299a345fd55aca269384a17e695ebb865f9a395292ed56de26e062bc9544
[INFO] running `Command { std: "docker" "start" "-a" "0fc4299a345fd55aca269384a17e695ebb865f9a395292ed56de26e062bc9544", kill_on_drop: false }`
[INFO] running `Command { std: "docker" "inspect" "0fc4299a345fd55aca269384a17e695ebb865f9a395292ed56de26e062bc9544", kill_on_drop: false }`
[INFO] running `Command { std: "docker" "rm" "-f" "0fc4299a345fd55aca269384a17e695ebb865f9a395292ed56de26e062bc9544", kill_on_drop: false }`
[INFO] [stdout] 0fc4299a345fd55aca269384a17e695ebb865f9a395292ed56de26e062bc9544
[INFO] running `Command { std: "docker" "create" "-v" "/var/lib/crater-agent-workspace/builds/worker-1-tc2/target:/opt/rustwide/target:rw,Z" "-v" "/var/lib/crater-agent-workspace/builds/worker-1-tc2/source:/opt/rustwide/workdir:ro,Z" "-v" "/var/lib/crater-agent-workspace/cargo-home:/opt/rustwide/cargo-home:ro,Z" "-v" "/var/lib/crater-agent-workspace/rustup-home:/opt/rustwide/rustup-home:ro,Z" "-e" "SOURCE_DIR=/opt/rustwide/workdir" "-e" "CARGO_TARGET_DIR=/opt/rustwide/target" "-e" "CARGO_INCREMENTAL=0" "-e" "RUST_BACKTRACE=full" "-e" "RUSTFLAGS=--cap-lints=warn" "-e" "RUSTDOCFLAGS=--cap-lints=warn" "-e" "CARGO_HOME=/opt/rustwide/cargo-home" "-e" "RUSTUP_HOME=/opt/rustwide/rustup-home" "-w" "/opt/rustwide/workdir" "-m" "1610612736" "--user" "0:0" "--network" "none" "ghcr.io/rust-lang/crates-build-env/linux@sha256:5ff2268d62e97bff2cde7d5815dd6ed5b47097566f13b8d0ca110b04b60e07ed" "/opt/rustwide/cargo-home/bin/cargo" "+beta-2023-04-20" "doc" "--frozen" "--no-deps" "--document-private-items" "--message-format=json", kill_on_drop: false }`
[INFO] [stdout] 2670a13d72bce7dc2784be6128e7ad52dcc5b5eaa5729712c64a8b1271409a6e
[INFO] running `Command { std: "docker" "start" "-a" "2670a13d72bce7dc2784be6128e7ad52dcc5b5eaa5729712c64a8b1271409a6e", kill_on_drop: false }`
[INFO] [stderr]     Checking num-traits v0.2.2
[INFO] [stderr]     Checking libc v0.2.39
[INFO] [stderr]    Compiling cc v1.0.9
[INFO] [stderr]    Compiling unicode-xid v0.0.4
[INFO] [stderr]     Checking rustc-serialize v0.3.24
[INFO] [stderr]    Compiling quote v0.3.15
[INFO] [stderr]    Compiling semver v0.1.20
[INFO] [stderr]     Checking rustc-demangle v0.1.7
[INFO] [stderr]     Checking cfg-if v0.1.2
[INFO] [stderr]    Compiling cl-sys v0.4.1
[INFO] [stderr]     Checking crossbeam v0.3.2
[INFO] [stderr]     Checking bitflags v1.0.1
[INFO] [stderr]     Checking futures v0.1.20
[INFO] [stderr]     Checking nodrop v0.1.12
[INFO] [stderr]    Compiling synom v0.11.3
[INFO] [stderr]    Compiling rustc_version v0.1.7
[INFO] [stderr]    Compiling syn v0.11.11
[INFO] [stderr]    Compiling ocl-core v0.9.0
[INFO] [stderr]     Checking rand v0.4.2
[INFO] [stderr]    Compiling backtrace-sys v0.1.16
[INFO] [stderr]     Checking num-integer v0.1.36
[INFO] [stderr]     Checking num-traits v0.1.43
[INFO] [stderr]     Checking enum_primitive v0.1.1
[INFO] [stderr]     Checking num-iter v0.1.35
[INFO] [stderr]     Checking qutex v0.2.1
[INFO] [stderr]    Compiling synstructure v0.6.1
[INFO] [stderr]     Checking num-bigint v0.1.43
[INFO] [stderr]     Checking num-complex v0.1.43
[INFO] [stderr]    Compiling failure_derive v0.1.1
[INFO] [stderr]     Checking num-rational v0.1.42
[INFO] [stderr]     Checking num v0.1.42
[INFO] [stderr]     Checking ocl-core-vector v0.1.0
[INFO] [stderr]     Checking backtrace v0.3.5
[INFO] [stderr]     Checking failure v0.1.1
[INFO] [stderr]     Checking ocl v0.18.0
[INFO] [stdout] error[E0502]: cannot borrow `self.cmd.buffer.obj_core` as immutable because it is also borrowed as mutable
[INFO] [stdout]     --> /opt/rustwide/cargo-home/registry/src/index.crates.io-6f17d22bba15001f/ocl-0.18.0/src/standard/buffer.rs:1609:13
[INFO] [stdout]      |
[INFO] [stdout] 1606 |         let (offset, len, queue, flags, ewait, enew, /*is_mapped*/) = self.enq_details()?;
[INFO] [stdout]      |                                                                       ------------------ mutable borrow occurs here
[INFO] [stdout] ...
[INFO] [stdout] 1609 |             &self.cmd.buffer.obj_core, true, flags, offset, len, ewait, enew)?;
[INFO] [stdout]      |             ^^^^^^^^^^^^^^^^^^^^^^^^^ immutable borrow occurs here
[INFO] [stdout] ...
[INFO] [stdout] 1614 |             queue.clone()))
[INFO] [stdout]      |             ------------- mutable borrow later used here
[INFO] [stdout] 
[INFO] [stdout] 
[INFO] [stdout] error[E0502]: cannot borrow `self.cmd.buffer.obj_core` as immutable because it is also borrowed as mutable
[INFO] [stdout]     --> /opt/rustwide/cargo-home/registry/src/index.crates.io-6f17d22bba15001f/ocl-0.18.0/src/standard/buffer.rs:1613:57
[INFO] [stdout]      |
[INFO] [stdout] 1606 |         let (offset, len, queue, flags, ewait, enew, /*is_mapped*/) = self.enq_details()?;
[INFO] [stdout]      |                                                                       ------------------ mutable borrow occurs here
[INFO] [stdout] ...
[INFO] [stdout] 1613 |         Ok(MemMap::new(mm_core, len, None, unmap_event, self.cmd.buffer.obj_core.clone(),
[INFO] [stdout]      |                                                         ^^^^^^^^^^^^^^^^^^^^^^^^^^^^^^^^ immutable borrow occurs here
[INFO] [stdout] 1614 |             queue.clone()))
[INFO] [stdout]      |             ------------- mutable borrow later used here
[INFO] [stdout] 
[INFO] [stdout] 
[INFO] [stdout] error[E0502]: cannot borrow `self.cmd.buffer.obj_core` as immutable because it is also borrowed as mutable
[INFO] [stdout]     --> /opt/rustwide/cargo-home/registry/src/index.crates.io-6f17d22bba15001f/ocl-0.18.0/src/standard/buffer.rs:1635:13
[INFO] [stdout]      |
[INFO] [stdout] 1630 |         let (offset, len, queue, flags, ewait, enew, /*is_mapped*/) = self.enq_details()?;
[INFO] [stdout]      |                                                                       ------------------ mutable borrow occurs here
[INFO] [stdout] ...
[INFO] [stdout] 1635 |             &self.cmd.buffer.obj_core, false, flags, offset, len, ewait,
[INFO] [stdout]      |             ^^^^^^^^^^^^^^^^^^^^^^^^^ immutable borrow occurs here
[INFO] [stdout] ...
[INFO] [stdout] 1646 |             self.cmd.buffer.obj_core.clone(), queue.clone(), /*is_mapped*/))
[INFO] [stdout]      |                                               ------------- mutable borrow later used here
[INFO] [stdout] 
[INFO] [stdout] 
[INFO] [stdout] error[E0502]: cannot borrow `self.cmd.buffer.obj_core` as immutable because it is also borrowed as mutable
[INFO] [stdout]     --> /opt/rustwide/cargo-home/registry/src/index.crates.io-6f17d22bba15001f/ocl-0.18.0/src/standard/buffer.rs:1646:13
[INFO] [stdout]      |
[INFO] [stdout] 1630 |         let (offset, len, queue, flags, ewait, enew, /*is_mapped*/) = self.enq_details()?;
[INFO] [stdout]      |                                                                       ------------------ mutable borrow occurs here
[INFO] [stdout] ...
[INFO] [stdout] 1646 |             self.cmd.buffer.obj_core.clone(), queue.clone(), /*is_mapped*/))
[INFO] [stdout]      |             ^^^^^^^^^^^^^^^^^^^^^^^^^^^^^^^^  ------------- mutable borrow later used here
[INFO] [stdout]      |             |
[INFO] [stdout]      |             immutable borrow occurs here
[INFO] [stdout] 
[INFO] [stdout] 
[INFO] [stdout] error: aborting due to 4 previous errors
[INFO] [stdout] 
[INFO] [stdout] 
[INFO] [stdout] For more information about this error, try `rustc --explain E0502`.
[INFO] [stdout] 
[INFO] [stderr] error: could not compile `ocl` (lib) due to 5 previous errors
[INFO] running `Command { std: "docker" "inspect" "2670a13d72bce7dc2784be6128e7ad52dcc5b5eaa5729712c64a8b1271409a6e", kill_on_drop: false }`
[INFO] running `Command { std: "docker" "rm" "-f" "2670a13d72bce7dc2784be6128e7ad52dcc5b5eaa5729712c64a8b1271409a6e", kill_on_drop: false }`
[INFO] [stdout] 2670a13d72bce7dc2784be6128e7ad52dcc5b5eaa5729712c64a8b1271409a6e
