[INFO] cloning repository https://github.com/Putnam3145/auxcleanup
[INFO] running `Command { std: "git" "-c" "credential.helper=" "-c" "credential.helper=/workspace/cargo-home/bin/git-credential-null" "clone" "--bare" "https://github.com/Putnam3145/auxcleanup" "/workspace/cache/git-repos/https%3A%2F%2Fgithub.com%2FPutnam3145%2Fauxcleanup", kill_on_drop: false }`
[INFO] [stderr] Cloning into bare repository '/workspace/cache/git-repos/https%3A%2F%2Fgithub.com%2FPutnam3145%2Fauxcleanup'...
[INFO] running `Command { std: "git" "rev-parse" "HEAD", kill_on_drop: false }`
[INFO] [stdout] 28654b8f924359b9852dce01720d5a9323abd6f9
[INFO] documenting Putnam3145/auxcleanup against 1.69.0 for beta-1.70-rustdoc-1
[INFO] running `Command { std: "git" "clone" "/workspace/cache/git-repos/https%3A%2F%2Fgithub.com%2FPutnam3145%2Fauxcleanup" "/workspace/builds/worker-6-tc1/source", kill_on_drop: false }`
[INFO] [stderr] Cloning into '/workspace/builds/worker-6-tc1/source'...
[INFO] [stderr] done.
[INFO] validating manifest of git repo https://github.com/Putnam3145/auxcleanup on toolchain 1.69.0
[INFO] running `Command { std: CARGO_HOME="/workspace/cargo-home" RUSTUP_HOME="/workspace/rustup-home" "/workspace/cargo-home/bin/cargo" "+1.69.0" "metadata" "--manifest-path" "Cargo.toml" "--no-deps", kill_on_drop: false }`
[INFO] started tweaking git repo https://github.com/Putnam3145/auxcleanup
[INFO] finished tweaking git repo https://github.com/Putnam3145/auxcleanup
[INFO] tweaked toml for git repo https://github.com/Putnam3145/auxcleanup written to /workspace/builds/worker-6-tc1/source/Cargo.toml
[INFO] crate git repo https://github.com/Putnam3145/auxcleanup already has a lockfile, it will not be regenerated
[INFO] running `Command { std: CARGO_HOME="/workspace/cargo-home" RUSTUP_HOME="/workspace/rustup-home" "/workspace/cargo-home/bin/cargo" "+1.69.0" "fetch" "--manifest-path" "Cargo.toml", kill_on_drop: false }`
[INFO] [stderr]     Blocking waiting for file lock on package cache
[INFO] [stderr]     Updating git repository `https://github.com/willox/auxtools`
[INFO] [stderr]  Downloading crates ...
[INFO] [stderr]   Downloaded slice-pool v0.4.1
[INFO] [stderr]   Downloaded detour v0.7.1
[INFO] [stderr]   Downloaded mmap-fixed v0.1.5
[INFO] [stderr]   Downloaded libudis86-sys v0.2.1
[INFO] [stderr]   Downloaded ctor v0.1.22
[INFO] [stderr]   Downloaded detour v0.8.1
[INFO] [stderr]   Downloaded generic-array v0.13.3
[INFO] [stderr]   Downloaded ghost v0.1.4
[INFO] [stderr]   Downloaded inventory-impl v0.1.11
[INFO] [stderr]   Downloaded inventory v0.1.11
[INFO] running `Command { std: "docker" "create" "-v" "/var/lib/crater-agent-workspace/builds/worker-6-tc1/target:/opt/rustwide/target:rw,Z" "-v" "/var/lib/crater-agent-workspace/builds/worker-6-tc1/source:/opt/rustwide/workdir:ro,Z" "-v" "/var/lib/crater-agent-workspace/cargo-home:/opt/rustwide/cargo-home:ro,Z" "-v" "/var/lib/crater-agent-workspace/rustup-home:/opt/rustwide/rustup-home:ro,Z" "-e" "SOURCE_DIR=/opt/rustwide/workdir" "-e" "CARGO_TARGET_DIR=/opt/rustwide/target" "-e" "CARGO_HOME=/opt/rustwide/cargo-home" "-e" "RUSTUP_HOME=/opt/rustwide/rustup-home" "-w" "/opt/rustwide/workdir" "-m" "1610612736" "--user" "0:0" "--network" "none" "ghcr.io/rust-lang/crates-build-env/linux@sha256:5ff2268d62e97bff2cde7d5815dd6ed5b47097566f13b8d0ca110b04b60e07ed" "/opt/rustwide/cargo-home/bin/cargo" "+1.69.0" "metadata" "--no-deps" "--format-version=1", kill_on_drop: false }`
[INFO] [stdout] ff6c53b0e56418a8276e82640823af564aa6ac60cc02d2e1c9767db71c18016f
[INFO] running `Command { std: "docker" "start" "-a" "ff6c53b0e56418a8276e82640823af564aa6ac60cc02d2e1c9767db71c18016f", kill_on_drop: false }`
[INFO] running `Command { std: "docker" "inspect" "ff6c53b0e56418a8276e82640823af564aa6ac60cc02d2e1c9767db71c18016f", kill_on_drop: false }`
[INFO] running `Command { std: "docker" "rm" "-f" "ff6c53b0e56418a8276e82640823af564aa6ac60cc02d2e1c9767db71c18016f", kill_on_drop: false }`
[INFO] [stdout] ff6c53b0e56418a8276e82640823af564aa6ac60cc02d2e1c9767db71c18016f
[INFO] running `Command { std: "docker" "create" "-v" "/var/lib/crater-agent-workspace/builds/worker-6-tc1/target:/opt/rustwide/target:rw,Z" "-v" "/var/lib/crater-agent-workspace/builds/worker-6-tc1/source:/opt/rustwide/workdir:ro,Z" "-v" "/var/lib/crater-agent-workspace/cargo-home:/opt/rustwide/cargo-home:ro,Z" "-v" "/var/lib/crater-agent-workspace/rustup-home:/opt/rustwide/rustup-home:ro,Z" "-e" "SOURCE_DIR=/opt/rustwide/workdir" "-e" "CARGO_TARGET_DIR=/opt/rustwide/target" "-e" "CARGO_INCREMENTAL=0" "-e" "RUST_BACKTRACE=full" "-e" "RUSTFLAGS=--cap-lints=warn" "-e" "RUSTDOCFLAGS=--cap-lints=warn" "-e" "CARGO_HOME=/opt/rustwide/cargo-home" "-e" "RUSTUP_HOME=/opt/rustwide/rustup-home" "-w" "/opt/rustwide/workdir" "-m" "1610612736" "--user" "0:0" "--network" "none" "ghcr.io/rust-lang/crates-build-env/linux@sha256:5ff2268d62e97bff2cde7d5815dd6ed5b47097566f13b8d0ca110b04b60e07ed" "/opt/rustwide/cargo-home/bin/cargo" "+1.69.0" "doc" "--frozen" "--no-deps" "--document-private-items" "--message-format=json", kill_on_drop: false }`
[INFO] [stdout] 1d59607b24996349881be41284161d32a16234993e40e9d8d7de1a3da9ad18f0
[INFO] running `Command { std: "docker" "start" "-a" "1d59607b24996349881be41284161d32a16234993e40e9d8d7de1a3da9ad18f0", kill_on_drop: false }`
[INFO] [stderr]    Compiling proc-macro2 v1.0.37
[INFO] [stderr]    Compiling syn v1.0.92
[INFO] [stderr]    Compiling libc v0.2.125
[INFO] [stderr]    Compiling typenum v1.15.0
[INFO] [stderr]    Compiling inventory v0.1.11
[INFO] [stderr]     Checking slice-pool v0.4.1
[INFO] [stderr]     Checking unicode-xid v0.2.3
[INFO] [stderr]    Compiling hex v0.4.3
[INFO] [stderr]    Compiling libudis86-sys v0.2.1
[INFO] [stderr]    Compiling generic-array v0.14.5
[INFO] [stderr]    Compiling ahash v0.7.6
[INFO] [stderr]    Compiling auxtools v0.1.0 (https://github.com/willox/auxtools#07523bf8)
[INFO] [stderr]     Checking fxhash v0.2.1
[INFO] [stderr]     Checking quote v1.0.18
[INFO] [stderr]     Checking mmap-fixed v0.1.5
[INFO] [stderr]     Checking region v2.2.0
[INFO] [stderr]     Checking getrandom v0.2.6
[INFO] [stderr]     Checking generic-array v0.13.3
[INFO] [stderr]     Checking detour v0.7.1
[INFO] [stderr]     Checking detour v0.8.1
[INFO] [stderr]    Compiling inventory-impl v0.1.11
[INFO] [stderr]    Compiling ctor v0.1.22
[INFO] [stderr]    Compiling ghost v0.1.4
[INFO] [stderr]    Compiling auxtools-impl v0.1.0 (https://github.com/willox/auxtools#07523bf8)
[INFO] [stderr]    Compiling auxcleanup-impl v0.1.0 (/opt/rustwide/workdir/auxcleanup-impl)
[INFO] [stdout] error[E0308]: mismatched types
[INFO] [stdout]   --> /opt/rustwide/cargo-home/git/checkouts/auxtools-4b5993c84b29485c/07523bf/auxtools/src/sigscan/linux.rs:30:39
[INFO] [stdout]    |
[INFO] [stdout] 30 |         unsafe { std::slice::from_raw_parts(info.dlpi_phdr, info.dlpi_phnum as usize) };
[INFO] [stdout]    |                  -------------------------- ^^^^^^^^^^^^^^ expected `*const Elf32_Phdr`, found `*const Elf64_Phdr`
[INFO] [stdout]    |                  |
[INFO] [stdout]    |                  arguments to this function are incorrect
[INFO] [stdout]    |
[INFO] [stdout]    = note: expected raw pointer `*const Elf32_Phdr`
[INFO] [stdout]               found raw pointer `*const Elf64_Phdr`
[INFO] [stdout] note: function defined here
[INFO] [stdout]   --> /rustc/84c898d65adf2f39a5a98507f1fe0ce10a2b8dbc/library/core/src/slice/raw.rs:92:21
[INFO] [stdout] 
[INFO] [stdout] 
[INFO] [stdout] error[E0308]: mismatched types
[INFO] [stdout]   --> /opt/rustwide/cargo-home/git/checkouts/auxtools-4b5993c84b29485c/07523bf/auxtools/src/sigscan/linux.rs:37:32
[INFO] [stdout]    |
[INFO] [stdout] 37 |     let start = (info.dlpi_addr + elf_header.p_vaddr) as usize;
[INFO] [stdout]    |                                   ^^^^^^^^^^^^^^^^^^ expected `u64`, found `u32`
[INFO] [stdout] 
[INFO] [stdout] 
[INFO] [stdout] error[E0277]: cannot add `u32` to `u64`
[INFO] [stdout]   --> /opt/rustwide/cargo-home/git/checkouts/auxtools-4b5993c84b29485c/07523bf/auxtools/src/sigscan/linux.rs:37:30
[INFO] [stdout]    |
[INFO] [stdout] 37 |     let start = (info.dlpi_addr + elf_header.p_vaddr) as usize;
[INFO] [stdout]    |                                 ^ no implementation for `u64 + u32`
[INFO] [stdout]    |
[INFO] [stdout]    = help: the trait `Add<u32>` is not implemented for `u64`
[INFO] [stdout]    = help: the following other types implement trait `Add<Rhs>`:
[INFO] [stdout]              <&'a u64 as Add<u64>>
[INFO] [stdout]              <&u64 as Add<&u64>>
[INFO] [stdout]              <u64 as Add<&u64>>
[INFO] [stdout]              <u64 as Add>
[INFO] [stdout] 
[INFO] [stdout] 
[INFO] [stdout] error: aborting due to 3 previous errors
[INFO] [stdout] 
[INFO] [stdout] 
[INFO] [stdout] Some errors have detailed explanations: E0277, E0308.
[INFO] [stdout] 
[INFO] [stdout] For more information about an error, try `rustc --explain E0277`.
[INFO] [stdout] 
[INFO] [stderr] error: could not compile `auxtools` due to 4 previous errors
[INFO] [stderr] warning: build failed, waiting for other jobs to finish...
[INFO] running `Command { std: "docker" "inspect" "1d59607b24996349881be41284161d32a16234993e40e9d8d7de1a3da9ad18f0", kill_on_drop: false }`
[INFO] running `Command { std: "docker" "rm" "-f" "1d59607b24996349881be41284161d32a16234993e40e9d8d7de1a3da9ad18f0", kill_on_drop: false }`
[INFO] [stdout] 1d59607b24996349881be41284161d32a16234993e40e9d8d7de1a3da9ad18f0
