[INFO] cloning repository https://github.com/PrimaBlock/parables
[INFO] running `Command { std: "git" "-c" "credential.helper=" "-c" "credential.helper=/workspace/cargo-home/bin/git-credential-null" "clone" "--bare" "https://github.com/PrimaBlock/parables" "/workspace/cache/git-repos/https%3A%2F%2Fgithub.com%2FPrimaBlock%2Fparables", kill_on_drop: false }`
[INFO] [stderr] Cloning into bare repository '/workspace/cache/git-repos/https%3A%2F%2Fgithub.com%2FPrimaBlock%2Fparables'...
[INFO] running `Command { std: "git" "rev-parse" "HEAD", kill_on_drop: false }`
[INFO] [stdout] 5fab4e517cda68028df8a882d8a08f6efe84f02e
[INFO] documenting PrimaBlock/parables against 1.69.0 for beta-1.70-rustdoc-1
[INFO] running `Command { std: "git" "clone" "/workspace/cache/git-repos/https%3A%2F%2Fgithub.com%2FPrimaBlock%2Fparables" "/workspace/builds/worker-7-tc1/source", kill_on_drop: false }`
[INFO] [stderr] Cloning into '/workspace/builds/worker-7-tc1/source'...
[INFO] [stderr] done.
[INFO] validating manifest of git repo https://github.com/PrimaBlock/parables on toolchain 1.69.0
[INFO] running `Command { std: CARGO_HOME="/workspace/cargo-home" RUSTUP_HOME="/workspace/rustup-home" "/workspace/cargo-home/bin/cargo" "+1.69.0" "metadata" "--manifest-path" "Cargo.toml" "--no-deps", kill_on_drop: false }`
[INFO] started tweaking git repo https://github.com/PrimaBlock/parables
[INFO] finished tweaking git repo https://github.com/PrimaBlock/parables
[INFO] tweaked toml for git repo https://github.com/PrimaBlock/parables written to /workspace/builds/worker-7-tc1/source/Cargo.toml
[INFO] crate git repo https://github.com/PrimaBlock/parables already has a lockfile, it will not be regenerated
[INFO] running `Command { std: CARGO_HOME="/workspace/cargo-home" RUSTUP_HOME="/workspace/rustup-home" "/workspace/cargo-home/bin/cargo" "+1.69.0" "fetch" "--manifest-path" "Cargo.toml", kill_on_drop: false }`
[INFO] [stderr]     Updating git repository `https://github.com/paritytech/rust-secp256k1`
[INFO] [stderr]     Updating git repository `https://github.com/primablock/ethabi.git`
[INFO] [stderr]     Updating git repository `https://github.com/paritytech/parity-ethereum.git`
[INFO] [stderr]     Updating git submodule `https://github.com/ethereum/tests.git`
[INFO] [stderr]     Updating git submodule `https://github.com/paritytech/wasm-tests`
[INFO] [stderr]     Updating git repository `https://github.com/primablock/proptest.git`
[INFO] [stderr]     Updating git repository `https://github.com/paritytech/bn`
[INFO] [stderr]     Updating git repository `https://github.com/paritytech/hidapi-rs`
[INFO] [stderr]     Updating git submodule `https://github.com/paritytech/hidapi.git`
[INFO] [stderr]     Updating git repository `https://github.com/paritytech/libusb-rs`
[INFO] [stderr]     Updating git repository `https://github.com/paritytech/trezor-sys`
[INFO] [stderr]     Updating git repository `https://github.com/paritytech/app-dirs-rs`
[INFO] [stderr]     Updating git repository `https://github.com/paritytech/libusb-sys`
[INFO] [stderr]     Blocking waiting for file lock on package cache
[INFO] [stderr]  Downloading crates ...
[INFO] [stderr]   Downloaded keccak-hash v0.1.2
[INFO] [stderr]   Downloaded cmake v0.1.35
[INFO] [stderr]   Downloaded bit-vec v0.5.0
[INFO] [stderr]   Downloaded log v0.4.5
[INFO] [stderr]   Downloaded getopts v0.2.18
[INFO] [stderr]   Downloaded untrusted v0.5.1
[INFO] [stderr]   Downloaded parity-crypto v0.1.0
[INFO] [stderr]   Downloaded primal v0.2.3
[INFO] [stderr]   Downloaded patricia-trie v0.2.2
[INFO] [stderr]   Downloaded interleaved-ordered v0.1.1
[INFO] [stderr]   Downloaded triehash v0.2.3
[INFO] [stderr]   Downloaded smallvec v0.6.5
[INFO] [stderr]   Downloaded proc-macro2 v0.4.20
[INFO] [stderr]   Downloaded kvdb-rocksdb v0.1.4
[INFO] [stderr]   Downloaded primal-bit v0.2.4
[INFO] [stderr]   Downloaded primal-estimate v0.2.1
[INFO] [stderr]   Downloaded fixed-hash v0.2.2
[INFO] [stderr]   Downloaded uint v0.4.1
[INFO] [stderr]   Downloaded nan-preserving-float v0.1.0
[INFO] [stderr]   Downloaded parity-bytes v0.1.0
[INFO] [stderr]   Downloaded primal-check v0.2.3
[INFO] [stderr]   Downloaded memorydb v0.2.1
[INFO] [stderr]   Downloaded siphasher v0.1.3
[INFO] [stderr]   Downloaded kvdb v0.1.0
[INFO] [stderr]   Downloaded transaction-pool v1.13.3
[INFO] [stderr]   Downloaded crossbeam v0.3.2
[INFO] [stderr]   Downloaded ethabi-derive v6.0.2
[INFO] [stderr]   Downloaded edit-distance v2.0.1
[INFO] [stderr]   Downloaded elastic-array v0.10.0
[INFO] [stderr]   Downloaded rlp v0.2.4
[INFO] [stderr]   Downloaded byteorder v1.2.6
[INFO] [stderr]   Downloaded aho-corasick v0.6.8
[INFO] [stderr]   Downloaded memchr v2.1.0
[INFO] [stderr]   Downloaded lock_api v0.1.4
[INFO] [stderr]   Downloaded ethabi v6.0.1
[INFO] [stderr]   Downloaded ethabi-contract v6.0.0
[INFO] [stderr]   Downloaded ethereum-types v0.4.0
[INFO] [stderr]   Downloaded trace-time v0.1.1
[INFO] [stderr]   Downloaded failure_derive v0.1.2
[INFO] [stderr]   Downloaded bit-set v0.5.0
[INFO] [stderr]   Downloaded failure v0.1.2
[INFO] [stderr]   Downloaded skeptic v0.4.0
[INFO] [stderr]   Downloaded primal-sieve v0.2.9
[INFO] [stderr]   Downloaded wasmi v0.3.0
[INFO] [stderr]   Downloaded rusty-fork v0.2.1
[INFO] [stderr]   Downloaded home v0.3.3
[INFO] [stderr]   Downloaded utf8-ranges v1.0.1
[INFO] [stderr]   Downloaded kvdb-memorydb v0.1.0
[INFO] [stderr]   Downloaded isatty v0.1.9
[INFO] [stderr]   Downloaded pretty_env_logger v0.2.4
[INFO] [stderr]   Downloaded hashdb v0.2.1
[INFO] [stderr]   Downloaded rustc-hex v1.0.0
[INFO] [stderr]   Downloaded tiny-keccak v1.4.2
[INFO] [stderr]   Downloaded wait-timeout v0.1.5
[INFO] [stderr]   Downloaded parity-rocksdb v0.5.0
[INFO] [stderr]   Downloaded parity-snappy v0.1.0
[INFO] [stderr]   Downloaded serde_json v1.0.32
[INFO] [stderr]   Downloaded local-encoding v0.2.0
[INFO] [stderr]   Downloaded ethereum-types-serialize v0.2.1
[INFO] [stderr]   Downloaded crossbeam-deque v0.6.1
[INFO] [stderr]   Downloaded tempfile v3.0.4
[INFO] [stderr]   Downloaded pwasm-utils v0.2.2
[INFO] [stderr]   Downloaded syn v0.15.9
[INFO] [stderr]   Downloaded rayon v0.8.2
[INFO] [stderr]   Downloaded ryu v0.2.6
[INFO] [stderr]   Downloaded protobuf v1.7.4
[INFO] [stderr]   Downloaded futures v0.1.24
[INFO] [stderr]   Downloaded regex v1.0.5
[INFO] [stderr]   Downloaded plain_hasher v0.2.0
[INFO] [stderr]   Downloaded parity-snappy-sys v0.1.1
[INFO] [stderr]   Downloaded synstructure v0.9.0
[INFO] [stderr]   Downloaded ethbloom v0.5.0
[INFO] [stderr]   Downloaded pulldown-cmark v0.0.3
[INFO] [stderr]   Downloaded parity-wordlist v1.2.1
[INFO] [stderr]   Downloaded crunchy v0.2.1
[INFO] [stderr]   Downloaded heck v0.3.0
[INFO] [stderr]   Downloaded rayon v1.0.2
[INFO] [stderr]   Downloaded ring v0.12.1
[INFO] [stderr]   Downloaded parity-rocksdb-sys v0.5.2
[INFO] running `Command { std: "docker" "create" "-v" "/var/lib/crater-agent-workspace/builds/worker-7-tc1/target:/opt/rustwide/target:rw,Z" "-v" "/var/lib/crater-agent-workspace/builds/worker-7-tc1/source:/opt/rustwide/workdir:ro,Z" "-v" "/var/lib/crater-agent-workspace/cargo-home:/opt/rustwide/cargo-home:ro,Z" "-v" "/var/lib/crater-agent-workspace/rustup-home:/opt/rustwide/rustup-home:ro,Z" "-e" "SOURCE_DIR=/opt/rustwide/workdir" "-e" "CARGO_TARGET_DIR=/opt/rustwide/target" "-e" "CARGO_HOME=/opt/rustwide/cargo-home" "-e" "RUSTUP_HOME=/opt/rustwide/rustup-home" "-w" "/opt/rustwide/workdir" "-m" "1610612736" "--user" "0:0" "--network" "none" "ghcr.io/rust-lang/crates-build-env/linux@sha256:5ff2268d62e97bff2cde7d5815dd6ed5b47097566f13b8d0ca110b04b60e07ed" "/opt/rustwide/cargo-home/bin/cargo" "+1.69.0" "metadata" "--no-deps" "--format-version=1", kill_on_drop: false }`
[INFO] [stdout] 02149c758b3176f98e85460ba45703b9e114d151ed7491a44804e4984a5bd26b
[INFO] running `Command { std: "docker" "start" "-a" "02149c758b3176f98e85460ba45703b9e114d151ed7491a44804e4984a5bd26b", kill_on_drop: false }`
[INFO] running `Command { std: "docker" "inspect" "02149c758b3176f98e85460ba45703b9e114d151ed7491a44804e4984a5bd26b", kill_on_drop: false }`
[INFO] running `Command { std: "docker" "rm" "-f" "02149c758b3176f98e85460ba45703b9e114d151ed7491a44804e4984a5bd26b", kill_on_drop: false }`
[INFO] [stdout] 02149c758b3176f98e85460ba45703b9e114d151ed7491a44804e4984a5bd26b
[INFO] running `Command { std: "docker" "create" "-v" "/var/lib/crater-agent-workspace/builds/worker-7-tc1/target:/opt/rustwide/target:rw,Z" "-v" "/var/lib/crater-agent-workspace/builds/worker-7-tc1/source:/opt/rustwide/workdir:ro,Z" "-v" "/var/lib/crater-agent-workspace/cargo-home:/opt/rustwide/cargo-home:ro,Z" "-v" "/var/lib/crater-agent-workspace/rustup-home:/opt/rustwide/rustup-home:ro,Z" "-e" "SOURCE_DIR=/opt/rustwide/workdir" "-e" "CARGO_TARGET_DIR=/opt/rustwide/target" "-e" "CARGO_INCREMENTAL=0" "-e" "RUST_BACKTRACE=full" "-e" "RUSTFLAGS=--cap-lints=warn" "-e" "RUSTDOCFLAGS=--cap-lints=warn" "-e" "CARGO_HOME=/opt/rustwide/cargo-home" "-e" "RUSTUP_HOME=/opt/rustwide/rustup-home" "-w" "/opt/rustwide/workdir" "-m" "1610612736" "--user" "0:0" "--network" "none" "ghcr.io/rust-lang/crates-build-env/linux@sha256:5ff2268d62e97bff2cde7d5815dd6ed5b47097566f13b8d0ca110b04b60e07ed" "/opt/rustwide/cargo-home/bin/cargo" "+1.69.0" "doc" "--frozen" "--no-deps" "--document-private-items" "--message-format=json", kill_on_drop: false }`
[INFO] [stdout] 24beb51a6791e0fc473c4691f01a1f8969ea5663233f2a4be55197da6ddc0ed6
[INFO] running `Command { std: "docker" "start" "-a" "24beb51a6791e0fc473c4691f01a1f8969ea5663233f2a4be55197da6ddc0ed6", kill_on_drop: false }`
[INFO] [stderr]     Checking libc v0.2.43
[INFO] [stderr]    Compiling heapsize v0.4.2
[INFO] [stderr]     Checking cfg-if v0.1.5
[INFO] [stderr]    Compiling crunchy v0.1.6
[INFO] [stderr]    Compiling cc v1.0.25
[INFO] [stderr]    Compiling serde v1.0.79
[INFO] [stderr]     Checking byteorder v1.2.6
[INFO] [stderr]     Checking rustc-hex v1.0.0
[INFO] [stderr]    Compiling proc-macro2 v0.4.20
[INFO] [stderr]     Checking rustc-hex v2.0.1
[INFO] [stderr]     Checking rand_core v0.3.0
[INFO] [stderr]     Checking scopeguard v0.3.3
[INFO] [stderr]     Checking void v1.0.2
[INFO] [stderr]    Compiling lazy_static v1.1.0
[INFO] [stderr]    Compiling ryu v0.2.6
[INFO] [stderr]     Checking log v0.4.5
[INFO] [stderr]     Checking unreachable v1.0.0
[INFO] [stderr]     Checking rand_core v0.2.2
[INFO] [stderr]     Checking nodrop v0.1.12
[INFO] [stderr]    Compiling parking_lot_core v0.3.1
[INFO] [stderr]    Compiling rayon-core v1.4.1
[INFO] [stderr]     Checking stable_deref_trait v1.1.1
[INFO] [stderr]     Checking smallvec v0.6.5
[INFO] [stderr]     Checking quick-error v1.2.2
[INFO] [stderr]    Compiling num-traits v0.2.6
[INFO] [stderr]     Checking arrayvec v0.4.7
[INFO] [stderr]     Checking owning_ref v0.3.3
[INFO] [stderr]     Checking lock_api v0.1.4
[INFO] [stderr]     Checking parity-bytes v0.1.0
[INFO] [stderr]     Checking tiny-keccak v1.4.2
[INFO] [stderr]     Checking plain_hasher v0.2.0
[INFO] [stderr]    Compiling crossbeam-utils v0.2.2
[INFO] [stderr]    Compiling memoffset v0.2.1
[INFO] [stderr]    Compiling gcc v0.3.54
[INFO] [stderr]    Compiling rand v0.4.3
[INFO] [stderr]     Checking rand v0.5.5
[INFO] [stderr]     Checking uint v0.4.1
[INFO] [stderr]     Checking elastic-array v0.10.0
[INFO] [stderr]     Checking time v0.1.40
[INFO] [stderr]     Checking itoa v0.4.3
[INFO] [stderr]     Checking ucd-util v0.1.1
[INFO] [stderr]    Compiling num_cpus v1.8.0
[INFO] [stderr]    Compiling crossbeam-epoch v0.3.1
[INFO] [stderr]     Checking either v1.5.0
[INFO] [stderr]    Compiling num-integer v0.1.39
[INFO] [stderr]    Compiling quote v0.6.8
[INFO] [stderr]    Compiling memchr v2.1.0
[INFO] [stderr]     Checking rustc-demangle v0.1.9
[INFO] [stderr]    Compiling syn v0.15.9
[INFO] [stderr]     Checking hashdb v0.2.1
[INFO] [stderr]    Compiling cmake v0.1.35
[INFO] [stderr]    Compiling crossbeam-deque v0.2.0
[INFO] [stderr]    Compiling unicode-width v0.1.5
[INFO] [stderr]     Checking rustc-serialize v0.3.24
[INFO] [stderr]     Checking regex-syntax v0.6.2
[INFO] [stderr]    Compiling rust-crypto v0.2.36
[INFO] [stderr]     Checking fixed-hash v0.2.2
[INFO] [stderr]    Compiling getopts v0.2.18
[INFO] [stderr]    Compiling backtrace-sys v0.1.24
[INFO] [stderr]     Checking log v0.3.9
[INFO] [stderr]    Compiling remove_dir_all v0.5.1
[INFO] [stderr]    Compiling tempdir v0.3.7
[INFO] [stderr]    Compiling parity-snappy-sys v0.1.1
[INFO] [stderr]    Compiling eth-secp256k1 v0.5.7 (https://github.com/paritytech/rust-secp256k1#db81cfea)
[INFO] [stderr]     Checking rand v0.3.22
[INFO] [stderr]    Compiling pulldown-cmark v0.0.3
[INFO] [stderr]     Checking aho-corasick v0.6.8
[INFO] [stderr]     Checking thread_local v0.3.6
[INFO] [stderr]    Compiling rayon v0.8.2
[INFO] [stderr]     Checking parking_lot v0.6.4
[INFO] [stderr]     Checking utf8-ranges v1.0.1
[INFO] [stderr]     Checking untrusted v0.5.1
[INFO] [stderr]     Checking lazy_static v0.2.11
[INFO] [stderr]     Checking patricia-trie v0.2.2
[INFO] [stderr]     Checking itertools v0.5.10
[INFO] [stderr]    Compiling skeptic v0.4.0
[INFO] [stderr]    Compiling regex v1.0.5
[INFO] [stderr]     Checking bit-vec v0.4.4
[INFO] [stderr]    Compiling local-encoding v0.2.0
[INFO] [stderr]    Compiling backtrace v0.3.9
[INFO] [stderr]     Checking bit-set v0.4.0
[INFO] [stderr]     Checking kvdb v0.1.0
[INFO] [stderr]     Checking error-chain v0.12.0
[INFO] [stderr]    Compiling regex v0.2.11
[INFO] [stderr]     Checking parity-wordlist v1.2.1
[INFO] [stderr]     Checking edit-distance v2.0.1
[INFO] [stderr]    Compiling ring v0.12.1
[INFO] [stderr]     Checking mem v0.1.0 (https://github.com/paritytech/parity-ethereum.git#dc14cce7)
[INFO] [stderr]     Checking linked-hash-map v0.4.2
[INFO] [stderr]    Compiling parity-rocksdb-sys v0.5.2
[INFO] [stderr]    Compiling libusb-sys v0.2.4 (https://github.com/paritytech/libusb-sys#14bdb698)
[INFO] [stderr]    Compiling syn v0.14.9
[INFO] [stderr]     Checking lru-cache v0.1.1
[INFO] [stderr]     Checking regex-syntax v0.5.6
[INFO] [stderr]     Checking atty v0.2.11
[INFO] [stderr]     Checking humantime v1.1.1
[INFO] [stderr]    Compiling protobuf v1.7.4
[INFO] [stderr]    Compiling rayon v1.0.2
[INFO] [stderr]    Compiling failure_derive v0.1.2
[INFO] [stderr]     Checking termcolor v1.0.4
[INFO] [stderr]     Checking hamming v0.1.3
[INFO] [stderr]     Checking ethereum-types-serialize v0.2.1
[INFO] [stderr]     Checking serde_json v1.0.32
[INFO] [stderr]     Checking primal-bit v0.2.4
[INFO] [stderr]     Checking env_logger v0.5.13
[INFO] [stderr]     Checking ethbloom v0.5.0
[INFO] [stderr]     Checking memory-cache v0.1.0 (https://github.com/paritytech/parity-ethereum.git#dc14cce7)
[INFO] [stderr]     Checking tempfile v3.0.4
[INFO] [stderr]    Compiling serde_derive v1.0.79
[INFO] [stderr]     Checking ethereum-types v0.4.0
[INFO] [stderr]    Compiling rlp_derive v0.1.0 (https://github.com/paritytech/parity-ethereum.git#dc14cce7)
[INFO] [stderr]    Compiling hidapi v0.3.1 (https://github.com/paritytech/hidapi-rs#d4d32376)
[INFO] [stderr]     Checking wait-timeout v0.1.5
[INFO] [stderr]     Checking parity-wasm v0.31.3
[INFO] [stderr]    Compiling unicode-segmentation v1.2.1
[INFO] [stderr]    Compiling crunchy v0.2.1
[INFO] [stderr]     Checking xdg v2.1.0
[INFO] [stderr]     Checking bit-vec v0.5.0
[INFO] [stderr]    Compiling num-iter v0.1.37
[INFO] [stderr]     Checking primal-estimate v0.2.1
[INFO] [stderr]     Checking ansi_term v0.10.2
[INFO] [stderr]     Checking crossbeam-utils v0.5.0
[INFO] [stderr]     Checking primal-sieve v0.2.9
[INFO] [stderr]     Checking bit-set v0.5.0
[INFO] [stderr]     Checking app_dirs v1.2.1 (https://github.com/paritytech/app-dirs-rs#0b37f948)
[INFO] [stderr]    Compiling heck v0.3.0
[INFO] [stderr]     Checking crossbeam-epoch v0.5.2
[INFO] [stderr]     Checking rusty-fork v0.2.1
[INFO] [stderr]     Checking primal-check v0.2.3
[INFO] [stderr]     Checking chrono v0.4.6
[INFO] [stderr]     Checking trace-time v0.1.1
[INFO] [stderr]     Checking rlp v0.2.4
[INFO] [stderr]     Checking keccak-hasher v0.1.1 (https://github.com/paritytech/parity-ethereum.git#dc14cce7)
[INFO] [stderr]     Checking keccak-hash v0.1.2
[INFO] [stderr]     Checking fastmap v0.1.0 (https://github.com/paritytech/parity-ethereum.git#dc14cce7)
[INFO] [stderr]    Compiling proc-macro2 v0.3.8
[INFO] [stderr]     Checking futures v0.1.24
[INFO] [stderr]     Checking semver-parser v0.7.0
[INFO] [stderr]     Checking patricia-trie-ethereum v0.1.0 (https://github.com/paritytech/parity-ethereum.git#dc14cce7)
[INFO] [stderr]     Checking memorydb v0.2.1
[INFO] [stderr]     Checking memory_units v0.3.0
[INFO] [stderr]     Checking parity-crypto v0.1.0
[INFO] [stderr]     Checking bitflags v1.0.4
[INFO] [stderr]     Checking home v0.3.3
[INFO] [stderr]     Checking journaldb v0.2.0 (https://github.com/paritytech/parity-ethereum.git#dc14cce7)
[INFO] [stderr]     Checking unexpected v0.1.0 (https://github.com/paritytech/parity-ethereum.git#dc14cce7)
[INFO] [stderr]     Checking nan-preserving-float v0.1.0
[INFO] [stderr]     Checking proptest v0.8.3 (https://github.com/primablock/proptest.git#c42f66de)
[INFO] [stderr]     Checking timer v0.2.0
[INFO] [stderr]     Checking semver v0.9.0
[INFO] [stderr]     Checking wasmi v0.3.0
[INFO] [stderr]    Compiling quote v0.5.2
[INFO] [stderr]     Checking triehash v0.2.3
[INFO] [stderr]     Checking dir v0.1.2 (https://github.com/paritytech/parity-ethereum.git#dc14cce7)
[INFO] [stderr]     Checking primal v0.2.3
[INFO] [stderr]     Checking pwasm-utils v0.2.2
[INFO] [stderr]    Compiling synstructure v0.9.0
[INFO] [stderr]     Checking futures-cpupool v0.1.8
[INFO] [stderr]     Checking transaction-pool v1.13.3
[INFO] [stderr]     Checking crossbeam-deque v0.6.1
[INFO] [stderr]     Checking libusb v0.3.0 (https://github.com/paritytech/libusb-rs#44270895)
[INFO] [stderr]     Checking ethcore-logger v1.12.0 (https://github.com/paritytech/parity-ethereum.git#dc14cce7)
[INFO] [stderr]     Checking num-bigint v0.1.44
[INFO] [stderr]     Checking memmap v0.6.2
[INFO] [stderr]     Checking fs-swap v0.2.4
[INFO] [stderr]     Checking isatty v0.1.9
[INFO] [stderr]     Checking term v0.5.1
[INFO] [stderr]     Checking siphasher v0.1.3
[INFO] [stderr]     Checking linked-hash-map v0.5.1
[INFO] [stderr]     Checking slab v0.4.1
[INFO] [stderr]     Checking interleaved-ordered v0.1.1
[INFO] [stderr]     Checking parity-snappy v0.1.0
[INFO] [stderr]     Checking ethcore-io v1.12.0 (https://github.com/paritytech/parity-ethereum.git#dc14cce7)
[INFO] [stderr]     Checking ethash v1.12.0 (https://github.com/paritytech/parity-ethereum.git#dc14cce7)
[INFO] [stderr]     Checking bn v0.4.4 (https://github.com/paritytech/bn#2a71dbde)
[INFO] [stderr]     Checking ethcore-bloom-journal v0.1.0 (https://github.com/paritytech/parity-ethereum.git#dc14cce7)
[INFO] [stderr]     Checking triehash-ethereum v0.2.0 (https://github.com/paritytech/parity-ethereum.git#dc14cce7)
[INFO] [stderr]    Compiling syn v0.13.11
[INFO] [stderr]     Checking rlp_compress v0.1.0 (https://github.com/paritytech/parity-ethereum.git#dc14cce7)
[INFO] [stderr]     Checking parity-machine v0.1.0 (https://github.com/paritytech/parity-ethereum.git#dc14cce7)
[INFO] [stderr]     Checking blooms-db v0.1.0 (https://github.com/paritytech/parity-ethereum.git#dc14cce7)
[INFO] [stderr]     Checking kvdb-memorydb v0.1.0
[INFO] [stderr]     Checking stats v0.1.0 (https://github.com/paritytech/parity-ethereum.git#dc14cce7)
[INFO] [stderr]     Checking crossbeam v0.3.2
[INFO] [stderr]     Checking macros v0.1.0 (https://github.com/paritytech/parity-ethereum.git#dc14cce7)
[INFO] [stderr]     Checking ethabi-contract v6.0.0
[INFO] [stderr]     Checking using_queue v0.1.0 (https://github.com/paritytech/parity-ethereum.git#dc14cce7)
[INFO] [stderr]     Checking unicode-xid v0.1.0
[INFO] [stderr]     Checking stop-guard v0.1.0 (https://github.com/paritytech/parity-ethereum.git#dc14cce7)
[INFO] [stderr]    Compiling parables-example v0.1.0 (/opt/rustwide/workdir/example)
[INFO] [stderr]     Checking pretty_env_logger v0.2.4
[INFO] [stderr]     Checking num v0.1.42
[INFO] [stderr]     Checking failure v0.1.2
[INFO] [stderr]     Checking ethjson v0.1.0 (https://github.com/paritytech/parity-ethereum.git#dc14cce7)
[INFO] [stderr]     Checking ethkey v0.3.0 (https://github.com/paritytech/parity-ethereum.git#dc14cce7)
[INFO] [stderr]    Compiling ethabi v6.0.1
[INFO] [stderr]     Checking ethabi v6.0.1 (https://github.com/primablock/ethabi.git?branch=next#f9aa0832)
[INFO] [stderr]     Checking trezor-sys v1.0.0 (https://github.com/paritytech/trezor-sys#8a401705)
[INFO] [stderr]     Checking ethstore v0.2.0 (https://github.com/paritytech/parity-ethereum.git#dc14cce7)
[INFO] [stderr]     Checking parables-test-runner v0.1.0 (/opt/rustwide/workdir/test-runner)
[INFO] [stderr]  Documenting parables-test-runner v0.1.0 (/opt/rustwide/workdir/test-runner)
[INFO] [stdout] warning: the item `rayon` is imported redundantly
[INFO] [stdout]    --> test-runner/test_runner.rs:252:13
[INFO] [stdout]     |
[INFO] [stdout] 252 |         use rayon;
[INFO] [stdout]     |             ^^^^^
[INFO] [stdout]     |
[INFO] [stdout]    ::: test-runner/lib.rs:5:1
[INFO] [stdout]     |
[INFO] [stdout] 5   | extern crate rayon;
[INFO] [stdout]     | ------------------- the item `rayon` is already imported here
[INFO] [stdout]     |
[INFO] [stdout]     = note: `#[warn(unused_imports)]` on by default
[INFO] [stdout] 
[INFO] [stdout] 
[INFO] [stdout] warning: trait objects without an explicit `dyn` are deprecated
[INFO] [stdout]   --> test-runner/test_runner.rs:61:27
[INFO] [stdout]    |
[INFO] [stdout] 61 |     pub(crate) entry: Box<'a + TestEntry>,
[INFO] [stdout]    |                           ^^^^^^^^^^^^^^
[INFO] [stdout]    |
[INFO] [stdout]    = warning: this is accepted in the current edition (Rust 2015) but is a hard error in Rust 2021!
[INFO] [stdout]    = note: for more information, see <https://doc.rust-lang.org/nightly/edition-guide/rust-2021/warnings-promoted-to-error.html>
[INFO] [stdout]    = note: `#[warn(bare_trait_objects)]` on by default
[INFO] [stdout] help: use `dyn`
[INFO] [stdout]    |
[INFO] [stdout] 61 |     pub(crate) entry: Box<dyn 'a + TestEntry>,
[INFO] [stdout]    |                           +++
[INFO] [stdout] 
[INFO] [stdout] 
[INFO] [stdout] warning: trait objects without an explicit `dyn` are deprecated
[INFO] [stdout]    --> test-runner/test_runner.rs:229:37
[INFO] [stdout]     |
[INFO] [stdout] 229 |         fn payload_to_message(any: &any::Any) -> Option<String> {
[INFO] [stdout]     |                                     ^^^^^^^^
[INFO] [stdout]     |
[INFO] [stdout]     = warning: this is accepted in the current edition (Rust 2015) but is a hard error in Rust 2021!
[INFO] [stdout]     = note: for more information, see <https://doc.rust-lang.org/nightly/edition-guide/rust-2021/warnings-promoted-to-error.html>
[INFO] [stdout] help: use `dyn`
[INFO] [stdout]     |
[INFO] [stdout] 229 |         fn payload_to_message(any: &dyn any::Any) -> Option<String> {
[INFO] [stdout]     |                                     +++
[INFO] [stdout] 
[INFO] [stdout] 
[INFO] [stdout] warning: trait objects without an explicit `dyn` are deprecated
[INFO] [stdout]    --> test-runner/test_runner.rs:181:33
[INFO] [stdout]     |
[INFO] [stdout] 181 |     pub fn run(self, reporter: &Reporter<'a>) -> Result<(), Error> {
[INFO] [stdout]     |                                 ^^^^^^^^^^^^
[INFO] [stdout]     |
[INFO] [stdout]     = warning: this is accepted in the current edition (Rust 2015) but is a hard error in Rust 2021!
[INFO] [stdout]     = note: for more information, see <https://doc.rust-lang.org/nightly/edition-guide/rust-2021/warnings-promoted-to-error.html>
[INFO] [stdout] help: use `dyn`
[INFO] [stdout]     |
[INFO] [stdout] 181 |     pub fn run(self, reporter: &dyn Reporter<'a>) -> Result<(), Error> {
[INFO] [stdout]     |                                 +++
[INFO] [stdout] 
[INFO] [stdout] 
[INFO] [stdout] warning: trait objects without an explicit `dyn` are deprecated
[INFO] [stdout]    --> test-runner/test_runner.rs:190:35
[INFO] [stdout]     |
[INFO] [stdout] 190 |     fn run_in_parallel(reporter: &Reporter<'a>, tests: Vec<Test<'a>>, done: impl FnOnce()) {
[INFO] [stdout]     |                                   ^^^^^^^^^^^^
[INFO] [stdout]     |
[INFO] [stdout]     = warning: this is accepted in the current edition (Rust 2015) but is a hard error in Rust 2021!
[INFO] [stdout]     = note: for more information, see <https://doc.rust-lang.org/nightly/edition-guide/rust-2021/warnings-promoted-to-error.html>
[INFO] [stdout] help: use `dyn`
[INFO] [stdout]     |
[INFO] [stdout] 190 |     fn run_in_parallel(reporter: &dyn Reporter<'a>, tests: Vec<Test<'a>>, done: impl FnOnce()) {
[INFO] [stdout]     |                                   +++
[INFO] [stdout] 
[INFO] [stdout] 
[INFO] [stdout] warning: trait objects without an explicit `dyn` are deprecated
[INFO] [stdout]    --> test-runner/test_runner.rs:248:61
[INFO] [stdout]     |
[INFO] [stdout] 248 |     pub fn run_with_filters<F>(self, filters: F, reporter: &Reporter<'a>) -> Result<(), Error>
[INFO] [stdout]     |                                                             ^^^^^^^^^^^^
[INFO] [stdout]     |
[INFO] [stdout]     = warning: this is accepted in the current edition (Rust 2015) but is a hard error in Rust 2021!
[INFO] [stdout]     = note: for more information, see <https://doc.rust-lang.org/nightly/edition-guide/rust-2021/warnings-promoted-to-error.html>
[INFO] [stdout] help: use `dyn`
[INFO] [stdout]     |
[INFO] [stdout] 248 |     pub fn run_with_filters<F>(self, filters: F, reporter: &dyn Reporter<'a>) -> Result<(), Error>
[INFO] [stdout]     |                                                             +++
[INFO] [stdout] 
[INFO] [stdout] 
[INFO] [stdout] warning: use of deprecated method `failure::Error::causes`: please use the 'iter_chain()' method instead
[INFO] [stdout]    --> test-runner/reporter.rs:524:36
[INFO] [stdout]     |
[INFO] [stdout] 524 |                 let mut causes = e.causes().skip(1);
[INFO] [stdout]     |                                    ^^^^^^
[INFO] [stdout]     |
[INFO] [stdout]     = note: `#[warn(deprecated)]` on by default
[INFO] [stdout] 
[INFO] [stdout] 
[INFO] [stdout] warning: variable does not need to be mutable
[INFO] [stdout]    --> test-runner/test_runner.rs:335:21
[INFO] [stdout]     |
[INFO] [stdout] 335 |                 let mut catch = catch.remove(&id).unwrap_or_else(PanicInfo::default);
[INFO] [stdout]     |                     ----^^^^^
[INFO] [stdout]     |                     |
[INFO] [stdout]     |                     help: remove this `mut`
[INFO] [stdout]     |
[INFO] [stdout]     = note: `#[warn(unused_mut)]` on by default
[INFO] [stdout] 
[INFO] [stdout] 
[INFO] [stdout] warning: 8 warnings emitted
[INFO] [stdout] 
[INFO] [stdout] 
[INFO] [stderr]  Documenting parables-derive v0.1.0 (/opt/rustwide/workdir/derive)
[INFO] [stderr]    Compiling ethabi-derive v6.0.2
[INFO] [stderr]    Compiling parables-derive v0.1.0 (/opt/rustwide/workdir/derive)
[INFO] [stderr]     Checking hardware-wallet v1.12.0 (https://github.com/paritytech/parity-ethereum.git#dc14cce7)
[INFO] [stderr]     Checking common-types v0.1.0 (https://github.com/paritytech/parity-ethereum.git#dc14cce7)
[INFO] [stderr] error: could not compile `parables-derive`
[INFO] [stderr] 
[INFO] [stderr] Caused by:
[INFO] [stderr]   process didn't exit successfully: `rustc --crate-name parables_derive derive/lib.rs --error-format=json --json=diagnostic-rendered-ansi,artifacts,future-incompat --crate-type proc-macro --emit=dep-info,link -C prefer-dynamic -C embed-bitcode=no -C metadata=5b3f5555a5f0445d -C extra-filename=-5b3f5555a5f0445d --out-dir /opt/rustwide/target/debug/deps -L dependency=/opt/rustwide/target/debug/deps --extern ethabi=/opt/rustwide/target/debug/deps/libethabi-c7de236f183a0ba1.rlib --extern heck=/opt/rustwide/target/debug/deps/libheck-d9e7dc022f8db85e.rlib --extern quote=/opt/rustwide/target/debug/deps/libquote-0da620adb58302e4.rlib --extern serde=/opt/rustwide/target/debug/deps/libserde-b23fd5f2366564d3.rlib --extern serde_derive=/opt/rustwide/target/debug/deps/libserde_derive-0298629fa8103629.so --extern serde_json=/opt/rustwide/target/debug/deps/libserde_json-c133dfbefd78ed54.rlib --extern syn=/opt/rustwide/target/debug/deps/libsyn-268e505f5c8bd573.rlib --extern proc_macro --cap-lints=warn -L native=/opt/rustwide/target/debug/build/backtrace-sys-c037f92e08a5b004/out` (signal: 9, SIGKILL: kill)
[INFO] [stderr] warning: build failed, waiting for other jobs to finish...
[INFO] [stderr] error: failed to run custom build command for `parity-rocksdb-sys v0.5.2`
[INFO] [stderr] note: To improve backtraces for build dependencies, set the CARGO_PROFILE_DEV_BUILD_OVERRIDE_DEBUG=true environment variable to enable debug information generation.
[INFO] [stderr] 
[INFO] [stderr] Caused by:
[INFO] [stderr]   process didn't exit successfully: `/opt/rustwide/target/debug/build/parity-rocksdb-sys-daa524fd10a232af/build-script-build` (exit status: 101)
[INFO] [stderr]   --- stdout
[INFO] [stderr]   running: cd "/opt/rustwide/target/debug/build/parity-rocksdb-sys-16ed45ff2b924fb4/out/build" && CMAKE_PREFIX_PATH="/opt/rustwide/target/debug/build/parity-snappy-sys-940412413bb58f9f/out:" "cmake" "/opt/rustwide/cargo-home/registry/src/github.com-1ecc6299db9ec823/parity-rocksdb-sys-0.5.2/rocksdb" "-DCMAKE_VERBOSE_MAKEFILE=ON" "-DWITH_SNAPPY=ON" "-DFAIL_ON_WARNINGS=OFF" "-DSNAPPY_INCLUDE_DIR=/opt/rustwide/target/debug/build/parity-snappy-sys-940412413bb58f9f/out/build" "-DSNAPPY_LIBRARIES=/dev/null" "-DCMAKE_INSTALL_PREFIX=/opt/rustwide/target/debug/build/parity-rocksdb-sys-16ed45ff2b924fb4/out" "-DCMAKE_C_FLAGS= -ffunction-sections -fdata-sections -fPIC -m64" "-DCMAKE_C_COMPILER=/usr/bin/cc" "-DCMAKE_CXX_FLAGS= -ffunction-sections -fdata-sections -fPIC -m64" "-DCMAKE_CXX_COMPILER=/usr/bin/c++" "-DCMAKE_BUILD_TYPE=Debug"
[INFO] [stderr]   -- The C compiler identification is GNU 11.3.0
[INFO] [stderr]   -- The CXX compiler identification is GNU 11.3.0
[INFO] [stderr]   -- Detecting C compiler ABI info
[INFO] [stderr]   -- Detecting C compiler ABI info - done
[INFO] [stderr]   -- Check for working C compiler: /usr/bin/cc - skipped
[INFO] [stderr]   -- Detecting C compile features
[INFO] [stderr]   -- Detecting C compile features - done
[INFO] [stderr]   -- Detecting CXX compiler ABI info
[INFO] [stderr]   -- Detecting CXX compiler ABI info - done
[INFO] [stderr]   -- Check for working CXX compiler: /usr/bin/c++ - skipped
[INFO] [stderr]   -- Detecting CXX compile features
[INFO] [stderr]   -- Detecting CXX compile features - done
[INFO] [stderr]   -- The ASM compiler identification is GNU
[INFO] [stderr]   -- Found assembler: /usr/bin/cc
[INFO] [stderr]   -- Found snappy: /dev/null  
[INFO] [stderr]   -- Found Git: /usr/bin/git (found version "2.34.1") 
[INFO] [stderr]   -- Performing Test HAVE_SSE42
[INFO] [stderr]   -- Performing Test HAVE_SSE42 - Success
[INFO] [stderr]   -- Performing Test HAVE_THREAD_LOCAL
[INFO] [stderr]   -- Performing Test HAVE_THREAD_LOCAL - Success
[INFO] [stderr]   -- Enabling RTTI in Debug builds only (default)
[INFO] [stderr]   -- Performing Test HAVE_FALLOCATE
[INFO] [stderr]   -- Performing Test HAVE_FALLOCATE - Success
[INFO] [stderr]   -- Performing Test HAVE_SYNC_FILE_RANGE_WRITE
[INFO] [stderr]   -- Performing Test HAVE_SYNC_FILE_RANGE_WRITE - Success
[INFO] [stderr]   -- Performing Test HAVE_PTHREAD_MUTEX_ADAPTIVE_NP
[INFO] [stderr]   -- Performing Test HAVE_PTHREAD_MUTEX_ADAPTIVE_NP - Success
[INFO] [stderr]   -- Looking for malloc_usable_size
[INFO] [stderr]   -- Looking for malloc_usable_size - found
[INFO] [stderr]   -- Looking for sched_getcpu
[INFO] [stderr]   -- Looking for sched_getcpu - found
[INFO] [stderr]   -- Looking for pthread.h
[INFO] [stderr]   -- Looking for pthread.h - found
[INFO] [stderr]   -- Performing Test CMAKE_HAVE_LIBC_PTHREAD
[INFO] [stderr]   -- Performing Test CMAKE_HAVE_LIBC_PTHREAD - Success
[INFO] [stderr]   -- Found Threads: TRUE  
[INFO] [stderr]   -- JNI library is disabled
[INFO] [stderr]   -- Configuring done
[INFO] [stderr]   -- Generating done
[INFO] [stderr]   -- Build files have been written to: /opt/rustwide/target/debug/build/parity-rocksdb-sys-16ed45ff2b924fb4/out/build
[INFO] [stderr]   running: cd "/opt/rustwide/target/debug/build/parity-rocksdb-sys-16ed45ff2b924fb4/out/build" && MAKEFLAGS="-j --jobserver-fds=25,26 --jobserver-auth=25,26" "cmake" "--build" "." "--target" "rocksdb" "--config" "Debug" "--"
[INFO] [stderr]   /usr/bin/cmake -S/opt/rustwide/cargo-home/registry/src/github.com-1ecc6299db9ec823/parity-rocksdb-sys-0.5.2/rocksdb -B/opt/rustwide/target/debug/build/parity-rocksdb-sys-16ed45ff2b924fb4/out/build --check-build-system CMakeFiles/Makefile.cmake 0
[INFO] [stderr]   /usr/bin/gmake  -f CMakeFiles/Makefile2 rocksdb
[INFO] [stderr]   gmake[1]: Entering directory '/opt/rustwide/target/debug/build/parity-rocksdb-sys-16ed45ff2b924fb4/out/build'
[INFO] [stderr]   /usr/bin/cmake -S/opt/rustwide/cargo-home/registry/src/github.com-1ecc6299db9ec823/parity-rocksdb-sys-0.5.2/rocksdb -B/opt/rustwide/target/debug/build/parity-rocksdb-sys-16ed45ff2b924fb4/out/build --check-build-system CMakeFiles/Makefile.cmake 0
[INFO] [stderr]   /usr/bin/cmake -E cmake_progress_start /opt/rustwide/target/debug/build/parity-rocksdb-sys-16ed45ff2b924fb4/out/build/CMakeFiles 29
[INFO] [stderr]   /usr/bin/gmake  -f CMakeFiles/Makefile2 CMakeFiles/rocksdb.dir/all
[INFO] [stderr]   gmake[2]: Entering directory '/opt/rustwide/target/debug/build/parity-rocksdb-sys-16ed45ff2b924fb4/out/build'
[INFO] [stderr]   /usr/bin/gmake  -f CMakeFiles/build_version.dir/build.make CMakeFiles/build_version.dir/depend
[INFO] [stderr]   gmake[3]: Entering directory '/opt/rustwide/target/debug/build/parity-rocksdb-sys-16ed45ff2b924fb4/out/build'
[INFO] [stderr]   cd /opt/rustwide/target/debug/build/parity-rocksdb-sys-16ed45ff2b924fb4/out/build && /usr/bin/cmake -E cmake_depends "Unix Makefiles" /opt/rustwide/cargo-home/registry/src/github.com-1ecc6299db9ec823/parity-rocksdb-sys-0.5.2/rocksdb /opt/rustwide/cargo-home/registry/src/github.com-1ecc6299db9ec823/parity-rocksdb-sys-0.5.2/rocksdb /opt/rustwide/target/debug/build/parity-rocksdb-sys-16ed45ff2b924fb4/out/build /opt/rustwide/target/debug/build/parity-rocksdb-sys-16ed45ff2b924fb4/out/build /opt/rustwide/target/debug/build/parity-rocksdb-sys-16ed45ff2b924fb4/out/build/CMakeFiles/build_version.dir/DependInfo.cmake --color=
[INFO] [stderr]   gmake[3]: Leaving directory '/opt/rustwide/target/debug/build/parity-rocksdb-sys-16ed45ff2b924fb4/out/build'
[INFO] [stderr]   /usr/bin/gmake  -f CMakeFiles/build_version.dir/build.make CMakeFiles/build_version.dir/build
[INFO] [stderr]   gmake[3]: Entering directory '/opt/rustwide/target/debug/build/parity-rocksdb-sys-16ed45ff2b924fb4/out/build'
[INFO] [stderr]   [  0%] Building CXX object CMakeFiles/build_version.dir/build_version.cc.o
[INFO] [stderr]   /usr/bin/c++ -DHAVE_PCLMUL -DHAVE_SSE42 -DOS_LINUX -DROCKSDB_FALLOCATE_PRESENT -DROCKSDB_LIB_IO_POSIX -DROCKSDB_MALLOC_USABLE_SIZE -DROCKSDB_PLATFORM_POSIX -DROCKSDB_PTHREAD_ADAPTIVE_MUTEX -DROCKSDB_RANGESYNC_PRESENT -DROCKSDB_SCHED_GETCPU_PRESENT -DROCKSDB_SUPPORT_THREAD_LOCAL -DSNAPPY -I/opt/rustwide/target/debug/build/parity-snappy-sys-940412413bb58f9f/out/build -I/opt/rustwide/cargo-home/registry/src/github.com-1ecc6299db9ec823/parity-rocksdb-sys-0.5.2/rocksdb/util -I/opt/rustwide/cargo-home/registry/src/github.com-1ecc6299db9ec823/parity-rocksdb-sys-0.5.2/rocksdb -I/opt/rustwide/cargo-home/registry/src/github.com-1ecc6299db9ec823/parity-rocksdb-sys-0.5.2/rocksdb/include -isystem /opt/rustwide/cargo-home/registry/src/github.com-1ecc6299db9ec823/parity-rocksdb-sys-0.5.2/rocksdb/third-party/gtest-1.7.0/fused-src -ffunction-sections -fdata-sections -fPIC -m64 -W -Wextra -Wall -Wsign-compare -Wshadow -Wno-unused-parameter -Wno-unused-variable -Woverloaded-virtual -Wnon-virtual-dtor -Wno-missing-field-initializers -Wno-strict-aliasing -std=c++11 -march=native -fno-builtin-memcmp -g -DROCKSDB_USE_RTTI -MD -MT CMakeFiles/build_version.dir/build_version.cc.o -MF CMakeFiles/build_version.dir/build_version.cc.o.d -o CMakeFiles/build_version.dir/build_version.cc.o -c /opt/rustwide/target/debug/build/parity-rocksdb-sys-16ed45ff2b924fb4/out/build/build_version.cc
[INFO] [stderr]   gmake[3]: Leaving directory '/opt/rustwide/target/debug/build/parity-rocksdb-sys-16ed45ff2b924fb4/out/build'
[INFO] [stderr]   [  0%] Built target build_version
[INFO] [stderr]   /usr/bin/gmake  -f CMakeFiles/rocksdb.dir/build.make CMakeFiles/rocksdb.dir/depend
[INFO] [stderr]   gmake[3]: Entering directory '/opt/rustwide/target/debug/build/parity-rocksdb-sys-16ed45ff2b924fb4/out/build'
[INFO] [stderr]   cd /opt/rustwide/target/debug/build/parity-rocksdb-sys-16ed45ff2b924fb4/out/build && /usr/bin/cmake -E cmake_depends "Unix Makefiles" /opt/rustwide/cargo-home/registry/src/github.com-1ecc6299db9ec823/parity-rocksdb-sys-0.5.2/rocksdb /opt/rustwide/cargo-home/registry/src/github.com-1ecc6299db9ec823/parity-rocksdb-sys-0.5.2/rocksdb /opt/rustwide/target/debug/build/parity-rocksdb-sys-16ed45ff2b924fb4/out/build /opt/rustwide/target/debug/build/parity-rocksdb-sys-16ed45ff2b924fb4/out/build /opt/rustwide/target/debug/build/parity-rocksdb-sys-16ed45ff2b924fb4/out/build/CMakeFiles/rocksdb.dir/DependInfo.cmake --color=
[INFO] [stderr]   gmake[3]: Leaving directory '/opt/rustwide/target/debug/build/parity-rocksdb-sys-16ed45ff2b924fb4/out/build'
[INFO] [stderr]   /usr/bin/gmake  -f CMakeFiles/rocksdb.dir/build.make CMakeFiles/rocksdb.dir/build
[INFO] [stderr]   gmake[3]: Entering directory '/opt/rustwide/target/debug/build/parity-rocksdb-sys-16ed45ff2b924fb4/out/build'
[INFO] [stderr]   [  0%] Building CXX object CMakeFiles/rocksdb.dir/db/builder.cc.o
[INFO] [stderr]   [  0%] Building CXX object CMakeFiles/rocksdb.dir/db/c.cc.o
[INFO] [stderr]   [  0%] Building CXX object CMakeFiles/rocksdb.dir/cache/sharded_cache.cc.o
[INFO] [stderr]   /usr/bin/c++ -DHAVE_PCLMUL -DHAVE_SSE42 -DOS_LINUX -DROCKSDB_FALLOCATE_PRESENT -DROCKSDB_LIB_IO_POSIX -DROCKSDB_MALLOC_USABLE_SIZE -DROCKSDB_PLATFORM_POSIX -DROCKSDB_PTHREAD_ADAPTIVE_MUTEX -DROCKSDB_RANGESYNC_PRESENT -DROCKSDB_SCHED_GETCPU_PRESENT -DROCKSDB_SUPPORT_THREAD_LOCAL -DSNAPPY -I/opt/rustwide/target/debug/build/parity-snappy-sys-940412413bb58f9f/out/build -I/opt/rustwide/cargo-home/registry/src/github.com-1ecc6299db9ec823/parity-rocksdb-sys-0.5.2/rocksdb -I/opt/rustwide/cargo-home/registry/src/github.com-1ecc6299db9ec823/parity-rocksdb-sys-0.5.2/rocksdb/include -isystem /opt/rustwide/cargo-home/registry/src/github.com-1ecc6299db9ec823/parity-rocksdb-sys-0.5.2/rocksdb/third-party/gtest-1.7.0/fused-src -ffunction-sections -fdata-sections -fPIC -m64 -W -Wextra -Wall -Wsign-compare -Wshadow -Wno-unused-parameter -Wno-unused-variable -Woverloaded-virtual -Wnon-virtual-dtor -Wno-missing-field-initializers -Wno-strict-aliasing -std=c++11 -march=native -fno-builtin-memcmp -g -DROCKSDB_USE_RTTI -MD -MT CMakeFiles/rocksdb.dir/db/builder.cc.o -MF CMakeFiles/rocksdb.dir/db/builder.cc.o.d -o CMakeFiles/rocksdb.dir/db/builder.cc.o -c /opt/rustwide/cargo-home/registry/src/github.com-1ecc6299db9ec823/parity-rocksdb-sys-0.5.2/rocksdb/db/builder.cc
[INFO] [stderr]   /usr/bin/c++ -DHAVE_PCLMUL -DHAVE_SSE42 -DOS_LINUX -DROCKSDB_FALLOCATE_PRESENT -DROCKSDB_LIB_IO_POSIX -DROCKSDB_MALLOC_USABLE_SIZE -DROCKSDB_PLATFORM_POSIX -DROCKSDB_PTHREAD_ADAPTIVE_MUTEX -DROCKSDB_RANGESYNC_PRESENT -DROCKSDB_SCHED_GETCPU_PRESENT -DROCKSDB_SUPPORT_THREAD_LOCAL -DSNAPPY -I/opt/rustwide/target/debug/build/parity-snappy-sys-940412413bb58f9f/out/build -I/opt/rustwide/cargo-home/registry/src/github.com-1ecc6299db9ec823/parity-rocksdb-sys-0.5.2/rocksdb -I/opt/rustwide/cargo-home/registry/src/github.com-1ecc6299db9ec823/parity-rocksdb-sys-0.5.2/rocksdb/include -isystem /opt/rustwide/cargo-home/registry/src/github.com-1ecc6299db9ec823/parity-rocksdb-sys-0.5.2/rocksdb/third-party/gtest-1.7.0/fused-src -ffunction-sections -fdata-sections -fPIC -m64 -W -Wextra -Wall -Wsign-compare -Wshadow -Wno-unused-parameter -Wno-unused-variable -Woverloaded-virtual -Wnon-virtual-dtor -Wno-missing-field-initializers -Wno-strict-aliasing -std=c++11 -march=native -fno-builtin-memcmp -g -DROCKSDB_USE_RTTI -MD -MT CMakeFiles/rocksdb.dir/cache/sharded_cache.cc.o -MF CMakeFiles/rocksdb.dir/cache/sharded_cache.cc.o.d -o CMakeFiles/rocksdb.dir/cache/sharded_cache.cc.o -c /opt/rustwide/cargo-home/registry/src/github.com-1ecc6299db9ec823/parity-rocksdb-sys-0.5.2/rocksdb/cache/sharded_cache.cc
[INFO] [stderr]   [  0%] Building CXX object CMakeFiles/rocksdb.dir/db/compaction.cc.o
[INFO] [stderr]   [  3%] Building CXX object CMakeFiles/rocksdb.dir/db/compacted_db_impl.cc.o
[INFO] [stderr]   [  3%] Building CXX object CMakeFiles/rocksdb.dir/cache/lru_cache.cc.o
[INFO] [stderr]   [  3%] Building CXX object CMakeFiles/rocksdb.dir/cache/clock_cache.cc.o
[INFO] [stderr]   /usr/bin/c++ -DHAVE_PCLMUL -DHAVE_SSE42 -DOS_LINUX -DROCKSDB_FALLOCATE_PRESENT -DROCKSDB_LIB_IO_POSIX -DROCKSDB_MALLOC_USABLE_SIZE -DROCKSDB_PLATFORM_POSIX -DROCKSDB_PTHREAD_ADAPTIVE_MUTEX -DROCKSDB_RANGESYNC_PRESENT -DROCKSDB_SCHED_GETCPU_PRESENT -DROCKSDB_SUPPORT_THREAD_LOCAL -DSNAPPY -I/opt/rustwide/target/debug/build/parity-snappy-sys-940412413bb58f9f/out/build -I/opt/rustwide/cargo-home/registry/src/github.com-1ecc6299db9ec823/parity-rocksdb-sys-0.5.2/rocksdb -I/opt/rustwide/cargo-home/registry/src/github.com-1ecc6299db9ec823/parity-rocksdb-sys-0.5.2/rocksdb/include -isystem /opt/rustwide/cargo-home/registry/src/github.com-1ecc6299db9ec823/parity-rocksdb-sys-0.5.2/rocksdb/third-party/gtest-1.7.0/fused-src -ffunction-sections -fdata-sections -fPIC -m64 -W -Wextra -Wall -Wsign-compare -Wshadow -Wno-unused-parameter -Wno-unused-variable -Woverloaded-virtual -Wnon-virtual-dtor -Wno-missing-field-initializers -Wno-strict-aliasing -std=c++11 -march=native -fno-builtin-memcmp -g -DROCKSDB_USE_RTTI -MD -MT CMakeFiles/rocksdb.dir/cache/clock_cache.cc.o -MF CMakeFiles/rocksdb.dir/cache/clock_cache.cc.o.d -o CMakeFiles/rocksdb.dir/cache/clock_cache.cc.o -c /opt/rustwide/cargo-home/registry/src/github.com-1ecc6299db9ec823/parity-rocksdb-sys-0.5.2/rocksdb/cache/clock_cache.cc
[INFO] [stderr]   /usr/bin/c++ -DHAVE_PCLMUL -DHAVE_SSE42 -DOS_LINUX -DROCKSDB_FALLOCATE_PRESENT -DROCKSDB_LIB_IO_POSIX -DROCKSDB_MALLOC_USABLE_SIZE -DROCKSDB_PLATFORM_POSIX -DROCKSDB_PTHREAD_ADAPTIVE_MUTEX -DROCKSDB_RANGESYNC_PRESENT -DROCKSDB_SCHED_GETCPU_PRESENT -DROCKSDB_SUPPORT_THREAD_LOCAL -DSNAPPY -I/opt/rustwide/target/debug/build/parity-snappy-sys-940412413bb58f9f/out/build -I/opt/rustwide/cargo-home/registry/src/github.com-1ecc6299db9ec823/parity-rocksdb-sys-0.5.2/rocksdb -I/opt/rustwide/cargo-home/registry/src/github.com-1ecc6299db9ec823/parity-rocksdb-sys-0.5.2/rocksdb/include -isystem /opt/rustwide/cargo-home/registry/src/github.com-1ecc6299db9ec823/parity-rocksdb-sys-0.5.2/rocksdb/third-party/gtest-1.7.0/fused-src -ffunction-sections -fdata-sections -fPIC -m64 -W -Wextra -Wall -Wsign-compare -Wshadow -Wno-unused-parameter -Wno-unused-variable -Woverloaded-virtual -Wnon-virtual-dtor -Wno-missing-field-initializers -Wno-strict-aliasing -std=c++11 -march=native -fno-builtin-memcmp -g -DROCKSDB_USE_RTTI -MD -MT CMakeFiles/rocksdb.dir/cache/lru_cache.cc.o -MF CMakeFiles/rocksdb.dir/cache/lru_cache.cc.o.d -o CMakeFiles/rocksdb.dir/cache/lru_cache.cc.o -c /opt/rustwide/cargo-home/registry/src/github.com-1ecc6299db9ec823/parity-rocksdb-sys-0.5.2/rocksdb/cache/lru_cache.cc
[INFO] [stderr]   /usr/bin/c++ -DHAVE_PCLMUL -DHAVE_SSE42 -DOS_LINUX -DROCKSDB_FALLOCATE_PRESENT -DROCKSDB_LIB_IO_POSIX -DROCKSDB_MALLOC_USABLE_SIZE -DROCKSDB_PLATFORM_POSIX -DROCKSDB_PTHREAD_ADAPTIVE_MUTEX -DROCKSDB_RANGESYNC_PRESENT -DROCKSDB_SCHED_GETCPU_PRESENT -DROCKSDB_SUPPORT_THREAD_LOCAL -DSNAPPY -I/opt/rustwide/target/debug/build/parity-snappy-sys-940412413bb58f9f/out/build -I/opt/rustwide/cargo-home/registry/src/github.com-1ecc6299db9ec823/parity-rocksdb-sys-0.5.2/rocksdb -I/opt/rustwide/cargo-home/registry/src/github.com-1ecc6299db9ec823/parity-rocksdb-sys-0.5.2/rocksdb/include -isystem /opt/rustwide/cargo-home/registry/src/github.com-1ecc6299db9ec823/parity-rocksdb-sys-0.5.2/rocksdb/third-party/gtest-1.7.0/fused-src -ffunction-sections -fdata-sections -fPIC -m64 -W -Wextra -Wall -Wsign-compare -Wshadow -Wno-unused-parameter -Wno-unused-variable -Woverloaded-virtual -Wnon-virtual-dtor -Wno-missing-field-initializers -Wno-strict-aliasing -std=c++11 -march=native -fno-builtin-memcmp -g -DROCKSDB_USE_RTTI -MD -MT CMakeFiles/rocksdb.dir/db/c.cc.o -MF CMakeFiles/rocksdb.dir/db/c.cc.o.d -o CMakeFiles/rocksdb.dir/db/c.cc.o -c /opt/rustwide/cargo-home/registry/src/github.com-1ecc6299db9ec823/parity-rocksdb-sys-0.5.2/rocksdb/db/c.cc
[INFO] [stderr]   /usr/bin/c++ -DHAVE_PCLMUL -DHAVE_SSE42 -DOS_LINUX -DROCKSDB_FALLOCATE_PRESENT -DROCKSDB_LIB_IO_POSIX -DROCKSDB_MALLOC_USABLE_SIZE -DROCKSDB_PLATFORM_POSIX -DROCKSDB_PTHREAD_ADAPTIVE_MUTEX -DROCKSDB_RANGESYNC_PRESENT -DROCKSDB_SCHED_GETCPU_PRESENT -DROCKSDB_SUPPORT_THREAD_LOCAL -DSNAPPY -I/opt/rustwide/target/debug/build/parity-snappy-sys-940412413bb58f9f/out/build -I/opt/rustwide/cargo-home/registry/src/github.com-1ecc6299db9ec823/parity-rocksdb-sys-0.5.2/rocksdb -I/opt/rustwide/cargo-home/registry/src/github.com-1ecc6299db9ec823/parity-rocksdb-sys-0.5.2/rocksdb/include -isystem /opt/rustwide/cargo-home/registry/src/github.com-1ecc6299db9ec823/parity-rocksdb-sys-0.5.2/rocksdb/third-party/gtest-1.7.0/fused-src -ffunction-sections -fdata-sections -fPIC -m64 -W -Wextra -Wall -Wsign-compare -Wshadow -Wno-unused-parameter -Wno-unused-variable -Woverloaded-virtual -Wnon-virtual-dtor -Wno-missing-field-initializers -Wno-strict-aliasing -std=c++11 -march=native -fno-builtin-memcmp -g -DROCKSDB_USE_RTTI -MD -MT CMakeFiles/rocksdb.dir/db/compacted_db_impl.cc.o -MF CMakeFiles/rocksdb.dir/db/compacted_db_impl.cc.o.d -o CMakeFiles/rocksdb.dir/db/compacted_db_impl.cc.o -c /opt/rustwide/cargo-home/registry/src/github.com-1ecc6299db9ec823/parity-rocksdb-sys-0.5.2/rocksdb/db/compacted_db_impl.cc
[INFO] [stderr]   /usr/bin/c++ -DHAVE_PCLMUL -DHAVE_SSE42 -DOS_LINUX -DROCKSDB_FALLOCATE_PRESENT -DROCKSDB_LIB_IO_POSIX -DROCKSDB_MALLOC_USABLE_SIZE -DROCKSDB_PLATFORM_POSIX -DROCKSDB_PTHREAD_ADAPTIVE_MUTEX -DROCKSDB_RANGESYNC_PRESENT -DROCKSDB_SCHED_GETCPU_PRESENT -DROCKSDB_SUPPORT_THREAD_LOCAL -DSNAPPY -I/opt/rustwide/target/debug/build/parity-snappy-sys-940412413bb58f9f/out/build -I/opt/rustwide/cargo-home/registry/src/github.com-1ecc6299db9ec823/parity-rocksdb-sys-0.5.2/rocksdb -I/opt/rustwide/cargo-home/registry/src/github.com-1ecc6299db9ec823/parity-rocksdb-sys-0.5.2/rocksdb/include -isystem /opt/rustwide/cargo-home/registry/src/github.com-1ecc6299db9ec823/parity-rocksdb-sys-0.5.2/rocksdb/third-party/gtest-1.7.0/fused-src -ffunction-sections -fdata-sections -fPIC -m64 -W -Wextra -Wall -Wsign-compare -Wshadow -Wno-unused-parameter -Wno-unused-variable -Woverloaded-virtual -Wnon-virtual-dtor -Wno-missing-field-initializers -Wno-strict-aliasing -std=c++11 -march=native -fno-builtin-memcmp -g -DROCKSDB_USE_RTTI -MD -MT CMakeFiles/rocksdb.dir/db/compaction.cc.o -MF CMakeFiles/rocksdb.dir/db/compaction.cc.o.d -o CMakeFiles/rocksdb.dir/db/compaction.cc.o -c /opt/rustwide/cargo-home/registry/src/github.com-1ecc6299db9ec823/parity-rocksdb-sys-0.5.2/rocksdb/db/compaction.cc
[INFO] [stderr]   [  3%] Building CXX object CMakeFiles/rocksdb.dir/db/column_family.cc.o
[INFO] [stderr]   /usr/bin/c++ -DHAVE_PCLMUL -DHAVE_SSE42 -DOS_LINUX -DROCKSDB_FALLOCATE_PRESENT -DROCKSDB_LIB_IO_POSIX -DROCKSDB_MALLOC_USABLE_SIZE -DROCKSDB_PLATFORM_POSIX -DROCKSDB_PTHREAD_ADAPTIVE_MUTEX -DROCKSDB_RANGESYNC_PRESENT -DROCKSDB_SCHED_GETCPU_PRESENT -DROCKSDB_SUPPORT_THREAD_LOCAL -DSNAPPY -I/opt/rustwide/target/debug/build/parity-snappy-sys-940412413bb58f9f/out/build -I/opt/rustwide/cargo-home/registry/src/github.com-1ecc6299db9ec823/parity-rocksdb-sys-0.5.2/rocksdb -I/opt/rustwide/cargo-home/registry/src/github.com-1ecc6299db9ec823/parity-rocksdb-sys-0.5.2/rocksdb/include -isystem /opt/rustwide/cargo-home/registry/src/github.com-1ecc6299db9ec823/parity-rocksdb-sys-0.5.2/rocksdb/third-party/gtest-1.7.0/fused-src -ffunction-sections -fdata-sections -fPIC -m64 -W -Wextra -Wall -Wsign-compare -Wshadow -Wno-unused-parameter -Wno-unused-variable -Woverloaded-virtual -Wnon-virtual-dtor -Wno-missing-field-initializers -Wno-strict-aliasing -std=c++11 -march=native -fno-builtin-memcmp -g -DROCKSDB_USE_RTTI -MD -MT CMakeFiles/rocksdb.dir/db/column_family.cc.o -MF CMakeFiles/rocksdb.dir/db/column_family.cc.o.d -o CMakeFiles/rocksdb.dir/db/column_family.cc.o -c /opt/rustwide/cargo-home/registry/src/github.com-1ecc6299db9ec823/parity-rocksdb-sys-0.5.2/rocksdb/db/column_family.cc
[INFO] [stderr]   [  3%] Building CXX object CMakeFiles/rocksdb.dir/db/compaction_iterator.cc.o
[INFO] [stderr]   /usr/bin/c++ -DHAVE_PCLMUL -DHAVE_SSE42 -DOS_LINUX -DROCKSDB_FALLOCATE_PRESENT -DROCKSDB_LIB_IO_POSIX -DROCKSDB_MALLOC_USABLE_SIZE -DROCKSDB_PLATFORM_POSIX -DROCKSDB_PTHREAD_ADAPTIVE_MUTEX -DROCKSDB_RANGESYNC_PRESENT -DROCKSDB_SCHED_GETCPU_PRESENT -DROCKSDB_SUPPORT_THREAD_LOCAL -DSNAPPY -I/opt/rustwide/target/debug/build/parity-snappy-sys-940412413bb58f9f/out/build -I/opt/rustwide/cargo-home/registry/src/github.com-1ecc6299db9ec823/parity-rocksdb-sys-0.5.2/rocksdb -I/opt/rustwide/cargo-home/registry/src/github.com-1ecc6299db9ec823/parity-rocksdb-sys-0.5.2/rocksdb/include -isystem /opt/rustwide/cargo-home/registry/src/github.com-1ecc6299db9ec823/parity-rocksdb-sys-0.5.2/rocksdb/third-party/gtest-1.7.0/fused-src -ffunction-sections -fdata-sections -fPIC -m64 -W -Wextra -Wall -Wsign-compare -Wshadow -Wno-unused-parameter -Wno-unused-variable -Woverloaded-virtual -Wnon-virtual-dtor -Wno-missing-field-initializers -Wno-strict-aliasing -std=c++11 -march=native -fno-builtin-memcmp -g -DROCKSDB_USE_RTTI -MD -MT CMakeFiles/rocksdb.dir/db/compaction_iterator.cc.o -MF CMakeFiles/rocksdb.dir/db/compaction_iterator.cc.o.d -o CMakeFiles/rocksdb.dir/db/compaction_iterator.cc.o -c /opt/rustwide/cargo-home/registry/src/github.com-1ecc6299db9ec823/parity-rocksdb-sys-0.5.2/rocksdb/db/compaction_iterator.cc
[INFO] [stderr]   [  3%] Building CXX object CMakeFiles/rocksdb.dir/db/compaction_job.cc.o
[INFO] [stderr]   /usr/bin/c++ -DHAVE_PCLMUL -DHAVE_SSE42 -DOS_LINUX -DROCKSDB_FALLOCATE_PRESENT -DROCKSDB_LIB_IO_POSIX -DROCKSDB_MALLOC_USABLE_SIZE -DROCKSDB_PLATFORM_POSIX -DROCKSDB_PTHREAD_ADAPTIVE_MUTEX -DROCKSDB_RANGESYNC_PRESENT -DROCKSDB_SCHED_GETCPU_PRESENT -DROCKSDB_SUPPORT_THREAD_LOCAL -DSNAPPY -I/opt/rustwide/target/debug/build/parity-snappy-sys-940412413bb58f9f/out/build -I/opt/rustwide/cargo-home/registry/src/github.com-1ecc6299db9ec823/parity-rocksdb-sys-0.5.2/rocksdb -I/opt/rustwide/cargo-home/registry/src/github.com-1ecc6299db9ec823/parity-rocksdb-sys-0.5.2/rocksdb/include -isystem /opt/rustwide/cargo-home/registry/src/github.com-1ecc6299db9ec823/parity-rocksdb-sys-0.5.2/rocksdb/third-party/gtest-1.7.0/fused-src -ffunction-sections -fdata-sections -fPIC -m64 -W -Wextra -Wall -Wsign-compare -Wshadow -Wno-unused-parameter -Wno-unused-variable -Woverloaded-virtual -Wnon-virtual-dtor -Wno-missing-field-initializers -Wno-strict-aliasing -std=c++11 -march=native -fno-builtin-memcmp -g -DROCKSDB_USE_RTTI -MD -MT CMakeFiles/rocksdb.dir/db/compaction_job.cc.o -MF CMakeFiles/rocksdb.dir/db/compaction_job.cc.o.d -o CMakeFiles/rocksdb.dir/db/compaction_job.cc.o -c /opt/rustwide/cargo-home/registry/src/github.com-1ecc6299db9ec823/parity-rocksdb-sys-0.5.2/rocksdb/db/compaction_job.cc
[INFO] [stderr]   [  3%] Building CXX object CMakeFiles/rocksdb.dir/db/compaction_picker.cc.o
[INFO] [stderr]   /usr/bin/c++ -DHAVE_PCLMUL -DHAVE_SSE42 -DOS_LINUX -DROCKSDB_FALLOCATE_PRESENT -DROCKSDB_LIB_IO_POSIX -DROCKSDB_MALLOC_USABLE_SIZE -DROCKSDB_PLATFORM_POSIX -DROCKSDB_PTHREAD_ADAPTIVE_MUTEX -DROCKSDB_RANGESYNC_PRESENT -DROCKSDB_SCHED_GETCPU_PRESENT -DROCKSDB_SUPPORT_THREAD_LOCAL -DSNAPPY -I/opt/rustwide/target/debug/build/parity-snappy-sys-940412413bb58f9f/out/build -I/opt/rustwide/cargo-home/registry/src/github.com-1ecc6299db9ec823/parity-rocksdb-sys-0.5.2/rocksdb -I/opt/rustwide/cargo-home/registry/src/github.com-1ecc6299db9ec823/parity-rocksdb-sys-0.5.2/rocksdb/include -isystem /opt/rustwide/cargo-home/registry/src/github.com-1ecc6299db9ec823/parity-rocksdb-sys-0.5.2/rocksdb/third-party/gtest-1.7.0/fused-src -ffunction-sections -fdata-sections -fPIC -m64 -W -Wextra -Wall -Wsign-compare -Wshadow -Wno-unused-parameter -Wno-unused-variable -Woverloaded-virtual -Wnon-virtual-dtor -Wno-missing-field-initializers -Wno-strict-aliasing -std=c++11 -march=native -fno-builtin-memcmp -g -DROCKSDB_USE_RTTI -MD -MT CMakeFiles/rocksdb.dir/db/compaction_picker.cc.o -MF CMakeFiles/rocksdb.dir/db/compaction_picker.cc.o.d -o CMakeFiles/rocksdb.dir/db/compaction_picker.cc.o -c /opt/rustwide/cargo-home/registry/src/github.com-1ecc6299db9ec823/parity-rocksdb-sys-0.5.2/rocksdb/db/compaction_picker.cc
[INFO] [stderr]   [  3%] Building CXX object CMakeFiles/rocksdb.dir/db/compaction_picker_universal.cc.o
[INFO] [stderr]   /usr/bin/c++ -DHAVE_PCLMUL -DHAVE_SSE42 -DOS_LINUX -DROCKSDB_FALLOCATE_PRESENT -DROCKSDB_LIB_IO_POSIX -DROCKSDB_MALLOC_USABLE_SIZE -DROCKSDB_PLATFORM_POSIX -DROCKSDB_PTHREAD_ADAPTIVE_MUTEX -DROCKSDB_RANGESYNC_PRESENT -DROCKSDB_SCHED_GETCPU_PRESENT -DROCKSDB_SUPPORT_THREAD_LOCAL -DSNAPPY -I/opt/rustwide/target/debug/build/parity-snappy-sys-940412413bb58f9f/out/build -I/opt/rustwide/cargo-home/registry/src/github.com-1ecc6299db9ec823/parity-rocksdb-sys-0.5.2/rocksdb -I/opt/rustwide/cargo-home/registry/src/github.com-1ecc6299db9ec823/parity-rocksdb-sys-0.5.2/rocksdb/include -isystem /opt/rustwide/cargo-home/registry/src/github.com-1ecc6299db9ec823/parity-rocksdb-sys-0.5.2/rocksdb/third-party/gtest-1.7.0/fused-src -ffunction-sections -fdata-sections -fPIC -m64 -W -Wextra -Wall -Wsign-compare -Wshadow -Wno-unused-parameter -Wno-unused-variable -Woverloaded-virtual -Wnon-virtual-dtor -Wno-missing-field-initializers -Wno-strict-aliasing -std=c++11 -march=native -fno-builtin-memcmp -g -DROCKSDB_USE_RTTI -MD -MT CMakeFiles/rocksdb.dir/db/compaction_picker_universal.cc.o -MF CMakeFiles/rocksdb.dir/db/compaction_picker_universal.cc.o.d -o CMakeFiles/rocksdb.dir/db/compaction_picker_universal.cc.o -c /opt/rustwide/cargo-home/registry/src/github.com-1ecc6299db9ec823/parity-rocksdb-sys-0.5.2/rocksdb/db/compaction_picker_universal.cc
[INFO] [stderr]   [  3%] Building CXX object CMakeFiles/rocksdb.dir/db/convenience.cc.o
[INFO] [stderr]   /usr/bin/c++ -DHAVE_PCLMUL -DHAVE_SSE42 -DOS_LINUX -DROCKSDB_FALLOCATE_PRESENT -DROCKSDB_LIB_IO_POSIX -DROCKSDB_MALLOC_USABLE_SIZE -DROCKSDB_PLATFORM_POSIX -DROCKSDB_PTHREAD_ADAPTIVE_MUTEX -DROCKSDB_RANGESYNC_PRESENT -DROCKSDB_SCHED_GETCPU_PRESENT -DROCKSDB_SUPPORT_THREAD_LOCAL -DSNAPPY -I/opt/rustwide/target/debug/build/parity-snappy-sys-940412413bb58f9f/out/build -I/opt/rustwide/cargo-home/registry/src/github.com-1ecc6299db9ec823/parity-rocksdb-sys-0.5.2/rocksdb -I/opt/rustwide/cargo-home/registry/src/github.com-1ecc6299db9ec823/parity-rocksdb-sys-0.5.2/rocksdb/include -isystem /opt/rustwide/cargo-home/registry/src/github.com-1ecc6299db9ec823/parity-rocksdb-sys-0.5.2/rocksdb/third-party/gtest-1.7.0/fused-src -ffunction-sections -fdata-sections -fPIC -m64 -W -Wextra -Wall -Wsign-compare -Wshadow -Wno-unused-parameter -Wno-unused-variable -Woverloaded-virtual -Wnon-virtual-dtor -Wno-missing-field-initializers -Wno-strict-aliasing -std=c++11 -march=native -fno-builtin-memcmp -g -DROCKSDB_USE_RTTI -MD -MT CMakeFiles/rocksdb.dir/db/convenience.cc.o -MF CMakeFiles/rocksdb.dir/db/convenience.cc.o.d -o CMakeFiles/rocksdb.dir/db/convenience.cc.o -c /opt/rustwide/cargo-home/registry/src/github.com-1ecc6299db9ec823/parity-rocksdb-sys-0.5.2/rocksdb/db/convenience.cc
[INFO] [stderr]   [  3%] Building CXX object CMakeFiles/rocksdb.dir/db/db_filesnapshot.cc.o
[INFO] [stderr]   /usr/bin/c++ -DHAVE_PCLMUL -DHAVE_SSE42 -DOS_LINUX -DROCKSDB_FALLOCATE_PRESENT -DROCKSDB_LIB_IO_POSIX -DROCKSDB_MALLOC_USABLE_SIZE -DROCKSDB_PLATFORM_POSIX -DROCKSDB_PTHREAD_ADAPTIVE_MUTEX -DROCKSDB_RANGESYNC_PRESENT -DROCKSDB_SCHED_GETCPU_PRESENT -DROCKSDB_SUPPORT_THREAD_LOCAL -DSNAPPY -I/opt/rustwide/target/debug/build/parity-snappy-sys-940412413bb58f9f/out/build -I/opt/rustwide/cargo-home/registry/src/github.com-1ecc6299db9ec823/parity-rocksdb-sys-0.5.2/rocksdb -I/opt/rustwide/cargo-home/registry/src/github.com-1ecc6299db9ec823/parity-rocksdb-sys-0.5.2/rocksdb/include -isystem /opt/rustwide/cargo-home/registry/src/github.com-1ecc6299db9ec823/parity-rocksdb-sys-0.5.2/rocksdb/third-party/gtest-1.7.0/fused-src -ffunction-sections -fdata-sections -fPIC -m64 -W -Wextra -Wall -Wsign-compare -Wshadow -Wno-unused-parameter -Wno-unused-variable -Woverloaded-virtual -Wnon-virtual-dtor -Wno-missing-field-initializers -Wno-strict-aliasing -std=c++11 -march=native -fno-builtin-memcmp -g -DROCKSDB_USE_RTTI -MD -MT CMakeFiles/rocksdb.dir/db/db_filesnapshot.cc.o -MF CMakeFiles/rocksdb.dir/db/db_filesnapshot.cc.o.d -o CMakeFiles/rocksdb.dir/db/db_filesnapshot.cc.o -c /opt/rustwide/cargo-home/registry/src/github.com-1ecc6299db9ec823/parity-rocksdb-sys-0.5.2/rocksdb/db/db_filesnapshot.cc
[INFO] [stderr]   [  6%] Building CXX object CMakeFiles/rocksdb.dir/db/db_impl.cc.o
[INFO] [stderr]   /usr/bin/c++ -DHAVE_PCLMUL -DHAVE_SSE42 -DOS_LINUX -DROCKSDB_FALLOCATE_PRESENT -DROCKSDB_LIB_IO_POSIX -DROCKSDB_MALLOC_USABLE_SIZE -DROCKSDB_PLATFORM_POSIX -DROCKSDB_PTHREAD_ADAPTIVE_MUTEX -DROCKSDB_RANGESYNC_PRESENT -DROCKSDB_SCHED_GETCPU_PRESENT -DROCKSDB_SUPPORT_THREAD_LOCAL -DSNAPPY -I/opt/rustwide/target/debug/build/parity-snappy-sys-940412413bb58f9f/out/build -I/opt/rustwide/cargo-home/registry/src/github.com-1ecc6299db9ec823/parity-rocksdb-sys-0.5.2/rocksdb -I/opt/rustwide/cargo-home/registry/src/github.com-1ecc6299db9ec823/parity-rocksdb-sys-0.5.2/rocksdb/include -isystem /opt/rustwide/cargo-home/registry/src/github.com-1ecc6299db9ec823/parity-rocksdb-sys-0.5.2/rocksdb/third-party/gtest-1.7.0/fused-src -ffunction-sections -fdata-sections -fPIC -m64 -W -Wextra -Wall -Wsign-compare -Wshadow -Wno-unused-parameter -Wno-unused-variable -Woverloaded-virtual -Wnon-virtual-dtor -Wno-missing-field-initializers -Wno-strict-aliasing -std=c++11 -march=native -fno-builtin-memcmp -g -DROCKSDB_USE_RTTI -MD -MT CMakeFiles/rocksdb.dir/db/db_impl.cc.o -MF CMakeFiles/rocksdb.dir/db/db_impl.cc.o.d -o CMakeFiles/rocksdb.dir/db/db_impl.cc.o -c /opt/rustwide/cargo-home/registry/src/github.com-1ecc6299db9ec823/parity-rocksdb-sys-0.5.2/rocksdb/db/db_impl.cc
[INFO] [stderr]   [  6%] Building CXX object CMakeFiles/rocksdb.dir/db/db_impl_write.cc.o
[INFO] [stderr]   /usr/bin/c++ -DHAVE_PCLMUL -DHAVE_SSE42 -DOS_LINUX -DROCKSDB_FALLOCATE_PRESENT -DROCKSDB_LIB_IO_POSIX -DROCKSDB_MALLOC_USABLE_SIZE -DROCKSDB_PLATFORM_POSIX -DROCKSDB_PTHREAD_ADAPTIVE_MUTEX -DROCKSDB_RANGESYNC_PRESENT -DROCKSDB_SCHED_GETCPU_PRESENT -DROCKSDB_SUPPORT_THREAD_LOCAL -DSNAPPY -I/opt/rustwide/target/debug/build/parity-snappy-sys-940412413bb58f9f/out/build -I/opt/rustwide/cargo-home/registry/src/github.com-1ecc6299db9ec823/parity-rocksdb-sys-0.5.2/rocksdb -I/opt/rustwide/cargo-home/registry/src/github.com-1ecc6299db9ec823/parity-rocksdb-sys-0.5.2/rocksdb/include -isystem /opt/rustwide/cargo-home/registry/src/github.com-1ecc6299db9ec823/parity-rocksdb-sys-0.5.2/rocksdb/third-party/gtest-1.7.0/fused-src -ffunction-sections -fdata-sections -fPIC -m64 -W -Wextra -Wall -Wsign-compare -Wshadow -Wno-unused-parameter -Wno-unused-variable -Woverloaded-virtual -Wnon-virtual-dtor -Wno-missing-field-initializers -Wno-strict-aliasing -std=c++11 -march=native -fno-builtin-memcmp -g -DROCKSDB_USE_RTTI -MD -MT CMakeFiles/rocksdb.dir/db/db_impl_write.cc.o -MF CMakeFiles/rocksdb.dir/db/db_impl_write.cc.o.d -o CMakeFiles/rocksdb.dir/db/db_impl_write.cc.o -c /opt/rustwide/cargo-home/registry/src/github.com-1ecc6299db9ec823/parity-rocksdb-sys-0.5.2/rocksdb/db/db_impl_write.cc
[INFO] [stderr]   gmake[3]: Leaving directory '/opt/rustwide/target/debug/build/parity-rocksdb-sys-16ed45ff2b924fb4/out/build'
[INFO] [stderr]   gmake[2]: Leaving directory '/opt/rustwide/target/debug/build/parity-rocksdb-sys-16ed45ff2b924fb4/out/build'
[INFO] [stderr]   gmake[1]: Leaving directory '/opt/rustwide/target/debug/build/parity-rocksdb-sys-16ed45ff2b924fb4/out/build'
[INFO] [stderr] 
[INFO] [stderr]   --- stderr
[INFO] [stderr]   CMake Warning at CMakeLists.txt:74 (find_package):
[INFO] [stderr]     By not providing "Findgflags.cmake" in CMAKE_MODULE_PATH this project has
[INFO] [stderr]     asked CMake to find a package configuration file provided by "gflags", but
[INFO] [stderr]     CMake did not find one.
[INFO] [stderr] 
[INFO] [stderr]     Could not find a package configuration file provided by "gflags" with any
[INFO] [stderr]     of the following names:
[INFO] [stderr] 
[INFO] [stderr]       gflagsConfig.cmake
[INFO] [stderr]       gflags-config.cmake
[INFO] [stderr] 
[INFO] [stderr]     Add the installation prefix of "gflags" to CMAKE_PREFIX_PATH or set
[INFO] [stderr]     "gflags_DIR" to a directory containing one of the above files.  If "gflags"
[INFO] [stderr]     provides a separate development package or SDK, be sure it has been
[INFO] [stderr]     installed.
[INFO] [stderr] 
[INFO] [stderr] 
[INFO] [stderr]   In file included from /opt/rustwide/cargo-home/registry/src/github.com-1ecc6299db9ec823/parity-rocksdb-sys-0.5.2/rocksdb/db/range_del_aggregator.h:16,
[INFO] [stderr]                    from /opt/rustwide/cargo-home/registry/src/github.com-1ecc6299db9ec823/parity-rocksdb-sys-0.5.2/rocksdb/db/memtable.h:19,
[INFO] [stderr]                    from /opt/rustwide/cargo-home/registry/src/github.com-1ecc6299db9ec823/parity-rocksdb-sys-0.5.2/rocksdb/db/memtable_list.h:17,
[INFO] [stderr]                    from /opt/rustwide/cargo-home/registry/src/github.com-1ecc6299db9ec823/parity-rocksdb-sys-0.5.2/rocksdb/db/column_family.h:17,
[INFO] [stderr]                    from /opt/rustwide/cargo-home/registry/src/github.com-1ecc6299db9ec823/parity-rocksdb-sys-0.5.2/rocksdb/db/version_set.h:31,
[INFO] [stderr]                    from /opt/rustwide/cargo-home/registry/src/github.com-1ecc6299db9ec823/parity-rocksdb-sys-0.5.2/rocksdb/db/compaction.h:11,
[INFO] [stderr]                    from /opt/rustwide/cargo-home/registry/src/github.com-1ecc6299db9ec823/parity-rocksdb-sys-0.5.2/rocksdb/db/compaction_iterator.h:12,
[INFO] [stderr]                    from /opt/rustwide/cargo-home/registry/src/github.com-1ecc6299db9ec823/parity-rocksdb-sys-0.5.2/rocksdb/db/builder.cc:16:
[INFO] [stderr]   /opt/rustwide/cargo-home/registry/src/github.com-1ecc6299db9ec823/parity-rocksdb-sys-0.5.2/rocksdb/db/version_edit.h: In constructor 'rocksdb::FdWithKeyRange::FdWithKeyRange(rocksdb::FileDescriptor, rocksdb::Slice, rocksdb::Slice, rocksdb::FileMetaData*)':
[INFO] [stderr]   /opt/rustwide/cargo-home/registry/src/github.com-1ecc6299db9ec823/parity-rocksdb-sys-0.5.2/rocksdb/db/version_edit.h:154:9: warning: implicitly-declared 'constexpr rocksdb::FileDescriptor::FileDescriptor(const rocksdb::FileDescriptor&)' is deprecated [-Wdeprecated-copy]
[INFO] [stderr]     154 |       : fd(_fd),
[INFO] [stderr]         |         ^~~~~~~
[INFO] [stderr]   /opt/rustwide/cargo-home/registry/src/github.com-1ecc6299db9ec823/parity-rocksdb-sys-0.5.2/rocksdb/db/version_edit.h:47:19: note: because 'rocksdb::FileDescriptor' has user-provided 'rocksdb::FileDescriptor& rocksdb::FileDescriptor::operator=(const rocksdb::FileDescriptor&)'
[INFO] [stderr]      47 |   FileDescriptor& operator=(const FileDescriptor& fd) {
[INFO] [stderr]         |                   ^~~~~~~~
[INFO] [stderr]   In file included from /opt/rustwide/cargo-home/registry/src/github.com-1ecc6299db9ec823/parity-rocksdb-sys-0.5.2/rocksdb/db/range_del_aggregator.h:16,
[INFO] [stderr]                    from /opt/rustwide/cargo-home/registry/src/github.com-1ecc6299db9ec823/parity-rocksdb-sys-0.5.2/rocksdb/db/memtable.h:19,
[INFO] [stderr]                    from /opt/rustwide/cargo-home/registry/src/github.com-1ecc6299db9ec823/parity-rocksdb-sys-0.5.2/rocksdb/db/memtable_list.h:17,
[INFO] [stderr]                    from /opt/rustwide/cargo-home/registry/src/github.com-1ecc6299db9ec823/parity-rocksdb-sys-0.5.2/rocksdb/db/column_family.h:17,
[INFO] [stderr]                    from /opt/rustwide/cargo-home/registry/src/github.com-1ecc6299db9ec823/parity-rocksdb-sys-0.5.2/rocksdb/db/version_set.h:31,
[INFO] [stderr]                    from /opt/rustwide/cargo-home/registry/src/github.com-1ecc6299db9ec823/parity-rocksdb-sys-0.5.2/rocksdb/db/compaction.h:11,
[INFO] [stderr]                    from /opt/rustwide/cargo-home/registry/src/github.com-1ecc6299db9ec823/parity-rocksdb-sys-0.5.2/rocksdb/db/compaction.cc:10:
[INFO] [stderr]   /opt/rustwide/cargo-home/registry/src/github.com-1ecc6299db9ec823/parity-rocksdb-sys-0.5.2/rocksdb/db/version_edit.h: In constructor 'rocksdb::FdWithKeyRange::FdWithKeyRange(rocksdb::FileDescriptor, rocksdb::Slice, rocksdb::Slice, rocksdb::FileMetaData*)':
[INFO] [stderr]   /opt/rustwide/cargo-home/registry/src/github.com-1ecc6299db9ec823/parity-rocksdb-sys-0.5.2/rocksdb/db/version_edit.h:154:9: warning: implicitly-declared 'constexpr rocksdb::FileDescriptor::FileDescriptor(const rocksdb::FileDescriptor&)' is deprecated [-Wdeprecated-copy]
[INFO] [stderr]     154 |       : fd(_fd),
[INFO] [stderr]         |         ^~~~~~~
[INFO] [stderr]   /opt/rustwide/cargo-home/registry/src/github.com-1ecc6299db9ec823/parity-rocksdb-sys-0.5.2/rocksdb/db/version_edit.h:47:19: note: because 'rocksdb::FileDescriptor' has user-provided 'rocksdb::FileDescriptor& rocksdb::FileDescriptor::operator=(const rocksdb::FileDescriptor&)'
[INFO] [stderr]      47 |   FileDescriptor& operator=(const FileDescriptor& fd) {
[INFO] [stderr]         |                   ^~~~~~~~
[INFO] [stderr]   In file included from /opt/rustwide/cargo-home/registry/src/github.com-1ecc6299db9ec823/parity-rocksdb-sys-0.5.2/rocksdb/db/range_del_aggregator.h:16,
[INFO] [stderr]                    from /opt/rustwide/cargo-home/registry/src/github.com-1ecc6299db9ec823/parity-rocksdb-sys-0.5.2/rocksdb/db/memtable.h:19,
[INFO] [stderr]                    from /opt/rustwide/cargo-home/registry/src/github.com-1ecc6299db9ec823/parity-rocksdb-sys-0.5.2/rocksdb/db/memtable_list.h:17,
[INFO] [stderr]                    from /opt/rustwide/cargo-home/registry/src/github.com-1ecc6299db9ec823/parity-rocksdb-sys-0.5.2/rocksdb/db/column_family.h:17,
[INFO] [stderr]                    from /opt/rustwide/cargo-home/registry/src/github.com-1ecc6299db9ec823/parity-rocksdb-sys-0.5.2/rocksdb/db/version_set.h:31,
[INFO] [stderr]                    from /opt/rustwide/cargo-home/registry/src/github.com-1ecc6299db9ec823/parity-rocksdb-sys-0.5.2/rocksdb/db/compaction.h:11,
[INFO] [stderr]                    from /opt/rustwide/cargo-home/registry/src/github.com-1ecc6299db9ec823/parity-rocksdb-sys-0.5.2/rocksdb/db/compaction_picker.h:18,
[INFO] [stderr]                    from /opt/rustwide/cargo-home/registry/src/github.com-1ecc6299db9ec823/parity-rocksdb-sys-0.5.2/rocksdb/db/compaction_picker.cc:10:
[INFO] [stderr]   /opt/rustwide/cargo-home/registry/src/github.com-1ecc6299db9ec823/parity-rocksdb-sys-0.5.2/rocksdb/db/version_edit.h: In constructor 'rocksdb::FdWithKeyRange::FdWithKeyRange(rocksdb::FileDescriptor, rocksdb::Slice, rocksdb::Slice, rocksdb::FileMetaData*)':
[INFO] [stderr]   /opt/rustwide/cargo-home/registry/src/github.com-1ecc6299db9ec823/parity-rocksdb-sys-0.5.2/rocksdb/db/version_edit.h:154:9: warning: implicitly-declared 'constexpr rocksdb::FileDescriptor::FileDescriptor(const rocksdb::FileDescriptor&)' is deprecated [-Wdeprecated-copy]
[INFO] [stderr]     154 |       : fd(_fd),
[INFO] [stderr]         |         ^~~~~~~
[INFO] [stderr]   /opt/rustwide/cargo-home/registry/src/github.com-1ecc6299db9ec823/parity-rocksdb-sys-0.5.2/rocksdb/db/version_edit.h:47:19: note: because 'rocksdb::FileDescriptor' has user-provided 'rocksdb::FileDescriptor& rocksdb::FileDescriptor::operator=(const rocksdb::FileDescriptor&)'
[INFO] [stderr]      47 |   FileDescriptor& operator=(const FileDescriptor& fd) {
[INFO] [stderr]         |                   ^~~~~~~~
[INFO] [stderr]   In file included from /opt/rustwide/cargo-home/registry/src/github.com-1ecc6299db9ec823/parity-rocksdb-sys-0.5.2/rocksdb/db/range_del_aggregator.h:16,
[INFO] [stderr]                    from /opt/rustwide/cargo-home/registry/src/github.com-1ecc6299db9ec823/parity-rocksdb-sys-0.5.2/rocksdb/db/memtable.h:19,
[INFO] [stderr]                    from /opt/rustwide/cargo-home/registry/src/github.com-1ecc6299db9ec823/parity-rocksdb-sys-0.5.2/rocksdb/db/memtable_list.h:17,
[INFO] [stderr]                    from /opt/rustwide/cargo-home/registry/src/github.com-1ecc6299db9ec823/parity-rocksdb-sys-0.5.2/rocksdb/db/column_family.h:17,
[INFO] [stderr]                    from /opt/rustwide/cargo-home/registry/src/github.com-1ecc6299db9ec823/parity-rocksdb-sys-0.5.2/rocksdb/db/version_set.h:31,
[INFO] [stderr]                    from /opt/rustwide/cargo-home/registry/src/github.com-1ecc6299db9ec823/parity-rocksdb-sys-0.5.2/rocksdb/db/compaction.h:11,
[INFO] [stderr]                    from /opt/rustwide/cargo-home/registry/src/github.com-1ecc6299db9ec823/parity-rocksdb-sys-0.5.2/rocksdb/db/compaction_picker.h:18,
[INFO] [stderr]                    from /opt/rustwide/cargo-home/registry/src/github.com-1ecc6299db9ec823/parity-rocksdb-sys-0.5.2/rocksdb/db/compaction_picker_universal.h:13,
[INFO] [stderr]                    from /opt/rustwide/cargo-home/registry/src/github.com-1ecc6299db9ec823/parity-rocksdb-sys-0.5.2/rocksdb/db/compaction_picker_universal.cc:10:
[INFO] [stderr]   /opt/rustwide/cargo-home/registry/src/github.com-1ecc6299db9ec823/parity-rocksdb-sys-0.5.2/rocksdb/db/version_edit.h: In constructor 'rocksdb::FdWithKeyRange::FdWithKeyRange(rocksdb::FileDescriptor, rocksdb::Slice, rocksdb::Slice, rocksdb::FileMetaData*)':
[INFO] [stderr]   /opt/rustwide/cargo-home/registry/src/github.com-1ecc6299db9ec823/parity-rocksdb-sys-0.5.2/rocksdb/db/version_edit.h:154:9: warning: implicitly-declared 'constexpr rocksdb::FileDescriptor::FileDescriptor(const rocksdb::FileDescriptor&)' is deprecated [-Wdeprecated-copy]
[INFO] [stderr]     154 |       : fd(_fd),
[INFO] [stderr]         |         ^~~~~~~
[INFO] [stderr]   /opt/rustwide/cargo-home/registry/src/github.com-1ecc6299db9ec823/parity-rocksdb-sys-0.5.2/rocksdb/db/version_edit.h:47:19: note: because 'rocksdb::FileDescriptor' has user-provided 'rocksdb::FileDescriptor& rocksdb::FileDescriptor::operator=(const rocksdb::FileDescriptor&)'
[INFO] [stderr]      47 |   FileDescriptor& operator=(const FileDescriptor& fd) {
[INFO] [stderr]         |                   ^~~~~~~~
[INFO] [stderr]   c++: fatal error: Killed signal terminated program cc1plus
[INFO] [stderr]   compilation terminated.
[INFO] [stderr]   gmake[3]: *** [CMakeFiles/rocksdb.dir/build.make:121: CMakeFiles/rocksdb.dir/db/builder.cc.o] Error 1
[INFO] [stderr]   gmake[3]: *** Waiting for unfinished jobs....
[INFO] [stderr]   In file included from /opt/rustwide/cargo-home/registry/src/github.com-1ecc6299db9ec823/parity-rocksdb-sys-0.5.2/rocksdb/db/range_del_aggregator.h:16,
[INFO] [stderr]                    from /opt/rustwide/cargo-home/registry/src/github.com-1ecc6299db9ec823/parity-rocksdb-sys-0.5.2/rocksdb/db/memtable.h:19,
[INFO] [stderr]                    from /opt/rustwide/cargo-home/registry/src/github.com-1ecc6299db9ec823/parity-rocksdb-sys-0.5.2/rocksdb/db/memtable_list.h:17,
[INFO] [stderr]                    from /opt/rustwide/cargo-home/registry/src/github.com-1ecc6299db9ec823/parity-rocksdb-sys-0.5.2/rocksdb/db/column_family.h:17,
[INFO] [stderr]                    from /opt/rustwide/cargo-home/registry/src/github.com-1ecc6299db9ec823/parity-rocksdb-sys-0.5.2/rocksdb/db/db_impl.h:22,
[INFO] [stderr]                    from /opt/rustwide/cargo-home/registry/src/github.com-1ecc6299db9ec823/parity-rocksdb-sys-0.5.2/rocksdb/db/compacted_db_impl.h:8,
[INFO] [stderr]                    from /opt/rustwide/cargo-home/registry/src/github.com-1ecc6299db9ec823/parity-rocksdb-sys-0.5.2/rocksdb/db/compacted_db_impl.cc:7:
[INFO] [stderr]   /opt/rustwide/cargo-home/registry/src/github.com-1ecc6299db9ec823/parity-rocksdb-sys-0.5.2/rocksdb/db/version_edit.h: In constructor 'rocksdb::FdWithKeyRange::FdWithKeyRange(rocksdb::FileDescriptor, rocksdb::Slice, rocksdb::Slice, rocksdb::FileMetaData*)':
[INFO] [stderr]   /opt/rustwide/cargo-home/registry/src/github.com-1ecc6299db9ec823/parity-rocksdb-sys-0.5.2/rocksdb/db/version_edit.h:154:9: warning: implicitly-declared 'constexpr rocksdb::FileDescriptor::FileDescriptor(const rocksdb::FileDescriptor&)' is deprecated [-Wdeprecated-copy]
[INFO] [stderr]     154 |       : fd(_fd),
[INFO] [stderr]         |         ^~~~~~~
[INFO] [stderr]   /opt/rustwide/cargo-home/registry/src/github.com-1ecc6299db9ec823/parity-rocksdb-sys-0.5.2/rocksdb/db/version_edit.h:47:19: note: because 'rocksdb::FileDescriptor' has user-provided 'rocksdb::FileDescriptor& rocksdb::FileDescriptor::operator=(const rocksdb::FileDescriptor&)'
[INFO] [stderr]      47 |   FileDescriptor& operator=(const FileDescriptor& fd) {
[INFO] [stderr]         |                   ^~~~~~~~
[INFO] [stderr]   c++: fatal error: Killed signal terminated program cc1plus
[INFO] [stderr]   compilation terminated.
[INFO] [stderr]   In file included from /opt/rustwide/cargo-home/registry/src/github.com-1ecc6299db9ec823/parity-rocksdb-sys-0.5.2/rocksdb/db/range_del_aggregator.h:16,
[INFO] [stderr]                    from /opt/rustwide/cargo-home/registry/src/github.com-1ecc6299db9ec823/parity-rocksdb-sys-0.5.2/rocksdb/db/memtable.h:19,
[INFO] [stderr]                    from /opt/rustwide/cargo-home/registry/src/github.com-1ecc6299db9ec823/parity-rocksdb-sys-0.5.2/rocksdb/db/memtable_list.h:17,
[INFO] [stderr]                    from /opt/rustwide/cargo-home/registry/src/github.com-1ecc6299db9ec823/parity-rocksdb-sys-0.5.2/rocksdb/db/column_family.h:17,
[INFO] [stderr]                    from /opt/rustwide/cargo-home/registry/src/github.com-1ecc6299db9ec823/parity-rocksdb-sys-0.5.2/rocksdb/db/version_set.h:31,
[INFO] [stderr]                    from /opt/rustwide/cargo-home/registry/src/github.com-1ecc6299db9ec823/parity-rocksdb-sys-0.5.2/rocksdb/db/compaction.h:11,
[INFO] [stderr]                    from /opt/rustwide/cargo-home/registry/src/github.com-1ecc6299db9ec823/parity-rocksdb-sys-0.5.2/rocksdb/db/compaction_iterator.h:12,
[INFO] [stderr]                    from /opt/rustwide/cargo-home/registry/src/github.com-1ecc6299db9ec823/parity-rocksdb-sys-0.5.2/rocksdb/db/compaction_iterator.cc:6:
[INFO] [stderr]   /opt/rustwide/cargo-home/registry/src/github.com-1ecc6299db9ec823/parity-rocksdb-sys-0.5.2/rocksdb/db/version_edit.h: In constructor 'rocksdb::FdWithKeyRange::FdWithKeyRange(rocksdb::FileDescriptor, rocksdb::Slice, rocksdb::Slice, rocksdb::FileMetaData*)':
[INFO] [stderr]   /opt/rustwide/cargo-home/registry/src/github.com-1ecc6299db9ec823/parity-rocksdb-sys-0.5.2/rocksdb/db/version_edit.h:154:9: warning: implicitly-declared 'constexpr rocksdb::FileDescriptor::FileDescriptor(const rocksdb::FileDescriptor&)' is deprecated [-Wdeprecated-copy]
[INFO] [stderr]     154 |       : fd(_fd),
[INFO] [stderr]         |         ^~~~~~~
[INFO] [stderr]   In file included from /opt/rustwide/cargo-home/registry/src/github.com-1ecc6299db9ec823/parity-rocksdb-sys-0.5.2/rocksdb/db/range_del_aggregator.h:16,
[INFO] [stderr]                    from /opt/rustwide/cargo-home/registry/src/github.com-1ecc6299db9ec823/parity-rocksdb-sys-0.5.2/rocksdb/db/memtable.h:19,
[INFO] [stderr]                    from /opt/rustwide/cargo-home/registry/src/github.com-1ecc6299db9ec823/parity-rocksdb-sys-0.5.2/rocksdb/db/memtable_list.h:17,
[INFO] [stderr]                    from /opt/rustwide/cargo-home/registry/src/github.com-1ecc6299db9ec823/parity-rocksdb-sys-0.5.2/rocksdb/db/column_family.h:17,
[INFO] [stderr]                    from /opt/rustwide/cargo-home/registry/src/github.com-1ecc6299db9ec823/parity-rocksdb-sys-0.5.2/rocksdb/db/compaction_job.h:20,
[INFO] [stderr]                    from /opt/rustwide/cargo-home/registry/src/github.com-1ecc6299db9ec823/parity-rocksdb-sys-0.5.2/rocksdb/db/compaction_job.cc:10:
[INFO] [stderr]   /opt/rustwide/cargo-home/registry/src/github.com-1ecc6299db9ec823/parity-rocksdb-sys-0.5.2/rocksdb/db/version_edit.h: In constructor 'rocksdb::FdWithKeyRange::FdWithKeyRange(rocksdb::FileDescriptor, rocksdb::Slice, rocksdb::Slice, rocksdb::FileMetaData*)':
[INFO] [stderr]   /opt/rustwide/cargo-home/registry/src/github.com-1ecc6299db9ec823/parity-rocksdb-sys-0.5.2/rocksdb/db/version_edit.h:154:9: warning: implicitly-declared 'constexpr rocksdb::FileDescriptor::FileDescriptor(const rocksdb::FileDescriptor&)' is deprecated [-Wdeprecated-copy]
[INFO] [stderr]     154 |       : fd(_fd),
[INFO] [stderr]         |         ^~~~~~~
[INFO] [stderr]   In file included from /opt/rustwide/cargo-home/registry/src/github.com-1ecc6299db9ec823/parity-rocksdb-sys-0.5.2/rocksdb/db/range_del_aggregator.h:16,
[INFO] [stderr]                    from /opt/rustwide/cargo-home/registry/src/github.com-1ecc6299db9ec823/parity-rocksdb-sys-0.5.2/rocksdb/db/memtable.h:19,
[INFO] [stderr]                    from /opt/rustwide/cargo-home/registry/src/github.com-1ecc6299db9ec823/parity-rocksdb-sys-0.5.2/rocksdb/db/memtable_list.h:17,
[INFO] [stderr]                    from /opt/rustwide/cargo-home/registry/src/github.com-1ecc6299db9ec823/parity-rocksdb-sys-0.5.2/rocksdb/db/column_family.h:17,
[INFO] [stderr]                    from /opt/rustwide/cargo-home/registry/src/github.com-1ecc6299db9ec823/parity-rocksdb-sys-0.5.2/rocksdb/db/column_family.cc:10:
[INFO] [stderr]   /opt/rustwide/cargo-home/registry/src/github.com-1ecc6299db9ec823/parity-rocksdb-sys-0.5.2/rocksdb/db/version_edit.h: In constructor 'rocksdb::FdWithKeyRange::FdWithKeyRange(rocksdb::FileDescriptor, rocksdb::Slice, rocksdb::Slice, rocksdb::FileMetaData*)':
[INFO] [stderr]   /opt/rustwide/cargo-home/registry/src/github.com-1ecc6299db9ec823/parity-rocksdb-sys-0.5.2/rocksdb/db/version_edit.h:154:9: warning: implicitly-declared 'constexpr rocksdb::FileDescriptor::FileDescriptor(const rocksdb::FileDescriptor&)' is deprecated [-Wdeprecated-copy]
[INFO] [stderr]     154 |       : fd(_fd),
[INFO] [stderr]         |         ^~~~~~~
[INFO] [stderr]   /opt/rustwide/cargo-home/registry/src/github.com-1ecc6299db9ec823/parity-rocksdb-sys-0.5.2/rocksdb/db/version_edit.h:47:19: note: because 'rocksdb::FileDescriptor' has user-provided 'rocksdb::FileDescriptor& rocksdb::FileDescriptor::operator=(const rocksdb::FileDescriptor&)'
[INFO] [stderr]      47 |   FileDescriptor& operator=(const FileDescriptor& fd) {
[INFO] [stderr]         |                   ^~~~~~~~
[INFO] [stderr]   /opt/rustwide/cargo-home/registry/src/github.com-1ecc6299db9ec823/parity-rocksdb-sys-0.5.2/rocksdb/db/version_edit.h:47:19: note: because 'rocksdb::FileDescriptor' has user-provided 'rocksdb::FileDescriptor& rocksdb::FileDescriptor::operator=(const rocksdb::FileDescriptor&)'
[INFO] [stderr]      47 |   FileDescriptor& operator=(const FileDescriptor& fd) {
[INFO] [stderr]         |                   ^~~~~~~~
[INFO] [stderr]   /opt/rustwide/cargo-home/registry/src/github.com-1ecc6299db9ec823/parity-rocksdb-sys-0.5.2/rocksdb/db/version_edit.h:47:19: note: because 'rocksdb::FileDescriptor' has user-provided 'rocksdb::FileDescriptor& rocksdb::FileDescriptor::operator=(const rocksdb::FileDescriptor&)'
[INFO] [stderr]      47 |   FileDescriptor& operator=(const FileDescriptor& fd) {
[INFO] [stderr]         |                   ^~~~~~~~
[INFO] [stderr]   gmake[3]: *** [CMakeFiles/rocksdb.dir/build.make:219: CMakeFiles/rocksdb.dir/db/compaction_picker.cc.o] Error 1
[INFO] [stderr]   c++: fatal error: Killed signal terminated program cc1plus
[INFO] [stderr]   compilation terminated.
[INFO] [stderr]   gmake[3]: *** [CMakeFiles/rocksdb.dir/build.make:177: CMakeFiles/rocksdb.dir/db/compaction.cc.o] Error 1
[INFO] [stderr]   c++: fatal error: Killed signal terminated program cc1plus
[INFO] [stderr]   compilation terminated.
[INFO] [stderr]   gmake[3]: *** [CMakeFiles/rocksdb.dir/build.make:233: CMakeFiles/rocksdb.dir/db/compaction_picker_universal.cc.o] Error 1
[INFO] [stderr]   c++: fatal error: Killed signal terminated program cc1plus
[INFO] [stderr]   compilation terminated.
[INFO] [stderr]   gmake[3]: *** [CMakeFiles/rocksdb.dir/build.make:205: CMakeFiles/rocksdb.dir/db/compaction_job.cc.o] Error 1
[INFO] [stderr]   c++: fatal error: Killed signal terminated program cc1plus
[INFO] [stderr]   compilation terminated.
[INFO] [stderr]   gmake[3]: *** [CMakeFiles/rocksdb.dir/build.make:163: CMakeFiles/rocksdb.dir/db/compacted_db_impl.cc.o] Error 1
[INFO] [stderr]   /opt/rustwide/cargo-home/registry/src/github.com-1ecc6299db9ec823/parity-rocksdb-sys-0.5.2/rocksdb/db/version_edit.h: In instantiation of 'constexpr std::pair<_T1, _T2>::pair(_U1&&, _U2&&) [with _U1 = int&; _U2 = rocksdb::FileMetaData; typename std::enable_if<(std::_PCC<true, _T1, _T2>::_MoveConstructiblePair<_U1, _U2>() && std::_PCC<true, _T1, _T2>::_ImplicitlyMoveConvertiblePair<_U1, _U2>()), bool>::type <anonymous> = true; _T1 = int; _T2 = rocksdb::FileMetaData]':
[INFO] [stderr]   /usr/include/c++/11/ext/new_allocator.h:162:4:   required from 'void __gnu_cxx::new_allocator<_Tp>::construct(_Up*, _Args&& ...) [with _Up = std::pair<int, rocksdb::FileMetaData>; _Args = {int&, rocksdb::FileMetaData}; _Tp = std::pair<int, rocksdb::FileMetaData>]'
[INFO] [stderr]   /usr/include/c++/11/bits/alloc_traits.h:516:17:   required from 'static void std::allocator_traits<std::allocator<_Tp1> >::construct(std::allocator_traits<std::allocator<_Tp1> >::allocator_type&, _Up*, _Args&& ...) [with _Up = std::pair<int, rocksdb::FileMetaData>; _Args = {int&, rocksdb::FileMetaData}; _Tp = std::pair<int, rocksdb::FileMetaData>; std::allocator_traits<std::allocator<_Tp1> >::allocator_type = std::allocator<std::pair<int, rocksdb::FileMetaData> >]'
[INFO] [stderr]   /usr/include/c++/11/bits/vector.tcc:115:30:   required from 'void std::vector<_Tp, _Alloc>::emplace_back(_Args&& ...) [with _Args = {int&, rocksdb::FileMetaData}; _Tp = std::pair<int, rocksdb::FileMetaData>; _Alloc = std::allocator<std::pair<int, rocksdb::FileMetaData> >]'
[INFO] [stderr]   /opt/rustwide/cargo-home/registry/src/github.com-1ecc6299db9ec823/parity-rocksdb-sys-0.5.2/rocksdb/db/version_edit.h:227:28:   required from here
[INFO] [stderr]   /opt/rustwide/cargo-home/registry/src/github.com-1ecc6299db9ec823/parity-rocksdb-sys-0.5.2/rocksdb/db/version_edit.h:76:8: warning: implicitly-declared 'constexpr rocksdb::FileDescriptor::FileDescriptor(const rocksdb::FileDescriptor&)' is deprecated [-Wdeprecated-copy]
[INFO] [stderr]      76 | struct FileMetaData {
[INFO] [stderr]         |        ^~~~~~~~~~~~
[INFO] [stderr]   /opt/rustwide/cargo-home/registry/src/github.com-1ecc6299db9ec823/parity-rocksdb-sys-0.5.2/rocksdb/db/version_edit.h:47:19: note: because 'rocksdb::FileDescriptor' has user-provided 'rocksdb::FileDescriptor& rocksdb::FileDescriptor::operator=(const rocksdb::FileDescriptor&)'
[INFO] [stderr]      47 |   FileDescriptor& operator=(const FileDescriptor& fd) {
[INFO] [stderr]         |                   ^~~~~~~~
[INFO] [stderr]   In file included from /usr/include/c++/11/utility:70,
[INFO] [stderr]                    from /usr/include/c++/11/algorithm:60,
[INFO] [stderr]                    from /opt/rustwide/cargo-home/registry/src/github.com-1ecc6299db9ec823/parity-rocksdb-sys-0.5.2/rocksdb/db/compaction_iterator.h:7,
[INFO] [stderr]                    from /opt/rustwide/cargo-home/registry/src/github.com-1ecc6299db9ec823/parity-rocksdb-sys-0.5.2/rocksdb/db/compaction_iterator.cc:6:
[INFO] [stderr]   /usr/include/c++/11/bits/stl_pair.h:353:42: note: synthesized method 'rocksdb::FileMetaData::FileMetaData(rocksdb::FileMetaData&&)' first required here
[INFO] [stderr]     353 |         : first(std::forward<_U1>(__x)), second(std::forward<_U2>(__y)) { }
[INFO] [stderr]         |                                          ^~~~~~~~~~~~~~~~~~~~~~~~~~~~~~
[INFO] [stderr]   In file included from /opt/rustwide/cargo-home/registry/src/github.com-1ecc6299db9ec823/parity-rocksdb-sys-0.5.2/rocksdb/db/range_del_aggregator.h:16,
[INFO] [stderr]                    from /opt/rustwide/cargo-home/registry/src/github.com-1ecc6299db9ec823/parity-rocksdb-sys-0.5.2/rocksdb/db/memtable.h:19,
[INFO] [stderr]                    from /opt/rustwide/cargo-home/registry/src/github.com-1ecc6299db9ec823/parity-rocksdb-sys-0.5.2/rocksdb/db/memtable_list.h:17,
[INFO] [stderr]                    from /opt/rustwide/cargo-home/registry/src/github.com-1ecc6299db9ec823/parity-rocksdb-sys-0.5.2/rocksdb/db/column_family.h:17,
[INFO] [stderr]                    from /opt/rustwide/cargo-home/registry/src/github.com-1ecc6299db9ec823/parity-rocksdb-sys-0.5.2/rocksdb/db/version_set.h:31,
[INFO] [stderr]                    from /opt/rustwide/cargo-home/registry/src/github.com-1ecc6299db9ec823/parity-rocksdb-sys-0.5.2/rocksdb/db/compaction.h:11,
[INFO] [stderr]                    from /opt/rustwide/cargo-home/registry/src/github.com-1ecc6299db9ec823/parity-rocksdb-sys-0.5.2/rocksdb/db/compaction_iterator.h:12,
[INFO] [stderr]                    from /opt/rustwide/cargo-home/registry/src/github.com-1ecc6299db9ec823/parity-rocksdb-sys-0.5.2/rocksdb/db/compaction_iterator.cc:6:
[INFO] [stderr]   /opt/rustwide/cargo-home/registry/src/github.com-1ecc6299db9ec823/parity-rocksdb-sys-0.5.2/rocksdb/db/version_edit.h: In instantiation of 'constexpr std::pair<_T1, _T2>::pair(_U1&&, const _T2&) [with _U1 = int&; typename std::enable_if<std::_PCC<true, _T1, _T2>::_MoveCopyPair<true, _U1, _T2>(), bool>::type <anonymous> = true; _T1 = int; _T2 = rocksdb::FileMetaData]':
[INFO] [stderr]   /usr/include/c++/11/ext/new_allocator.h:162:4:   required from 'void __gnu_cxx::new_allocator<_Tp>::construct(_Up*, _Args&& ...) [with _Up = std::pair<int, rocksdb::FileMetaData>; _Args = {int&, const rocksdb::FileMetaData&}; _Tp = std::pair<int, rocksdb::FileMetaData>]'
[INFO] [stderr]   /usr/include/c++/11/bits/alloc_traits.h:516:17:   required from 'static void std::allocator_traits<std::allocator<_Tp1> >::construct(std::allocator_traits<std::allocator<_Tp1> >::allocator_type&, _Up*, _Args&& ...) [with _Up = std::pair<int, rocksdb::FileMetaData>; _Args = {int&, const rocksdb::FileMetaData&}; _Tp = std::pair<int, rocksdb::FileMetaData>; std::allocator_traits<std::allocator<_Tp1> >::allocator_type = std::allocator<std::pair<int, rocksdb::FileMetaData> >]'
[INFO] [stderr]   /usr/include/c++/11/bits/vector.tcc:115:30:   required from 'void std::vector<_Tp, _Alloc>::emplace_back(_Args&& ...) [with _Args = {int&, const rocksdb::FileMetaData&}; _Tp = std::pair<int, rocksdb::FileMetaData>; _Alloc = std::allocator<std::pair<int, rocksdb::FileMetaData> >]'
[INFO] [stderr]   /opt/rustwide/cargo-home/registry/src/github.com-1ecc6299db9ec823/parity-rocksdb-sys-0.5.2/rocksdb/db/version_edit.h:232:28:   required from here
[INFO] [stderr]   /opt/rustwide/cargo-home/registry/src/github.com-1ecc6299db9ec823/parity-rocksdb-sys-0.5.2/rocksdb/db/version_edit.h:76:8: warning: implicitly-declared 'constexpr rocksdb::FileDescriptor::FileDescriptor(const rocksdb::FileDescriptor&)' is deprecated [-Wdeprecated-copy]
[INFO] [stderr]      76 | struct FileMetaData {
[INFO] [stderr]         |        ^~~~~~~~~~~~
[INFO] [stderr]   /opt/rustwide/cargo-home/registry/src/github.com-1ecc6299db9ec823/parity-rocksdb-sys-0.5.2/rocksdb/db/version_edit.h:47:19: note: because 'rocksdb::FileDescriptor' has user-provided 'rocksdb::FileDescriptor& rocksdb::FileDescriptor::operator=(const rocksdb::FileDescriptor&)'
[INFO] [stderr]      47 |   FileDescriptor& operator=(const FileDescriptor& fd) {
[INFO] [stderr]         |                   ^~~~~~~~
[INFO] [stderr]   In file included from /usr/include/c++/11/utility:70,
[INFO] [stderr]                    from /usr/include/c++/11/algorithm:60,
[INFO] [stderr]                    from /opt/rustwide/cargo-home/registry/src/github.com-1ecc6299db9ec823/parity-rocksdb-sys-0.5.2/rocksdb/db/compaction_iterator.h:7,
[INFO] [stderr]                    from /opt/rustwide/cargo-home/registry/src/github.com-1ecc6299db9ec823/parity-rocksdb-sys-0.5.2/rocksdb/db/compaction_iterator.cc:6:
[INFO] [stderr]   /usr/include/c++/11/bits/stl_pair.h:323:41: note: synthesized method 'rocksdb::FileMetaData::FileMetaData(const rocksdb::FileMetaData&)' first required here
[INFO] [stderr]     323 |        : first(std::forward<_U1>(__x)), second(__y) { }
[INFO] [stderr]         |                                         ^~~~~~~~~~~
[INFO] [stderr]   In file included from /opt/rustwide/cargo-home/registry/src/github.com-1ecc6299db9ec823/parity-rocksdb-sys-0.5.2/rocksdb/db/range_del_aggregator.h:16,
[INFO] [stderr]                    from /opt/rustwide/cargo-home/registry/src/github.com-1ecc6299db9ec823/parity-rocksdb-sys-0.5.2/rocksdb/db/memtable.h:19,
[INFO] [stderr]                    from /opt/rustwide/cargo-home/registry/src/github.com-1ecc6299db9ec823/parity-rocksdb-sys-0.5.2/rocksdb/db/memtable_list.h:17,
[INFO] [stderr]                    from /opt/rustwide/cargo-home/registry/src/github.com-1ecc6299db9ec823/parity-rocksdb-sys-0.5.2/rocksdb/db/column_family.h:17,
[INFO] [stderr]                    from /opt/rustwide/cargo-home/registry/src/github.com-1ecc6299db9ec823/parity-rocksdb-sys-0.5.2/rocksdb/db/db_impl.h:22,
[INFO] [stderr]                    from /opt/rustwide/cargo-home/registry/src/github.com-1ecc6299db9ec823/parity-rocksdb-sys-0.5.2/rocksdb/db/convenience.cc:11:
[INFO] [stderr]   /opt/rustwide/cargo-home/registry/src/github.com-1ecc6299db9ec823/parity-rocksdb-sys-0.5.2/rocksdb/db/version_edit.h: In constructor 'rocksdb::FdWithKeyRange::FdWithKeyRange(rocksdb::FileDescriptor, rocksdb::Slice, rocksdb::Slice, rocksdb::FileMetaData*)':
[INFO] [stderr]   /opt/rustwide/cargo-home/registry/src/github.com-1ecc6299db9ec823/parity-rocksdb-sys-0.5.2/rocksdb/db/version_edit.h:154:9: warning: implicitly-declared 'constexpr rocksdb::FileDescriptor::FileDescriptor(const rocksdb::FileDescriptor&)' is deprecated [-Wdeprecated-copy]
[INFO] [stderr]     154 |       : fd(_fd),
[INFO] [stderr]         |         ^~~~~~~
[INFO] [stderr]   /opt/rustwide/cargo-home/registry/src/github.com-1ecc6299db9ec823/parity-rocksdb-sys-0.5.2/rocksdb/db/version_edit.h:47:19: note: because 'rocksdb::FileDescriptor' has user-provided 'rocksdb::FileDescriptor& rocksdb::FileDescriptor::operator=(const rocksdb::FileDescriptor&)'
[INFO] [stderr]      47 |   FileDescriptor& operator=(const FileDescriptor& fd) {
[INFO] [stderr]         |                   ^~~~~~~~
[INFO] [stderr]   In file included from /opt/rustwide/cargo-home/registry/src/github.com-1ecc6299db9ec823/parity-rocksdb-sys-0.5.2/rocksdb/db/range_del_aggregator.h:16,
[INFO] [stderr]                    from /opt/rustwide/cargo-home/registry/src/github.com-1ecc6299db9ec823/parity-rocksdb-sys-0.5.2/rocksdb/db/memtable.h:19,
[INFO] [stderr]                    from /opt/rustwide/cargo-home/registry/src/github.com-1ecc6299db9ec823/parity-rocksdb-sys-0.5.2/rocksdb/db/memtable_list.h:17,
[INFO] [stderr]                    from /opt/rustwide/cargo-home/registry/src/github.com-1ecc6299db9ec823/parity-rocksdb-sys-0.5.2/rocksdb/db/column_family.h:17,
[INFO] [stderr]                    from /opt/rustwide/cargo-home/registry/src/github.com-1ecc6299db9ec823/parity-rocksdb-sys-0.5.2/rocksdb/db/db_impl.h:22,
[INFO] [stderr]                    from /opt/rustwide/cargo-home/registry/src/github.com-1ecc6299db9ec823/parity-rocksdb-sys-0.5.2/rocksdb/db/db_impl.cc:9:
[INFO] [stderr]   /opt/rustwide/cargo-home/registry/src/github.com-1ecc6299db9ec823/parity-rocksdb-sys-0.5.2/rocksdb/db/version_edit.h: In constructor 'rocksdb::FdWithKeyRange::FdWithKeyRange(rocksdb::FileDescriptor, rocksdb::Slice, rocksdb::Slice, rocksdb::FileMetaData*)':
[INFO] [stderr]   /opt/rustwide/cargo-home/registry/src/github.com-1ecc6299db9ec823/parity-rocksdb-sys-0.5.2/rocksdb/db/version_edit.h:154:9: warning: implicitly-declared 'constexpr rocksdb::FileDescriptor::FileDescriptor(const rocksdb::FileDescriptor&)' is deprecated [-Wdeprecated-copy]
[INFO] [stderr]     154 |       : fd(_fd),
[INFO] [stderr]         |         ^~~~~~~
[INFO] [stderr]   /opt/rustwide/cargo-home/registry/src/github.com-1ecc6299db9ec823/parity-rocksdb-sys-0.5.2/rocksdb/db/version_edit.h:47:19: note: because 'rocksdb::FileDescriptor' has user-provided 'rocksdb::FileDescriptor& rocksdb::FileDescriptor::operator=(const rocksdb::FileDescriptor&)'
[INFO] [stderr]      47 |   FileDescriptor& operator=(const FileDescriptor& fd) {
[INFO] [stderr]         |                   ^~~~~~~~
[INFO] [stderr]   In file included from /opt/rustwide/cargo-home/registry/src/github.com-1ecc6299db9ec823/parity-rocksdb-sys-0.5.2/rocksdb/db/range_del_aggregator.h:16,
[INFO] [stderr]                    from /opt/rustwide/cargo-home/registry/src/github.com-1ecc6299db9ec823/parity-rocksdb-sys-0.5.2/rocksdb/db/memtable.h:19,
[INFO] [stderr]                    from /opt/rustwide/cargo-home/registry/src/github.com-1ecc6299db9ec823/parity-rocksdb-sys-0.5.2/rocksdb/db/memtable_list.h:17,
[INFO] [stderr]                    from /opt/rustwide/cargo-home/registry/src/github.com-1ecc6299db9ec823/parity-rocksdb-sys-0.5.2/rocksdb/db/column_family.h:17,
[INFO] [stderr]                    from /opt/rustwide/cargo-home/registry/src/github.com-1ecc6299db9ec823/parity-rocksdb-sys-0.5.2/rocksdb/db/db_impl.h:22,
[INFO] [stderr]                    from /opt/rustwide/cargo-home/registry/src/github.com-1ecc6299db9ec823/parity-rocksdb-sys-0.5.2/rocksdb/db/db_filesnapshot.cc:17:
[INFO] [stderr]   /opt/rustwide/cargo-home/registry/src/github.com-1ecc6299db9ec823/parity-rocksdb-sys-0.5.2/rocksdb/db/version_edit.h: In constructor 'rocksdb::FdWithKeyRange::FdWithKeyRange(rocksdb::FileDescriptor, rocksdb::Slice, rocksdb::Slice, rocksdb::FileMetaData*)':
[INFO] [stderr]   /opt/rustwide/cargo-home/registry/src/github.com-1ecc6299db9ec823/parity-rocksdb-sys-0.5.2/rocksdb/db/version_edit.h:154:9: warning: implicitly-declared 'constexpr rocksdb::FileDescriptor::FileDescriptor(const rocksdb::FileDescriptor&)' is deprecated [-Wdeprecated-copy]
[INFO] [stderr]     154 |       : fd(_fd),
[INFO] [stderr]         |         ^~~~~~~
[INFO] [stderr]   /opt/rustwide/cargo-home/registry/src/github.com-1ecc6299db9ec823/parity-rocksdb-sys-0.5.2/rocksdb/db/version_edit.h:47:19: note: because 'rocksdb::FileDescriptor' has user-provided 'rocksdb::FileDescriptor& rocksdb::FileDescriptor::operator=(const rocksdb::FileDescriptor&)'
[INFO] [stderr]      47 |   FileDescriptor& operator=(const FileDescriptor& fd) {
[INFO] [stderr]         |                   ^~~~~~~~
[INFO] [stderr]   c++: fatal error: Killed signal terminated program cc1plus
[INFO] [stderr]   compilation terminated.
[INFO] [stderr]   gmake[3]: *** [CMakeFiles/rocksdb.dir/build.make:191: CMakeFiles/rocksdb.dir/db/compaction_iterator.cc.o] Error 1
[INFO] [stderr]   In file included from /opt/rustwide/cargo-home/registry/src/github.com-1ecc6299db9ec823/parity-rocksdb-sys-0.5.2/rocksdb/db/range_del_aggregator.h:16,
[INFO] [stderr]                    from /opt/rustwide/cargo-home/registry/src/github.com-1ecc6299db9ec823/parity-rocksdb-sys-0.5.2/rocksdb/db/memtable.h:19,
[INFO] [stderr]                    from /opt/rustwide/cargo-home/registry/src/github.com-1ecc6299db9ec823/parity-rocksdb-sys-0.5.2/rocksdb/db/memtable_list.h:17,
[INFO] [stderr]                    from /opt/rustwide/cargo-home/registry/src/github.com-1ecc6299db9ec823/parity-rocksdb-sys-0.5.2/rocksdb/db/column_family.h:17,
[INFO] [stderr]                    from /opt/rustwide/cargo-home/registry/src/github.com-1ecc6299db9ec823/parity-rocksdb-sys-0.5.2/rocksdb/db/db_impl.h:22,
[INFO] [stderr]                    from /opt/rustwide/cargo-home/registry/src/github.com-1ecc6299db9ec823/parity-rocksdb-sys-0.5.2/rocksdb/db/db_impl_write.cc:9:
[INFO] [stderr]   /opt/rustwide/cargo-home/registry/src/github.com-1ecc6299db9ec823/parity-rocksdb-sys-0.5.2/rocksdb/db/version_edit.h: In constructor 'rocksdb::FdWithKeyRange::FdWithKeyRange(rocksdb::FileDescriptor, rocksdb::Slice, rocksdb::Slice, rocksdb::FileMetaData*)':
[INFO] [stderr]   /opt/rustwide/cargo-home/registry/src/github.com-1ecc6299db9ec823/parity-rocksdb-sys-0.5.2/rocksdb/db/version_edit.h:154:9: warning: implicitly-declared 'constexpr rocksdb::FileDescriptor::FileDescriptor(const rocksdb::FileDescriptor&)' is deprecated [-Wdeprecated-copy]
[INFO] [stderr]     154 |       : fd(_fd),
[INFO] [stderr]         |         ^~~~~~~
[INFO] [stderr]   /opt/rustwide/cargo-home/registry/src/github.com-1ecc6299db9ec823/parity-rocksdb-sys-0.5.2/rocksdb/db/version_edit.h:47:19: note: because 'rocksdb::FileDescriptor' has user-provided 'rocksdb::FileDescriptor& rocksdb::FileDescriptor::operator=(const rocksdb::FileDescriptor&)'
[INFO] [stderr]      47 |   FileDescriptor& operator=(const FileDescriptor& fd) {
[INFO] [stderr]         |                   ^~~~~~~~
[INFO] [stderr]   c++: fatal error: Killed signal terminated program cc1plus
[INFO] [stderr]   compilation terminated.
[INFO] [stderr]   gmake[3]: *** [CMakeFiles/rocksdb.dir/build.make:149: CMakeFiles/rocksdb.dir/db/column_family.cc.o] Error 1
[INFO] [stderr]   /opt/rustwide/cargo-home/registry/src/github.com-1ecc6299db9ec823/parity-rocksdb-sys-0.5.2/rocksdb/db/db_filesnapshot.cc: In member function 'virtual rocksdb::Status rocksdb::DBImpl::GetLiveFiles(std::vector<std::__cxx11::basic_string<char> >&, uint64_t*, bool)':
[INFO] [stderr]   /opt/rustwide/cargo-home/registry/src/github.com-1ecc6299db9ec823/parity-rocksdb-sys-0.5.2/rocksdb/db/db_filesnapshot.cc:129:25: warning: implicitly-declared 'constexpr rocksdb::FileDescriptor::FileDescriptor(const rocksdb::FileDescriptor&)' is deprecated [-Wdeprecated-copy]
[INFO] [stderr]     129 |   for (auto live_file : live) {
[INFO] [stderr]         |                         ^~~~
[INFO] [stderr]   In file included from /opt/rustwide/cargo-home/registry/src/github.com-1ecc6299db9ec823/parity-rocksdb-sys-0.5.2/rocksdb/db/range_del_aggregator.h:16,
[INFO] [stderr]                    from /opt/rustwide/cargo-home/registry/src/github.com-1ecc6299db9ec823/parity-rocksdb-sys-0.5.2/rocksdb/db/memtable.h:19,
[INFO] [stderr]                    from /opt/rustwide/cargo-home/registry/src/github.com-1ecc6299db9ec823/parity-rocksdb-sys-0.5.2/rocksdb/db/memtable_list.h:17,
[INFO] [stderr]                    from /opt/rustwide/cargo-home/registry/src/github.com-1ecc6299db9ec823/parity-rocksdb-sys-0.5.2/rocksdb/db/column_family.h:17,
[INFO] [stderr]                    from /opt/rustwide/cargo-home/registry/src/github.com-1ecc6299db9ec823/parity-rocksdb-sys-0.5.2/rocksdb/db/db_impl.h:22,
[INFO] [stderr]                    from /opt/rustwide/cargo-home/registry/src/github.com-1ecc6299db9ec823/parity-rocksdb-sys-0.5.2/rocksdb/db/db_filesnapshot.cc:17:
[INFO] [stderr]   /opt/rustwide/cargo-home/registry/src/github.com-1ecc6299db9ec823/parity-rocksdb-sys-0.5.2/rocksdb/db/version_edit.h:47:19: note: because 'rocksdb::FileDescriptor' has user-provided 'rocksdb::FileDescriptor& rocksdb::FileDescriptor::operator=(const rocksdb::FileDescriptor&)'
[INFO] [stderr]      47 |   FileDescriptor& operator=(const FileDescriptor& fd) {
[INFO] [stderr]         |                   ^~~~~~~~
[INFO] [stderr]   /opt/rustwide/cargo-home/registry/src/github.com-1ecc6299db9ec823/parity-rocksdb-sys-0.5.2/rocksdb/db/version_edit.h: In instantiation of 'constexpr std::pair<_T1, _T2>::pair(_U1&&, _U2&&) [with _U1 = int&; _U2 = rocksdb::FileMetaData; typename std::enable_if<(std::_PCC<true, _T1, _T2>::_MoveConstructiblePair<_U1, _U2>() && std::_PCC<true, _T1, _T2>::_ImplicitlyMoveConvertiblePair<_U1, _U2>()), bool>::type <anonymous> = true; _T1 = int; _T2 = rocksdb::FileMetaData]':
[INFO] [stderr]   /usr/include/c++/11/ext/new_allocator.h:162:4:   required from 'void __gnu_cxx::new_allocator<_Tp>::construct(_Up*, _Args&& ...) [with _Up = std::pair<int, rocksdb::FileMetaData>; _Args = {int&, rocksdb::FileMetaData}; _Tp = std::pair<int, rocksdb::FileMetaData>]'
[INFO] [stderr]   /usr/include/c++/11/bits/alloc_traits.h:516:17:   required from 'static void std::allocator_traits<std::allocator<_CharT> >::construct(std::allocator_traits<std::allocator<_CharT> >::allocator_type&, _Up*, _Args&& ...) [with _Up = std::pair<int, rocksdb::FileMetaData>; _Args = {int&, rocksdb::FileMetaData}; _Tp = std::pair<int, rocksdb::FileMetaData>; std::allocator_traits<std::allocator<_CharT> >::allocator_type = std::allocator<std::pair<int, rocksdb::FileMetaData> >]'
[INFO] [stderr]   /usr/include/c++/11/bits/vector.tcc:115:30:   required from 'void std::vector<_Tp, _Alloc>::emplace_back(_Args&& ...) [with _Args = {int&, rocksdb::FileMetaData}; _Tp = std::pair<int, rocksdb::FileMetaData>; _Alloc = std::allocator<std::pair<int, rocksdb::FileMetaData> >]'
[INFO] [stderr]   /opt/rustwide/cargo-home/registry/src/github.com-1ecc6299db9ec823/parity-rocksdb-sys-0.5.2/rocksdb/db/version_edit.h:227:28:   required from here
[INFO] [stderr]   /opt/rustwide/cargo-home/registry/src/github.com-1ecc6299db9ec823/parity-rocksdb-sys-0.5.2/rocksdb/db/version_edit.h:76:8: warning: implicitly-declared 'constexpr rocksdb::FileDescriptor::FileDescriptor(const rocksdb::FileDescriptor&)' is deprecated [-Wdeprecated-copy]
[INFO] [stderr]      76 | struct FileMetaData {
[INFO] [stderr]         |        ^~~~~~~~~~~~
[INFO] [stderr]   /opt/rustwide/cargo-home/registry/src/github.com-1ecc6299db9ec823/parity-rocksdb-sys-0.5.2/rocksdb/db/version_edit.h:47:19: note: because 'rocksdb::FileDescriptor' has user-provided 'rocksdb::FileDescriptor& rocksdb::FileDescriptor::operator=(const rocksdb::FileDescriptor&)'
[INFO] [stderr]      47 |   FileDescriptor& operator=(const FileDescriptor& fd) {
[INFO] [stderr]         |                   ^~~~~~~~
[INFO] [stderr]   In file included from /usr/include/c++/11/bits/stl_algobase.h:64,
[INFO] [stderr]                    from /usr/include/c++/11/bits/char_traits.h:39,
[INFO] [stderr]                    from /usr/include/c++/11/string:40,
[INFO] [stderr]                    from /opt/rustwide/cargo-home/registry/src/github.com-1ecc6299db9ec823/parity-rocksdb-sys-0.5.2/rocksdb/include/rocksdb/convenience.h:8,
[INFO] [stderr]                    from /opt/rustwide/cargo-home/registry/src/github.com-1ecc6299db9ec823/parity-rocksdb-sys-0.5.2/rocksdb/db/convenience.cc:9:
[INFO] [stderr]   /usr/include/c++/11/bits/stl_pair.h:353:42: note: synthesized method 'rocksdb::FileMetaData::FileMetaData(rocksdb::FileMetaData&&)' first required here
[INFO] [stderr]     353 |         : first(std::forward<_U1>(__x)), second(std::forward<_U2>(__y)) { }
[INFO] [stderr]         |                                          ^~~~~~~~~~~~~~~~~~~~~~~~~~~~~~
[INFO] [stderr]   In file included from /opt/rustwide/cargo-home/registry/src/github.com-1ecc6299db9ec823/parity-rocksdb-sys-0.5.2/rocksdb/db/range_del_aggregator.h:16,
[INFO] [stderr]                    from /opt/rustwide/cargo-home/registry/src/github.com-1ecc6299db9ec823/parity-rocksdb-sys-0.5.2/rocksdb/db/memtable.h:19,
[INFO] [stderr]                    from /opt/rustwide/cargo-home/registry/src/github.com-1ecc6299db9ec823/parity-rocksdb-sys-0.5.2/rocksdb/db/memtable_list.h:17,
[INFO] [stderr]                    from /opt/rustwide/cargo-home/registry/src/github.com-1ecc6299db9ec823/parity-rocksdb-sys-0.5.2/rocksdb/db/column_family.h:17,
[INFO] [stderr]                    from /opt/rustwide/cargo-home/registry/src/github.com-1ecc6299db9ec823/parity-rocksdb-sys-0.5.2/rocksdb/db/db_impl.h:22,
[INFO] [stderr]                    from /opt/rustwide/cargo-home/registry/src/github.com-1ecc6299db9ec823/parity-rocksdb-sys-0.5.2/rocksdb/db/convenience.cc:11:
[INFO] [stderr]   /opt/rustwide/cargo-home/registry/src/github.com-1ecc6299db9ec823/parity-rocksdb-sys-0.5.2/rocksdb/db/version_edit.h: In instantiation of 'constexpr std::pair<_T1, _T2>::pair(_U1&&, const _T2&) [with _U1 = int&; typename std::enable_if<std::_PCC<true, _T1, _T2>::_MoveCopyPair<true, _U1, _T2>(), bool>::type <anonymous> = true; _T1 = int; _T2 = rocksdb::FileMetaData]':
[INFO] [stderr]   /usr/include/c++/11/ext/new_allocator.h:162:4:   required from 'void __gnu_cxx::new_allocator<_Tp>::construct(_Up*, _Args&& ...) [with _Up = std::pair<int, rocksdb::FileMetaData>; _Args = {int&, const rocksdb::FileMetaData&}; _Tp = std::pair<int, rocksdb::FileMetaData>]'
[INFO] [stderr]   /usr/include/c++/11/bits/alloc_traits.h:516:17:   required from 'static void std::allocator_traits<std::allocator<_CharT> >::construct(std::allocator_traits<std::allocator<_CharT> >::allocator_type&, _Up*, _Args&& ...) [with _Up = std::pair<int, rocksdb::FileMetaData>; _Args = {int&, const rocksdb::FileMetaData&}; _Tp = std::pair<int, rocksdb::FileMetaData>; std::allocator_traits<std::allocator<_CharT> >::allocator_type = std::allocator<std::pair<int, rocksdb::FileMetaData> >]'
[INFO] [stderr]   /usr/include/c++/11/bits/vector.tcc:115:30:   required from 'void std::vector<_Tp, _Alloc>::emplace_back(_Args&& ...) [with _Args = {int&, const rocksdb::FileMetaData&}; _Tp = std::pair<int, rocksdb::FileMetaData>; _Alloc = std::allocator<std::pair<int, rocksdb::FileMetaData> >]'
[INFO] [stderr]   /opt/rustwide/cargo-home/registry/src/github.com-1ecc6299db9ec823/parity-rocksdb-sys-0.5.2/rocksdb/db/version_edit.h:232:28:   required from here
[INFO] [stderr]   /opt/rustwide/cargo-home/registry/src/github.com-1ecc6299db9ec823/parity-rocksdb-sys-0.5.2/rocksdb/db/version_edit.h:76:8: warning: implicitly-declared 'constexpr rocksdb::FileDescriptor::FileDescriptor(const rocksdb::FileDescriptor&)' is deprecated [-Wdeprecated-copy]
[INFO] [stderr]      76 | struct FileMetaData {
[INFO] [stderr]         |        ^~~~~~~~~~~~
[INFO] [stderr]   /opt/rustwide/cargo-home/registry/src/github.com-1ecc6299db9ec823/parity-rocksdb-sys-0.5.2/rocksdb/db/version_edit.h:47:19: note: because 'rocksdb::FileDescriptor' has user-provided 'rocksdb::FileDescriptor& rocksdb::FileDescriptor::operator=(const rocksdb::FileDescriptor&)'
[INFO] [stderr]      47 |   FileDescriptor& operator=(const FileDescriptor& fd) {
[INFO] [stderr]         |                   ^~~~~~~~
[INFO] [stderr]   In file included from /usr/include/c++/11/bits/stl_algobase.h:64,
[INFO] [stderr]                    from /usr/include/c++/11/bits/char_traits.h:39,
[INFO] [stderr]                    from /usr/include/c++/11/string:40,
[INFO] [stderr]                    from /opt/rustwide/cargo-home/registry/src/github.com-1ecc6299db9ec823/parity-rocksdb-sys-0.5.2/rocksdb/include/rocksdb/convenience.h:8,
[INFO] [stderr]                    from /opt/rustwide/cargo-home/registry/src/github.com-1ecc6299db9ec823/parity-rocksdb-sys-0.5.2/rocksdb/db/convenience.cc:9:
[INFO] [stderr]   /usr/include/c++/11/bits/stl_pair.h:323:41: note: synthesized method 'rocksdb::FileMetaData::FileMetaData(const rocksdb::FileMetaData&)' first required here
[INFO] [stderr]     323 |        : first(std::forward<_U1>(__x)), second(__y) { }
[INFO] [stderr]         |                                         ^~~~~~~~~~~
[INFO] [stderr]   /opt/rustwide/cargo-home/registry/src/github.com-1ecc6299db9ec823/parity-rocksdb-sys-0.5.2/rocksdb/db/version_edit.h: In instantiation of 'constexpr std::pair<_T1, _T2>::pair(_U1&&, _U2&&) [with _U1 = int&; _U2 = rocksdb::FileMetaData; typename std::enable_if<(std::_PCC<true, _T1, _T2>::_MoveConstructiblePair<_U1, _U2>() && std::_PCC<true, _T1, _T2>::_ImplicitlyMoveConvertiblePair<_U1, _U2>()), bool>::type <anonymous> = true; _T1 = int; _T2 = rocksdb::FileMetaData]':
[INFO] [stderr]   /usr/include/c++/11/ext/new_allocator.h:162:4:   required from 'void __gnu_cxx::new_allocator<_Tp>::construct(_Up*, _Args&& ...) [with _Up = std::pair<int, rocksdb::FileMetaData>; _Args = {int&, rocksdb::FileMetaData}; _Tp = std::pair<int, rocksdb::FileMetaData>]'
[INFO] [stderr]   /usr/include/c++/11/bits/alloc_traits.h:516:17:   required from 'static void std::allocator_traits<std::allocator<_CharT> >::construct(std::allocator_traits<std::allocator<_CharT> >::allocator_type&, _Up*, _Args&& ...) [with _Up = std::pair<int, rocksdb::FileMetaData>; _Args = {int&, rocksdb::FileMetaData}; _Tp = std::pair<int, rocksdb::FileMetaData>; std::allocator_traits<std::allocator<_CharT> >::allocator_type = std::allocator<std::pair<int, rocksdb::FileMetaData> >]'
[INFO] [stderr]   /usr/include/c++/11/bits/vector.tcc:115:30:   required from 'void std::vector<_Tp, _Alloc>::emplace_back(_Args&& ...) [with _Args = {int&, rocksdb::FileMetaData}; _Tp = std::pair<int, rocksdb::FileMetaData>; _Alloc = std::allocator<std::pair<int, rocksdb::FileMetaData> >]'
[INFO] [stderr]   /opt/rustwide/cargo-home/registry/src/github.com-1ecc6299db9ec823/parity-rocksdb-sys-0.5.2/rocksdb/db/version_edit.h:227:28:   required from here
[INFO] [stderr]   /opt/rustwide/cargo-home/registry/src/github.com-1ecc6299db9ec823/parity-rocksdb-sys-0.5.2/rocksdb/db/version_edit.h:76:8: warning: implicitly-declared 'constexpr rocksdb::FileDescriptor::FileDescriptor(const rocksdb::FileDescriptor&)' is deprecated [-Wdeprecated-copy]
[INFO] [stderr]      76 | struct FileMetaData {
[INFO] [stderr]         |        ^~~~~~~~~~~~
[INFO] [stderr]   /opt/rustwide/cargo-home/registry/src/github.com-1ecc6299db9ec823/parity-rocksdb-sys-0.5.2/rocksdb/db/version_edit.h:47:19: note: because 'rocksdb::FileDescriptor' has user-provided 'rocksdb::FileDescriptor& rocksdb::FileDescriptor::operator=(const rocksdb::FileDescriptor&)'
[INFO] [stderr]      47 |   FileDescriptor& operator=(const FileDescriptor& fd) {
[INFO] [stderr]         |                   ^~~~~~~~
[INFO] [stderr]   In file included from /usr/include/c++/11/utility:70,
[INFO] [stderr]                    from /usr/include/c++/11/algorithm:60,
[INFO] [stderr]                    from /opt/rustwide/cargo-home/registry/src/github.com-1ecc6299db9ec823/parity-rocksdb-sys-0.5.2/rocksdb/db/db_filesnapshot.cc:15:
[INFO] [stderr]   /usr/include/c++/11/bits/stl_pair.h:353:42: note: synthesized method 'rocksdb::FileMetaData::FileMetaData(rocksdb::FileMetaData&&)' first required here
[INFO] [stderr]     353 |         : first(std::forward<_U1>(__x)), second(std::forward<_U2>(__y)) { }
[INFO] [stderr]         |                                          ^~~~~~~~~~~~~~~~~~~~~~~~~~~~~~
[INFO] [stderr]   In file included from /opt/rustwide/cargo-home/registry/src/github.com-1ecc6299db9ec823/parity-rocksdb-sys-0.5.2/rocksdb/db/range_del_aggregator.h:16,
[INFO] [stderr]                    from /opt/rustwide/cargo-home/registry/src/github.com-1ecc6299db9ec823/parity-rocksdb-sys-0.5.2/rocksdb/db/memtable.h:19,
[INFO] [stderr]                    from /opt/rustwide/cargo-home/registry/src/github.com-1ecc6299db9ec823/parity-rocksdb-sys-0.5.2/rocksdb/db/memtable_list.h:17,
[INFO] [stderr]                    from /opt/rustwide/cargo-home/registry/src/github.com-1ecc6299db9ec823/parity-rocksdb-sys-0.5.2/rocksdb/db/column_family.h:17,
[INFO] [stderr]                    from /opt/rustwide/cargo-home/registry/src/github.com-1ecc6299db9ec823/parity-rocksdb-sys-0.5.2/rocksdb/db/db_impl.h:22,
[INFO] [stderr]                    from /opt/rustwide/cargo-home/registry/src/github.com-1ecc6299db9ec823/parity-rocksdb-sys-0.5.2/rocksdb/db/db_filesnapshot.cc:17:
[INFO] [stderr]   /opt/rustwide/cargo-home/registry/src/github.com-1ecc6299db9ec823/parity-rocksdb-sys-0.5.2/rocksdb/db/version_edit.h: In instantiation of 'constexpr std::pair<_T1, _T2>::pair(_U1&&, const _T2&) [with _U1 = int&; typename std::enable_if<std::_PCC<true, _T1, _T2>::_MoveCopyPair<true, _U1, _T2>(), bool>::type <anonymous> = true; _T1 = int; _T2 = rocksdb::FileMetaData]':
[INFO] [stderr]   /usr/include/c++/11/ext/new_allocator.h:162:4:   required from 'void __gnu_cxx::new_allocator<_Tp>::construct(_Up*, _Args&& ...) [with _Up = std::pair<int, rocksdb::FileMetaData>; _Args = {int&, const rocksdb::FileMetaData&}; _Tp = std::pair<int, rocksdb::FileMetaData>]'
[INFO] [stderr]   /usr/include/c++/11/bits/alloc_traits.h:516:17:   required from 'static void std::allocator_traits<std::allocator<_CharT> >::construct(std::allocator_traits<std::allocator<_CharT> >::allocator_type&, _Up*, _Args&& ...) [with _Up = std::pair<int, rocksdb::FileMetaData>; _Args = {int&, const rocksdb::FileMetaData&}; _Tp = std::pair<int, rocksdb::FileMetaData>; std::allocator_traits<std::allocator<_CharT> >::allocator_type = std::allocator<std::pair<int, rocksdb::FileMetaData> >]'
[INFO] [stderr]   /usr/include/c++/11/bits/vector.tcc:115:30:   required from 'void std::vector<_Tp, _Alloc>::emplace_back(_Args&& ...) [with _Args = {int&, const rocksdb::FileMetaData&}; _Tp = std::pair<int, rocksdb::FileMetaData>; _Alloc = std::allocator<std::pair<int, rocksdb::FileMetaData> >]'
[INFO] [stderr]   /opt/rustwide/cargo-home/registry/src/github.com-1ecc6299db9ec823/parity-rocksdb-sys-0.5.2/rocksdb/db/version_edit.h:232:28:   required from here
[INFO] [stderr]   /opt/rustwide/cargo-home/registry/src/github.com-1ecc6299db9ec823/parity-rocksdb-sys-0.5.2/rocksdb/db/version_edit.h:76:8: warning: implicitly-declared 'constexpr rocksdb::FileDescriptor::FileDescriptor(const rocksdb::FileDescriptor&)' is deprecated [-Wdeprecated-copy]
[INFO] [stderr]      76 | struct FileMetaData {
[INFO] [stderr]         |        ^~~~~~~~~~~~
[INFO] [stderr]   /opt/rustwide/cargo-home/registry/src/github.com-1ecc6299db9ec823/parity-rocksdb-sys-0.5.2/rocksdb/db/version_edit.h:47:19: note: because 'rocksdb::FileDescriptor' has user-provided 'rocksdb::FileDescriptor& rocksdb::FileDescriptor::operator=(const rocksdb::FileDescriptor&)'
[INFO] [stderr]      47 |   FileDescriptor& operator=(const FileDescriptor& fd) {
[INFO] [stderr]         |                   ^~~~~~~~
[INFO] [stderr]   In file included from /usr/include/c++/11/utility:70,
[INFO] [stderr]                    from /usr/include/c++/11/algorithm:60,
[INFO] [stderr]                    from /opt/rustwide/cargo-home/registry/src/github.com-1ecc6299db9ec823/parity-rocksdb-sys-0.5.2/rocksdb/db/db_filesnapshot.cc:15:
[INFO] [stderr]   /usr/include/c++/11/bits/stl_pair.h:323:41: note: synthesized method 'rocksdb::FileMetaData::FileMetaData(const rocksdb::FileMetaData&)' first required here
[INFO] [stderr]     323 |        : first(std::forward<_U1>(__x)), second(__y) { }
[INFO] [stderr]         |                                         ^~~~~~~~~~~
[INFO] [stderr]   /opt/rustwide/cargo-home/registry/src/github.com-1ecc6299db9ec823/parity-rocksdb-sys-0.5.2/rocksdb/db/version_edit.h: In instantiation of 'constexpr std::pair<_T1, _T2>::pair(_U1&&, _U2&&) [with _U1 = int&; _U2 = rocksdb::FileMetaData; typename std::enable_if<(std::_PCC<true, _T1, _T2>::_MoveConstructiblePair<_U1, _U2>() && std::_PCC<true, _T1, _T2>::_ImplicitlyMoveConvertiblePair<_U1, _U2>()), bool>::type <anonymous> = true; _T1 = int; _T2 = rocksdb::FileMetaData]':
[INFO] [stderr]   /usr/include/c++/11/ext/new_allocator.h:162:4:   required from 'void __gnu_cxx::new_allocator<_Tp>::construct(_Up*, _Args&& ...) [with _Up = std::pair<int, rocksdb::FileMetaData>; _Args = {int&, rocksdb::FileMetaData}; _Tp = std::pair<int, rocksdb::FileMetaData>]'
[INFO] [stderr]   /usr/include/c++/11/bits/alloc_traits.h:516:17:   required from 'static void std::allocator_traits<std::allocator<_Tp1> >::construct(std::allocator_traits<std::allocator<_Tp1> >::allocator_type&, _Up*, _Args&& ...) [with _Up = std::pair<int, rocksdb::FileMetaData>; _Args = {int&, rocksdb::FileMetaData}; _Tp = std::pair<int, rocksdb::FileMetaData>; std::allocator_traits<std::allocator<_Tp1> >::allocator_type = std::allocator<std::pair<int, rocksdb::FileMetaData> >]'
[INFO] [stderr]   /usr/include/c++/11/bits/vector.tcc:115:30:   required from 'void std::vector<_Tp, _Alloc>::emplace_back(_Args&& ...) [with _Args = {int&, rocksdb::FileMetaData}; _Tp = std::pair<int, rocksdb::FileMetaData>; _Alloc = std::allocator<std::pair<int, rocksdb::FileMetaData> >]'
[INFO] [stderr]   /opt/rustwide/cargo-home/registry/src/github.com-1ecc6299db9ec823/parity-rocksdb-sys-0.5.2/rocksdb/db/version_edit.h:227:28:   required from here
[INFO] [stderr]   /opt/rustwide/cargo-home/registry/src/github.com-1ecc6299db9ec823/parity-rocksdb-sys-0.5.2/rocksdb/db/version_edit.h:76:8: warning: implicitly-declared 'constexpr rocksdb::FileDescriptor::FileDescriptor(const rocksdb::FileDescriptor&)' is deprecated [-Wdeprecated-copy]
[INFO] [stderr]      76 | struct FileMetaData {
[INFO] [stderr]         |        ^~~~~~~~~~~~
[INFO] [stderr]   /opt/rustwide/cargo-home/registry/src/github.com-1ecc6299db9ec823/parity-rocksdb-sys-0.5.2/rocksdb/db/version_edit.h:47:19: note: because 'rocksdb::FileDescriptor' has user-provided 'rocksdb::FileDescriptor& rocksdb::FileDescriptor::operator=(const rocksdb::FileDescriptor&)'
[INFO] [stderr]      47 |   FileDescriptor& operator=(const FileDescriptor& fd) {
[INFO] [stderr]         |                   ^~~~~~~~
[INFO] [stderr]   In file included from /usr/include/c++/11/bits/stl_algobase.h:64,
[INFO] [stderr]                    from /usr/include/c++/11/deque:60,
[INFO] [stderr]                    from /opt/rustwide/cargo-home/registry/src/github.com-1ecc6299db9ec823/parity-rocksdb-sys-0.5.2/rocksdb/db/db_impl.h:12,
[INFO] [stderr]                    from /opt/rustwide/cargo-home/registry/src/github.com-1ecc6299db9ec823/parity-rocksdb-sys-0.5.2/rocksdb/db/db_impl_write.cc:9:
[INFO] [stderr]   /usr/include/c++/11/bits/stl_pair.h:353:42: note: synthesized method 'rocksdb::FileMetaData::FileMetaData(rocksdb::FileMetaData&&)' first required here
[INFO] [stderr]     353 |         : first(std::forward<_U1>(__x)), second(std::forward<_U2>(__y)) { }
[INFO] [stderr]         |                                          ^~~~~~~~~~~~~~~~~~~~~~~~~~~~~~
[INFO] [stderr]   In file included from /opt/rustwide/cargo-home/registry/src/github.com-1ecc6299db9ec823/parity-rocksdb-sys-0.5.2/rocksdb/db/range_del_aggregator.h:16,
[INFO] [stderr]                    from /opt/rustwide/cargo-home/registry/src/github.com-1ecc6299db9ec823/parity-rocksdb-sys-0.5.2/rocksdb/db/memtable.h:19,
[INFO] [stderr]                    from /opt/rustwide/cargo-home/registry/src/github.com-1ecc6299db9ec823/parity-rocksdb-sys-0.5.2/rocksdb/db/memtable_list.h:17,
[INFO] [stderr]                    from /opt/rustwide/cargo-home/registry/src/github.com-1ecc6299db9ec823/parity-rocksdb-sys-0.5.2/rocksdb/db/column_family.h:17,
[INFO] [stderr]                    from /opt/rustwide/cargo-home/registry/src/github.com-1ecc6299db9ec823/parity-rocksdb-sys-0.5.2/rocksdb/db/db_impl.h:22,
[INFO] [stderr]                    from /opt/rustwide/cargo-home/registry/src/github.com-1ecc6299db9ec823/parity-rocksdb-sys-0.5.2/rocksdb/db/db_impl_write.cc:9:
[INFO] [stderr]   /opt/rustwide/cargo-home/registry/src/github.com-1ecc6299db9ec823/parity-rocksdb-sys-0.5.2/rocksdb/db/version_edit.h: In instantiation of 'constexpr std::pair<_T1, _T2>::pair(_U1&&, const _T2&) [with _U1 = int&; typename std::enable_if<std::_PCC<true, _T1, _T2>::_MoveCopyPair<true, _U1, _T2>(), bool>::type <anonymous> = true; _T1 = int; _T2 = rocksdb::FileMetaData]':
[INFO] [stderr]   /usr/include/c++/11/ext/new_allocator.h:162:4:   required from 'void __gnu_cxx::new_allocator<_Tp>::construct(_Up*, _Args&& ...) [with _Up = std::pair<int, rocksdb::FileMetaData>; _Args = {int&, const rocksdb::FileMetaData&}; _Tp = std::pair<int, rocksdb::FileMetaData>]'
[INFO] [stderr]   /usr/include/c++/11/bits/alloc_traits.h:516:17:   required from 'static void std::allocator_traits<std::allocator<_Tp1> >::construct(std::allocator_traits<std::allocator<_Tp1> >::allocator_type&, _Up*, _Args&& ...) [with _Up = std::pair<int, rocksdb::FileMetaData>; _Args = {int&, const rocksdb::FileMetaData&}; _Tp = std::pair<int, rocksdb::FileMetaData>; std::allocator_traits<std::allocator<_Tp1> >::allocator_type = std::allocator<std::pair<int, rocksdb::FileMetaData> >]'
[INFO] [stderr]   /usr/include/c++/11/bits/vector.tcc:115:30:   required from 'void std::vector<_Tp, _Alloc>::emplace_back(_Args&& ...) [with _Args = {int&, const rocksdb::FileMetaData&}; _Tp = std::pair<int, rocksdb::FileMetaData>; _Alloc = std::allocator<std::pair<int, rocksdb::FileMetaData> >]'
[INFO] [stderr]   /opt/rustwide/cargo-home/registry/src/github.com-1ecc6299db9ec823/parity-rocksdb-sys-0.5.2/rocksdb/db/version_edit.h:232:28:   required from here
[INFO] [stderr]   /opt/rustwide/cargo-home/registry/src/github.com-1ecc6299db9ec823/parity-rocksdb-sys-0.5.2/rocksdb/db/version_edit.h:76:8: warning: implicitly-declared 'constexpr rocksdb::FileDescriptor::FileDescriptor(const rocksdb::FileDescriptor&)' is deprecated [-Wdeprecated-copy]
[INFO] [stderr]      76 | struct FileMetaData {
[INFO] [stderr]         |        ^~~~~~~~~~~~
[INFO] [stderr]   /opt/rustwide/cargo-home/registry/src/github.com-1ecc6299db9ec823/parity-rocksdb-sys-0.5.2/rocksdb/db/version_edit.h:47:19: note: because 'rocksdb::FileDescriptor' has user-provided 'rocksdb::FileDescriptor& rocksdb::FileDescriptor::operator=(const rocksdb::FileDescriptor&)'
[INFO] [stderr]      47 |   FileDescriptor& operator=(const FileDescriptor& fd) {
[INFO] [stderr]         |                   ^~~~~~~~
[INFO] [stderr]   In file included from /usr/include/c++/11/bits/stl_algobase.h:64,
[INFO] [stderr]                    from /usr/include/c++/11/deque:60,
[INFO] [stderr]                    from /opt/rustwide/cargo-home/registry/src/github.com-1ecc6299db9ec823/parity-rocksdb-sys-0.5.2/rocksdb/db/db_impl.h:12,
[INFO] [stderr]                    from /opt/rustwide/cargo-home/registry/src/github.com-1ecc6299db9ec823/parity-rocksdb-sys-0.5.2/rocksdb/db/db_impl_write.cc:9:
[INFO] [stderr]   /usr/include/c++/11/bits/stl_pair.h:323:41: note: synthesized method 'rocksdb::FileMetaData::FileMetaData(const rocksdb::FileMetaData&)' first required here
[INFO] [stderr]     323 |        : first(std::forward<_U1>(__x)), second(__y) { }
[INFO] [stderr]         |                                         ^~~~~~~~~~~
[INFO] [stderr]   /opt/rustwide/cargo-home/registry/src/github.com-1ecc6299db9ec823/parity-rocksdb-sys-0.5.2/rocksdb/db/version_edit.h: In instantiation of 'constexpr std::pair<_T1, _T2>::pair(_U1&&, _U2&&) [with _U1 = int&; _U2 = rocksdb::FileMetaData; typename std::enable_if<(std::_PCC<true, _T1, _T2>::_MoveConstructiblePair<_U1, _U2>() && std::_PCC<true, _T1, _T2>::_ImplicitlyMoveConvertiblePair<_U1, _U2>()), bool>::type <anonymous> = true; _T1 = int; _T2 = rocksdb::FileMetaData]':
[INFO] [stderr]   /usr/include/c++/11/ext/new_allocator.h:162:4:   required from 'void __gnu_cxx::new_allocator<_Tp>::construct(_Up*, _Args&& ...) [with _Up = std::pair<int, rocksdb::FileMetaData>; _Args = {int&, rocksdb::FileMetaData}; _Tp = std::pair<int, rocksdb::FileMetaData>]'
[INFO] [stderr]   /usr/include/c++/11/bits/alloc_traits.h:516:17:   required from 'static void std::allocator_traits<std::allocator<_Tp1> >::construct(std::allocator_traits<std::allocator<_Tp1> >::allocator_type&, _Up*, _Args&& ...) [with _Up = std::pair<int, rocksdb::FileMetaData>; _Args = {int&, rocksdb::FileMetaData}; _Tp = std::pair<int, rocksdb::FileMetaData>; std::allocator_traits<std::allocator<_Tp1> >::allocator_type = std::allocator<std::pair<int, rocksdb::FileMetaData> >]'
[INFO] [stderr]   /usr/include/c++/11/bits/vector.tcc:115:30:   required from 'void std::vector<_Tp, _Alloc>::emplace_back(_Args&& ...) [with _Args = {int&, rocksdb::FileMetaData}; _Tp = std::pair<int, rocksdb::FileMetaData>; _Alloc = std::allocator<std::pair<int, rocksdb::FileMetaData> >]'
[INFO] [stderr]   /opt/rustwide/cargo-home/registry/src/github.com-1ecc6299db9ec823/parity-rocksdb-sys-0.5.2/rocksdb/db/version_edit.h:227:28:   required from here
[INFO] [stderr]   /opt/rustwide/cargo-home/registry/src/github.com-1ecc6299db9ec823/parity-rocksdb-sys-0.5.2/rocksdb/db/version_edit.h:76:8: warning: implicitly-declared 'constexpr rocksdb::FileDescriptor::FileDescriptor(const rocksdb::FileDescriptor&)' is deprecated [-Wdeprecated-copy]
[INFO] [stderr]      76 | struct FileMetaData {
[INFO] [stderr]         |        ^~~~~~~~~~~~
[INFO] [stderr]   /opt/rustwide/cargo-home/registry/src/github.com-1ecc6299db9ec823/parity-rocksdb-sys-0.5.2/rocksdb/db/version_edit.h:47:19: note: because 'rocksdb::FileDescriptor' has user-provided 'rocksdb::FileDescriptor& rocksdb::FileDescriptor::operator=(const rocksdb::FileDescriptor&)'
[INFO] [stderr]      47 |   FileDescriptor& operator=(const FileDescriptor& fd) {
[INFO] [stderr]         |                   ^~~~~~~~
[INFO] [stderr]   In file included from /usr/include/c++/11/bits/stl_algobase.h:64,
[INFO] [stderr]                    from /usr/include/c++/11/deque:60,
[INFO] [stderr]                    from /opt/rustwide/cargo-home/registry/src/github.com-1ecc6299db9ec823/parity-rocksdb-sys-0.5.2/rocksdb/db/db_impl.h:12,
[INFO] [stderr]                    from /opt/rustwide/cargo-home/registry/src/github.com-1ecc6299db9ec823/parity-rocksdb-sys-0.5.2/rocksdb/db/db_impl.cc:9:
[INFO] [stderr]   /usr/include/c++/11/bits/stl_pair.h:353:42: note: synthesized method 'rocksdb::FileMetaData::FileMetaData(rocksdb::FileMetaData&&)' first required here
[INFO] [stderr]     353 |         : first(std::forward<_U1>(__x)), second(std::forward<_U2>(__y)) { }
[INFO] [stderr]         |                                          ^~~~~~~~~~~~~~~~~~~~~~~~~~~~~~
[INFO] [stderr]   In file included from /opt/rustwide/cargo-home/registry/src/github.com-1ecc6299db9ec823/parity-rocksdb-sys-0.5.2/rocksdb/db/range_del_aggregator.h:16,
[INFO] [stderr]                    from /opt/rustwide/cargo-home/registry/src/github.com-1ecc6299db9ec823/parity-rocksdb-sys-0.5.2/rocksdb/db/memtable.h:19,
[INFO] [stderr]                    from /opt/rustwide/cargo-home/registry/src/github.com-1ecc6299db9ec823/parity-rocksdb-sys-0.5.2/rocksdb/db/memtable_list.h:17,
[INFO] [stderr]                    from /opt/rustwide/cargo-home/registry/src/github.com-1ecc6299db9ec823/parity-rocksdb-sys-0.5.2/rocksdb/db/column_family.h:17,
[INFO] [stderr]                    from /opt/rustwide/cargo-home/registry/src/github.com-1ecc6299db9ec823/parity-rocksdb-sys-0.5.2/rocksdb/db/db_impl.h:22,
[INFO] [stderr]                    from /opt/rustwide/cargo-home/registry/src/github.com-1ecc6299db9ec823/parity-rocksdb-sys-0.5.2/rocksdb/db/db_impl.cc:9:
[INFO] [stderr]   /opt/rustwide/cargo-home/registry/src/github.com-1ecc6299db9ec823/parity-rocksdb-sys-0.5.2/rocksdb/db/version_edit.h: In instantiation of 'constexpr std::pair<_T1, _T2>::pair(_U1&&, const _T2&) [with _U1 = int&; typename std::enable_if<std::_PCC<true, _T1, _T2>::_MoveCopyPair<true, _U1, _T2>(), bool>::type <anonymous> = true; _T1 = int; _T2 = rocksdb::FileMetaData]':
[INFO] [stderr]   /usr/include/c++/11/ext/new_allocator.h:162:4:   required from 'void __gnu_cxx::new_allocator<_Tp>::construct(_Up*, _Args&& ...) [with _Up = std::pair<int, rocksdb::FileMetaData>; _Args = {int&, const rocksdb::FileMetaData&}; _Tp = std::pair<int, rocksdb::FileMetaData>]'
[INFO] [stderr]   /usr/include/c++/11/bits/alloc_traits.h:516:17:   required from 'static void std::allocator_traits<std::allocator<_Tp1> >::construct(std::allocator_traits<std::allocator<_Tp1> >::allocator_type&, _Up*, _Args&& ...) [with _Up = std::pair<int, rocksdb::FileMetaData>; _Args = {int&, const rocksdb::FileMetaData&}; _Tp = std::pair<int, rocksdb::FileMetaData>; std::allocator_traits<std::allocator<_Tp1> >::allocator_type = std::allocator<std::pair<int, rocksdb::FileMetaData> >]'
[INFO] [stderr]   /usr/include/c++/11/bits/vector.tcc:115:30:   required from 'void std::vector<_Tp, _Alloc>::emplace_back(_Args&& ...) [with _Args = {int&, const rocksdb::FileMetaData&}; _Tp = std::pair<int, rocksdb::FileMetaData>; _Alloc = std::allocator<std::pair<int, rocksdb::FileMetaData> >]'
[INFO] [stderr]   /opt/rustwide/cargo-home/registry/src/github.com-1ecc6299db9ec823/parity-rocksdb-sys-0.5.2/rocksdb/db/version_edit.h:232:28:   required from here
[INFO] [stderr]   /opt/rustwide/cargo-home/registry/src/github.com-1ecc6299db9ec823/parity-rocksdb-sys-0.5.2/rocksdb/db/version_edit.h:76:8: warning: implicitly-declared 'constexpr rocksdb::FileDescriptor::FileDescriptor(const rocksdb::FileDescriptor&)' is deprecated [-Wdeprecated-copy]
[INFO] [stderr]      76 | struct FileMetaData {
[INFO] [stderr]         |        ^~~~~~~~~~~~
[INFO] [stderr]   /opt/rustwide/cargo-home/registry/src/github.com-1ecc6299db9ec823/parity-rocksdb-sys-0.5.2/rocksdb/db/version_edit.h:47:19: note: because 'rocksdb::FileDescriptor' has user-provided 'rocksdb::FileDescriptor& rocksdb::FileDescriptor::operator=(const rocksdb::FileDescriptor&)'
[INFO] [stderr]      47 |   FileDescriptor& operator=(const FileDescriptor& fd) {
[INFO] [stderr]         |                   ^~~~~~~~
[INFO] [stderr]   In file included from /usr/include/c++/11/bits/stl_algobase.h:64,
[INFO] [stderr]                    from /usr/include/c++/11/deque:60,
[INFO] [stderr]                    from /opt/rustwide/cargo-home/registry/src/github.com-1ecc6299db9ec823/parity-rocksdb-sys-0.5.2/rocksdb/db/db_impl.h:12,
[INFO] [stderr]                    from /opt/rustwide/cargo-home/registry/src/github.com-1ecc6299db9ec823/parity-rocksdb-sys-0.5.2/rocksdb/db/db_impl.cc:9:
[INFO] [stderr]   /usr/include/c++/11/bits/stl_pair.h:323:41: note: synthesized method 'rocksdb::FileMetaData::FileMetaData(const rocksdb::FileMetaData&)' first required here
[INFO] [stderr]     323 |        : first(std::forward<_U1>(__x)), second(__y) { }
[INFO] [stderr]         |                                         ^~~~~~~~~~~
[INFO] [stderr]   gmake[2]: *** [CMakeFiles/Makefile2:484: CMakeFiles/rocksdb.dir/all] Error 2
[INFO] [stderr]   gmake[1]: *** [CMakeFiles/Makefile2:491: CMakeFiles/rocksdb.dir/rule] Error 2
[INFO] [stderr]   gmake: *** [Makefile:208: rocksdb] Error 2
[INFO] [stderr]   thread 'main' panicked at '
[INFO] [stderr]   command did not execute successfully, got: exit status: 2
[INFO] [stderr] 
[INFO] [stderr]   build script failed, must exit now', /opt/rustwide/cargo-home/registry/src/github.com-1ecc6299db9ec823/cmake-0.1.35/src/lib.rs:778:5
[INFO] [stderr]   stack backtrace:
[INFO] [stderr]      0:     0x56265b586e6a - std::backtrace_rs::backtrace::libunwind::trace::ha9053a9a07ca49cb
[INFO] [stderr]                                  at /rustc/84c898d65adf2f39a5a98507f1fe0ce10a2b8dbc/library/std/src/../../backtrace/src/backtrace/libunwind.rs:93:5
[INFO] [stderr]      1:     0x56265b586e6a - std::backtrace_rs::backtrace::trace_unsynchronized::h9c2852a457ad564e
[INFO] [stderr]                                  at /rustc/84c898d65adf2f39a5a98507f1fe0ce10a2b8dbc/library/std/src/../../backtrace/src/backtrace/mod.rs:66:5
[INFO] [stderr]      2:     0x56265b586e6a - std::sys_common::backtrace::_print_fmt::h457936fbfaa0070f
[INFO] [stderr]                                  at /rustc/84c898d65adf2f39a5a98507f1fe0ce10a2b8dbc/library/std/src/sys_common/backtrace.rs:65:5
[INFO] [stderr]      3:     0x56265b586e6a - <std::sys_common::backtrace::_print::DisplayBacktrace as core::fmt::Display>::fmt::h5779d7bf7f70cb0c
[INFO] [stderr]                                  at /rustc/84c898d65adf2f39a5a98507f1fe0ce10a2b8dbc/library/std/src/sys_common/backtrace.rs:44:22
[INFO] [stderr]      4:     0x56265b5a696e - core::fmt::write::h5a4baaff1bcd3eb5
[INFO] [stderr]                                  at /rustc/84c898d65adf2f39a5a98507f1fe0ce10a2b8dbc/library/core/src/fmt/mod.rs:1232:17
[INFO] [stderr]      5:     0x56265b584215 - std::io::Write::write_fmt::h4bc1f301cb9e9cce
[INFO] [stderr]                                  at /rustc/84c898d65adf2f39a5a98507f1fe0ce10a2b8dbc/library/std/src/io/mod.rs:1684:15
[INFO] [stderr]      6:     0x56265b586c35 - std::sys_common::backtrace::_print::h5fcdc36060f177e8
[INFO] [stderr]                                  at /rustc/84c898d65adf2f39a5a98507f1fe0ce10a2b8dbc/library/std/src/sys_common/backtrace.rs:47:5
[INFO] [stderr]      7:     0x56265b586c35 - std::sys_common::backtrace::print::h54ca9458b876c8bf
[INFO] [stderr]                                  at /rustc/84c898d65adf2f39a5a98507f1fe0ce10a2b8dbc/library/std/src/sys_common/backtrace.rs:34:9
[INFO] [stderr]      8:     0x56265b5884af - std::panicking::default_hook::{{closure}}::hbe471161c7664ed6
[INFO] [stderr]                                  at /rustc/84c898d65adf2f39a5a98507f1fe0ce10a2b8dbc/library/std/src/panicking.rs:271:22
[INFO] [stderr]      9:     0x56265b5881eb - std::panicking::default_hook::ha3500da57aa4ac4f
[INFO] [stderr]                                  at /rustc/84c898d65adf2f39a5a98507f1fe0ce10a2b8dbc/library/std/src/panicking.rs:290:9
[INFO] [stderr]     10:     0x56265b588a58 - std::panicking::rust_panic_with_hook::h50c09d000dc561d2
[INFO] [stderr]                                  at /rustc/84c898d65adf2f39a5a98507f1fe0ce10a2b8dbc/library/std/src/panicking.rs:692:13
[INFO] [stderr]     11:     0x56265b588959 - std::panicking::begin_panic_handler::{{closure}}::h9e2b2176e00e0d9c
[INFO] [stderr]                                  at /rustc/84c898d65adf2f39a5a98507f1fe0ce10a2b8dbc/library/std/src/panicking.rs:583:13
[INFO] [stderr]     12:     0x56265b5872d6 - std::sys_common::backtrace::__rust_end_short_backtrace::h5739b8e512c09d02
[INFO] [stderr]                                  at /rustc/84c898d65adf2f39a5a98507f1fe0ce10a2b8dbc/library/std/src/sys_common/backtrace.rs:150:18
[INFO] [stderr]     13:     0x56265b588662 - rust_begin_unwind
[INFO] [stderr]                                  at /rustc/84c898d65adf2f39a5a98507f1fe0ce10a2b8dbc/library/std/src/panicking.rs:579:5
[INFO] [stderr]     14:     0x56265b525753 - core::panicking::panic_fmt::hf33a1475b4dc5c3e
[INFO] [stderr]                                  at /rustc/84c898d65adf2f39a5a98507f1fe0ce10a2b8dbc/library/core/src/panicking.rs:64:14
[INFO] [stderr]     15:     0x56265b52e67f - cmake::fail::hf1ab4019b3549de9
[INFO] [stderr]     16:     0x56265b52e0e3 - cmake::run::hb0bd8a49e9c9873d
[INFO] [stderr]     17:     0x56265b52b81e - cmake::Config::build::hfdfd76d4a9821b1b
[INFO] [stderr]     18:     0x56265b5269e1 - build_script_build::main::h40b69a0f281baadb
[INFO] [stderr]     19:     0x56265b525d73 - core::ops::function::FnOnce::call_once::h53959871d7bc5209
[INFO] [stderr]     20:     0x56265b527249 - std::sys_common::backtrace::__rust_begin_short_backtrace::h2e03b3e27b04f6b0
[INFO] [stderr]     21:     0x56265b5260f9 - std::rt::lang_start::{{closure}}::ha46493f5303057e6
[INFO] [stderr]     22:     0x56265b58063c - core::ops::function::impls::<impl core::ops::function::FnOnce<A> for &F>::call_once::hd6efcd3bec896f2c
[INFO] [stderr]                                  at /rustc/84c898d65adf2f39a5a98507f1fe0ce10a2b8dbc/library/core/src/ops/function.rs:287:13
[INFO] [stderr]     23:     0x56265b58063c - std::panicking::try::do_call::hce04e543bb1f4cbb
[INFO] [stderr]                                  at /rustc/84c898d65adf2f39a5a98507f1fe0ce10a2b8dbc/library/std/src/panicking.rs:487:40
[INFO] [stderr]     24:     0x56265b58063c - std::panicking::try::h3342dd4e1f680968
[INFO] [stderr]                                  at /rustc/84c898d65adf2f39a5a98507f1fe0ce10a2b8dbc/library/std/src/panicking.rs:451:19
[INFO] [stderr]     25:     0x56265b58063c - std::panic::catch_unwind::h148ce1e59ac0cee7
[INFO] [stderr]                                  at /rustc/84c898d65adf2f39a5a98507f1fe0ce10a2b8dbc/library/std/src/panic.rs:140:14
[INFO] [stderr]     26:     0x56265b58063c - std::rt::lang_start_internal::{{closure}}::h25f9dda2057a67fe
[INFO] [stderr]                                  at /rustc/84c898d65adf2f39a5a98507f1fe0ce10a2b8dbc/library/std/src/rt.rs:148:48
[INFO] [stderr]     27:     0x56265b58063c - std::panicking::try::do_call::h7caaaeaf9401650b
[INFO] [stderr]                                  at /rustc/84c898d65adf2f39a5a98507f1fe0ce10a2b8dbc/library/std/src/panicking.rs:487:40
[INFO] [stderr]     28:     0x56265b58063c - std::panicking::try::he7d15285746cbbc2
[INFO] [stderr]                                  at /rustc/84c898d65adf2f39a5a98507f1fe0ce10a2b8dbc/library/std/src/panicking.rs:451:19
[INFO] [stderr]     29:     0x56265b58063c - std::panic::catch_unwind::h89fb4f50c0301fe0
[INFO] [stderr]                                  at /rustc/84c898d65adf2f39a5a98507f1fe0ce10a2b8dbc/library/std/src/panic.rs:140:14
[INFO] [stderr]     30:     0x56265b58063c - std::rt::lang_start_internal::h078acd489417d3c1
[INFO] [stderr]                                  at /rustc/84c898d65adf2f39a5a98507f1fe0ce10a2b8dbc/library/std/src/rt.rs:148:20
[INFO] [stderr]     31:     0x56265b5260d7 - std::rt::lang_start::h93501ddb2f6b018a
[INFO] [stderr]     32:     0x56265b527205 - main
[INFO] [stderr]     33:     0x7ff8b2ae2d90 - <unknown>
[INFO] [stderr]     34:     0x7ff8b2ae2e40 - __libc_start_main
[INFO] [stderr]     35:     0x56265b525c85 - _start
[INFO] [stderr]     36:                0x0 - <unknown>
[INFO] running `Command { std: "docker" "inspect" "24beb51a6791e0fc473c4691f01a1f8969ea5663233f2a4be55197da6ddc0ed6", kill_on_drop: false }`
[INFO] running `Command { std: "docker" "rm" "-f" "24beb51a6791e0fc473c4691f01a1f8969ea5663233f2a4be55197da6ddc0ed6", kill_on_drop: false }`
[INFO] [stdout] 24beb51a6791e0fc473c4691f01a1f8969ea5663233f2a4be55197da6ddc0ed6
