[INFO] cloning repository https://github.com/Piripant/sino
[INFO] running `Command { std: "git" "-c" "credential.helper=" "-c" "credential.helper=/workspace/cargo-home/bin/git-credential-null" "clone" "--bare" "https://github.com/Piripant/sino" "/workspace/cache/git-repos/https%3A%2F%2Fgithub.com%2FPiripant%2Fsino", kill_on_drop: false }`
[INFO] [stderr] Cloning into bare repository '/workspace/cache/git-repos/https%3A%2F%2Fgithub.com%2FPiripant%2Fsino'...
[INFO] running `Command { std: "git" "rev-parse" "HEAD", kill_on_drop: false }`
[INFO] [stdout] 20f7c351ccc76c31920b62698cd0156a8c4505c9
[INFO] documenting Piripant/sino against beta-2023-04-20 for beta-1.70-rustdoc-1
[INFO] running `Command { std: "git" "clone" "/workspace/cache/git-repos/https%3A%2F%2Fgithub.com%2FPiripant%2Fsino" "/workspace/builds/worker-4-tc2/source", kill_on_drop: false }`
[INFO] [stderr] Cloning into '/workspace/builds/worker-4-tc2/source'...
[INFO] [stderr] done.
[INFO] validating manifest of git repo https://github.com/Piripant/sino on toolchain beta-2023-04-20
[INFO] running `Command { std: CARGO_HOME="/workspace/cargo-home" RUSTUP_HOME="/workspace/rustup-home" "/workspace/cargo-home/bin/cargo" "+beta-2023-04-20" "metadata" "--manifest-path" "Cargo.toml" "--no-deps", kill_on_drop: false }`
[INFO] started tweaking git repo https://github.com/Piripant/sino
[INFO] finished tweaking git repo https://github.com/Piripant/sino
[INFO] tweaked toml for git repo https://github.com/Piripant/sino written to /workspace/builds/worker-4-tc2/source/Cargo.toml
[INFO] crate git repo https://github.com/Piripant/sino already has a lockfile, it will not be regenerated
[INFO] running `Command { std: CARGO_HOME="/workspace/cargo-home" RUSTUP_HOME="/workspace/rustup-home" "/workspace/cargo-home/bin/cargo" "+beta-2023-04-20" "fetch" "--manifest-path" "Cargo.toml", kill_on_drop: false }`
[INFO] [stderr]  Downloading crates ...
[INFO] [stderr]   Downloaded pistoncore-window v0.37.0
[INFO] [stderr]   Downloaded alga v0.8.2
[INFO] [stderr]   Downloaded pistoncore-event_loop v0.42.0
[INFO] [stderr]   Downloaded piston v0.42.0
[INFO] [stderr]   Downloaded gleam v0.6.12
[INFO] [stderr]   Downloaded pistoncore-glutin_window v0.54.0
[INFO] [stderr]   Downloaded cc v1.0.30
[INFO] [stderr]   Downloaded nalgebra v0.17.2
[INFO] [stderr]   Downloaded imageproc v0.18.0
[INFO] [stderr]   Downloaded piston_window v0.89.0
[INFO] running `Command { std: "docker" "create" "-v" "/var/lib/crater-agent-workspace/builds/worker-4-tc2/target:/opt/rustwide/target:rw,Z" "-v" "/var/lib/crater-agent-workspace/builds/worker-4-tc2/source:/opt/rustwide/workdir:ro,Z" "-v" "/var/lib/crater-agent-workspace/cargo-home:/opt/rustwide/cargo-home:ro,Z" "-v" "/var/lib/crater-agent-workspace/rustup-home:/opt/rustwide/rustup-home:ro,Z" "-e" "SOURCE_DIR=/opt/rustwide/workdir" "-e" "CARGO_TARGET_DIR=/opt/rustwide/target" "-e" "CARGO_HOME=/opt/rustwide/cargo-home" "-e" "RUSTUP_HOME=/opt/rustwide/rustup-home" "-w" "/opt/rustwide/workdir" "-m" "1610612736" "--user" "0:0" "--network" "none" "ghcr.io/rust-lang/crates-build-env/linux@sha256:5ff2268d62e97bff2cde7d5815dd6ed5b47097566f13b8d0ca110b04b60e07ed" "/opt/rustwide/cargo-home/bin/cargo" "+beta-2023-04-20" "metadata" "--no-deps" "--format-version=1", kill_on_drop: false }`
[INFO] [stdout] 6fc26ea8da0a08e216b1ddbf20cb1c3f1029de34434eef9878f0218f7b2ec684
[INFO] running `Command { std: "docker" "start" "-a" "6fc26ea8da0a08e216b1ddbf20cb1c3f1029de34434eef9878f0218f7b2ec684", kill_on_drop: false }`
[INFO] running `Command { std: "docker" "inspect" "6fc26ea8da0a08e216b1ddbf20cb1c3f1029de34434eef9878f0218f7b2ec684", kill_on_drop: false }`
[INFO] running `Command { std: "docker" "rm" "-f" "6fc26ea8da0a08e216b1ddbf20cb1c3f1029de34434eef9878f0218f7b2ec684", kill_on_drop: false }`
[INFO] [stdout] 6fc26ea8da0a08e216b1ddbf20cb1c3f1029de34434eef9878f0218f7b2ec684
[INFO] running `Command { std: "docker" "create" "-v" "/var/lib/crater-agent-workspace/builds/worker-4-tc2/target:/opt/rustwide/target:rw,Z" "-v" "/var/lib/crater-agent-workspace/builds/worker-4-tc2/source:/opt/rustwide/workdir:ro,Z" "-v" "/var/lib/crater-agent-workspace/cargo-home:/opt/rustwide/cargo-home:ro,Z" "-v" "/var/lib/crater-agent-workspace/rustup-home:/opt/rustwide/rustup-home:ro,Z" "-e" "SOURCE_DIR=/opt/rustwide/workdir" "-e" "CARGO_TARGET_DIR=/opt/rustwide/target" "-e" "CARGO_INCREMENTAL=0" "-e" "RUST_BACKTRACE=full" "-e" "RUSTFLAGS=--cap-lints=warn" "-e" "RUSTDOCFLAGS=--cap-lints=warn" "-e" "CARGO_HOME=/opt/rustwide/cargo-home" "-e" "RUSTUP_HOME=/opt/rustwide/rustup-home" "-w" "/opt/rustwide/workdir" "-m" "1610612736" "--user" "0:0" "--network" "none" "ghcr.io/rust-lang/crates-build-env/linux@sha256:5ff2268d62e97bff2cde7d5815dd6ed5b47097566f13b8d0ca110b04b60e07ed" "/opt/rustwide/cargo-home/bin/cargo" "+beta-2023-04-20" "doc" "--frozen" "--no-deps" "--document-private-items" "--message-format=json", kill_on_drop: false }`
[INFO] [stdout] 4d2f2df2b4e8892af7217e75499b00362b77536156be49470c6915a321ba88bb
[INFO] running `Command { std: "docker" "start" "-a" "4d2f2df2b4e8892af7217e75499b00362b77536156be49470c6915a321ba88bb", kill_on_drop: false }`
[INFO] [stderr]    Compiling num-traits v0.2.6
[INFO] [stderr]    Compiling xml-rs v0.8.0
[INFO] [stderr]    Compiling autocfg v0.1.2
[INFO] [stderr]    Compiling syn v0.15.28
[INFO] [stderr]    Compiling cfg-if v0.1.7
[INFO] [stderr]    Compiling cc v1.0.30
[INFO] [stderr]    Compiling num-integer v0.1.39
[INFO] [stderr]    Compiling khronos_api v3.0.0
[INFO] [stderr]    Compiling log v0.4.6
[INFO] [stderr]    Compiling rand_chacha v0.1.1
[INFO] [stderr]    Compiling rand_pcg v0.1.2
[INFO] [stderr]    Compiling rand v0.6.5
[INFO] [stderr]    Compiling wayland-scanner v0.21.11
[INFO] [stderr]     Checking stb_truetype v0.2.6
[INFO] [stderr]    Compiling nix v0.12.0
[INFO] [stderr]     Checking piston-float v0.3.0
[INFO] [stderr]     Checking rand_os v0.1.3
[INFO] [stderr]     Checking rand_jitter v0.1.3
[INFO] [stderr]     Checking approx v0.3.1
[INFO] [stderr]     Checking ordered-float v1.0.1
[INFO] [stderr]    Compiling libloading v0.5.0
[INFO] [stderr]    Compiling num-iter v0.1.37
[INFO] [stderr]    Compiling num-bigint v0.2.2
[INFO] [stderr]     Checking rusttype v0.7.5
[INFO] [stderr]    Compiling gl_generator v0.10.0
[INFO] [stderr]     Checking piston-viewport v0.5.0
[INFO] [stderr]    Compiling serde v1.0.89
[INFO] [stderr]     Checking dlib v0.4.1
[INFO] [stderr]    Compiling khronos_api v2.2.0
[INFO] [stderr]     Checking wayland-sys v0.21.11
[INFO] [stderr]     Checking adler32 v1.0.3
[INFO] [stderr]    Compiling num-rational v0.2.1
[INFO] [stderr]    Compiling num-derive v0.2.4
[INFO] [stderr]    Compiling wayland-client v0.21.11
[INFO] [stderr]    Compiling wayland-protocols v0.21.11
[INFO] [stderr]     Checking downcast-rs v1.0.3
[INFO] [stderr]    Compiling nix v0.13.0
[INFO] [stderr]     Checking lzw v0.10.0
[INFO] [stderr]     Checking walkdir v2.2.7
[INFO] [stderr]    Compiling xml-rs v0.7.0
[INFO] [stderr]    Compiling x11-dl v2.18.3
[INFO] [stderr]     Checking wayland-commons v0.21.11
[INFO] [stderr]     Checking deflate v0.7.19
[INFO] [stderr]     Checking inflate v0.4.5
[INFO] [stderr]     Checking line_drawing v0.7.0
[INFO] [stderr]     Checking draw_state v0.8.0
[INFO] [stderr]    Compiling num-complex v0.2.1
[INFO] [stderr]     Checking shader_version v0.3.0
[INFO] [stderr]     Checking color_quant v1.0.1
[INFO] [stderr]     Checking xdg v2.2.0
[INFO] [stderr]     Checking smallvec v0.6.9
[INFO] [stderr]     Checking gif v0.10.1
[INFO] [stderr]     Checking andrew v0.2.0
[INFO] [stderr]     Checking parking_lot_core v0.4.0
[INFO] [stderr]     Checking png v0.14.0
[INFO] [stderr]    Compiling gl_generator v0.9.0
[INFO] [stderr]     Checking jpeg-decoder v0.1.15
[INFO] [stderr]     Checking memmap v0.7.0
[INFO] [stderr]     Checking safe-transmute v0.10.1
[INFO] [stderr]     Checking scoped_threadpool v0.1.9
[INFO] [stderr]     Checking parking_lot v0.7.1
[INFO] [stderr]    Compiling gfx_gl v0.5.0
[INFO] [stderr]    Compiling gl v0.11.0
[INFO] [stderr]    Compiling serde_derive v1.0.89
[INFO] [stderr]    Compiling derivative v1.0.2
[INFO] [stderr]    Compiling glutin v0.19.0
[INFO] [stderr]     Checking shared_library v0.1.9
[INFO] [stderr]    Compiling typenum v1.10.0
[INFO] [stderr]     Checking piston-texture v0.6.0
[INFO] [stderr]     Checking percent-encoding v1.0.1
[INFO] [stderr]     Checking osmesa-sys v0.1.2
[INFO] [stderr]     Checking vecmath v0.3.1
[INFO] [stderr]     Checking read_color v1.0.0
[INFO] [stderr]     Checking interpolation v0.2.0
[INFO] [stderr]     Checking tiff v0.2.2
[INFO] [stderr]     Checking piston2d-graphics v0.30.0
[INFO] [stderr]     Checking image v0.21.0
[INFO] [stderr]     Checking gfx_core v0.8.3
[INFO] [stderr]     Checking libm v0.1.2
[INFO] [stderr]     Checking rawpointer v0.1.0
[INFO] [stderr]     Checking piston-shaders_graphics2d v0.3.1
[INFO] [stderr]     Checking alga v0.8.2
[INFO] [stderr]     Checking matrixmultiply v0.2.2
[INFO] [stderr]     Checking generic-array v0.12.0
[INFO] [stderr]     Checking custom_derive v0.1.7
[INFO] [stderr]     Checking num v0.2.0
[INFO] [stderr]     Checking itertools v0.7.11
[INFO] [stderr]     Checking gfx v0.17.1
[INFO] [stderr]     Checking gfx_device_gl v0.15.5
[INFO] [stderr]     Checking conv v0.3.3
[INFO] [stderr]     Checking nalgebra v0.17.2
[INFO] [stderr]     Checking piston-gfx_texture v0.35.0
[INFO] [stderr]     Checking piston2d-gfx_graphics v0.56.0
[INFO] [stderr]     Checking imageproc v0.18.0
[INFO] [stderr]     Checking pistoncore-input v0.24.0
[INFO] [stdout] error[E0034]: multiple applicable items in scope
[INFO] [stdout]    --> /opt/rustwide/cargo-home/registry/src/index.crates.io-6f17d22bba15001f/imageproc-0.18.0/src/hog.rs:440:33
[INFO] [stdout]     |
[INFO] [stdout] 440 |             let intensity = u8::clamp(hist[bucket]);
[INFO] [stdout]     |                                 ^^^^^ multiple `clamp` found
[INFO] [stdout]     |
[INFO] [stdout]     = note: candidate #1 is defined in an impl of the trait `Ord` for the type `u8`
[INFO] [stdout] note: candidate #2 is defined in the trait `Clamp`
[INFO] [stdout]    --> /opt/rustwide/cargo-home/registry/src/index.crates.io-6f17d22bba15001f/imageproc-0.18.0/src/definitions.rs:68:5
[INFO] [stdout]     |
[INFO] [stdout] 68  |     fn clamp(x: T) -> Self;
[INFO] [stdout]     |     ^^^^^^^^^^^^^^^^^^^^^^^
[INFO] [stdout] help: disambiguate the method for candidate #1
[INFO] [stdout]     |
[INFO] [stdout] 440 |             let intensity = <u8 as Ord>::clamp(hist[bucket]);
[INFO] [stdout]     |                             ~~~~~~~~~~~~~
[INFO] [stdout] help: disambiguate the associated function for candidate #2
[INFO] [stdout]     |
[INFO] [stdout] 440 |             let intensity = <u8 as Clamp>::clamp(hist[bucket]);
[INFO] [stdout]     |                             ~~~~~~~~~~~~~~~
[INFO] [stdout] 
[INFO] [stdout] 
[INFO] [stdout] error[E0034]: multiple applicable items in scope
[INFO] [stdout]    --> /opt/rustwide/cargo-home/registry/src/index.crates.io-6f17d22bba15001f/imageproc-0.18.0/src/hog.rs:444:33
[INFO] [stdout]     |
[INFO] [stdout] 444 |             let intensity = u8::clamp(hist[bucket]);
[INFO] [stdout]     |                                 ^^^^^ multiple `clamp` found
[INFO] [stdout]     |
[INFO] [stdout]     = note: candidate #1 is defined in an impl of the trait `Ord` for the type `u8`
[INFO] [stdout] note: candidate #2 is defined in the trait `Clamp`
[INFO] [stdout]    --> /opt/rustwide/cargo-home/registry/src/index.crates.io-6f17d22bba15001f/imageproc-0.18.0/src/definitions.rs:68:5
[INFO] [stdout]     |
[INFO] [stdout] 68  |     fn clamp(x: T) -> Self;
[INFO] [stdout]     |     ^^^^^^^^^^^^^^^^^^^^^^^
[INFO] [stdout] help: disambiguate the method for candidate #1
[INFO] [stdout]     |
[INFO] [stdout] 444 |             let intensity = <u8 as Ord>::clamp(hist[bucket]);
[INFO] [stdout]     |                             ~~~~~~~~~~~~~
[INFO] [stdout] help: disambiguate the associated function for candidate #2
[INFO] [stdout]     |
[INFO] [stdout] 444 |             let intensity = <u8 as Clamp>::clamp(hist[bucket]);
[INFO] [stdout]     |                             ~~~~~~~~~~~~~~~
[INFO] [stdout] 
[INFO] [stdout] 
[INFO] [stdout] error: aborting due to 2 previous errors
[INFO] [stdout] 
[INFO] [stdout] 
[INFO] [stdout] For more information about this error, try `rustc --explain E0034`.
[INFO] [stdout] 
[INFO] [stderr] error: could not compile `imageproc` (lib) due to 3 previous errors
[INFO] [stderr] warning: build failed, waiting for other jobs to finish...
[INFO] [stdout] error[E0502]: cannot borrow `*self` as immutable because it is also borrowed as mutable
[INFO] [stdout]    --> /opt/rustwide/cargo-home/registry/src/index.crates.io-6f17d22bba15001f/nalgebra-0.17.2/src/base/cg.rs:297:44
[INFO] [stdout]     |
[INFO] [stdout] 297 |                 self[(j, i)] += shift[j] * self[(D::dim() - 1, i)];
[INFO] [stdout]     |                 ---------------------------^^^^-------------------
[INFO] [stdout]     |                 |                          |
[INFO] [stdout]     |                 |                          immutable borrow occurs here
[INFO] [stdout]     |                 mutable borrow occurs here
[INFO] [stdout]     |                 mutable borrow later used here
[INFO] [stdout]     |
[INFO] [stdout] help: try adding a local storing this...
[INFO] [stdout]    --> /opt/rustwide/cargo-home/registry/src/index.crates.io-6f17d22bba15001f/nalgebra-0.17.2/src/base/cg.rs:297:44
[INFO] [stdout]     |
[INFO] [stdout] 297 |                 self[(j, i)] += shift[j] * self[(D::dim() - 1, i)];
[INFO] [stdout]     |                                            ^^^^^^^^^^^^^^^^^^^^^^^
[INFO] [stdout] help: ...and then using that local here
[INFO] [stdout]    --> /opt/rustwide/cargo-home/registry/src/index.crates.io-6f17d22bba15001f/nalgebra-0.17.2/src/base/cg.rs:297:17
[INFO] [stdout]     |
[INFO] [stdout] 297 |                 self[(j, i)] += shift[j] * self[(D::dim() - 1, i)];
[INFO] [stdout]     |                 ^^^^^^^^^^^^^^^^^^^^^^^^^^^^^^^^^^^^^^^^^^^^^^^^^^
[INFO] [stdout] 
[INFO] [stdout] 
[INFO] [stdout] error: aborting due to previous error
[INFO] [stdout] 
[INFO] [stdout] 
[INFO] [stdout] For more information about this error, try `rustc --explain E0502`.
[INFO] [stdout] 
[INFO] [stderr] error: could not compile `nalgebra` (lib) due to 2 previous errors
[INFO] running `Command { std: "docker" "inspect" "4d2f2df2b4e8892af7217e75499b00362b77536156be49470c6915a321ba88bb", kill_on_drop: false }`
[INFO] running `Command { std: "docker" "rm" "-f" "4d2f2df2b4e8892af7217e75499b00362b77536156be49470c6915a321ba88bb", kill_on_drop: false }`
[INFO] [stdout] 4d2f2df2b4e8892af7217e75499b00362b77536156be49470c6915a321ba88bb
