[INFO] cloning repository https://github.com/PatrickStephansen/websynth
[INFO] running `Command { std: "git" "-c" "credential.helper=" "-c" "credential.helper=/workspace/cargo-home/bin/git-credential-null" "clone" "--bare" "https://github.com/PatrickStephansen/websynth" "/workspace/cache/git-repos/https%3A%2F%2Fgithub.com%2FPatrickStephansen%2Fwebsynth", kill_on_drop: false }`
[INFO] [stderr] Cloning into bare repository '/workspace/cache/git-repos/https%3A%2F%2Fgithub.com%2FPatrickStephansen%2Fwebsynth'...
[INFO] running `Command { std: "git" "rev-parse" "HEAD", kill_on_drop: false }`
[INFO] [stdout] 0185c4509d9019a61b83336d8a4e35b25fb23921
[INFO] documenting PatrickStephansen/websynth against 1.69.0 for beta-1.70-rustdoc-1
[INFO] running `Command { std: "git" "clone" "/workspace/cache/git-repos/https%3A%2F%2Fgithub.com%2FPatrickStephansen%2Fwebsynth" "/workspace/builds/worker-0-tc1/source", kill_on_drop: false }`
[INFO] [stderr] Cloning into '/workspace/builds/worker-0-tc1/source'...
[INFO] [stderr] done.
[INFO] validating manifest of git repo https://github.com/PatrickStephansen/websynth on toolchain 1.69.0
[INFO] running `Command { std: CARGO_HOME="/workspace/cargo-home" RUSTUP_HOME="/workspace/rustup-home" "/workspace/cargo-home/bin/cargo" "+1.69.0" "metadata" "--manifest-path" "Cargo.toml" "--no-deps", kill_on_drop: false }`
[INFO] started tweaking git repo https://github.com/PatrickStephansen/websynth
[INFO] finished tweaking git repo https://github.com/PatrickStephansen/websynth
[INFO] tweaked toml for git repo https://github.com/PatrickStephansen/websynth written to /workspace/builds/worker-0-tc1/source/Cargo.toml
[INFO] crate git repo https://github.com/PatrickStephansen/websynth already has a lockfile, it will not be regenerated
[INFO] running `Command { std: CARGO_HOME="/workspace/cargo-home" RUSTUP_HOME="/workspace/rustup-home" "/workspace/cargo-home/bin/cargo" "+1.69.0" "fetch" "--manifest-path" "Cargo.toml", kill_on_drop: false }`
[INFO] [stderr]  Downloading crates ...
[INFO] [stderr]   Downloaded wasm-bindgen-macro v0.2.15
[INFO] [stderr]   Downloaded itoa v0.4.2
[INFO] [stderr]   Downloaded wasm-bindgen-backend v0.2.15
[INFO] [stderr]   Downloaded rand_core v0.2.0
[INFO] [stderr]   Downloaded quote v0.6.4
[INFO] [stderr]   Downloaded wasm-bindgen-shared v0.2.15
[INFO] [stderr]   Downloaded serde_derive v1.0.70
[INFO] [stderr]   Downloaded proc-macro2 v0.4.9
[INFO] [stderr]   Downloaded serde_json v1.0.24
[INFO] [stderr]   Downloaded serde v1.0.70
[INFO] [stderr]   Downloaded syn v0.14.7
[INFO] [stderr]   Downloaded rand v0.5.0
[INFO] [stderr]   Downloaded wasm-bindgen v0.2.15
[INFO] [stderr]   Downloaded console_error_panic_hook v0.1.3
[INFO] running `Command { std: "docker" "create" "-v" "/var/lib/crater-agent-workspace/builds/worker-0-tc1/target:/opt/rustwide/target:rw,Z" "-v" "/var/lib/crater-agent-workspace/builds/worker-0-tc1/source:/opt/rustwide/workdir:ro,Z" "-v" "/var/lib/crater-agent-workspace/cargo-home:/opt/rustwide/cargo-home:ro,Z" "-v" "/var/lib/crater-agent-workspace/rustup-home:/opt/rustwide/rustup-home:ro,Z" "-e" "SOURCE_DIR=/opt/rustwide/workdir" "-e" "CARGO_TARGET_DIR=/opt/rustwide/target" "-e" "CARGO_HOME=/opt/rustwide/cargo-home" "-e" "RUSTUP_HOME=/opt/rustwide/rustup-home" "-w" "/opt/rustwide/workdir" "-m" "1610612736" "--user" "0:0" "--network" "none" "ghcr.io/rust-lang/crates-build-env/linux@sha256:5ff2268d62e97bff2cde7d5815dd6ed5b47097566f13b8d0ca110b04b60e07ed" "/opt/rustwide/cargo-home/bin/cargo" "+1.69.0" "metadata" "--no-deps" "--format-version=1", kill_on_drop: false }`
[INFO] [stdout] 310d6a3113cfed296e69a5dbe7efaee70e5096584558f5f7ff190398c46a6031
[INFO] running `Command { std: "docker" "start" "-a" "310d6a3113cfed296e69a5dbe7efaee70e5096584558f5f7ff190398c46a6031", kill_on_drop: false }`
[INFO] running `Command { std: "docker" "inspect" "310d6a3113cfed296e69a5dbe7efaee70e5096584558f5f7ff190398c46a6031", kill_on_drop: false }`
[INFO] running `Command { std: "docker" "rm" "-f" "310d6a3113cfed296e69a5dbe7efaee70e5096584558f5f7ff190398c46a6031", kill_on_drop: false }`
[INFO] [stdout] 310d6a3113cfed296e69a5dbe7efaee70e5096584558f5f7ff190398c46a6031
[INFO] running `Command { std: "docker" "create" "-v" "/var/lib/crater-agent-workspace/builds/worker-0-tc1/target:/opt/rustwide/target:rw,Z" "-v" "/var/lib/crater-agent-workspace/builds/worker-0-tc1/source:/opt/rustwide/workdir:ro,Z" "-v" "/var/lib/crater-agent-workspace/cargo-home:/opt/rustwide/cargo-home:ro,Z" "-v" "/var/lib/crater-agent-workspace/rustup-home:/opt/rustwide/rustup-home:ro,Z" "-e" "SOURCE_DIR=/opt/rustwide/workdir" "-e" "CARGO_TARGET_DIR=/opt/rustwide/target" "-e" "CARGO_INCREMENTAL=0" "-e" "RUST_BACKTRACE=full" "-e" "RUSTFLAGS=--cap-lints=warn" "-e" "RUSTDOCFLAGS=--cap-lints=warn" "-e" "CARGO_HOME=/opt/rustwide/cargo-home" "-e" "RUSTUP_HOME=/opt/rustwide/rustup-home" "-w" "/opt/rustwide/workdir" "-m" "1610612736" "--user" "0:0" "--network" "none" "ghcr.io/rust-lang/crates-build-env/linux@sha256:5ff2268d62e97bff2cde7d5815dd6ed5b47097566f13b8d0ca110b04b60e07ed" "/opt/rustwide/cargo-home/bin/cargo" "+1.69.0" "doc" "--frozen" "--no-deps" "--document-private-items" "--message-format=json", kill_on_drop: false }`
[INFO] [stdout] cecfbdeab3e7a5e4e770c07ed198d346615fc4ef0a46163702ab64c43fc6ef88
[INFO] running `Command { std: "docker" "start" "-a" "cecfbdeab3e7a5e4e770c07ed198d346615fc4ef0a46163702ab64c43fc6ef88", kill_on_drop: false }`
[INFO] [stderr]    Compiling proc-macro2 v0.4.9
[INFO] [stderr]    Compiling serde v1.0.70
[INFO] [stderr]    Compiling wasm-bindgen-shared v0.2.15
[INFO] [stderr]    Compiling dtoa v0.4.3
[INFO] [stderr]    Compiling itoa v0.4.2
[INFO] [stderr]    Compiling cfg-if v0.1.4
[INFO] [stderr]     Checking libc v0.2.42
[INFO] [stderr]     Checking rand_core v0.2.0
[INFO] [stderr]    Compiling log v0.4.3
[INFO] [stdout] error[E0554]: `#![feature]` may not be used on the stable release channel
[INFO] [stdout]   --> /opt/rustwide/cargo-home/registry/src/github.com-1ecc6299db9ec823/proc-macro2-0.4.9/src/lib.rs:47:42
[INFO] [stdout]    |
[INFO] [stdout] 47 | #![cfg_attr(feature = "nightly", feature(proc_macro_raw_ident, proc_macro_span))]
[INFO] [stdout]    |                                          ^^^^^^^^^^^^^^^^^^^^
[INFO] [stdout] 
[INFO] [stdout] 
[INFO] [stdout] error[E0554]: `#![feature]` may not be used on the stable release channel
[INFO] [stdout]   --> /opt/rustwide/cargo-home/registry/src/github.com-1ecc6299db9ec823/proc-macro2-0.4.9/src/lib.rs:47:64
[INFO] [stdout]    |
[INFO] [stdout] 47 | #![cfg_attr(feature = "nightly", feature(proc_macro_raw_ident, proc_macro_span))]
[INFO] [stdout]    |                                                                ^^^^^^^^^^^^^^^
[INFO] [stdout] 
[INFO] [stdout] 
[INFO] [stdout] error[E0658]: use of unstable library feature 'proc_macro_def_site'
[INFO] [stdout]    --> /opt/rustwide/cargo-home/registry/src/github.com-1ecc6299db9ec823/proc-macro2-0.4.9/src/unstable.rs:347:27
[INFO] [stdout]     |
[INFO] [stdout] 347 |             Span::Nightly(proc_macro::Span::def_site())
[INFO] [stdout]     |                           ^^^^^^^^^^^^^^^^^^^^^^^^^^
[INFO] [stdout]     |
[INFO] [stdout]     = note: see issue #54724 <https://github.com/rust-lang/rust/issues/54724> for more information
[INFO] [stdout] 
[INFO] [stdout] 
[INFO] [stdout] error: aborting due to 3 previous errors
[INFO] [stdout] 
[INFO] [stdout] 
[INFO] [stdout] Some errors have detailed explanations: E0554, E0658.
[INFO] [stdout] 
[INFO] [stdout] For more information about an error, try `rustc --explain E0554`.
[INFO] [stdout] 
[INFO] [stderr] error: could not compile `proc-macro2` due to 4 previous errors
[INFO] [stderr] warning: build failed, waiting for other jobs to finish...
[INFO] running `Command { std: "docker" "inspect" "cecfbdeab3e7a5e4e770c07ed198d346615fc4ef0a46163702ab64c43fc6ef88", kill_on_drop: false }`
[INFO] running `Command { std: "docker" "rm" "-f" "cecfbdeab3e7a5e4e770c07ed198d346615fc4ef0a46163702ab64c43fc6ef88", kill_on_drop: false }`
[INFO] [stdout] cecfbdeab3e7a5e4e770c07ed198d346615fc4ef0a46163702ab64c43fc6ef88
