[INFO] cloning repository https://github.com/OpenFlowLabs/aurora-opencloud
[INFO] running `Command { std: "git" "-c" "credential.helper=" "-c" "credential.helper=/workspace/cargo-home/bin/git-credential-null" "clone" "--bare" "https://github.com/OpenFlowLabs/aurora-opencloud" "/workspace/cache/git-repos/https%3A%2F%2Fgithub.com%2FOpenFlowLabs%2Faurora-opencloud", kill_on_drop: false }`
[INFO] [stderr] Cloning into bare repository '/workspace/cache/git-repos/https%3A%2F%2Fgithub.com%2FOpenFlowLabs%2Faurora-opencloud'...
[INFO] running `Command { std: "git" "rev-parse" "HEAD", kill_on_drop: false }`
[INFO] [stdout] 403195c5594ba1c67f6192d50a94905eb42d49b8
[INFO] documenting OpenFlowLabs/aurora-opencloud against beta-2023-04-20 for beta-1.70-rustdoc-1
[INFO] running `Command { std: "git" "clone" "/workspace/cache/git-repos/https%3A%2F%2Fgithub.com%2FOpenFlowLabs%2Faurora-opencloud" "/workspace/builds/worker-7-tc2/source", kill_on_drop: false }`
[INFO] [stderr] Cloning into '/workspace/builds/worker-7-tc2/source'...
[INFO] [stderr] done.
[INFO] validating manifest of git repo https://github.com/OpenFlowLabs/aurora-opencloud on toolchain beta-2023-04-20
[INFO] running `Command { std: CARGO_HOME="/workspace/cargo-home" RUSTUP_HOME="/workspace/rustup-home" "/workspace/cargo-home/bin/cargo" "+beta-2023-04-20" "metadata" "--manifest-path" "Cargo.toml" "--no-deps", kill_on_drop: false }`
[INFO] started tweaking git repo https://github.com/OpenFlowLabs/aurora-opencloud
[INFO] finished tweaking git repo https://github.com/OpenFlowLabs/aurora-opencloud
[INFO] tweaked toml for git repo https://github.com/OpenFlowLabs/aurora-opencloud written to /workspace/builds/worker-7-tc2/source/Cargo.toml
[INFO] crate git repo https://github.com/OpenFlowLabs/aurora-opencloud already has a lockfile, it will not be regenerated
[INFO] running `Command { std: CARGO_HOME="/workspace/cargo-home" RUSTUP_HOME="/workspace/rustup-home" "/workspace/cargo-home/bin/cargo" "+beta-2023-04-20" "fetch" "--manifest-path" "Cargo.toml", kill_on_drop: false }`
[INFO] [stderr] warning: /workspace/builds/worker-7-tc2/source/vpc/Cargo.toml: dependency (serde_json) specified without providing a local path, Git repository, or version to use. This will be considered an error in future versions
[INFO] [stderr] warning: /workspace/builds/worker-7-tc2/source/vpc/Cargo.toml: unused manifest key: dependencies.serde_json.verison
[INFO] [stderr] warning: /workspace/builds/worker-7-tc2/source/Cargo.toml: unused manifest key: profile.test.default
[INFO] [stderr]     Updating crates.io index
[INFO] [stderr]  Downloading crates ...
[INFO] [stderr]   Downloaded thiserror-impl v1.0.39
[INFO] [stderr]   Downloaded serde_derive v1.0.153
[INFO] [stderr]   Downloaded getrandom v0.2.8
[INFO] [stderr]   Downloaded proc-macro2 v1.0.51
[INFO] [stderr]   Downloaded serde v1.0.153
[INFO] [stderr]   Downloaded dyn-clone v1.0.11
[INFO] [stderr]   Downloaded pkcs8 v0.7.6
[INFO] [stderr]   Downloaded miette-derive v5.5.0
[INFO] [stderr]   Downloaded windows-targets v0.42.1
[INFO] [stderr]   Downloaded miette-derive v4.7.1
[INFO] [stderr]   Downloaded ntapi v0.4.0
[INFO] [stderr]   Downloaded arc-swap v1.6.0
[INFO] [stderr]   Downloaded slog-scope v4.4.0
[INFO] [stderr]   Downloaded clap v4.1.8
[INFO] [stderr]   Downloaded flume v0.10.14
[INFO] [stderr]   Downloaded ctor v0.1.26
[INFO] [stderr]   Downloaded prost v0.10.4
[INFO] [stderr]   Downloaded http-auth v0.1.8
[INFO] [stderr]   Downloaded nom_pem v4.0.0
[INFO] [stderr]   Downloaded pq-sys v0.4.7
[INFO] [stderr]   Downloaded inout v0.1.3
[INFO] [stderr]   Downloaded ucd-trie v0.1.5
[INFO] [stderr]   Downloaded bcrypt-pbkdf v0.9.0
[INFO] [stderr]   Downloaded migrations_internals v1.4.1
[INFO] [stderr]   Downloaded linked-hash-map v0.5.6
[INFO] [stderr]   Downloaded chumsky v0.8.0
[INFO] [stderr]   Downloaded ed25519-dalek v1.0.1
[INFO] [stderr]   Downloaded clap_lex v0.3.2
[INFO] [stderr]   Downloaded winreg v0.10.1
[INFO] [stderr]   Downloaded fixedbitset v0.4.2
[INFO] [stderr]   Downloaded tonic-build v0.7.2
[INFO] [stderr]   Downloaded tower v0.4.13
[INFO] [stderr]   Downloaded tonic v0.7.2
[INFO] [stderr]   Downloaded pasetors v0.5.0
[INFO] [stderr]   Downloaded prettyplease v0.1.23
[INFO] [stderr]   Downloaded wasm-streams v0.2.3
[INFO] [stderr]   Downloaded fiat-crypto v0.1.17
[INFO] [stderr]   Downloaded phf v0.11.1
[INFO] [stderr]   Downloaded md-5 v0.10.5
[INFO] [stderr]   Downloaded tower-http v0.3.5
[INFO] [stderr]   Downloaded hyper v0.14.24
[INFO] [stderr]   Downloaded orion v0.17.3
[INFO] [stderr]   Downloaded scheduled-thread-pool v0.2.6
[INFO] [stderr]   Downloaded textwrap v0.15.2
[INFO] [stderr]   Downloaded r2d2 v0.8.10
[INFO] [stderr]   Downloaded toml_edit v0.19.4
[INFO] [stderr]   Downloaded attribute-derive v0.2.2
[INFO] [stderr]   Downloaded basic-toml v0.1.1
[INFO] [stderr]   Downloaded csv v1.2.0
[INFO] [stderr]   Downloaded futures-task v0.3.26
[INFO] [stderr]   Downloaded actionable v0.2.0
[INFO] [stderr]   Downloaded prost-build v0.10.4
[INFO] [stderr]   Downloaded serde_spanned v0.6.1
[INFO] [stderr]   Downloaded crypto-common v0.1.6
[INFO] [stderr]   Downloaded toml_datetime v0.6.1
[INFO] [stderr]   Downloaded knuffel-derive v2.0.0
[INFO] [stderr]   Downloaded knuffel v2.0.0
[INFO] [stderr]   Downloaded easy-parallel v3.2.0
[INFO] [stderr]   Downloaded gimli v0.27.2
[INFO] [stderr]   Downloaded encoding_rs v0.8.32
[INFO] [stderr]   Downloaded futures v0.3.26
[INFO] [stderr]   Downloaded proc-macro-crate v1.3.1
[INFO] [stderr]   Downloaded circulate v0.3.0
[INFO] [stderr]   Downloaded ordered-varint v1.0.1
[INFO] [stderr]   Downloaded block-buffer v0.10.3
[INFO] [stderr]   Downloaded transmog-pot v0.1.0
[INFO] [stderr]   Downloaded bonsaidb-utils v0.4.1
[INFO] [stderr]   Downloaded lz4_flex v0.9.5
[INFO] [stderr]   Downloaded lru v0.7.8
[INFO] [stderr]   Downloaded windows_aarch64_msvc v0.42.1
[INFO] [stderr]   Downloaded tokio v1.25.0
[INFO] [stderr]   Downloaded web-sys v0.3.61
[INFO] [stderr]   Downloaded pretty_assertions v1.3.0
[INFO] [stderr]   Downloaded cxxbridge-macro v1.0.91
[INFO] [stderr]   Downloaded hard-xml-derive v1.21.0
[INFO] [stderr]   Downloaded matchit v0.5.0
[INFO] [stderr]   Downloaded reqwest v0.11.14
[INFO] [stderr]   Downloaded async-stream-impl v0.3.4
[INFO] [stderr]   Downloaded darling v0.14.3
[INFO] [stderr]   Downloaded tokio-util v0.7.7
[INFO] [stderr]   Downloaded olpc-cjson v0.1.3
[INFO] [stderr]   Downloaded derive_builder_core v0.12.0
[INFO] [stderr]   Downloaded phf_codegen v0.11.1
[INFO] [stderr]   Downloaded chrono-tz-build v0.0.3
[INFO] [stderr]   Downloaded phf_shared v0.11.1
[INFO] [stderr]   Downloaded windows-sys v0.45.0
[INFO] [stderr]   Downloaded cxxbridge-flags v1.0.91
[INFO] [stderr]   Downloaded cxx v1.0.91
[INFO] [stderr]   Downloaded windows_i686_gnu v0.42.1
[INFO] [stderr]   Downloaded windows_i686_msvc v0.42.1
[INFO] [stderr]   Downloaded miette v4.7.1
[INFO] [stderr]   Downloaded trybuild v1.0.77
[INFO] [stderr]   Downloaded winnow v0.3.3
[INFO] [stderr]   Downloaded bonsaidb-core v0.4.1
[INFO] [stderr]   Downloaded axum-core v0.2.9
[INFO] [stderr]   Downloaded futures-macro v0.3.26
[INFO] [stderr]   Downloaded windows_x86_64_msvc v0.42.1
[INFO] [stderr]   Downloaded axum v0.5.17
[INFO] [stderr]   Downloaded tokio-stream v0.1.12
[INFO] [stderr]   Downloaded derive_builder_macro v0.12.0
[INFO] [stderr]   Downloaded xmlparser v0.13.5
[INFO] [stderr]   Downloaded blowfish v0.7.0
[INFO] [stderr]   Downloaded pwhash v1.0.0
[INFO] [stderr]   Downloaded yansi v0.5.1
[INFO] [stderr]   Downloaded linux-raw-sys v0.1.4
[INFO] [stderr]   Downloaded windows_x86_64_gnu v0.42.1
[INFO] [stderr]   Downloaded chrono-tz v0.6.3
[INFO] [stderr]   Downloaded derive_builder v0.12.0
[INFO] [stderr]   Downloaded getset v0.1.2
[INFO] [stderr]   Downloaded fs_extra v1.3.0
[INFO] [stderr]   Downloaded hard-xml v1.21.0
[INFO] [stderr]   Downloaded bstr v1.3.0
[INFO] [stderr]   Downloaded object v0.30.3
[INFO] [stderr]   Downloaded output_vt100 v0.1.3
[INFO] [stderr]   Downloaded pest_meta v2.5.5
[INFO] [stderr]   Downloaded time v0.3.20
[INFO] [stderr]   Downloaded base64 v0.21.0
[INFO] [stderr]   Downloaded ryu v1.0.12
[INFO] [stderr]   Downloaded tempfile v3.4.0
[INFO] [stderr]   Downloaded hmac v0.12.1
[INFO] [stderr]   Downloaded schannel v0.1.21
[INFO] [stderr]   Downloaded der v0.4.5
[INFO] [stderr]   Downloaded zeroize_derive v1.3.3
[INFO] [stderr]   Downloaded typenum v1.16.0
[INFO] [stderr]   Downloaded generic-array v0.14.6
[INFO] [stderr]   Downloaded thiserror v1.0.39
[INFO] [stderr]   Downloaded openssl v0.10.45
[INFO] [stderr]   Downloaded itertools v0.10.5
[INFO] [stderr]   Downloaded windows_x86_64_gnullvm v0.42.1
[INFO] [stderr]   Downloaded petgraph v0.6.3
[INFO] [stderr]   Downloaded zeroize v1.4.3
[INFO] [stderr]   Downloaded futures-channel v0.3.26
[INFO] [stderr]   Downloaded unicode-bidi v0.3.10
[INFO] [stderr]   Downloaded pin-project-internal v1.0.12
[INFO] [stderr]   Downloaded watchable v0.1.0
[INFO] [stderr]   Downloaded toml v0.7.2
[INFO] [stderr]   Downloaded mio v0.8.6
[INFO] [stderr]   Downloaded futures-util v0.3.26
[INFO] [stderr]   Downloaded uncased v0.9.7
[INFO] [stderr]   Downloaded rustix v0.36.8
[INFO] [stderr]   Downloaded spin v0.9.5
[INFO] [stderr]   Downloaded unicode-xid v0.2.4
[INFO] [stderr]   Downloaded rand_core v0.6.4
[INFO] [stderr]   Downloaded pin-project v1.0.12
[INFO] [stderr]   Downloaded miniz_oxide v0.6.2
[INFO] [stderr]   Downloaded io-lifetimes v1.0.5
[INFO] [stderr]   Downloaded schemars v0.8.12
[INFO] [stderr]   Downloaded http-range-header v0.3.0
[INFO] [stderr]   Downloaded tokio-io-timeout v1.2.0
[INFO] [stderr]   Downloaded ignore v0.4.20
[INFO] [stderr]   Downloaded sha2 v0.10.6
[INFO] [stderr]   Downloaded parking_lot_core v0.9.7
[INFO] [stderr]   Downloaded backtrace v0.3.67
[INFO] [stderr]   Downloaded async-trait v0.1.64
[INFO] [stderr]   Downloaded supports-hyperlinks v1.2.0
[INFO] [stderr]   Downloaded supports-unicode v1.0.2
[INFO] [stderr]   Downloaded smawk v0.3.1
[INFO] [stderr]   Downloaded unicode-linebreak v0.1.4
[INFO] [stderr]   Downloaded serde_yaml v0.8.26
[INFO] [stderr]   Downloaded heck v0.4.1
[INFO] [stderr]   Downloaded hermit-abi v0.3.1
[INFO] [stderr]   Downloaded is-terminal v0.4.4
[INFO] [stderr]   Downloaded twox-hash v1.6.3
[INFO] [stderr]   Downloaded cpufeatures v0.2.5
[INFO] [stderr]   Downloaded futures-core v0.3.26
[INFO] [stderr]   Downloaded futures-io v0.3.26
[INFO] [stderr]   Downloaded futures-sink v0.3.26
[INFO] [stderr]   Downloaded rustversion v1.0.11
[INFO] [stderr]   Downloaded time-core v0.1.0
[INFO] [stderr]   Downloaded time-macros v0.2.8
[INFO] [stderr]   Downloaded ipnet v2.7.1
[INFO] [stderr]   Downloaded schemars_derive v0.8.12
[INFO] [stderr]   Downloaded addr2line v0.19.0
[INFO] [stderr]   Downloaded itoa v1.0.5
[INFO] [stderr]   Downloaded migrations_macros v1.4.2
[INFO] [stderr]   Downloaded diesel_migrations v1.4.0
[INFO] [stderr]   Downloaded async-stream v0.3.4
[INFO] [stderr]   Downloaded tower-layer v0.3.2
[INFO] [stderr]   Downloaded prost-types v0.10.1
[INFO] [stderr]   Downloaded siphasher v0.3.10
[INFO] [stderr]   Downloaded globset v0.4.10
[INFO] [stderr]   Downloaded errno-dragonfly v0.1.2
[INFO] [stderr]   Downloaded curve25519-dalek v3.2.0
[INFO] [stderr]   Downloaded prost-derive v0.10.1
[INFO] [stderr]   Downloaded kdl v4.6.0
[INFO] [stderr]   Downloaded oci-distribution v0.9.4
[INFO] [stderr]   Downloaded darling_core v0.14.3
[INFO] [stderr]   Downloaded darling_macro v0.14.3
[INFO] [stderr]   Downloaded pest_generator v2.5.5
[INFO] [stderr]   Downloaded windows_aarch64_gnullvm v0.42.1
[INFO] [stderr]   Downloaded bonsaidb-local v0.4.1
[INFO] [stderr]   Downloaded pest_derive v2.5.5
[INFO] [stderr]   Downloaded tera v1.17.1
[INFO] [stderr]   Downloaded errno v0.2.8
[INFO] [stderr]   Downloaded dirs-sys v0.3.7
[INFO] [stderr]   Downloaded directories v4.0.1
[INFO] [stderr]   Downloaded actionable-macros v0.2.0
[INFO] [stderr]   Downloaded attribute-derive-macro v0.2.0
[INFO] [stderr]   Downloaded bonsaidb-macros v0.4.1
[INFO] [stderr]   Downloaded arc-bytes v0.3.5
[INFO] [stderr]   Downloaded crc-catalog v2.2.0
[INFO] [stderr]   Downloaded semver v1.0.16
[INFO] [stderr]   Downloaded digest v0.10.6
[INFO] [stderr]   Downloaded futures-executor v0.3.26
[INFO] [stderr]   Downloaded crc v3.0.1
[INFO] [stderr]   Downloaded nanorand v0.7.0
[INFO] [stderr]   Downloaded crypto-bigint v0.2.11
[INFO] [stderr]   Downloaded const-oid v0.6.2
[INFO] [stderr]   Downloaded owo-colors v3.5.0
[INFO] [stderr]   Downloaded cipher v0.4.3
[INFO] [stderr]   Downloaded blowfish v0.9.1
[INFO] [stderr]   Downloaded pbkdf2 v0.11.0
[INFO] [stderr]   Downloaded cryptovec v0.6.1
[INFO] [stderr]   Downloaded ed25519 v1.5.3
[INFO] [stderr]   Downloaded osshkeys v0.6.2
[INFO] [stderr]   Downloaded multimap v0.8.3
[INFO] [stderr]   Downloaded ct-codecs v1.1.1
[INFO] [stderr]   Downloaded ed25519-compact v1.0.16
[INFO] [stderr]   Downloaded sync_wrapper v0.1.2
[INFO] [stderr]   Downloaded hyper-timeout v0.4.1
[INFO] [stderr]   Downloaded cmake v0.1.49
[INFO] [stderr]   Downloaded oci-spec v0.6.0
[INFO] [stderr]   Downloaded signature v1.3.2
[INFO] [stderr]   Downloaded ecdsa v0.12.4
[INFO] [stderr]   Downloaded spki v0.4.1
[INFO] [stderr]   Downloaded elliptic-curve v0.10.6
[INFO] [stderr]   Downloaded h2 v0.3.16
[INFO] [stderr]   Downloaded p256 v0.9.0
[INFO] [stderr]   Downloaded which v4.4.0
[INFO] [stderr]   Downloaded clap_derive v3.2.18
[INFO] [stderr]   Downloaded jwt v0.16.0
[INFO] [stderr]   Downloaded openssl-sys v0.9.80
[INFO] [stderr]   Downloaded jetscii v0.5.3
[INFO] [stderr]   Downloaded sha-1 v0.10.1
[INFO] [stderr]   Downloaded cxx-build v1.0.91
[INFO] [stderr]   Downloaded phf_generator v0.11.1
[INFO] [stderr]   Downloaded transmog v0.1.0
[INFO] [stderr]   Downloaded transmog-versions v0.1.1
[INFO] [stderr]   Downloaded is_ci v1.1.1
[INFO] [stderr]   Downloaded miette v5.5.0
[INFO] [stderr]   Downloaded diff v0.1.13
[INFO] [stderr]   Downloaded scratch v1.0.3
[INFO] [stderr]   Downloaded pest v2.5.5
[INFO] [stderr]   Downloaded clap_derive v4.1.8
[INFO] [stderr]   Downloaded group v0.10.0
[INFO] [stderr]   Downloaded derive-where v1.0.0-rc.2
[INFO] [stderr]   Downloaded pot v1.0.2
[INFO] [stderr]   Downloaded sysinfo v0.23.13
[INFO] [stderr]   Downloaded ordered-varint v2.0.0
[INFO] [stderr]   Downloaded bonsaidb v0.4.1
[INFO] [stderr]   Downloaded nebari v0.5.5
[INFO] [stderr]   Downloaded ff v0.10.1
[INFO] [stderr]   Downloaded tracing-attributes v0.1.23
[INFO] [stderr]   Downloaded slog-stdlog v4.1.1
[INFO] [stderr]   Downloaded testdir v0.7.2
[INFO] [stderr]   Downloaded syslog v5.0.0
[INFO] [stderr]   Downloaded slog-syslog v0.13.0
[INFO] [stderr]   Downloaded supports-color v1.3.1
[INFO] [stderr]   Downloaded camino v1.1.3
[INFO] [stderr]   Downloaded serde_derive_internals v0.26.0
[INFO] [stderr]   Downloaded anyhow v1.0.69
[INFO] [stderr]   Downloaded cargo-platform v0.1.2
[INFO] [stderr]   Downloaded serde_json v1.0.94
[INFO] [stderr]   Downloaded cargo_metadata v0.14.2
[INFO] [stderr]   Downloaded sysinfo v0.26.9
[INFO] [stderr]   Downloaded whoami v1.3.0
[INFO] [stderr]   Downloaded quote v1.0.23
[INFO] [stderr]   Downloaded uuid v1.3.0
[INFO] [stderr]   Downloaded unicode-ident v1.0.6
[INFO] running `Command { std: "docker" "create" "-v" "/var/lib/crater-agent-workspace/builds/worker-7-tc2/target:/opt/rustwide/target:rw,Z" "-v" "/var/lib/crater-agent-workspace/builds/worker-7-tc2/source:/opt/rustwide/workdir:ro,Z" "-v" "/var/lib/crater-agent-workspace/cargo-home:/opt/rustwide/cargo-home:ro,Z" "-v" "/var/lib/crater-agent-workspace/rustup-home:/opt/rustwide/rustup-home:ro,Z" "-e" "SOURCE_DIR=/opt/rustwide/workdir" "-e" "CARGO_TARGET_DIR=/opt/rustwide/target" "-e" "CARGO_HOME=/opt/rustwide/cargo-home" "-e" "RUSTUP_HOME=/opt/rustwide/rustup-home" "-w" "/opt/rustwide/workdir" "-m" "1610612736" "--user" "0:0" "--network" "none" "ghcr.io/rust-lang/crates-build-env/linux@sha256:5ff2268d62e97bff2cde7d5815dd6ed5b47097566f13b8d0ca110b04b60e07ed" "/opt/rustwide/cargo-home/bin/cargo" "+beta-2023-04-20" "metadata" "--no-deps" "--format-version=1", kill_on_drop: false }`
[INFO] [stdout] 20a77cc3dcefab34c341b2a654d69498ed0e0ac71206bdd2a08747fc5a919d36
[INFO] running `Command { std: "docker" "start" "-a" "20a77cc3dcefab34c341b2a654d69498ed0e0ac71206bdd2a08747fc5a919d36", kill_on_drop: false }`
[INFO] running `Command { std: "docker" "inspect" "20a77cc3dcefab34c341b2a654d69498ed0e0ac71206bdd2a08747fc5a919d36", kill_on_drop: false }`
[INFO] running `Command { std: "docker" "rm" "-f" "20a77cc3dcefab34c341b2a654d69498ed0e0ac71206bdd2a08747fc5a919d36", kill_on_drop: false }`
[INFO] [stdout] 20a77cc3dcefab34c341b2a654d69498ed0e0ac71206bdd2a08747fc5a919d36
[INFO] running `Command { std: "docker" "create" "-v" "/var/lib/crater-agent-workspace/builds/worker-7-tc2/target:/opt/rustwide/target:rw,Z" "-v" "/var/lib/crater-agent-workspace/builds/worker-7-tc2/source:/opt/rustwide/workdir:ro,Z" "-v" "/var/lib/crater-agent-workspace/cargo-home:/opt/rustwide/cargo-home:ro,Z" "-v" "/var/lib/crater-agent-workspace/rustup-home:/opt/rustwide/rustup-home:ro,Z" "-e" "SOURCE_DIR=/opt/rustwide/workdir" "-e" "CARGO_TARGET_DIR=/opt/rustwide/target" "-e" "CARGO_INCREMENTAL=0" "-e" "RUST_BACKTRACE=full" "-e" "RUSTFLAGS=--cap-lints=warn" "-e" "RUSTDOCFLAGS=--cap-lints=warn" "-e" "CARGO_HOME=/opt/rustwide/cargo-home" "-e" "RUSTUP_HOME=/opt/rustwide/rustup-home" "-w" "/opt/rustwide/workdir" "-m" "1610612736" "--user" "0:0" "--network" "none" "ghcr.io/rust-lang/crates-build-env/linux@sha256:5ff2268d62e97bff2cde7d5815dd6ed5b47097566f13b8d0ca110b04b60e07ed" "/opt/rustwide/cargo-home/bin/cargo" "+beta-2023-04-20" "doc" "--frozen" "--no-deps" "--document-private-items" "--message-format=json", kill_on_drop: false }`
[INFO] [stdout] 7c062922dff2ae1b3d30a319c5141221588ffa0d7c01f0fa76c7ca6214b9e620
[INFO] running `Command { std: "docker" "start" "-a" "7c062922dff2ae1b3d30a319c5141221588ffa0d7c01f0fa76c7ca6214b9e620", kill_on_drop: false }`
[INFO] [stderr] warning: /opt/rustwide/workdir/vpc/Cargo.toml: dependency (serde_json) specified without providing a local path, Git repository, or version to use. This will be considered an error in future versions
[INFO] [stderr] warning: /opt/rustwide/workdir/vpc/Cargo.toml: unused manifest key: dependencies.serde_json.verison
[INFO] [stderr] warning: /opt/rustwide/workdir/Cargo.toml: unused manifest key: profile.test.default
[INFO] [stderr]    Compiling libc v0.2.139
[INFO] [stderr]    Compiling proc-macro2 v1.0.51
[INFO] [stderr]    Compiling unicode-ident v1.0.6
[INFO] [stderr]    Compiling quote v1.0.23
[INFO] [stderr]    Compiling syn v1.0.109
[INFO] [stderr]    Compiling version_check v0.9.4
[INFO] [stderr]    Compiling autocfg v1.1.0
[INFO] [stderr]    Compiling memchr v2.5.0
[INFO] [stderr]    Compiling serde_derive v1.0.153
[INFO] [stderr]    Compiling serde v1.0.153
[INFO] [stderr]    Compiling log v0.4.17
[INFO] [stderr]    Compiling cfg-if v1.0.0
[INFO] [stderr]     Checking once_cell v1.17.1
[INFO] [stderr]    Compiling typenum v1.16.0
[INFO] [stderr]    Compiling cc v1.0.79
[INFO] [stderr]    Compiling thiserror v1.0.39
[INFO] [stderr]     Checking itoa v1.0.5
[INFO] [stderr]     Checking subtle v2.4.1
[INFO] [stderr]    Compiling regex-syntax v0.6.28
[INFO] [stderr]    Compiling serde_json v1.0.94
[INFO] [stderr]    Compiling parking_lot_core v0.9.7
[INFO] [stderr]    Compiling ahash v0.7.6
[INFO] [stderr]    Compiling generic-array v0.14.6
[INFO] [stderr]    Compiling lock_api v0.4.9
[INFO] [stderr]    Compiling indexmap v1.9.2
[INFO] [stderr]    Compiling proc-macro-error-attr v1.0.4
[INFO] [stderr]     Checking byteorder v1.4.3
[INFO] [stderr]     Checking pin-project-lite v0.2.9
[INFO] [stderr]     Checking bitflags v1.3.2
[INFO] [stderr]    Compiling proc-macro-error v1.0.4
[INFO] [stderr]     Checking ryu v1.0.12
[INFO] [stderr]    Compiling num-traits v0.2.15
[INFO] [stderr]     Checking gimli v0.27.2
[INFO] [stderr]     Checking smallvec v1.10.0
[INFO] [stderr]    Compiling aho-corasick v0.7.20
[INFO] [stderr]     Checking miniz_oxide v0.6.2
[INFO] [stderr]     Checking object v0.30.3
[INFO] [stderr]     Checking cpufeatures v0.2.5
[INFO] [stderr]    Compiling futures-core v0.3.26
[INFO] [stderr]    Compiling anyhow v1.0.69
[INFO] [stderr]     Checking rustc-demangle v0.1.21
[INFO] [stderr]     Checking unicode-width v0.1.10
[INFO] [stderr]    Compiling backtrace v0.3.67
[INFO] [stderr]     Checking ppv-lite86 v0.2.17
[INFO] [stderr]     Checking bytes v1.4.0
[INFO] [stderr]    Compiling io-lifetimes v1.0.5
[INFO] [stderr]     Checking getrandom v0.2.8
[INFO] [stderr]     Checking atty v0.2.14
[INFO] [stderr]     Checking smawk v0.3.1
[INFO] [stderr]     Checking rand_core v0.6.4
[INFO] [stderr]     Checking parking_lot v0.12.1
[INFO] [stderr]     Checking is_ci v1.1.1
[INFO] [stderr]     Checking futures-sink v0.3.26
[INFO] [stderr]    Compiling rustix v0.36.8
[INFO] [stderr]     Checking supports-hyperlinks v1.2.0
[INFO] [stderr]     Checking supports-unicode v1.0.2
[INFO] [stderr]     Checking terminal_size v0.1.17
[INFO] [stderr]     Checking supports-color v1.3.1
[INFO] [stderr]     Checking time v0.1.45
[INFO] [stderr]     Checking owo-colors v3.5.0
[INFO] [stderr]    Compiling heck v0.4.1
[INFO] [stderr]     Checking hashbrown v0.12.3
[INFO] [stderr]     Checking digest v0.9.0
[INFO] [stderr]     Checking crypto-common v0.1.6
[INFO] [stderr]     Checking block-buffer v0.10.3
[INFO] [stderr]    Compiling regex v1.7.1
[INFO] [stderr]     Checking block-buffer v0.9.0
[INFO] [stderr]     Checking rand_chacha v0.3.1
[INFO] [stderr]    Compiling slab v0.4.8
[INFO] [stderr]    Compiling slog v2.7.0
[INFO] [stderr]    Compiling futures-task v0.3.26
[INFO] [stderr]    Compiling futures-channel v0.3.26
[INFO] [stderr]     Checking digest v0.10.6
[INFO] [stderr]     Checking percent-encoding v2.2.0
[INFO] [stderr]     Checking rand v0.8.5
[INFO] [stderr]     Checking thread_local v1.1.7
[INFO] [stderr]     Checking tracing-core v0.1.30
[INFO] [stderr]    Compiling futures-util v0.3.26
[INFO] [stderr]     Checking futures-io v0.3.26
[INFO] [stderr]     Checking sha2 v0.9.9
[INFO] [stderr]     Checking num_cpus v1.15.0
[INFO] [stderr]    Compiling tokio v1.25.0
[INFO] [stderr]    Compiling num-integer v0.1.45
[INFO] [stderr]     Checking addr2line v0.19.0
[INFO] [stderr]    Compiling uncased v0.9.7
[INFO] [stderr]    Compiling time-core v0.1.0
[INFO] [stderr]     Checking dirs-sys-next v0.1.2
[INFO] [stderr]     Checking signal-hook-registry v1.4.1
[INFO] [stderr]     Checking socket2 v0.4.7
[INFO] [stderr]     Checking mio v0.8.6
[INFO] [stderr]    Compiling error-chain v0.12.4
[INFO] [stderr]    Compiling time-macros v0.2.8
[INFO] [stderr]     Checking num_threads v0.1.6
[INFO] [stderr]     Checking tinyvec_macros v0.1.1
[INFO] [stderr]    Compiling crossbeam-utils v0.8.15
[INFO] [stderr]     Checking dirs-next v2.0.0
[INFO] [stderr]     Checking tinyvec v1.6.0
[INFO] [stderr]    Compiling slog-async v2.7.0
[INFO] [stderr]     Checking arc-swap v1.6.0
[INFO] [stderr]     Checking term v0.7.0
[INFO] [stderr]     Checking form_urlencoded v1.1.0
[INFO] [stderr]     Checking unicode-bidi v0.3.10
[INFO] [stderr]    Compiling unicode-xid v0.2.4
[INFO] [stderr]     Checking take_mut v0.2.2
[INFO] [stderr]     Checking slog-scope v4.4.0
[INFO] [stderr]    Compiling ident_case v1.0.1
[INFO] [stderr]     Checking either v1.8.1
[INFO] [stderr]     Checking slog-stdlog v4.1.1
[INFO] [stderr]     Checking syslog v5.0.0
[INFO] [stderr]    Compiling strsim v0.10.0
[INFO] [stderr]    Compiling siphasher v0.3.10
[INFO] [stderr]     Checking linux-raw-sys v0.1.4
[INFO] [stderr]     Checking itertools v0.10.5
[INFO] [stderr]     Checking slog-syslog v0.13.0
[INFO] [stderr]     Checking unicode-normalization v0.1.22
[INFO] [stderr]     Checking os_str_bytes v6.4.1
[INFO] [stderr]     Checking crossbeam-channel v0.5.7
[INFO] [stderr]    Compiling phf_shared v0.11.1
[INFO] [stderr]     Checking iana-time-zone v0.1.53
[INFO] [stderr]    Compiling ucd-trie v0.1.5
[INFO] [stderr]     Checking termcolor v1.2.0
[INFO] [stderr]     Checking base64 v0.13.1
[INFO] [stderr]    Compiling phf v0.11.1
[INFO] [stderr]     Checking chrono v0.4.23
[INFO] [stderr]     Checking idna v0.3.0
[INFO] [stderr]    Compiling parse-zoneinfo v0.3.0
[INFO] [stderr]     Checking crypto-mac v0.10.1
[INFO] [stderr]     Checking cipher v0.2.5
[INFO] [stderr]     Checking bstr v1.3.0
[INFO] [stderr]    Compiling async-trait v0.1.64
[INFO] [stderr]     Checking unic-char-range v0.9.0
[INFO] [stderr]     Checking unic-common v0.9.0
[INFO] [stderr]     Checking time v0.3.20
[INFO] [stderr]     Checking url v2.3.1
[INFO] [stderr]     Checking unic-char-property v0.9.0
[INFO] [stderr]    Compiling phf_generator v0.11.1
[INFO] [stderr]     Checking unic-ucd-version v0.9.0
[INFO] [stderr]    Compiling phf_codegen v0.11.1
[INFO] [stderr]     Checking blowfish v0.7.0
[INFO] [stderr]     Checking hmac v0.10.1
[INFO] [stderr]     Checking clap_lex v0.3.2
[INFO] [stderr]     Checking sha2 v0.10.6
[INFO] [stderr]     Checking sha-1 v0.10.1
[INFO] [stderr]     Checking md-5 v0.10.5
[INFO] [stderr]    Compiling chrono-tz-build v0.0.3
[INFO] [stderr]     Checking sha-1 v0.9.8
[INFO] [stderr]     Checking md-5 v0.9.1
[INFO] [stderr]    Compiling pkg-config v0.3.26
[INFO] [stderr]     Checking unic-ucd-segment v0.9.0
[INFO] [stderr]     Checking signature v1.3.2
[INFO] [stderr]     Checking http v0.2.9
[INFO] [stderr]    Compiling unicode-linebreak v0.1.4
[INFO] [stderr]     Checking fastrand v1.9.0
[INFO] [stderr]     Checking pwhash v1.0.0
[INFO] [stderr]    Compiling jetscii v0.5.3
[INFO] [stderr]     Checking deunicode v0.4.3
[INFO] [stderr]     Checking slug v0.1.4
[INFO] [stderr]     Checking const-oid v0.6.2
[INFO] [stderr]     Checking humansize v1.1.1
[INFO] [stderr]     Checking tower-service v0.3.2
[INFO] [stderr]     Checking unic-segment v0.9.0
[INFO] [stderr]     Checking getopts v0.2.21
[INFO] [stderr]     Checking der v0.4.5
[INFO] [stderr]    Compiling chrono-tz v0.6.3
[INFO] [stderr]    Compiling httparse v1.8.0
[INFO] [stderr]     Checking glob v0.3.1
[INFO] [stderr]     Checking xmlparser v0.13.5
[INFO] [stderr]     Checking chumsky v0.8.0
[INFO] [stderr]    Compiling openssl-sys v0.9.80
[INFO] [stderr]     Checking ff v0.10.1
[INFO] [stderr]     Checking nanorand v0.7.0
[INFO] [stderr]     Checking is-terminal v0.4.4
[INFO] [stderr]    Compiling synstructure v0.12.6
[INFO] [stderr]     Checking slog-term v2.9.0
[INFO] [stderr]     Checking tempfile v3.4.0
[INFO] [stderr]     Checking http-body v0.4.5
[INFO] [stderr]    Compiling darling_core v0.13.4
[INFO] [stderr]     Checking globset v0.4.10
[INFO] [stderr]    Compiling serde_derive_internals v0.26.0
[INFO] [stderr]     Checking spin v0.9.5
[INFO] [stderr]     Checking spki v0.4.1
[INFO] [stderr]     Checking foreign-types-shared v0.1.1
[INFO] [stderr]     Checking try-lock v0.2.4
[INFO] [stderr]     Checking half v1.8.2
[INFO] [stderr]    Compiling openssl v0.10.45
[INFO] [stderr]     Checking fs_extra v1.3.0
[INFO] [stderr]    Compiling schemars v0.8.12
[INFO] [stderr]    Compiling winnow v0.3.3
[INFO] [stderr]    Compiling trybuild v1.0.77
[INFO] [stderr]     Checking ignore v0.4.20
[INFO] [stderr]     Checking want v0.3.0
[INFO] [stderr]     Checking foreign-types v0.3.2
[INFO] [stderr]     Checking pkcs8 v0.7.6
[INFO] [stderr]     Checking group v0.10.0
[INFO] [stderr]    Compiling which v4.4.0
[INFO] [stderr]     Checking crypto-mac v0.11.1
[INFO] [stderr]    Compiling cmake v0.1.49
[INFO] [stderr]     Checking globwalk v0.8.1
[INFO] [stderr]     Checking httpdate v1.0.2
[INFO] [stderr]     Checking dyn-clone v1.0.11
[INFO] [stderr]     Checking transmog v0.1.0
[INFO] [stderr]    Compiling pq-sys v0.4.7
[INFO] [stderr]     Checking hmac v0.11.0
[INFO] [stderr]    Compiling sysinfo v0.23.13
[INFO] [stderr]     Checking crc-catalog v2.2.0
[INFO] [stderr]    Compiling fixedbitset v0.4.2
[INFO] [stderr]    Compiling prettyplease v0.1.23
[INFO] [stderr]    Compiling prost-build v0.10.4
[INFO] [stderr]     Checking twox-hash v1.6.3
[INFO] [stderr]    Compiling petgraph v0.6.3
[INFO] [stderr]     Checking textwrap v0.15.2
[INFO] [stderr]     Checking crc v3.0.1
[INFO] [stderr]     Checking getrandom v0.1.16
[INFO] [stderr]     Checking lru v0.7.8
[INFO] [stderr]     Checking ordered-varint v2.0.0
[INFO] [stderr]     Checking event-listener v2.5.3
[INFO] [stderr]     Checking ordered-varint v1.0.1
[INFO] [stderr]    Compiling multimap v0.8.3
[INFO] [stderr]     Checking rand_core v0.5.1
[INFO] [stderr]     Checking lz4_flex v0.9.5
[INFO] [stderr]    Compiling darling_core v0.14.3
[INFO] [stderr]    Compiling native-tls v0.2.11
[INFO] [stderr]     Checking tower-layer v0.3.2
[INFO] [stderr]     Checking easy-parallel v3.2.0
[INFO] [stderr]     Checking bonsaidb-utils v0.4.1
[INFO] [stderr]    Compiling version_check v0.1.5
[INFO] [stderr]    Compiling scheduled-thread-pool v0.2.6
[INFO] [stderr]     Checking inout v0.1.3
[INFO] [stderr]     Checking dirs-sys v0.3.7
[INFO] [stderr]     Checking openssl-probe v0.1.5
[INFO] [stderr]    Compiling winapi v0.3.9
[INFO] [stderr]     Checking cipher v0.4.3
[INFO] [stderr]    Compiling r2d2 v0.8.10
[INFO] [stderr]    Compiling nom v4.2.3
[INFO] [stderr]     Checking rand_chacha v0.2.2
[INFO] [stderr]     Checking http-range-header v0.3.0
[INFO] [stderr]     Checking blowfish v0.9.1
[INFO] [stderr]     Checking rand v0.7.3
[INFO] [stderr]     Checking ed25519 v1.5.3
[INFO] [stderr]     Checking clap_lex v0.2.4
[INFO] [stderr]    Compiling thiserror-impl v1.0.39
[INFO] [stderr]    Compiling tracing-attributes v0.1.23
[INFO] [stderr]    Compiling futures-macro v0.3.26
[INFO] [stderr]    Compiling tokio-macros v1.8.2
[INFO] [stderr]    Compiling miette-derive v5.5.0
[INFO] [stderr]    Compiling miette-derive v4.7.1
[INFO] [stderr]    Compiling zeroize_derive v1.3.3
[INFO] [stderr]    Compiling pin-project-internal v1.0.12
[INFO] [stderr]    Compiling clap_derive v4.1.8
[INFO] [stderr]    Compiling knuffel-derive v2.0.0
[INFO] [stderr]    Compiling prost-derive v0.10.1
[INFO] [stderr]     Checking zeroize v1.4.3
[INFO] [stderr]    Compiling zone_cfg_derive v0.2.0 (https://github.com/oxidecomputer/zone.git#efd9e448)
[INFO] [stderr]    Compiling hard-xml-derive v1.21.0
[INFO] [stderr]    Compiling derive-where v1.0.0-rc.2
[INFO] [stderr]    Compiling darling_macro v0.13.4
[INFO] [stderr]     Checking crypto-bigint v0.2.11
[INFO] [stderr]    Compiling attribute-derive-macro v0.2.0
[INFO] [stderr]     Checking miette v5.5.0
[INFO] [stderr]     Checking tracing v0.1.37
[INFO] [stderr]     Checking miette v4.7.1
[INFO] [stderr]    Compiling pest v2.5.5
[INFO] [stderr]     Checking pin-project v1.0.12
[INFO] [stderr]     Checking flume v0.10.14
[INFO] [stderr]     Checking zone v0.2.0 (https://github.com/oxidecomputer/zone.git#efd9e448)
[INFO] [stderr]    Compiling darling v0.13.4
[INFO] [stderr]     Checking common v0.1.0 (/opt/rustwide/workdir/common)
[INFO] [stderr]     Checking illumos v0.0.0 (https://github.com/Toasterson/illumos-installer.git#bd448ea4)
[INFO] [stderr]    Compiling schemars_derive v0.8.12
[INFO] [stderr]    Compiling openssl-macros v0.1.0
[INFO] [stderr]    Compiling actionable-macros v0.2.0
[INFO] [stderr]     Checking elliptic-curve v0.10.6
[INFO] [stderr]     Checking hard-xml v1.21.0
[INFO] [stderr]     Checking transmog-versions v0.1.1
[INFO] [stderr]    Compiling attribute-derive v0.2.2
[INFO] [stderr]     Checking clap v4.1.8
[INFO] [stderr]     Checking knuffel v2.0.0
[INFO] [stderr]     Checking ecdsa v0.12.4
[INFO] [stderr]    Compiling diesel_derives v1.4.1
[INFO] [stderr]    Compiling pest_meta v2.5.5
[INFO] [stderr]    Compiling darling_macro v0.14.3
[INFO] [stderr]     Checking curve25519-dalek v3.2.0
[INFO] [stderr]     Checking p256 v0.9.0
[INFO] [stderr]    Compiling clap_derive v3.2.18
[INFO] [stderr]    Compiling async-stream-impl v0.3.4
[INFO] [stderr]    Compiling prost v0.10.4
[INFO] [stderr]     Checking futures-executor v0.3.26
[INFO] [stderr]     Checking watchable v0.1.0
[INFO] [stderr]    Compiling pest_generator v2.5.5
[INFO] [stderr]     Checking futures v0.3.26
[INFO] [stderr]    Compiling prost-types v0.10.1
[INFO] [stderr]     Checking axum-core v0.2.9
[INFO] [stderr]     Checking pbkdf2 v0.11.0
[INFO] [stderr]    Compiling unicase v2.6.0
[INFO] [stderr]     Checking matchit v0.5.0
[INFO] [stderr]    Compiling darling v0.14.3
[INFO] [stderr]     Checking textwrap v0.16.0
[INFO] [stderr]     Checking fiat-crypto v0.1.17
[INFO] [stderr]    Compiling derive_builder_core v0.12.0
[INFO] [stderr]     Checking sync_wrapper v0.1.2
[INFO] [stderr]     Checking async-stream v0.3.4
[INFO] [stderr]     Checking tokio-util v0.7.7
[INFO] [stderr]     Checking tokio-io-timeout v1.2.0
[INFO] [stderr]     Checking tokio-stream v0.1.12
[INFO] [stderr]     Checking bcrypt-pbkdf v0.9.0
[INFO] [stderr]     Checking cryptovec v0.6.1
[INFO] [stderr]     Checking tracing-futures v0.2.5
[INFO] [stderr]     Checking nom_pem v4.0.0
[INFO] [stderr]     Checking directories v4.0.1
[INFO] [stderr]     Checking hmac v0.12.1
[INFO] [stderr]     Checking ed25519-compact v1.0.16
[INFO] [stderr]     Checking dirs v1.0.5
[INFO] [stderr]     Checking csv-core v0.1.10
[INFO] [stderr]     Checking encoding_rs v0.8.32
[INFO] [stderr]    Compiling pest_derive v2.5.5
[INFO] [stderr]     Checking linked-hash-map v0.5.6
[INFO] [stderr]     Checking ct-codecs v1.1.1
[INFO] [stderr]     Checking base64 v0.21.0
[INFO] [stderr]     Checking h2 v0.3.16
[INFO] [stderr]     Checking tower v0.4.13
[INFO] [stderr]     Checking minimal-lexical v0.2.1
[INFO] [stderr]     Checking yaml-rust v0.4.5
[INFO] [stderr]     Checking term v0.5.2
[INFO] [stderr]    Compiling getset v0.1.2
[INFO] [stderr]     Checking nom v7.1.3
[INFO] [stderr]    Compiling derive_builder_macro v0.12.0
[INFO] [stderr]     Checking http-auth v0.1.8
[INFO] [stderr]     Checking tokio-native-tls v0.3.1
[INFO] [stderr]    Compiling tonic-build v0.7.2
[INFO] [stderr]     Checking encode_unicode v0.3.6
[INFO] [stderr]     Checking dirs v4.0.0
[INFO] [stderr]  Documenting common v0.1.0 (/opt/rustwide/workdir/common)
[INFO] [stderr]     Checking libshadow v0.1.0 (https://github.com/Toasterson/illumos-installer.git#bd448ea4)
[INFO] [stderr]  Documenting cloudadm v0.1.0 (/opt/rustwide/workdir/cloudadm)
[INFO] [stderr]     Checking clap v3.2.23
[INFO] [stderr]  Documenting imgadm v0.1.0 (/opt/rustwide/workdir/imgadm)
[INFO] [stderr]     Checking derive_builder v0.12.0
[INFO] [stderr]     Checking tower-http v0.3.5
[INFO] [stderr]    Compiling tenantd v0.1.0 (/opt/rustwide/workdir/tenantd)
[INFO] [stderr]    Compiling cloudcfg v0.1.0 (/opt/rustwide/workdir/cloudcfg)
[INFO] [stderr]     Checking kdl v4.6.0
[INFO] [stderr]     Checking uuid v1.3.0
[INFO] [stderr]     Checking uuid v0.8.2
[INFO] [stderr]     Checking toml v0.5.11
[INFO] [stderr]     Checking pot v1.0.2
[INFO] [stderr]     Checking arc-bytes v0.3.5
[INFO] [stderr]     Checking actionable v0.2.0
[INFO] [stderr]     Checking toml_datetime v0.6.1
[INFO] [stderr]     Checking serde_spanned v0.6.1
[INFO] [stderr]     Checking nebari v0.5.5
[INFO] [stderr]     Checking bincode v1.3.3
[INFO] [stderr]     Checking serde_urlencoded v0.7.1
[INFO] [stderr]     Checking toml_edit v0.19.4
[INFO] [stderr]     Checking ed25519-dalek v1.0.1
[INFO] [stderr]     Checking csv v1.2.0
[INFO] [stderr]     Checking serde_yaml v0.8.26
[INFO] [stderr]    Compiling basic-toml v0.1.1
[INFO] [stderr]     Checking libcfgparser v0.1.0 (https://github.com/Toasterson/illumos-installer.git#bd448ea4)
[INFO] [stderr]     Checking jmclib v0.1.0 (https://github.com/jclulow/rust-jmclib#6bd3ef80)
[INFO] [stderr]     Checking tera v1.17.1
[INFO] [stderr]     Checking diesel v1.4.8
[INFO] [stderr]     Checking jwt v0.16.0
[INFO] [stderr]     Checking olpc-cjson v0.1.3
[INFO] [stderr]     Checking illumos-image-builder v0.0.0 (https://github.com/Toasterson/image-builder.git#5957f277)
[INFO] [stderr]     Checking circulate v0.3.0
[INFO] [stderr]     Checking transmog-pot v0.1.0
[INFO] [stderr]     Checking osshkeys v0.6.2
[INFO] [stderr]     Checking prettytable-rs v0.8.0
[INFO] [stderr] error: failed to run custom build command for `tenantd v0.1.0 (/opt/rustwide/workdir/tenantd)`
[INFO] [stderr] note: To improve backtraces for build dependencies, set the CARGO_PROFILE_DEV_BUILD_OVERRIDE_DEBUG=true environment variable to enable debug information generation.
[INFO] [stderr] 
[INFO] [stderr] Caused by:
[INFO] [stderr]   process didn't exit successfully: `/opt/rustwide/target/debug/build/tenantd-1cb0f62168d79be5/build-script-build` (exit status: 1)
[INFO] [stderr]   --- stderr
[INFO] [stderr]   Error: Custom { kind: NotFound, error: "failed to invoke protoc (hint: https://docs.rs/prost-build/#sourcing-protoc): No such file or directory (os error 2)" }
[INFO] [stderr] warning: build failed, waiting for other jobs to finish...
[INFO] [stdout] error[E0425]: cannot find function `___errno` in crate `libc`
[INFO] [stdout]   --> /opt/rustwide/cargo-home/git/checkouts/image-builder-76cd60309c2d27c6/5957f27/src/ensure.rs:64:24
[INFO] [stdout]    |
[INFO] [stdout] 64 |         let e = *libc::___errno();
[INFO] [stdout]    |                        ^^^^^^^^ not found in `libc`
[INFO] [stdout] 
[INFO] [stdout] 
[INFO] [stdout] error[E0425]: cannot find function `___errno` in crate `libc`
[INFO] [stdout]    --> /opt/rustwide/cargo-home/git/checkouts/image-builder-76cd60309c2d27c6/5957f27/src/ensure.rs:111:24
[INFO] [stdout]     |
[INFO] [stdout] 111 |         let e = *libc::___errno();
[INFO] [stdout]     |                        ^^^^^^^^ not found in `libc`
[INFO] [stdout] 
[INFO] [stdout] 
[INFO] [stdout] error[E0425]: cannot find function `___errno` in crate `libc`
[INFO] [stdout]    --> /opt/rustwide/cargo-home/git/checkouts/image-builder-76cd60309c2d27c6/5957f27/src/ensure.rs:148:28
[INFO] [stdout]     |
[INFO] [stdout] 148 |             let e = *libc::___errno();
[INFO] [stdout]     |                            ^^^^^^^^ not found in `libc`
[INFO] [stdout] 
[INFO] [stdout] 
[INFO] [stdout] error[E0425]: cannot find function `___errno` in crate `libc`
[INFO] [stdout]   --> /opt/rustwide/cargo-home/git/checkouts/image-builder-76cd60309c2d27c6/5957f27/src/lofi.rs:14:25
[INFO] [stdout]    |
[INFO] [stdout] 14 |         let enp = libc::___errno();
[INFO] [stdout]    |                         ^^^^^^^^ not found in `libc`
[INFO] [stdout] 
[INFO] [stdout] 
[INFO] [stdout] error[E0425]: cannot find function `___errno` in crate `libc`
[INFO] [stdout]   --> /opt/rustwide/cargo-home/git/checkouts/image-builder-76cd60309c2d27c6/5957f27/src/lofi.rs:21:25
[INFO] [stdout]    |
[INFO] [stdout] 21 |         let enp = libc::___errno();
[INFO] [stdout]    |                         ^^^^^^^^ not found in `libc`
[INFO] [stdout] 
[INFO] [stdout] 
[INFO] [stdout] error: aborting due to 5 previous errors
[INFO] [stdout] 
[INFO] [stdout] 
[INFO] [stdout] For more information about this error, try `rustc --explain E0425`.
[INFO] [stdout] 
[INFO] [stderr] error: could not compile `illumos-image-builder` (lib) due to 6 previous errors
[INFO] running `Command { std: "docker" "inspect" "7c062922dff2ae1b3d30a319c5141221588ffa0d7c01f0fa76c7ca6214b9e620", kill_on_drop: false }`
[INFO] running `Command { std: "docker" "rm" "-f" "7c062922dff2ae1b3d30a319c5141221588ffa0d7c01f0fa76c7ca6214b9e620", kill_on_drop: false }`
[INFO] [stdout] 7c062922dff2ae1b3d30a319c5141221588ffa0d7c01f0fa76c7ca6214b9e620
