[INFO] cloning repository https://github.com/Niskigvan/qurl
[INFO] running `Command { std: "git" "-c" "credential.helper=" "-c" "credential.helper=/workspace/cargo-home/bin/git-credential-null" "clone" "--bare" "https://github.com/Niskigvan/qurl" "/workspace/cache/git-repos/https%3A%2F%2Fgithub.com%2FNiskigvan%2Fqurl", kill_on_drop: false }`
[INFO] [stderr] Cloning into bare repository '/workspace/cache/git-repos/https%3A%2F%2Fgithub.com%2FNiskigvan%2Fqurl'...
[INFO] running `Command { std: "git" "rev-parse" "HEAD", kill_on_drop: false }`
[INFO] [stdout] a525742c16358b131b771276a792b241ad4bbbf9
[INFO] documenting Niskigvan/qurl against 1.69.0 for beta-1.70-rustdoc-1
[INFO] running `Command { std: "git" "clone" "/workspace/cache/git-repos/https%3A%2F%2Fgithub.com%2FNiskigvan%2Fqurl" "/workspace/builds/worker-7-tc1/source", kill_on_drop: false }`
[INFO] [stderr] Cloning into '/workspace/builds/worker-7-tc1/source'...
[INFO] [stderr] done.
[INFO] validating manifest of git repo https://github.com/Niskigvan/qurl on toolchain 1.69.0
[INFO] running `Command { std: CARGO_HOME="/workspace/cargo-home" RUSTUP_HOME="/workspace/rustup-home" "/workspace/cargo-home/bin/cargo" "+1.69.0" "metadata" "--manifest-path" "Cargo.toml" "--no-deps", kill_on_drop: false }`
[INFO] started tweaking git repo https://github.com/Niskigvan/qurl
[INFO] finished tweaking git repo https://github.com/Niskigvan/qurl
[INFO] tweaked toml for git repo https://github.com/Niskigvan/qurl written to /workspace/builds/worker-7-tc1/source/Cargo.toml
[INFO] crate git repo https://github.com/Niskigvan/qurl already has a lockfile, it will not be regenerated
[INFO] running `Command { std: CARGO_HOME="/workspace/cargo-home" RUSTUP_HOME="/workspace/rustup-home" "/workspace/cargo-home/bin/cargo" "+1.69.0" "fetch" "--manifest-path" "Cargo.toml", kill_on_drop: false }`
[INFO] [stderr]  Downloading crates ...
[INFO] [stderr]   Downloaded serde_yaml v0.8.20
[INFO] [stderr]   Downloaded xmltojson v0.1.1
[INFO] [stderr]   Downloaded surf v2.3.1
[INFO] [stderr]   Downloaded jaq-core v0.1.0
[INFO] [stderr]   Downloaded quick-xml v0.19.0
[INFO] running `Command { std: "docker" "create" "-v" "/var/lib/crater-agent-workspace/builds/worker-7-tc1/target:/opt/rustwide/target:rw,Z" "-v" "/var/lib/crater-agent-workspace/builds/worker-7-tc1/source:/opt/rustwide/workdir:ro,Z" "-v" "/var/lib/crater-agent-workspace/cargo-home:/opt/rustwide/cargo-home:ro,Z" "-v" "/var/lib/crater-agent-workspace/rustup-home:/opt/rustwide/rustup-home:ro,Z" "-e" "SOURCE_DIR=/opt/rustwide/workdir" "-e" "CARGO_TARGET_DIR=/opt/rustwide/target" "-e" "CARGO_HOME=/opt/rustwide/cargo-home" "-e" "RUSTUP_HOME=/opt/rustwide/rustup-home" "-w" "/opt/rustwide/workdir" "-m" "1610612736" "--user" "0:0" "--network" "none" "ghcr.io/rust-lang/crates-build-env/linux@sha256:5ff2268d62e97bff2cde7d5815dd6ed5b47097566f13b8d0ca110b04b60e07ed" "/opt/rustwide/cargo-home/bin/cargo" "+1.69.0" "metadata" "--no-deps" "--format-version=1", kill_on_drop: false }`
[INFO] [stdout] 8150bf6f43cc252a9d53edc5a698e09ef2f5003fb4b16b22d41b5994cc13bbe1
[INFO] running `Command { std: "docker" "start" "-a" "8150bf6f43cc252a9d53edc5a698e09ef2f5003fb4b16b22d41b5994cc13bbe1", kill_on_drop: false }`
[INFO] running `Command { std: "docker" "inspect" "8150bf6f43cc252a9d53edc5a698e09ef2f5003fb4b16b22d41b5994cc13bbe1", kill_on_drop: false }`
[INFO] running `Command { std: "docker" "rm" "-f" "8150bf6f43cc252a9d53edc5a698e09ef2f5003fb4b16b22d41b5994cc13bbe1", kill_on_drop: false }`
[INFO] [stdout] 8150bf6f43cc252a9d53edc5a698e09ef2f5003fb4b16b22d41b5994cc13bbe1
[INFO] running `Command { std: "docker" "create" "-v" "/var/lib/crater-agent-workspace/builds/worker-7-tc1/target:/opt/rustwide/target:rw,Z" "-v" "/var/lib/crater-agent-workspace/builds/worker-7-tc1/source:/opt/rustwide/workdir:ro,Z" "-v" "/var/lib/crater-agent-workspace/cargo-home:/opt/rustwide/cargo-home:ro,Z" "-v" "/var/lib/crater-agent-workspace/rustup-home:/opt/rustwide/rustup-home:ro,Z" "-e" "SOURCE_DIR=/opt/rustwide/workdir" "-e" "CARGO_TARGET_DIR=/opt/rustwide/target" "-e" "CARGO_INCREMENTAL=0" "-e" "RUST_BACKTRACE=full" "-e" "RUSTFLAGS=--cap-lints=warn" "-e" "RUSTDOCFLAGS=--cap-lints=warn" "-e" "CARGO_HOME=/opt/rustwide/cargo-home" "-e" "RUSTUP_HOME=/opt/rustwide/rustup-home" "-w" "/opt/rustwide/workdir" "-m" "1610612736" "--user" "0:0" "--network" "none" "ghcr.io/rust-lang/crates-build-env/linux@sha256:5ff2268d62e97bff2cde7d5815dd6ed5b47097566f13b8d0ca110b04b60e07ed" "/opt/rustwide/cargo-home/bin/cargo" "+1.69.0" "doc" "--frozen" "--no-deps" "--document-private-items" "--message-format=json", kill_on_drop: false }`
[INFO] [stdout] 63d8135f82c152e6d8d3bd736ac3149d84ad024b857e9bce1ba155c1575dc37f
[INFO] running `Command { std: "docker" "start" "-a" "63d8135f82c152e6d8d3bd736ac3149d84ad024b857e9bce1ba155c1575dc37f", kill_on_drop: false }`
[INFO] [stderr]    Compiling version_check v0.9.3
[INFO] [stderr]    Compiling proc-macro2 v1.0.29
[INFO] [stderr]    Compiling unicode-xid v0.2.2
[INFO] [stderr]    Compiling syn v1.0.76
[INFO] [stderr]    Compiling autocfg v1.0.1
[INFO] [stderr]     Checking cfg-if v1.0.0
[INFO] [stderr]    Compiling libc v0.2.101
[INFO] [stderr]    Compiling memchr v2.4.1
[INFO] [stderr]    Compiling log v0.4.14
[INFO] [stderr]    Compiling typenum v1.14.0
[INFO] [stderr]    Compiling serde_derive v1.0.130
[INFO] [stderr]     Checking lazy_static v1.4.0
[INFO] [stderr]    Compiling futures-core v0.3.17
[INFO] [stderr]    Compiling serde v1.0.130
[INFO] [stderr]     Checking pin-project-lite v0.2.7
[INFO] [stderr]    Compiling cc v1.0.70
[INFO] [stderr]    Compiling quote v1.0.9
[INFO] [stderr]    Compiling value-bag v1.0.0-alpha.7
[INFO] [stderr]    Compiling generic-array v0.14.4
[INFO] [stderr]    Compiling crossbeam-utils v0.8.5
[INFO] [stderr]     Checking futures-io v0.3.17
[INFO] [stderr]    Compiling ryu v1.0.5
[INFO] [stderr]     Checking once_cell v1.8.0
[INFO] [stderr]     Checking bitflags v1.3.2
[INFO] [stderr]     Checking event-listener v2.5.1
[INFO] [stderr]    Compiling pkg-config v0.3.19
[INFO] [stderr]    Compiling indexmap v1.7.0
[INFO] [stderr]     Checking cache-padded v1.1.1
[INFO] [stderr]     Checking slab v0.4.4
[INFO] [stderr]    Compiling proc-macro-hack v0.5.19
[INFO] [stderr]     Checking concurrent-queue v1.2.2
[INFO] [stderr]     Checking num_cpus v1.13.0
[INFO] [stderr]     Checking hashbrown v0.11.2
[INFO] [stderr]     Checking waker-fn v1.1.0
[INFO] [stderr]     Checking fastrand v1.5.0
[INFO] [stderr]     Checking parking v2.0.0
[INFO] [stderr]     Checking subtle v2.4.1
[INFO] [stderr]     Checking futures-lite v1.12.0
[INFO] [stderr]    Compiling standback v0.2.17
[INFO] [stderr]     Checking async-task v4.0.3
[INFO] [stderr]     Checking opaque-debug v0.3.0
[INFO] [stderr]     Checking pin-utils v0.1.0
[INFO] [stderr]     Checking async-channel v1.6.1
[INFO] [stderr]     Checking socket2 v0.4.1
[INFO] [stderr]     Checking atomic-waker v1.0.0
[INFO] [stderr]     Checking itoa v0.4.8
[INFO] [stderr]    Compiling serde_json v1.0.67
[INFO] [stderr]     Checking percent-encoding v2.1.0
[INFO] [stderr]     Checking blocking v1.0.2
[INFO] [stderr]     Checking async-executor v1.4.1
[INFO] [stderr]     Checking cipher v0.2.5
[INFO] [stderr]     Checking async-mutex v1.4.0
[INFO] [stderr]    Compiling wasm-bindgen-shared v0.2.76
[INFO] [stderr]     Checking matches v0.1.9
[INFO] [stderr]     Checking scopeguard v1.1.0
[INFO] [stderr]     Checking ppv-lite86 v0.2.10
[INFO] [stderr]    Compiling getrandom v0.1.16
[INFO] [stderr]     Checking tinyvec_macros v0.1.0
[INFO] [stderr]     Checking tinyvec v1.3.1
[INFO] [stderr]     Checking universal-hash v0.4.1
[INFO] [stderr]     Checking digest v0.9.0
[INFO] [stderr]     Checking async-lock v2.4.0
[INFO] [stderr]     Checking getrandom v0.2.3
[INFO] [stderr]     Checking cpuid-bool v0.2.0
[INFO] [stderr]    Compiling const_fn v0.4.8
[INFO] [stderr]     Checking rand_core v0.6.3
[INFO] [stderr]     Checking polyval v0.4.5
[INFO] [stderr]     Checking form_urlencoded v1.0.1
[INFO] [stderr]     Checking unicode-normalization v0.1.19
[INFO] [stderr]     Checking aes-soft v0.6.4
[INFO] [stderr]     Checking crypto-mac v0.10.1
[INFO] [stderr]    Compiling futures-macro v0.3.17
[INFO] [stderr]    Compiling time v0.2.27
[INFO] [stderr]    Compiling unicase v2.6.0
[INFO] [stderr]    Compiling lexical-core v0.7.6
[INFO] [stderr]    Compiling futures-channel v0.3.17
[INFO] [stderr]     Checking unicode-bidi v0.3.6
[INFO] [stderr]    Compiling proc-macro-nested v0.1.7
[INFO] [stderr]     Checking base64 v0.13.0
[INFO] [stderr]    Compiling crossbeam-queue v0.3.2
[INFO] [stderr]    Compiling openssl-sys v0.9.66
[INFO] [stderr]    Compiling futures-task v0.3.17
[INFO] [stderr]    Compiling bumpalo v3.7.0
[INFO] [stderr]     Checking idna v0.2.3
[INFO] [stderr]     Checking aes v0.6.0
[INFO] [stderr]     Checking hmac v0.10.1
[INFO] [stderr]     Checking rand_core v0.5.1
[INFO] [stderr]     Checking rand_chacha v0.3.1
[INFO] [stderr]     Checking ghash v0.3.1
[INFO] [stderr]     Checking ctr v0.6.0
[INFO] [stderr]     Checking block-buffer v0.9.0
[INFO] [stderr]     Checking aead v0.3.2
[INFO] [stderr]    Compiling num-traits v0.2.14
[INFO] [stderr]    Compiling memoffset v0.6.4
[INFO] [stderr]    Compiling futures-util v0.3.17
[INFO] [stderr]    Compiling cookie v0.14.4
[INFO] [stderr]    Compiling nom v5.1.2
[INFO] [stderr]     Checking arrayvec v0.5.2
[INFO] [stderr]    Compiling anyhow v1.0.43
[INFO] [stderr]     Checking static_assertions v1.1.0
[INFO] [stderr]    Compiling parking_lot_core v0.8.5
[INFO] [stderr]     Checking foreign-types-shared v0.1.1
[INFO] [stderr]    Compiling signal-hook v0.3.10
[INFO] [stderr]     Checking futures-sink v0.3.17
[INFO] [stderr]    Compiling openssl v0.10.36
[INFO] [stderr]     Checking cpufeatures v0.2.1
[INFO] [stderr]     Checking sha2 v0.9.6
[INFO] [stderr]     Checking foreign-types v0.3.2
[INFO] [stderr]     Checking aes-gcm v0.8.0
[INFO] [stderr]     Checking rand v0.8.4
[INFO] [stderr]     Checking rand_chacha v0.2.2
[INFO] [stderr]     Checking hkdf v0.10.0
[INFO] [stderr]    Compiling num-integer v0.1.44
[INFO] [stderr]    Compiling miniz_oxide v0.4.4
[INFO] [stderr]    Compiling tokio v1.11.0
[INFO] [stderr]     Checking signal-hook-registry v1.4.0
[INFO] [stderr]    Compiling proc-macro-error-attr v1.0.4
[INFO] [stderr]     Checking instant v0.1.10
[INFO] [stderr]    Compiling http-types v2.12.0
[INFO] [stderr]    Compiling crossbeam-epoch v0.9.5
[INFO] [stderr]    Compiling async-trait v0.1.51
[INFO] [stderr]    Compiling native-tls v0.2.8
[INFO] [stderr]    Compiling httparse v1.5.1
[INFO] [stderr]    Compiling wasm-bindgen v0.2.76
[INFO] [stderr]     Checking smallvec v1.6.1
[INFO] [stderr]    Compiling ucd-trie v0.1.3
[INFO] [stderr]    Compiling pest v2.1.3
[INFO] [stderr]     Checking rand v0.7.3
[INFO] [stderr]    Compiling onig_sys v69.7.0
[INFO] [stderr]     Checking lock_api v0.4.5
[INFO] [stderr]     Checking simple-mutex v1.1.5
[INFO] [stderr]    Compiling proc-macro-error v1.0.4
[INFO] [stderr]    Compiling crc32fast v1.2.1
[INFO] [stderr]     Checking infer v0.2.3
[INFO] [stderr]     Checking stable_deref_trait v1.2.0
[INFO] [stderr]     Checking openssl-probe v0.1.4
[INFO] [stderr]     Checking adler v1.0.2
[INFO] [stderr]    Compiling maplit v1.0.2
[INFO] [stderr]    Compiling rayon-core v1.9.1
[INFO] [stderr]    Compiling pest_meta v2.1.3
[INFO] [stderr]     Checking byte-pool v0.2.3
[INFO] [stderr]     Checking async-dup v1.2.2
[INFO] [stderr]    Compiling mime_guess v2.0.3
[INFO] [stderr]     Checking parking_lot v0.11.2
[INFO] [stderr]     Checking aho-corasick v0.7.18
[INFO] [stderr]     Checking either v1.6.1
[INFO] [stderr]     Checking bit-vec v0.6.3
[INFO] [stderr]     Checking regex-syntax v0.6.25
[INFO] [stderr]    Compiling unicode-segmentation v1.8.0
[INFO] [stderr]     Checking linked-hash-map v0.5.4
[INFO] [stderr]     Checking safemem v0.3.3
[INFO] [stderr]    Compiling encoding_rs v0.8.28
[INFO] [stderr]     Checking unicode-width v0.1.8
[INFO] [stderr]    Compiling heck v0.3.3
[INFO] [stderr]     Checking line-wrap v0.1.1
[INFO] [stderr]     Checking yaml-rust v0.4.5
[INFO] [stderr]     Checking bit-set v0.5.2
[INFO] [stderr]     Checking crossbeam-deque v0.8.1
[INFO] [stderr]     Checking chrono v0.4.19
[INFO] [stderr]    Compiling pest_generator v2.1.3
[INFO] [stderr]     Checking regex v1.5.4
[INFO] [stderr]    Compiling backtrace v0.3.61
[INFO] [stderr]    Compiling serde_derive_internals v0.25.0
[INFO] [stderr]     Checking dashmap v4.0.2
[INFO] [stderr]     Checking crossbeam-channel v0.5.1
[INFO] [stderr]    Compiling rayon v1.5.1
[INFO] [stderr]     Checking same-file v1.0.6
[INFO] [stderr]    Compiling schemars v0.8.6
[INFO] [stderr]     Checking mime v0.3.16
[INFO] [stderr]     Checking xml-rs v0.8.4
[INFO] [stderr]     Checking gimli v0.25.0
[INFO] [stderr]     Checking byteorder v1.4.3
[INFO] [stderr]     Checking fxhash v0.2.1
[INFO] [stderr]     Checking walkdir v2.3.2
[INFO] [stderr]     Checking fancy-regex v0.7.1
[INFO] [stderr]     Checking flate2 v1.0.21
[INFO] [stderr]     Checking addr2line v0.16.0
[INFO] [stderr]     Checking textwrap v0.14.2
[INFO] [stderr]     Checking itertools v0.9.0
[INFO] [stderr]     Checking thread_local v1.1.3
[INFO] [stderr]     Checking atty v0.2.14
[INFO] [stderr]     Checking object v0.26.2
[INFO] [stderr]     Checking os_str_bytes v3.1.0
[INFO] [stderr]     Checking strsim v0.10.0
[INFO] [stderr]     Checking fnv v1.0.7
[INFO] [stderr]     Checking vec_map v0.8.2
[INFO] [stderr]     Checking dtoa v0.4.8
[INFO] [stderr]     Checking lazycell v1.3.0
[INFO] [stderr]     Checking dyn-clone v1.0.4
[INFO] [stderr]     Checking termcolor v1.1.2
[INFO] [stderr]     Checking rustc-demangle v0.1.21
[INFO] [stderr]     Checking cassowary v0.3.0
[INFO] [stderr]     Checking fuzzy-matcher v0.3.7
[INFO] [stderr]     Checking quick-xml v0.22.0
[INFO] [stderr]     Checking futures-timer v3.0.2
[INFO] [stderr]     Checking onig v6.2.0
[INFO] [stderr]    Compiling ctor v0.1.21
[INFO] [stderr]    Compiling time-macros-impl v0.1.2
[INFO] [stderr]    Compiling thiserror-impl v1.0.29
[INFO] [stderr]    Compiling pin-project-internal v1.0.8
[INFO] [stderr]    Compiling pest_derive v2.1.0
[INFO] [stderr]    Compiling schemars_derive v0.8.6
[INFO] [stderr]     Checking time-macros v0.1.1
[INFO] [stderr]    Compiling clap_derive v3.0.0-beta.4
[INFO] [stderr]     Checking polling v2.1.0
[INFO] [stderr]     Checking async-io v1.6.0
[INFO] [stderr]     Checking async-global-executor v2.0.2
[INFO] [stderr]     Checking kv-log-macro v1.0.7
[INFO] [stderr]     Checking async-std v1.10.0
[INFO] [stderr]    Compiling wasm-bindgen-backend v0.2.76
[INFO] [stderr]     Checking thiserror v1.0.29
[INFO] [stderr]    Compiling wasm-bindgen-macro-support v0.2.76
[INFO] [stderr]     Checking mio v0.7.13
[INFO] [stderr]     Checking signal-hook-mio v0.2.1
[INFO] [stderr]     Checking futures-executor v0.3.17
[INFO] [stderr]     Checking futures v0.3.17
[INFO] [stderr]     Checking crossterm v0.20.0
[INFO] [stderr]     Checking tui v0.16.0
[INFO] [stderr]     Checking crossterm v0.22.1
[INFO] [stderr]     Checking pin-project v1.0.8
[INFO] [stderr]     Checking async-store v0.1.0 (/opt/rustwide/workdir/crates/async-store)
[INFO] [stdout] error: expected identifier, found reserved keyword `do`
[INFO] [stdout]    --> crates/async-store/src/lib.rs:201:8
[INFO] [stdout]     |
[INFO] [stdout] 201 |     fn do(self, action: A) -> JoinHandle<()>;
[INFO] [stdout]     |        ^^ expected identifier, found reserved keyword
[INFO] [stdout]     |
[INFO] [stdout] help: escape `do` to use it as an identifier
[INFO] [stdout]     |
[INFO] [stdout] 201 |     fn r#do(self, action: A) -> JoinHandle<()>;
[INFO] [stdout]     |        ++
[INFO] [stdout] 
[INFO] [stdout] 
[INFO] [stdout] error: expected identifier, found reserved keyword `do`
[INFO] [stdout]    --> crates/async-store/src/lib.rs:208:8
[INFO] [stdout]     |
[INFO] [stdout] 208 |     fn do(self, action: A) -> JoinHandle<()> {
[INFO] [stdout]     |        ^^ expected identifier, found reserved keyword
[INFO] [stdout]     |
[INFO] [stdout] help: escape `do` to use it as an identifier
[INFO] [stdout]     |
[INFO] [stdout] 208 |     fn r#do(self, action: A) -> JoinHandle<()> {
[INFO] [stdout]     |        ++
[INFO] [stdout] 
[INFO] [stdout] 
[INFO] [stdout] error: expected expression, found reserved keyword `do`
[INFO] [stdout]    --> crates/async-store/src/lib.rs:210:9
[INFO] [stdout]     |
[INFO] [stdout] 210 |         do(store, action)
[INFO] [stdout]     |         ^^ expected expression
[INFO] [stdout] 
[INFO] [stdout] 
[INFO] [stdout] error: expected identifier, found reserved keyword `do`
[INFO] [stdout]    --> crates/async-store/src/lib.rs:214:8
[INFO] [stdout]     |
[INFO] [stdout] 214 | pub fn do<S, A>(store: Arc<Mutex<Store<S, A>>>, action: A) -> JoinHandle<()>
[INFO] [stdout]     |        ^^ expected identifier, found reserved keyword
[INFO] [stdout] 
[INFO] [stdout] 
[INFO] [stdout] error: expected expression, found reserved keyword `do`
[INFO] [stdout]    --> crates/async-store/src/lib.rs:284:24
[INFO] [stdout]     |
[INFO] [stdout] 284 |             tasks.push(do(store.clone(), action));
[INFO] [stdout]     |                        ^^ expected expression
[INFO] [stdout] 
[INFO] [stdout] 
[INFO] [stdout] warning: unused import: `async_lock::Barrier`
[INFO] [stdout]  --> crates/async-store/src/lib.rs:1:5
[INFO] [stdout]   |
[INFO] [stdout] 1 | use async_lock::Barrier;
[INFO] [stdout]   |     ^^^^^^^^^^^^^^^^^^^
[INFO] [stdout]   |
[INFO] [stdout]   = note: `#[warn(unused_imports)]` on by default
[INFO] [stdout] 
[INFO] [stdout] 
[INFO] [stdout] warning: unused imports: `TypeId`, `pin::Pin`, `process::Output`, `time::Duration`
[INFO] [stdout]   --> crates/async-store/src/lib.rs:8:16
[INFO] [stdout]    |
[INFO] [stdout] 8  |     any::{Any, TypeId},
[INFO] [stdout]    |                ^^^^^^
[INFO] [stdout] 9  |     pin::Pin,
[INFO] [stdout]    |     ^^^^^^^^
[INFO] [stdout] 10 |     process::Output,
[INFO] [stdout]    |     ^^^^^^^^^^^^^^^
[INFO] [stdout] 11 |     time::Duration,
[INFO] [stdout]    |     ^^^^^^^^^^^^^^
[INFO] [stdout] 
[INFO] [stdout] 
[INFO] [stdout] error[E0271]: expected `C` to be a type parameter that returns `Box<dyn Any + Send + Sync>`, but it returns `Cond`
[INFO] [stdout]    --> crates/async-store/src/lib.rs:157:20
[INFO] [stdout]     |
[INFO] [stdout] 157 |             .push((Box::new(cond), Box::new(effect)));
[INFO] [stdout]     |                    ^^^^^^^^^^^^^^ expected `Box<dyn Any + Send + Sync>`, found `Cond`
[INFO] [stdout]     |
[INFO] [stdout]     = note: expected struct `Box<(dyn Any + std::marker::Send + Sync + 'static)>`
[INFO] [stdout]                  found enum `Cond`
[INFO] [stdout]     = note: required for the cast from `C` to the object type `dyn for<'a> Fn(async_lock::RwLockReadGuard<'a, S>) -> Box<(dyn Any + std::marker::Send + Sync + 'static)> + std::marker::Send + Sync`
[INFO] [stdout] 
[INFO] [stdout] 
[INFO] [stdout] error[E0308]: mismatched types
[INFO] [stdout]    --> crates/async-store/src/lib.rs:230:26
[INFO] [stdout]     |
[INFO] [stdout] 230 |             eff_old.push(e.0(state.clone().read().await));
[INFO] [stdout]     |                     ---- ^^^^^^^^^^^^^^^^^^^^^^^^^^^^^^^ expected `Cond`, found `Box<dyn Any + Send + Sync>`
[INFO] [stdout]     |                     |
[INFO] [stdout]     |                     arguments to this method are incorrect
[INFO] [stdout]     |
[INFO] [stdout]     = note: expected enum `Cond`
[INFO] [stdout]              found struct `Box<(dyn Any + std::marker::Send + Sync + 'static)>`
[INFO] [stdout] note: method defined here
[INFO] [stdout]    --> /rustc/84c898d65adf2f39a5a98507f1fe0ce10a2b8dbc/library/alloc/src/vec/mod.rs:1836:12
[INFO] [stdout] help: try wrapping the expression in `Cond::_Changed`
[INFO] [stdout]     |
[INFO] [stdout] 230 |             eff_old.push(Cond::_Changed(e.0(state.clone().read().await)));
[INFO] [stdout]     |                          +++++++++++++++                               +
[INFO] [stdout] 
[INFO] [stdout] 
[INFO] [stdout] error[E0308]: mismatched types
[INFO] [stdout]    --> crates/async-store/src/lib.rs:248:21
[INFO] [stdout]     |
[INFO] [stdout] 247 |                 Some(Cond::_Becomes(v_old, ex)) => match v_new {
[INFO] [stdout]     |                                                          ----- this expression has type `Box<dyn Any + std::marker::Send + Sync>`
[INFO] [stdout] 248 |                     Cond::_Becomes(v_new, ex) => {
[INFO] [stdout]     |                     ^^^^^^^^^^^^^^^^^^^^^^^^^ expected `Box<dyn Any + Send + Sync>`, found `Cond`
[INFO] [stdout]     |
[INFO] [stdout]     = note: expected struct `Box<dyn Any + std::marker::Send + Sync>`
[INFO] [stdout]                  found enum `Cond`
[INFO] [stdout] 
[INFO] [stdout] 
[INFO] [stdout] error: aborting due to 8 previous errors; 2 warnings emitted
[INFO] [stdout] 
[INFO] [stdout] 
[INFO] [stdout] Some errors have detailed explanations: E0271, E0308.
[INFO] [stdout] 
[INFO] [stdout] For more information about an error, try `rustc --explain E0271`.
[INFO] [stdout] 
[INFO] [stderr] error: could not compile `async-store` due to 9 previous errors; 2 warnings emitted
[INFO] [stderr] warning: build failed, waiting for other jobs to finish...
[INFO] running `Command { std: "docker" "inspect" "63d8135f82c152e6d8d3bd736ac3149d84ad024b857e9bce1ba155c1575dc37f", kill_on_drop: false }`
[INFO] running `Command { std: "docker" "rm" "-f" "63d8135f82c152e6d8d3bd736ac3149d84ad024b857e9bce1ba155c1575dc37f", kill_on_drop: false }`
[INFO] [stdout] 63d8135f82c152e6d8d3bd736ac3149d84ad024b857e9bce1ba155c1575dc37f
