[INFO] cloning repository https://github.com/Niedzwiedzw/betrayal_engine
[INFO] running `Command { std: "git" "-c" "credential.helper=" "-c" "credential.helper=/workspace/cargo-home/bin/git-credential-null" "clone" "--bare" "https://github.com/Niedzwiedzw/betrayal_engine" "/workspace/cache/git-repos/https%3A%2F%2Fgithub.com%2FNiedzwiedzw%2Fbetrayal_engine", kill_on_drop: false }`
[INFO] [stderr] Cloning into bare repository '/workspace/cache/git-repos/https%3A%2F%2Fgithub.com%2FNiedzwiedzw%2Fbetrayal_engine'...
[INFO] running `Command { std: "git" "rev-parse" "HEAD", kill_on_drop: false }`
[INFO] [stdout] f7e816d3704418a665e16217ff244da990956cbd
[INFO] documenting Niedzwiedzw/betrayal_engine against 1.69.0 for beta-1.70-rustdoc-1
[INFO] running `Command { std: "git" "clone" "/workspace/cache/git-repos/https%3A%2F%2Fgithub.com%2FNiedzwiedzw%2Fbetrayal_engine" "/workspace/builds/worker-1-tc1/source", kill_on_drop: false }`
[INFO] [stderr] Cloning into '/workspace/builds/worker-1-tc1/source'...
[INFO] [stderr] done.
[INFO] validating manifest of git repo https://github.com/Niedzwiedzw/betrayal_engine on toolchain 1.69.0
[INFO] running `Command { std: CARGO_HOME="/workspace/cargo-home" RUSTUP_HOME="/workspace/rustup-home" "/workspace/cargo-home/bin/cargo" "+1.69.0" "metadata" "--manifest-path" "Cargo.toml" "--no-deps", kill_on_drop: false }`
[INFO] started tweaking git repo https://github.com/Niedzwiedzw/betrayal_engine
[INFO] finished tweaking git repo https://github.com/Niedzwiedzw/betrayal_engine
[INFO] tweaked toml for git repo https://github.com/Niedzwiedzw/betrayal_engine written to /workspace/builds/worker-1-tc1/source/Cargo.toml
[INFO] crate git repo https://github.com/Niedzwiedzw/betrayal_engine already has a lockfile, it will not be regenerated
[INFO] running `Command { std: CARGO_HOME="/workspace/cargo-home" RUSTUP_HOME="/workspace/rustup-home" "/workspace/cargo-home/bin/cargo" "+1.69.0" "fetch" "--manifest-path" "Cargo.toml", kill_on_drop: false }`
[INFO] [stderr]  Downloading crates ...
[INFO] [stderr]   Downloaded procfs v0.9.1
[INFO] [stderr]   Downloaded procmaps v0.4.1
[INFO] [stderr]   Downloaded rhai_codegen v1.0.0
[INFO] [stderr]   Downloaded smartstring v0.2.9
[INFO] [stderr]   Downloaded libc v0.2.92
[INFO] [stderr]   Downloaded rhai v1.0.1
[INFO] running `Command { std: "docker" "create" "-v" "/var/lib/crater-agent-workspace/builds/worker-1-tc1/target:/opt/rustwide/target:rw,Z" "-v" "/var/lib/crater-agent-workspace/builds/worker-1-tc1/source:/opt/rustwide/workdir:ro,Z" "-v" "/var/lib/crater-agent-workspace/cargo-home:/opt/rustwide/cargo-home:ro,Z" "-v" "/var/lib/crater-agent-workspace/rustup-home:/opt/rustwide/rustup-home:ro,Z" "-e" "SOURCE_DIR=/opt/rustwide/workdir" "-e" "CARGO_TARGET_DIR=/opt/rustwide/target" "-e" "CARGO_HOME=/opt/rustwide/cargo-home" "-e" "RUSTUP_HOME=/opt/rustwide/rustup-home" "-w" "/opt/rustwide/workdir" "-m" "1610612736" "--user" "0:0" "--network" "none" "ghcr.io/rust-lang/crates-build-env/linux@sha256:5ff2268d62e97bff2cde7d5815dd6ed5b47097566f13b8d0ca110b04b60e07ed" "/opt/rustwide/cargo-home/bin/cargo" "+1.69.0" "metadata" "--no-deps" "--format-version=1", kill_on_drop: false }`
[INFO] [stdout] c48fa9197bea871fe4d4e4babf87032968c1c413d7c1211872fb5772ffaa4b05
[INFO] running `Command { std: "docker" "start" "-a" "c48fa9197bea871fe4d4e4babf87032968c1c413d7c1211872fb5772ffaa4b05", kill_on_drop: false }`
[INFO] running `Command { std: "docker" "inspect" "c48fa9197bea871fe4d4e4babf87032968c1c413d7c1211872fb5772ffaa4b05", kill_on_drop: false }`
[INFO] running `Command { std: "docker" "rm" "-f" "c48fa9197bea871fe4d4e4babf87032968c1c413d7c1211872fb5772ffaa4b05", kill_on_drop: false }`
[INFO] [stdout] c48fa9197bea871fe4d4e4babf87032968c1c413d7c1211872fb5772ffaa4b05
[INFO] running `Command { std: "docker" "create" "-v" "/var/lib/crater-agent-workspace/builds/worker-1-tc1/target:/opt/rustwide/target:rw,Z" "-v" "/var/lib/crater-agent-workspace/builds/worker-1-tc1/source:/opt/rustwide/workdir:ro,Z" "-v" "/var/lib/crater-agent-workspace/cargo-home:/opt/rustwide/cargo-home:ro,Z" "-v" "/var/lib/crater-agent-workspace/rustup-home:/opt/rustwide/rustup-home:ro,Z" "-e" "SOURCE_DIR=/opt/rustwide/workdir" "-e" "CARGO_TARGET_DIR=/opt/rustwide/target" "-e" "CARGO_INCREMENTAL=0" "-e" "RUST_BACKTRACE=full" "-e" "RUSTFLAGS=--cap-lints=warn" "-e" "RUSTDOCFLAGS=--cap-lints=warn" "-e" "CARGO_HOME=/opt/rustwide/cargo-home" "-e" "RUSTUP_HOME=/opt/rustwide/rustup-home" "-w" "/opt/rustwide/workdir" "-m" "1610612736" "--user" "0:0" "--network" "none" "ghcr.io/rust-lang/crates-build-env/linux@sha256:5ff2268d62e97bff2cde7d5815dd6ed5b47097566f13b8d0ca110b04b60e07ed" "/opt/rustwide/cargo-home/bin/cargo" "+1.69.0" "doc" "--frozen" "--no-deps" "--document-private-items" "--message-format=json", kill_on_drop: false }`
[INFO] [stdout] 8af81f2a75832940bec89a0f9ce6aad9671a177eab66a47e40bb83932276fc82
[INFO] running `Command { std: "docker" "start" "-a" "8af81f2a75832940bec89a0f9ce6aad9671a177eab66a47e40bb83932276fc82", kill_on_drop: false }`
[INFO] [stderr]    Compiling libc v0.2.92
[INFO] [stderr]    Compiling proc-macro2 v1.0.24
[INFO] [stderr]    Compiling syn v1.0.67
[INFO] [stderr]    Compiling memchr v2.3.4
[INFO] [stderr]    Compiling crossbeam-utils v0.8.3
[INFO] [stderr]    Compiling serde_derive v1.0.127
[INFO] [stderr]    Compiling memoffset v0.6.3
[INFO] [stderr]    Compiling serde v1.0.127
[INFO] [stderr]    Compiling num-traits v0.2.14
[INFO] [stderr]    Compiling futures-core v0.3.15
[INFO] [stderr]    Compiling futures-macro v0.3.15
[INFO] [stderr]    Compiling proc-macro-nested v0.1.7
[INFO] [stderr]     Checking smallvec v1.6.1
[INFO] [stderr]    Compiling futures-channel v0.3.15
[INFO] [stderr]    Compiling crc32fast v1.2.1
[INFO] [stderr]    Compiling quote v1.0.9
[INFO] [stderr]     Checking instant v0.1.10
[INFO] [stderr]    Compiling indexmap v1.7.0
[INFO] [stderr]    Compiling num-integer v0.1.44
[INFO] [stderr]     Checking crossbeam-epoch v0.9.3
[INFO] [stderr]    Compiling miniz_oxide v0.4.4
[INFO] [stderr]    Compiling futures-util v0.3.15
[INFO] [stderr]    Compiling rayon-core v1.9.1
[INFO] [stderr]     Checking pin-project-lite v0.2.6
[INFO] [stderr]    Compiling radium v0.5.3
[INFO] [stderr]     Checking futures-sink v0.3.15
[INFO] [stderr]    Compiling version_check v0.1.5
[INFO] [stderr]     Checking getrandom v0.2.3
[INFO] [stderr]     Checking num_cpus v1.13.0
[INFO] [stderr]     Checking rand_core v0.6.3
[INFO] [stderr]     Checking parking_lot_core v0.8.3
[INFO] [stderr]     Checking iovec v0.1.4
[INFO] [stderr]     Checking net2 v0.2.37
[INFO] [stderr]    Compiling nom v4.2.3
[INFO] [stderr]    Compiling proc-macro-error-attr v1.0.4
[INFO] [stderr]    Compiling ahash v0.7.4
[INFO] [stderr]    Compiling lexical-core v0.7.6
[INFO] [stderr]     Checking byteorder v1.4.3
[INFO] [stderr]     Checking futures-io v0.3.15
[INFO] [stderr]     Checking once_cell v1.7.2
[INFO] [stderr]     Checking rand_chacha v0.3.1
[INFO] [stderr]     Checking parking_lot v0.11.1
[INFO] [stderr]     Checking mio v0.6.23
[INFO] [stderr]     Checking time v0.1.44
[INFO] [stderr]     Checking inotify-sys v0.1.5
[INFO] [stderr]     Checking crossbeam-deque v0.8.0
[INFO] [stderr]     Checking crossbeam-channel v0.5.1
[INFO] [stderr]    Compiling nom v6.1.2
[INFO] [stderr]    Compiling rayon v1.5.1
[INFO] [stderr]    Compiling tokio v1.6.1
[INFO] [stderr]     Checking tap v1.0.1
[INFO] [stderr]     Checking arrayvec v0.5.2
[INFO] [stderr]     Checking wyz v0.2.0
[INFO] [stderr]    Compiling serde_json v1.0.66
[INFO] [stderr]     Checking funty v1.1.0
[INFO] [stderr]    Compiling anyhow v1.0.40
[INFO] [stderr]     Checking unicode-width v0.1.8
[INFO] [stderr]     Checking yaml-rust v0.4.5
[INFO] [stderr]     Checking textwrap v0.12.1
[INFO] [stderr]     Checking bitvec v0.19.5
[INFO] [stderr]     Checking mio-extras v2.0.6
[INFO] [stderr]     Checking chrono v0.4.19
[INFO] [stderr]     Checking flate2 v1.0.20
[INFO] [stderr]     Checking inotify v0.7.1
[INFO] [stderr]     Checking rand v0.8.4
[INFO] [stderr]     Checking fxhash v0.2.1
[INFO] [stderr]     Checking mio v0.7.11
[INFO] [stderr]     Checking fs2 v0.4.3
[INFO] [stderr]     Checking signal-hook-registry v1.4.0
[INFO] [stderr]     Checking filetime v0.2.14
[INFO] [stderr]     Checking atty v0.2.14
[INFO] [stderr]     Checking smartstring v0.2.9
[INFO] [stderr]     Checking itoa v0.4.7
[INFO] [stderr]     Checking fixedbitset v0.4.0
[INFO] [stderr]    Compiling proc-macro-error v1.0.4
[INFO] [stderr]     Checking strsim v0.10.0
[INFO] [stderr]     Checking dtoa v0.4.8
[INFO] [stderr]     Checking termcolor v1.1.2
[INFO] [stderr]     Checking os_str_bytes v2.4.0
[INFO] [stderr]     Checking vec_map v0.8.2
[INFO] [stderr]     Checking procmaps v0.4.1
[INFO] [stderr]     Checking tempfile v3.2.0
[INFO] [stderr]     Checking procfs v0.9.1
[INFO] [stderr]     Checking notify v4.0.17
[INFO] [stderr]     Checking sled v0.34.6
[INFO] [stderr]     Checking itertools v0.10.0
[INFO] [stderr]     Checking nix v0.20.0
[INFO] [stderr]    Compiling thiserror-impl v1.0.24
[INFO] [stderr]    Compiling clap_derive v3.0.0-beta.2
[INFO] [stderr]    Compiling rhai_codegen v1.0.0
[INFO] [stderr]    Compiling tokio-macros v1.2.0
[INFO] [stderr]    Compiling async-recursion v0.3.2
[INFO] [stderr]     Checking thiserror v1.0.24
[INFO] [stderr]     Checking rhai v1.0.1
[INFO] [stdout] error[E0425]: cannot find value `args` in this scope
[INFO] [stdout]    --> /opt/rustwide/cargo-home/registry/src/github.com-1ecc6299db9ec823/rhai-1.0.1/src/packages/arithmetic.rs:227:42
[INFO] [stdout]     |
[INFO] [stdout] 227 | gen_arithmetic_functions!(arith_basic => INT);
[INFO] [stdout]     |                                          ^^^ not found in this scope
[INFO] [stdout]     |
[INFO] [stdout]     = help: consider importing this function:
[INFO] [stdout]             std::env::args
[INFO] [stdout] 
[INFO] [stdout] 
[INFO] [stdout] error[E0425]: cannot find value `args` in this scope
[INFO] [stdout]    --> /opt/rustwide/cargo-home/registry/src/github.com-1ecc6299db9ec823/rhai-1.0.1/src/packages/arithmetic.rs:238:39
[INFO] [stdout]     |
[INFO] [stdout] 238 | gen_signed_functions!(signed_basic => INT);
[INFO] [stdout]     |                                       ^^^ not found in this scope
[INFO] [stdout]     |
[INFO] [stdout]     = help: consider importing this function:
[INFO] [stdout]             std::env::args
[INFO] [stdout] 
[INFO] [stdout] 
[INFO] [stdout] error[E0425]: cannot find value `args` in this scope
[INFO] [stdout]    --> /opt/rustwide/cargo-home/registry/src/github.com-1ecc6299db9ec823/rhai-1.0.1/src/packages/math_basic.rs:493:54
[INFO] [stdout]     |
[INFO] [stdout] 493 | gen_conversion_as_functions!(basic_to_int => to_int (char) -> INT);
[INFO] [stdout]     |                                                      ^^^^ not found in this scope
[INFO] [stdout]     |
[INFO] [stdout]     = help: consider importing this function:
[INFO] [stdout]             std::env::args
[INFO] [stdout] 
[INFO] [stdout] 
[INFO] [stderr]     Checking futures-executor v0.3.15
[INFO] [stderr]     Checking futures v0.3.15
[INFO] [stdout] error: aborting due to 3 previous errors
[INFO] [stdout] 
[INFO] [stdout] 
[INFO] [stdout] For more information about this error, try `rustc --explain E0425`.
[INFO] [stdout] 
[INFO] [stderr] error: could not compile `rhai` due to 4 previous errors
[INFO] [stderr] warning: build failed, waiting for other jobs to finish...
[INFO] running `Command { std: "docker" "inspect" "8af81f2a75832940bec89a0f9ce6aad9671a177eab66a47e40bb83932276fc82", kill_on_drop: false }`
[INFO] running `Command { std: "docker" "rm" "-f" "8af81f2a75832940bec89a0f9ce6aad9671a177eab66a47e40bb83932276fc82", kill_on_drop: false }`
[INFO] [stdout] 8af81f2a75832940bec89a0f9ce6aad9671a177eab66a47e40bb83932276fc82
