[INFO] cloning repository https://github.com/NestedWorld/NestedWorld-Server-RealTime
[INFO] running `Command { std: "git" "-c" "credential.helper=" "-c" "credential.helper=/workspace/cargo-home/bin/git-credential-null" "clone" "--bare" "https://github.com/NestedWorld/NestedWorld-Server-RealTime" "/workspace/cache/git-repos/https%3A%2F%2Fgithub.com%2FNestedWorld%2FNestedWorld-Server-RealTime", kill_on_drop: false }`
[INFO] [stderr] Cloning into bare repository '/workspace/cache/git-repos/https%3A%2F%2Fgithub.com%2FNestedWorld%2FNestedWorld-Server-RealTime'...
[INFO] running `Command { std: "git" "rev-parse" "HEAD", kill_on_drop: false }`
[INFO] [stdout] e82c230a53a8baa65a0b20944cf413750029090e
[INFO] documenting NestedWorld/NestedWorld-Server-RealTime against 1.69.0 for beta-1.70-rustdoc-1
[INFO] running `Command { std: "git" "clone" "/workspace/cache/git-repos/https%3A%2F%2Fgithub.com%2FNestedWorld%2FNestedWorld-Server-RealTime" "/workspace/builds/worker-1-tc1/source", kill_on_drop: false }`
[INFO] [stderr] Cloning into '/workspace/builds/worker-1-tc1/source'...
[INFO] [stderr] done.
[INFO] validating manifest of git repo https://github.com/NestedWorld/NestedWorld-Server-RealTime on toolchain 1.69.0
[INFO] running `Command { std: CARGO_HOME="/workspace/cargo-home" RUSTUP_HOME="/workspace/rustup-home" "/workspace/cargo-home/bin/cargo" "+1.69.0" "metadata" "--manifest-path" "Cargo.toml" "--no-deps", kill_on_drop: false }`
[INFO] started tweaking git repo https://github.com/NestedWorld/NestedWorld-Server-RealTime
[INFO] finished tweaking git repo https://github.com/NestedWorld/NestedWorld-Server-RealTime
[INFO] tweaked toml for git repo https://github.com/NestedWorld/NestedWorld-Server-RealTime written to /workspace/builds/worker-1-tc1/source/Cargo.toml
[INFO] crate git repo https://github.com/NestedWorld/NestedWorld-Server-RealTime already has a lockfile, it will not be regenerated
[INFO] running `Command { std: CARGO_HOME="/workspace/cargo-home" RUSTUP_HOME="/workspace/rustup-home" "/workspace/cargo-home/bin/cargo" "+1.69.0" "fetch" "--manifest-path" "Cargo.toml", kill_on_drop: false }`
[INFO] [stderr]  Downloading crates ...
[INFO] [stderr]   Downloaded phf v0.7.15
[INFO] [stderr]   Downloaded r2d2_postgres v0.10.1
[INFO] [stderr]   Downloaded spin v0.4.3
[INFO] [stderr]   Downloaded jwt v0.4.0
[INFO] [stderr]   Downloaded gcc v0.3.33
[INFO] [stderr]   Downloaded mioco v0.8.0
[INFO] [stderr]   Downloaded ansi_term v0.8.0
[INFO] [stderr]   Downloaded libc v0.2.15
[INFO] [stderr]   Downloaded term_size v0.1.0
[INFO] [stderr]   Downloaded serde_json v0.7.4
[INFO] [stderr]   Downloaded bufstream v0.1.2
[INFO] [stderr]   Downloaded phf_shared v0.7.15
[INFO] [stderr]   Downloaded r2d2 v0.7.0
[INFO] [stderr]   Downloaded regex-syntax v0.3.4
[INFO] [stderr]   Downloaded thread-scoped v1.0.1
[INFO] [stderr]   Downloaded slab v0.2.0
[INFO] [stderr]   Downloaded clippy_lints v0.0.85
[INFO] [stderr]   Downloaded postgres v0.11.10
[INFO] [stderr]   Downloaded strsim v0.4.1
[INFO] [stderr]   Downloaded owning_ref v0.2.0
[INFO] [stderr]   Downloaded clap v2.10.1
[INFO] [stderr]   Downloaded clippy v0.0.85
[INFO] [stderr]   Downloaded context v1.0.0
[INFO] [stderr]   Downloaded toml-config v0.3.0
[INFO] [stderr]   Downloaded postgres-derive-codegen v0.1.3
[INFO] [stderr]   Downloaded postgres-derive-macros v0.1.3
[INFO] running `Command { std: "docker" "create" "-v" "/var/lib/crater-agent-workspace/builds/worker-1-tc1/target:/opt/rustwide/target:rw,Z" "-v" "/var/lib/crater-agent-workspace/builds/worker-1-tc1/source:/opt/rustwide/workdir:ro,Z" "-v" "/var/lib/crater-agent-workspace/cargo-home:/opt/rustwide/cargo-home:ro,Z" "-v" "/var/lib/crater-agent-workspace/rustup-home:/opt/rustwide/rustup-home:ro,Z" "-e" "SOURCE_DIR=/opt/rustwide/workdir" "-e" "CARGO_TARGET_DIR=/opt/rustwide/target" "-e" "CARGO_HOME=/opt/rustwide/cargo-home" "-e" "RUSTUP_HOME=/opt/rustwide/rustup-home" "-w" "/opt/rustwide/workdir" "-m" "1610612736" "--user" "0:0" "--network" "none" "ghcr.io/rust-lang/crates-build-env/linux@sha256:5ff2268d62e97bff2cde7d5815dd6ed5b47097566f13b8d0ca110b04b60e07ed" "/opt/rustwide/cargo-home/bin/cargo" "+1.69.0" "metadata" "--no-deps" "--format-version=1", kill_on_drop: false }`
[INFO] [stdout] 918a0e3999c1ccdb370129744f40c6b7bb2819bc5ae0c2f070cd42d674289a8a
[INFO] running `Command { std: "docker" "start" "-a" "918a0e3999c1ccdb370129744f40c6b7bb2819bc5ae0c2f070cd42d674289a8a", kill_on_drop: false }`
[INFO] running `Command { std: "docker" "inspect" "918a0e3999c1ccdb370129744f40c6b7bb2819bc5ae0c2f070cd42d674289a8a", kill_on_drop: false }`
[INFO] running `Command { std: "docker" "rm" "-f" "918a0e3999c1ccdb370129744f40c6b7bb2819bc5ae0c2f070cd42d674289a8a", kill_on_drop: false }`
[INFO] [stdout] 918a0e3999c1ccdb370129744f40c6b7bb2819bc5ae0c2f070cd42d674289a8a
[INFO] running `Command { std: "docker" "create" "-v" "/var/lib/crater-agent-workspace/builds/worker-1-tc1/target:/opt/rustwide/target:rw,Z" "-v" "/var/lib/crater-agent-workspace/builds/worker-1-tc1/source:/opt/rustwide/workdir:ro,Z" "-v" "/var/lib/crater-agent-workspace/cargo-home:/opt/rustwide/cargo-home:ro,Z" "-v" "/var/lib/crater-agent-workspace/rustup-home:/opt/rustwide/rustup-home:ro,Z" "-e" "SOURCE_DIR=/opt/rustwide/workdir" "-e" "CARGO_TARGET_DIR=/opt/rustwide/target" "-e" "CARGO_INCREMENTAL=0" "-e" "RUST_BACKTRACE=full" "-e" "RUSTFLAGS=--cap-lints=warn" "-e" "RUSTDOCFLAGS=--cap-lints=warn" "-e" "CARGO_HOME=/opt/rustwide/cargo-home" "-e" "RUSTUP_HOME=/opt/rustwide/rustup-home" "-w" "/opt/rustwide/workdir" "-m" "1610612736" "--user" "0:0" "--network" "none" "ghcr.io/rust-lang/crates-build-env/linux@sha256:5ff2268d62e97bff2cde7d5815dd6ed5b47097566f13b8d0ca110b04b60e07ed" "/opt/rustwide/cargo-home/bin/cargo" "+1.69.0" "doc" "--frozen" "--no-deps" "--document-private-items" "--message-format=json", kill_on_drop: false }`
[INFO] [stdout] 99fd7d21d9233c7140344103785c080ea8ba50656f7d6fa1868a07196260710b
[INFO] running `Command { std: "docker" "start" "-a" "99fd7d21d9233c7140344103785c080ea8ba50656f7d6fa1868a07196260710b", kill_on_drop: false }`
[INFO] [stderr]     Checking libc v0.2.15
[INFO] [stderr]    Compiling winapi-build v0.1.1
[INFO] [stderr]     Checking winapi v0.2.8
[INFO] [stderr]     Checking num-traits v0.1.35
[INFO] [stderr]     Checking log v0.3.6
[INFO] [stderr]     Checking serde v0.7.15
[INFO] [stderr]    Compiling gcc v0.3.33
[INFO] [stderr]     Checking rustc-serialize v0.3.19
[INFO] [stderr]     Checking cfg-if v0.1.0
[INFO] [stderr]     Checking itoa v0.1.1
[INFO] [stdout] error[E0642]: patterns aren't allowed in functions without bodies
[INFO] [stdout]    --> /opt/rustwide/cargo-home/registry/src/github.com-1ecc6299db9ec823/rustc-serialize-0.3.19/src/serialize.rs:147:45
[INFO] [stdout]     |
[INFO] [stdout] 147 | ...                   &f_name: &str,
[INFO] [stdout]     |                       ^^^^^^^ pattern not allowed in function without body
[INFO] [stdout] 
[INFO] [stdout] 
[INFO] [stderr]    Compiling postgres-derive-codegen v0.1.3
[INFO] [stderr]    Compiling kernel32-sys v0.2.2
[INFO] [stderr]    Compiling ws2_32-sys v0.2.1
[INFO] [stderr]    Compiling semver v0.1.20
[INFO] [stderr]     Checking num-integer v0.1.32
[INFO] [stderr]     Checking phf_shared v0.7.15
[INFO] [stderr]     Checking uuid v0.2.3
[INFO] [stderr]     Checking num-iter v0.1.32
[INFO] [stderr]     Checking time v0.1.35
[INFO] [stderr]     Checking phf v0.7.15
[INFO] [stderr]    Compiling rustc_version v0.1.7
[INFO] [stderr]     Checking num v0.1.35
[INFO] [stderr]     Checking bufstream v0.1.2
[INFO] [stderr]     Checking byteorder v0.5.3
[INFO] [stderr]     Checking quick-error v1.1.0
[INFO] [stderr]     Checking bitflags v0.4.0
[INFO] [stderr]     Checking hex v0.2.0
[INFO] [stderr]    Compiling rust-crypto v0.2.36
[INFO] [stderr]    Compiling context v1.0.0
[INFO] [stderr]     Checking chrono v0.2.25
[INFO] [stderr]    Compiling nix v0.6.0
[INFO] [stdout] error[E0557]: feature has been removed
[INFO] [stdout]  --> /opt/rustwide/cargo-home/registry/src/github.com-1ecc6299db9ec823/postgres-derive-codegen-0.1.3/src/lib.rs:1:66
[INFO] [stdout]   |
[INFO] [stdout] 1 | #![cfg_attr(not(feature = "with-syntex"), feature(rustc_private, quote))]
[INFO] [stdout]   |                                                                  ^^^^^ feature has been removed
[INFO] [stdout] 
[INFO] [stdout] 
[INFO] [stdout] error[E0463]: can't find crate for `syntax`
[INFO] [stdout]  --> /opt/rustwide/cargo-home/registry/src/github.com-1ecc6299db9ec823/postgres-derive-codegen-0.1.3/src/lib.rs:8:1
[INFO] [stdout]   |
[INFO] [stdout] 8 | extern crate syntax;
[INFO] [stdout]   | ^^^^^^^^^^^^^^^^^^^^ can't find crate
[INFO] [stdout] 
[INFO] [stdout] 
[INFO] [stdout] error[E0463]: can't find crate for `rustc_plugin`
[INFO] [stdout]   --> /opt/rustwide/cargo-home/registry/src/github.com-1ecc6299db9ec823/postgres-derive-codegen-0.1.3/src/lib.rs:10:1
[INFO] [stdout]    |
[INFO] [stdout] 10 | extern crate rustc_plugin;
[INFO] [stdout]    | ^^^^^^^^^^^^^^^^^^^^^^^^^^ can't find crate
[INFO] [stdout]    |
[INFO] [stdout]    = help: maybe you need to install the missing components with: `rustup component add rust-src rustc-dev llvm-tools-preview`
[INFO] [stdout] 
[INFO] [stdout] 
[INFO] [stdout] error: cannot find macro `quote_arm` in this scope
[INFO] [stdout]   --> /opt/rustwide/cargo-home/registry/src/github.com-1ecc6299db9ec823/postgres-derive-codegen-0.1.3/src/accepts.rs:13:49
[INFO] [stdout]    |
[INFO] [stdout] 13 |                        .map(|&(_, ref variant)| quote_arm!(ctx, $variant => true,))
[INFO] [stdout]    |                                                 ^^^^^^^^^
[INFO] [stdout] 
[INFO] [stdout] 
[INFO] [stdout] error: cannot find macro `quote_block` in this scope
[INFO] [stdout]   --> /opt/rustwide/cargo-home/registry/src/github.com-1ecc6299db9ec823/postgres-derive-codegen-0.1.3/src/accepts.rs:16:5
[INFO] [stdout]    |
[INFO] [stdout] 16 |     quote_block!(ctx, {
[INFO] [stdout]    |     ^^^^^^^^^^^
[INFO] [stdout] 
[INFO] [stdout] 
[INFO] [stdout] error: cannot find macro `quote_arm` in this scope
[INFO] [stdout]   --> /opt/rustwide/cargo-home/registry/src/github.com-1ecc6299db9ec823/postgres-derive-codegen-0.1.3/src/accepts.rs:48:26
[INFO] [stdout]    |
[INFO] [stdout] 48 |                          quote_arm!(ctx, $name => <$ty as $trait_>::accepts(field.type_()),)
[INFO] [stdout]    |                          ^^^^^^^^^
[INFO] [stdout] 
[INFO] [stdout] 
[INFO] [stdout] error: cannot find macro `quote_block` in this scope
[INFO] [stdout]   --> /opt/rustwide/cargo-home/registry/src/github.com-1ecc6299db9ec823/postgres-derive-codegen-0.1.3/src/accepts.rs:52:5
[INFO] [stdout]    |
[INFO] [stdout] 52 |     quote_block!(ctx, {
[INFO] [stdout]    |     ^^^^^^^^^^^
[INFO] [stdout] 
[INFO] [stdout] 
[INFO] [stdout] error: cannot find macro `quote_path` in this scope
[INFO] [stdout]   --> /opt/rustwide/cargo-home/registry/src/github.com-1ecc6299db9ec823/postgres-derive-codegen-0.1.3/src/fromsql.rs:54:26
[INFO] [stdout]    |
[INFO] [stdout] 54 |             let trait_ = quote_path!(ctx, ::postgres::types::FromSql);
[INFO] [stdout]    |                          ^^^^^^^^^^
[INFO] [stdout] 
[INFO] [stdout] 
[INFO] [stdout] error: cannot find macro `quote_item` in this scope
[INFO] [stdout]   --> /opt/rustwide/cargo-home/registry/src/github.com-1ecc6299db9ec823/postgres-derive-codegen-0.1.3/src/fromsql.rs:67:16
[INFO] [stdout]    |
[INFO] [stdout] 67 |     let item = quote_item!(ctx,
[INFO] [stdout]    |                ^^^^^^^^^^
[INFO] [stdout] 
[INFO] [stdout] 
[INFO] [stdout] error: cannot find macro `quote_block` in this scope
[INFO] [stdout]   --> /opt/rustwide/cargo-home/registry/src/github.com-1ecc6299db9ec823/postgres-derive-codegen-0.1.3/src/fromsql.rs:88:5
[INFO] [stdout]    |
[INFO] [stdout] 88 |     quote_block!(ctx, { <$inner as ::postgres::types::FromSql>::accepts(type_) })
[INFO] [stdout]    |     ^^^^^^^^^^^
[INFO] [stdout] 
[INFO] [stdout] 
[INFO] [stdout] error: cannot find macro `quote_arm` in this scope
[INFO] [stdout]   --> /opt/rustwide/cargo-home/registry/src/github.com-1ecc6299db9ec823/postgres-derive-codegen-0.1.3/src/fromsql.rs:98:19
[INFO] [stdout]    |
[INFO] [stdout] 98 |         arms.push(quote_arm!(ctx,
[INFO] [stdout]    |                   ^^^^^^^^^
[INFO] [stdout] 
[INFO] [stdout] 
[INFO] [stdout] error: cannot find macro `quote_arm` in this scope
[INFO] [stdout]    --> /opt/rustwide/cargo-home/registry/src/github.com-1ecc6299db9ec823/postgres-derive-codegen-0.1.3/src/fromsql.rs:102:15
[INFO] [stdout]     |
[INFO] [stdout] 102 |     arms.push(quote_arm!(ctx, v => {
[INFO] [stdout]     |               ^^^^^^^^^
[INFO] [stdout] 
[INFO] [stdout] 
[INFO] [stdout] error: cannot find macro `quote_block` in this scope
[INFO] [stdout]    --> /opt/rustwide/cargo-home/registry/src/github.com-1ecc6299db9ec823/postgres-derive-codegen-0.1.3/src/fromsql.rs:112:5
[INFO] [stdout]     |
[INFO] [stdout] 112 |     quote_block!(ctx, {
[INFO] [stdout]     |     ^^^^^^^^^^^
[INFO] [stdout] 
[INFO] [stdout] 
[INFO] [stdout] error: cannot find macro `quote_block` in this scope
[INFO] [stdout]    --> /opt/rustwide/cargo-home/registry/src/github.com-1ecc6299db9ec823/postgres-derive-codegen-0.1.3/src/fromsql.rs:120:5
[INFO] [stdout]     |
[INFO] [stdout] 120 |     quote_block!(ctx, {
[INFO] [stdout]     |     ^^^^^^^^^^^
[INFO] [stdout] 
[INFO] [stdout] 
[INFO] [stdout] error: cannot find macro `quote_stmt` in this scope
[INFO] [stdout]    --> /opt/rustwide/cargo-home/registry/src/github.com-1ecc6299db9ec823/postgres-derive-codegen-0.1.3/src/fromsql.rs:137:27
[INFO] [stdout]     |
[INFO] [stdout] 137 |         declare_vars.push(quote_stmt!(ctx, let mut $var_name = ::std::option::Option::None;));
[INFO] [stdout]     |                           ^^^^^^^^^^
[INFO] [stdout] 
[INFO] [stdout] 
[INFO] [stdout] error: cannot find macro `quote_arm` in this scope
[INFO] [stdout]    --> /opt/rustwide/cargo-home/registry/src/github.com-1ecc6299db9ec823/postgres-derive-codegen-0.1.3/src/fromsql.rs:139:19
[INFO] [stdout]     |
[INFO] [stdout] 139 |         arms.push(quote_arm!(ctx, $name => {
[INFO] [stdout]     |                   ^^^^^^^^^
[INFO] [stdout] 
[INFO] [stdout] 
[INFO] [stdout] error: cannot find macro `quote_expr` in this scope
[INFO] [stdout]    --> /opt/rustwide/cargo-home/registry/src/github.com-1ecc6299db9ec823/postgres-derive-codegen-0.1.3/src/fromsql.rs:145:42
[INFO] [stdout]     |
[INFO] [stdout] 145 | ...                   quote_expr!(ctx, $var_name.unwrap())));
[INFO] [stdout]     |                       ^^^^^^^^^^
[INFO] [stdout] 
[INFO] [stdout] 
[INFO] [stdout] error: cannot find macro `quote_arm` in this scope
[INFO] [stdout]    --> /opt/rustwide/cargo-home/registry/src/github.com-1ecc6299db9ec823/postgres-derive-codegen-0.1.3/src/fromsql.rs:148:15
[INFO] [stdout]     |
[INFO] [stdout] 148 |     arms.push(quote_arm!(ctx, _ => unreachable!(),));
[INFO] [stdout]     |               ^^^^^^^^^
[INFO] [stdout] 
[INFO] [stdout] 
[INFO] [stdout] error: cannot find macro `quote_expr` in this scope
[INFO] [stdout]    --> /opt/rustwide/cargo-home/registry/src/github.com-1ecc6299db9ec823/postgres-derive-codegen-0.1.3/src/fromsql.rs:149:39
[INFO] [stdout]     |
[INFO] [stdout] 149 |     let match_ = ctx.expr_match(span, quote_expr!(ctx, field.name()), arms);
[INFO] [stdout]     |                                       ^^^^^^^^^^
[INFO] [stdout] 
[INFO] [stdout] 
[INFO] [stdout] error: cannot find macro `quote_block` in this scope
[INFO] [stdout]    --> /opt/rustwide/cargo-home/registry/src/github.com-1ecc6299db9ec823/postgres-derive-codegen-0.1.3/src/fromsql.rs:153:5
[INFO] [stdout]     |
[INFO] [stdout] 153 |     quote_block!(ctx, {
[INFO] [stdout]     |     ^^^^^^^^^^^
[INFO] [stdout] 
[INFO] [stdout] 
[INFO] [stdout] error: cannot find macro `quote_path` in this scope
[INFO] [stdout]   --> /opt/rustwide/cargo-home/registry/src/github.com-1ecc6299db9ec823/postgres-derive-codegen-0.1.3/src/tosql.rs:54:26
[INFO] [stdout]    |
[INFO] [stdout] 54 |             let trait_ = quote_path!(ctx, ::postgres::types::ToSql);
[INFO] [stdout]    |                          ^^^^^^^^^^
[INFO] [stdout] 
[INFO] [stdout] 
[INFO] [stdout] error: cannot find macro `quote_item` in this scope
[INFO] [stdout]   --> /opt/rustwide/cargo-home/registry/src/github.com-1ecc6299db9ec823/postgres-derive-codegen-0.1.3/src/tosql.rs:67:16
[INFO] [stdout]    |
[INFO] [stdout] 67 |     let item = quote_item!(ctx,
[INFO] [stdout]    |                ^^^^^^^^^^
[INFO] [stdout] 
[INFO] [stdout] 
[INFO] [stdout] error: cannot find macro `quote_block` in this scope
[INFO] [stdout]   --> /opt/rustwide/cargo-home/registry/src/github.com-1ecc6299db9ec823/postgres-derive-codegen-0.1.3/src/tosql.rs:91:5
[INFO] [stdout]    |
[INFO] [stdout] 91 |     quote_block!(ctx, {
[INFO] [stdout]    |     ^^^^^^^^^^^
[INFO] [stdout] 
[INFO] [stdout] 
[INFO] [stdout] error: cannot find macro `quote_arm` in this scope
[INFO] [stdout]    --> /opt/rustwide/cargo-home/registry/src/github.com-1ecc6299db9ec823/postgres-derive-codegen-0.1.3/src/tosql.rs:109:19
[INFO] [stdout]     |
[INFO] [stdout] 109 |         arms.push(quote_arm!(ctx, $type_name :: $variant_name => $name,));
[INFO] [stdout]     |                   ^^^^^^^^^
[INFO] [stdout] 
[INFO] [stdout] 
[INFO] [stdout] error: cannot find macro `quote_block` in this scope
[INFO] [stdout]    --> /opt/rustwide/cargo-home/registry/src/github.com-1ecc6299db9ec823/postgres-derive-codegen-0.1.3/src/tosql.rs:115:5
[INFO] [stdout]     |
[INFO] [stdout] 115 |     quote_block!(ctx, {
[INFO] [stdout]     |     ^^^^^^^^^^^
[INFO] [stdout] 
[INFO] [stdout] 
[INFO] [stdout] error: cannot find macro `quote_block` in this scope
[INFO] [stdout]    --> /opt/rustwide/cargo-home/registry/src/github.com-1ecc6299db9ec823/postgres-derive-codegen-0.1.3/src/tosql.rs:123:5
[INFO] [stdout]     |
[INFO] [stdout] 123 |     quote_block!(ctx, {
[INFO] [stdout]     |     ^^^^^^^^^^^
[INFO] [stdout] 
[INFO] [stdout] 
[INFO] [stdout] error: cannot find macro `quote_arm` in this scope
[INFO] [stdout]    --> /opt/rustwide/cargo-home/registry/src/github.com-1ecc6299db9ec823/postgres-derive-codegen-0.1.3/src/tosql.rs:138:30
[INFO] [stdout]     |
[INFO] [stdout] 138 | ...                   quote_arm!(ctx, $name => {
[INFO] [stdout]     |                       ^^^^^^^^^
[INFO] [stdout] 
[INFO] [stdout] 
[INFO] [stdout] error: cannot find macro `quote_arm` in this scope
[INFO] [stdout]    --> /opt/rustwide/cargo-home/registry/src/github.com-1ecc6299db9ec823/postgres-derive-codegen-0.1.3/src/tosql.rs:146:15
[INFO] [stdout]     |
[INFO] [stdout] 146 |     arms.push(quote_arm!(ctx, _ => unreachable!(),));
[INFO] [stdout]     |               ^^^^^^^^^
[INFO] [stdout] 
[INFO] [stdout] 
[INFO] [stdout] error: cannot find macro `quote_expr` in this scope
[INFO] [stdout]    --> /opt/rustwide/cargo-home/registry/src/github.com-1ecc6299db9ec823/postgres-derive-codegen-0.1.3/src/tosql.rs:147:39
[INFO] [stdout]     |
[INFO] [stdout] 147 |     let match_ = ctx.expr_match(span, quote_expr!(ctx, field.name()), arms);
[INFO] [stdout]     |                                       ^^^^^^^^^^
[INFO] [stdout] 
[INFO] [stdout] 
[INFO] [stdout] error: cannot find macro `quote_block` in this scope
[INFO] [stdout]    --> /opt/rustwide/cargo-home/registry/src/github.com-1ecc6299db9ec823/postgres-derive-codegen-0.1.3/src/tosql.rs:149:5
[INFO] [stdout]     |
[INFO] [stdout] 149 |     quote_block!(ctx, {
[INFO] [stdout]     |     ^^^^^^^^^^^
[INFO] [stdout] 
[INFO] [stdout] 
[INFO] [stdout] error[E0554]: `#![feature]` may not be used on the stable release channel
[INFO] [stdout]  --> /opt/rustwide/cargo-home/registry/src/github.com-1ecc6299db9ec823/postgres-derive-codegen-0.1.3/src/lib.rs:1:43
[INFO] [stdout]   |
[INFO] [stdout] 1 | #![cfg_attr(not(feature = "with-syntex"), feature(rustc_private, quote))]
[INFO] [stdout]   |                                           ^^^^^^^^^^^^^^^^^^^^^^^^^^^^^
[INFO] [stdout] 
[INFO] [stdout] 
[INFO] [stderr]     Checking net2 v0.2.26
[INFO] [stdout] error: aborting due to 31 previous errors
[INFO] [stdout] 
[INFO] [stdout] 
[INFO] [stdout] Some errors have detailed explanations: E0463, E0554, E0557.
[INFO] [stdout] 
[INFO] [stdout] For more information about an error, try `rustc --explain E0463`.
[INFO] [stdout] 
[INFO] [stderr] error: could not compile `postgres-derive-codegen` due to 32 previous errors
[INFO] [stderr] warning: build failed, waiting for other jobs to finish...
[INFO] [stdout] error: aborting due to previous error
[INFO] [stdout] 
[INFO] [stdout] 
[INFO] [stdout] For more information about this error, try `rustc --explain E0642`.
[INFO] [stdout] 
[INFO] [stderr] error: could not compile `rustc-serialize` due to 2 previous errors; 1 warning emitted
[INFO] running `Command { std: "docker" "inspect" "99fd7d21d9233c7140344103785c080ea8ba50656f7d6fa1868a07196260710b", kill_on_drop: false }`
[INFO] running `Command { std: "docker" "rm" "-f" "99fd7d21d9233c7140344103785c080ea8ba50656f7d6fa1868a07196260710b", kill_on_drop: false }`
[INFO] [stdout] 99fd7d21d9233c7140344103785c080ea8ba50656f7d6fa1868a07196260710b
