[INFO] cloning repository https://github.com/Monadic-Cat/breadrisc
[INFO] running `Command { std: "git" "-c" "credential.helper=" "-c" "credential.helper=/workspace/cargo-home/bin/git-credential-null" "clone" "--bare" "https://github.com/Monadic-Cat/breadrisc" "/workspace/cache/git-repos/https%3A%2F%2Fgithub.com%2FMonadic-Cat%2Fbreadrisc", kill_on_drop: false }`
[INFO] [stderr] Cloning into bare repository '/workspace/cache/git-repos/https%3A%2F%2Fgithub.com%2FMonadic-Cat%2Fbreadrisc'...
[INFO] running `Command { std: "git" "rev-parse" "HEAD", kill_on_drop: false }`
[INFO] [stdout] 021a5302bed59e8c66249013c62677533e3a71ef
[INFO] documenting Monadic-Cat/breadrisc against beta-2023-04-20 for beta-1.70-rustdoc-1
[INFO] running `Command { std: "git" "clone" "/workspace/cache/git-repos/https%3A%2F%2Fgithub.com%2FMonadic-Cat%2Fbreadrisc" "/workspace/builds/worker-4-tc2/source", kill_on_drop: false }`
[INFO] [stderr] Cloning into '/workspace/builds/worker-4-tc2/source'...
[INFO] [stderr] done.
[INFO] validating manifest of git repo https://github.com/Monadic-Cat/breadrisc on toolchain beta-2023-04-20
[INFO] running `Command { std: CARGO_HOME="/workspace/cargo-home" RUSTUP_HOME="/workspace/rustup-home" "/workspace/cargo-home/bin/cargo" "+beta-2023-04-20" "metadata" "--manifest-path" "Cargo.toml" "--no-deps", kill_on_drop: false }`
[INFO] started tweaking git repo https://github.com/Monadic-Cat/breadrisc
[INFO] finished tweaking git repo https://github.com/Monadic-Cat/breadrisc
[INFO] tweaked toml for git repo https://github.com/Monadic-Cat/breadrisc written to /workspace/builds/worker-4-tc2/source/Cargo.toml
[INFO] crate git repo https://github.com/Monadic-Cat/breadrisc already has a lockfile, it will not be regenerated
[INFO] running `Command { std: CARGO_HOME="/workspace/cargo-home" RUSTUP_HOME="/workspace/rustup-home" "/workspace/cargo-home/bin/cargo" "+beta-2023-04-20" "fetch" "--manifest-path" "Cargo.toml", kill_on_drop: false }`
[INFO] [stderr]  Downloading crates ...
[INFO] [stderr]   Downloaded nom v5.0.1
[INFO] [stderr]   Downloaded thiserror-impl v1.0.9
[INFO] [stderr]   Downloaded thiserror v1.0.9
[INFO] running `Command { std: "docker" "create" "-v" "/var/lib/crater-agent-workspace/builds/worker-4-tc2/target:/opt/rustwide/target:rw,Z" "-v" "/var/lib/crater-agent-workspace/builds/worker-4-tc2/source:/opt/rustwide/workdir:ro,Z" "-v" "/var/lib/crater-agent-workspace/cargo-home:/opt/rustwide/cargo-home:ro,Z" "-v" "/var/lib/crater-agent-workspace/rustup-home:/opt/rustwide/rustup-home:ro,Z" "-e" "SOURCE_DIR=/opt/rustwide/workdir" "-e" "CARGO_TARGET_DIR=/opt/rustwide/target" "-e" "CARGO_HOME=/opt/rustwide/cargo-home" "-e" "RUSTUP_HOME=/opt/rustwide/rustup-home" "-w" "/opt/rustwide/workdir" "-m" "1610612736" "--user" "0:0" "--network" "none" "ghcr.io/rust-lang/crates-build-env/linux@sha256:97d61d7686bf65f8ecb15491ab51835e82dc9176a96a831f143a431b191fc501" "/opt/rustwide/cargo-home/bin/cargo" "+beta-2023-04-20" "metadata" "--no-deps" "--format-version=1", kill_on_drop: false }`
[INFO] [stdout] 0743f0836b21a661a8be9f5aac382ec3a4342748011792631c38e8728159207b
[INFO] running `Command { std: "docker" "start" "-a" "0743f0836b21a661a8be9f5aac382ec3a4342748011792631c38e8728159207b", kill_on_drop: false }`
[INFO] running `Command { std: "docker" "inspect" "0743f0836b21a661a8be9f5aac382ec3a4342748011792631c38e8728159207b", kill_on_drop: false }`
[INFO] running `Command { std: "docker" "rm" "-f" "0743f0836b21a661a8be9f5aac382ec3a4342748011792631c38e8728159207b", kill_on_drop: false }`
[INFO] [stdout] 0743f0836b21a661a8be9f5aac382ec3a4342748011792631c38e8728159207b
[INFO] running `Command { std: "docker" "create" "-v" "/var/lib/crater-agent-workspace/builds/worker-4-tc2/target:/opt/rustwide/target:rw,Z" "-v" "/var/lib/crater-agent-workspace/builds/worker-4-tc2/source:/opt/rustwide/workdir:ro,Z" "-v" "/var/lib/crater-agent-workspace/cargo-home:/opt/rustwide/cargo-home:ro,Z" "-v" "/var/lib/crater-agent-workspace/rustup-home:/opt/rustwide/rustup-home:ro,Z" "-e" "SOURCE_DIR=/opt/rustwide/workdir" "-e" "CARGO_TARGET_DIR=/opt/rustwide/target" "-e" "CARGO_INCREMENTAL=0" "-e" "RUST_BACKTRACE=full" "-e" "RUSTFLAGS=--cap-lints=warn" "-e" "RUSTDOCFLAGS=--cap-lints=warn" "-e" "CARGO_HOME=/opt/rustwide/cargo-home" "-e" "RUSTUP_HOME=/opt/rustwide/rustup-home" "-w" "/opt/rustwide/workdir" "-m" "1610612736" "--user" "0:0" "--network" "none" "ghcr.io/rust-lang/crates-build-env/linux@sha256:97d61d7686bf65f8ecb15491ab51835e82dc9176a96a831f143a431b191fc501" "/opt/rustwide/cargo-home/bin/cargo" "+beta-2023-04-20" "doc" "--frozen" "--no-deps" "--document-private-items" "--message-format=json", kill_on_drop: false }`
[INFO] [stdout] f26f1f6ded0bc042484d850a0580f003aff3eec2cd4f4a6b40ef01d6dd9e7fad
[INFO] running `Command { std: "docker" "start" "-a" "f26f1f6ded0bc042484d850a0580f003aff3eec2cd4f4a6b40ef01d6dd9e7fad", kill_on_drop: false }`
[INFO] [stderr]    Compiling proc-macro2 v1.0.6
[INFO] [stderr]    Compiling semver-parser v0.7.0
[INFO] [stderr]    Compiling memchr v2.2.1
[INFO] [stderr]    Compiling unicode-xid v0.2.0
[INFO] [stderr]    Compiling ryu v1.0.0
[INFO] [stderr]    Compiling syn v1.0.11
[INFO] [stderr]     Checking cfg-if v0.1.10
[INFO] [stderr]    Compiling arrayvec v0.4.11
[INFO] [stderr]    Compiling libc v0.2.62
[INFO] [stderr]     Checking nodrop v0.1.13
[INFO] [stderr]     Checking lazy_static v1.4.0
[INFO] [stderr]    Compiling version_check v0.1.5
[INFO] [stderr]    Compiling log v0.4.8
[INFO] [stderr]     Checking static_assertions v0.3.4
[INFO] [stderr]    Compiling typenum v1.11.2
[INFO] [stderr]     Checking quick-error v1.2.2
[INFO] [stderr]     Checking regex-syntax v0.6.12
[INFO] [stderr]     Checking termcolor v1.0.5
[INFO] [stderr]     Checking thread_local v0.3.6
[INFO] [stderr]     Checking humantime v1.3.0
[INFO] [stderr]    Compiling semver v0.9.0
[INFO] [stderr]    Compiling nom v5.0.1
[INFO] [stderr]    Compiling rustc_version v0.2.3
[INFO] [stderr]    Compiling lexical-core v0.4.6
[INFO] [stderr]     Checking aho-corasick v0.7.6
[INFO] [stderr]     Checking atty v0.2.13
[INFO] [stderr]    Compiling quote v1.0.2
[INFO] [stderr] LLVM ERROR: IO failure on output stream: No space left on device
[INFO] [stderr] thread 'rustc' panicked at 'assertion failed: pos.get() <= self.position()', compiler/rustc_metadata/src/rmeta/encoder.rs:433:9
[INFO] [stdout] error: error writing dependencies to `/opt/rustwide/target/debug/deps/lexical_core-0d71fa5523f33059.d`: No space left on device (os error 28)
[INFO] [stdout] 
[INFO] [stdout] 
[INFO] [stderr] error: could not compile `quote` (lib)
[INFO] [stderr] warning: build failed, waiting for other jobs to finish...
[INFO] [stderr] error: could not compile `lexical-core` (lib) due to previous error
[INFO] [stderr] error: could not compile `typenum` (lib)
[INFO] [stderr] thread 'rustc' panicked at 'assertion failed: pos.get() <= self.position()', compiler/rustc_metadata/src/rmeta/encoder.rs:433:9
[INFO] [stderr] error: could not compile `aho-corasick` (lib)
[INFO] [stderr] thread 'rustc' panicked at 'assertion failed: pos.get() <= self.position()', compiler/rustc_metadata/src/rmeta/encoder.rs:433:9
[INFO] [stderr] error: could not compile `regex-syntax` (lib)
[INFO] [stderr] thread 'rustc' panicked at 'assertion failed: pos.get() <= self.position()', compiler/rustc_metadata/src/rmeta/encoder.rs:452:9
[INFO] [stderr] error: could not compile `syn` (lib)
[INFO] running `Command { std: "docker" "inspect" "f26f1f6ded0bc042484d850a0580f003aff3eec2cd4f4a6b40ef01d6dd9e7fad", kill_on_drop: false }`
[INFO] running `Command { std: "docker" "rm" "-f" "f26f1f6ded0bc042484d850a0580f003aff3eec2cd4f4a6b40ef01d6dd9e7fad", kill_on_drop: false }`
[INFO] [stdout] f26f1f6ded0bc042484d850a0580f003aff3eec2cd4f4a6b40ef01d6dd9e7fad
