[INFO] cloning repository https://github.com/Mikastiv/rustracer
[INFO] running `Command { std: "git" "-c" "credential.helper=" "-c" "credential.helper=/workspace/cargo-home/bin/git-credential-null" "clone" "--bare" "https://github.com/Mikastiv/rustracer" "/workspace/cache/git-repos/https%3A%2F%2Fgithub.com%2FMikastiv%2Frustracer", kill_on_drop: false }`
[INFO] [stderr] Cloning into bare repository '/workspace/cache/git-repos/https%3A%2F%2Fgithub.com%2FMikastiv%2Frustracer'...
[INFO] [stderr] /workspace/cache/git-repos/https%3A%2F%2Fgithub.com%2FMikastiv%2Frustracer: No space left on device
[WARN] Retrying crate fetch in 3 seconds (attempt 1)
[INFO] cloning repository https://github.com/Mikastiv/rustracer
[INFO] running `Command { std: "git" "-c" "credential.helper=" "-c" "credential.helper=/workspace/cargo-home/bin/git-credential-null" "clone" "--bare" "https://github.com/Mikastiv/rustracer" "/workspace/cache/git-repos/https%3A%2F%2Fgithub.com%2FMikastiv%2Frustracer", kill_on_drop: false }`
[INFO] [stderr] Cloning into bare repository '/workspace/cache/git-repos/https%3A%2F%2Fgithub.com%2FMikastiv%2Frustracer'...
[INFO] running `Command { std: "git" "rev-parse" "HEAD", kill_on_drop: false }`
[INFO] [stdout] 95735226db178e497549353bee1b8b36fa2478fa
[INFO] documenting Mikastiv/rustracer against 1.69.0 for beta-1.70-rustdoc-1
[INFO] running `Command { std: "git" "clone" "/workspace/cache/git-repos/https%3A%2F%2Fgithub.com%2FMikastiv%2Frustracer" "/workspace/builds/worker-7-tc1/source", kill_on_drop: false }`
[INFO] [stderr] Cloning into '/workspace/builds/worker-7-tc1/source'...
[INFO] [stderr] done.
[INFO] validating manifest of git repo https://github.com/Mikastiv/rustracer on toolchain 1.69.0
[INFO] running `Command { std: CARGO_HOME="/workspace/cargo-home" RUSTUP_HOME="/workspace/rustup-home" "/workspace/cargo-home/bin/cargo" "+1.69.0" "metadata" "--manifest-path" "Cargo.toml" "--no-deps", kill_on_drop: false }`
[INFO] started tweaking git repo https://github.com/Mikastiv/rustracer
[INFO] finished tweaking git repo https://github.com/Mikastiv/rustracer
[INFO] tweaked toml for git repo https://github.com/Mikastiv/rustracer written to /workspace/builds/worker-7-tc1/source/Cargo.toml
[INFO] crate git repo https://github.com/Mikastiv/rustracer already has a lockfile, it will not be regenerated
[INFO] running `Command { std: CARGO_HOME="/workspace/cargo-home" RUSTUP_HOME="/workspace/rustup-home" "/workspace/cargo-home/bin/cargo" "+1.69.0" "fetch" "--manifest-path" "Cargo.toml", kill_on_drop: false }`
[INFO] running `Command { std: "docker" "create" "-v" "/var/lib/crater-agent-workspace/builds/worker-7-tc1/target:/opt/rustwide/target:rw,Z" "-v" "/var/lib/crater-agent-workspace/builds/worker-7-tc1/source:/opt/rustwide/workdir:ro,Z" "-v" "/var/lib/crater-agent-workspace/cargo-home:/opt/rustwide/cargo-home:ro,Z" "-v" "/var/lib/crater-agent-workspace/rustup-home:/opt/rustwide/rustup-home:ro,Z" "-e" "SOURCE_DIR=/opt/rustwide/workdir" "-e" "CARGO_TARGET_DIR=/opt/rustwide/target" "-e" "CARGO_HOME=/opt/rustwide/cargo-home" "-e" "RUSTUP_HOME=/opt/rustwide/rustup-home" "-w" "/opt/rustwide/workdir" "-m" "1610612736" "--user" "0:0" "--network" "none" "ghcr.io/rust-lang/crates-build-env/linux@sha256:97d61d7686bf65f8ecb15491ab51835e82dc9176a96a831f143a431b191fc501" "/opt/rustwide/cargo-home/bin/cargo" "+1.69.0" "metadata" "--no-deps" "--format-version=1", kill_on_drop: false }`
[INFO] [stdout] 2ed9775414231b988452689d615970cd3236296c35eba89141ebf671a6097af6
[INFO] running `Command { std: "docker" "start" "-a" "2ed9775414231b988452689d615970cd3236296c35eba89141ebf671a6097af6", kill_on_drop: false }`
[INFO] running `Command { std: "docker" "inspect" "2ed9775414231b988452689d615970cd3236296c35eba89141ebf671a6097af6", kill_on_drop: false }`
[INFO] running `Command { std: "docker" "rm" "-f" "2ed9775414231b988452689d615970cd3236296c35eba89141ebf671a6097af6", kill_on_drop: false }`
[INFO] [stdout] 2ed9775414231b988452689d615970cd3236296c35eba89141ebf671a6097af6
[INFO] running `Command { std: "docker" "create" "-v" "/var/lib/crater-agent-workspace/builds/worker-7-tc1/target:/opt/rustwide/target:rw,Z" "-v" "/var/lib/crater-agent-workspace/builds/worker-7-tc1/source:/opt/rustwide/workdir:ro,Z" "-v" "/var/lib/crater-agent-workspace/cargo-home:/opt/rustwide/cargo-home:ro,Z" "-v" "/var/lib/crater-agent-workspace/rustup-home:/opt/rustwide/rustup-home:ro,Z" "-e" "SOURCE_DIR=/opt/rustwide/workdir" "-e" "CARGO_TARGET_DIR=/opt/rustwide/target" "-e" "CARGO_INCREMENTAL=0" "-e" "RUST_BACKTRACE=full" "-e" "RUSTFLAGS=--cap-lints=warn" "-e" "RUSTDOCFLAGS=--cap-lints=warn" "-e" "CARGO_HOME=/opt/rustwide/cargo-home" "-e" "RUSTUP_HOME=/opt/rustwide/rustup-home" "-w" "/opt/rustwide/workdir" "-m" "1610612736" "--user" "0:0" "--network" "none" "ghcr.io/rust-lang/crates-build-env/linux@sha256:97d61d7686bf65f8ecb15491ab51835e82dc9176a96a831f143a431b191fc501" "/opt/rustwide/cargo-home/bin/cargo" "+1.69.0" "doc" "--frozen" "--no-deps" "--document-private-items" "--message-format=json", kill_on_drop: false }`
[INFO] [stdout] 83d19581fe15d4c248d4ebc4a848a97076b32ba176bfb9d4a2c49e7332acbcc5
[INFO] running `Command { std: "docker" "start" "-a" "83d19581fe15d4c248d4ebc4a848a97076b32ba176bfb9d4a2c49e7332acbcc5", kill_on_drop: false }`
[INFO] [stderr]    Compiling autocfg v1.0.0
[INFO] [stderr]    Compiling libc v0.2.73
[INFO] [stderr]    Compiling maybe-uninit v2.0.0
[INFO] [stderr]    Compiling rayon-core v1.7.1
[INFO] [stderr]    Compiling proc-macro2 v1.0.32
[INFO] [stderr]    Compiling byteorder v1.3.4
[INFO] [stderr]    Compiling syn v1.0.81
[INFO] [stderr]     Checking either v1.5.3
[INFO] [stderr]     Checking cfg-if v1.0.0
[INFO] [stderr]    Compiling serde_derive v1.0.130
[INFO] [stderr]     Checking adler32 v1.1.0
[INFO] [stderr]    Compiling bitflags v1.2.1
[INFO] [stderr]    Compiling crc32fast v1.2.0
[INFO] [stderr]    Compiling ryu v1.0.5
[INFO] [stderr]    Compiling serde v1.0.130
[INFO] [stderr]     Checking regex-syntax v0.6.18
[INFO] [stderr]     Checking weezl v0.1.5
[INFO] [stderr]     Checking adler v1.0.2
[INFO] [stderr]     Checking miniz_oxide v0.3.7
[INFO] [stderr] LLVM ERROR: IO failure on output stream: No space left on device
[INFO] [stderr] LLVM ERROR: IO failure on output stream: No space left on device
[INFO] [stderr] LLVM ERROR: IO failure on output stream: No space left on device
[INFO] [stderr] LLVM ERROR: IO failure on output stream: No space left on device
[INFO] [stderr]     Checking ppv-lite86 v0.2.8
[INFO] [stderr] error: could not compile `proc-macro2`
[INFO] [stderr] warning: build failed, waiting for other jobs to finish...
[INFO] [stderr] error: could not compile `serde`
[INFO] [stderr] error: could not compile `syn`
[INFO] [stdout] error: linking with `cc` failed: exit status: 1
[INFO] [stdout]   |
[INFO] [stdout]   = note: LC_ALL="C" PATH="/opt/rustwide/rustup-home/toolchains/1.69.0-x86_64-unknown-linux-gnu/lib/rustlib/x86_64-unknown-linux-gnu/bin:/opt/rustwide/cargo-home/bin:/usr/local/sbin:/usr/local/bin:/usr/sbin:/usr/bin:/sbin:/bin" VSLANG="1033" "cc" "-m64" "/tmp/rustcdIDklA/symbols.o" "/opt/rustwide/target/debug/build/rayon-core-f3fb99b26e1d2f34/build_script_build-f3fb99b26e1d2f34.build_script_build.ad2b83f4-cgu.0.rcgu.o" "/opt/rustwide/target/debug/build/rayon-core-f3fb99b26e1d2f34/build_script_build-f3fb99b26e1d2f34.build_script_build.ad2b83f4-cgu.1.rcgu.o" "/opt/rustwide/target/debug/build/rayon-core-f3fb99b26e1d2f34/build_script_build-f3fb99b26e1d2f34.build_script_build.ad2b83f4-cgu.2.rcgu.o" "/opt/rustwide/target/debug/build/rayon-core-f3fb99b26e1d2f34/build_script_build-f3fb99b26e1d2f34.build_script_build.ad2b83f4-cgu.3.rcgu.o" "/opt/rustwide/target/debug/build/rayon-core-f3fb99b26e1d2f34/build_script_build-f3fb99b26e1d2f34.build_script_build.ad2b83f4-cgu.4.rcgu.o" "/opt/rustwide/target/debug/build/rayon-core-f3fb99b26e1d2f34/build_script_build-f3fb99b26e1d2f34.build_script_build.ad2b83f4-cgu.5.rcgu.o" "/opt/rustwide/target/debug/build/rayon-core-f3fb99b26e1d2f34/build_script_build-f3fb99b26e1d2f34.3cx66g4yyj40pi89.rcgu.o" "-Wl,--as-needed" "-L" "/opt/rustwide/target/debug/deps" "-L" "/opt/rustwide/rustup-home/toolchains/1.69.0-x86_64-unknown-linux-gnu/lib/rustlib/x86_64-unknown-linux-gnu/lib" "-Wl,-Bstatic" "/opt/rustwide/rustup-home/toolchains/1.69.0-x86_64-unknown-linux-gnu/lib/rustlib/x86_64-unknown-linux-gnu/lib/libstd-89bc084783fdc439.rlib" "/opt/rustwide/rustup-home/toolchains/1.69.0-x86_64-unknown-linux-gnu/lib/rustlib/x86_64-unknown-linux-gnu/lib/libpanic_unwind-8bee4b287d4367c1.rlib" "/opt/rustwide/rustup-home/toolchains/1.69.0-x86_64-unknown-linux-gnu/lib/rustlib/x86_64-unknown-linux-gnu/lib/libobject-d61707aed80694c0.rlib" "/opt/rustwide/rustup-home/toolchains/1.69.0-x86_64-unknown-linux-gnu/lib/rustlib/x86_64-unknown-linux-gnu/lib/libmemchr-d85366256f22345b.rlib" "/opt/rustwide/rustup-home/toolchains/1.69.0-x86_64-unknown-linux-gnu/lib/rustlib/x86_64-unknown-linux-gnu/lib/libaddr2line-96069b86b8a8cae9.rlib" "/opt/rustwide/rustup-home/toolchains/1.69.0-x86_64-unknown-linux-gnu/lib/rustlib/x86_64-unknown-linux-gnu/lib/libgimli-d19d53abf68dfa6c.rlib" "/opt/rustwide/rustup-home/toolchains/1.69.0-x86_64-unknown-linux-gnu/lib/rustlib/x86_64-unknown-linux-gnu/lib/librustc_demangle-787cbccd19d64ac6.rlib" "/opt/rustwide/rustup-home/toolchains/1.69.0-x86_64-unknown-linux-gnu/lib/rustlib/x86_64-unknown-linux-gnu/lib/libstd_detect-b3837a36b830e0d0.rlib" "/opt/rustwide/rustup-home/toolchains/1.69.0-x86_64-unknown-linux-gnu/lib/rustlib/x86_64-unknown-linux-gnu/lib/libhashbrown-e3deb0e7e3f04966.rlib" "/opt/rustwide/rustup-home/toolchains/1.69.0-x86_64-unknown-linux-gnu/lib/rustlib/x86_64-unknown-linux-gnu/lib/libminiz_oxide-dabbb79c9815def4.rlib" "/opt/rustwide/rustup-home/toolchains/1.69.0-x86_64-unknown-linux-gnu/lib/rustlib/x86_64-unknown-linux-gnu/lib/libadler-305b01f34c9409f2.rlib" "/opt/rustwide/rustup-home/toolchains/1.69.0-x86_64-unknown-linux-gnu/lib/rustlib/x86_64-unknown-linux-gnu/lib/librustc_std_workspace_alloc-f833521df6074e73.rlib" "/opt/rustwide/rustup-home/toolchains/1.69.0-x86_64-unknown-linux-gnu/lib/rustlib/x86_64-unknown-linux-gnu/lib/libunwind-9ac333113350d171.rlib" "/opt/rustwide/rustup-home/toolchains/1.69.0-x86_64-unknown-linux-gnu/lib/rustlib/x86_64-unknown-linux-gnu/lib/libcfg_if-1c126114322d0eee.rlib" "/opt/rustwide/rustup-home/toolchains/1.69.0-x86_64-unknown-linux-gnu/lib/rustlib/x86_64-unknown-linux-gnu/lib/liblibc-bad9164fdeeecf92.rlib" "/opt/rustwide/rustup-home/toolchains/1.69.0-x86_64-unknown-linux-gnu/lib/rustlib/x86_64-unknown-linux-gnu/lib/liballoc-f9374b1e480fa681.rlib" "/opt/rustwide/rustup-home/toolchains/1.69.0-x86_64-unknown-linux-gnu/lib/rustlib/x86_64-unknown-linux-gnu/lib/librustc_std_workspace_core-207f06e41d9603af.rlib" "/opt/rustwide/rustup-home/toolchains/1.69.0-x86_64-unknown-linux-gnu/lib/rustlib/x86_64-unknown-linux-gnu/lib/libcore-7e2768e66e984e85.rlib" "/opt/rustwide/rustup-home/toolchains/1.69.0-x86_64-unknown-linux-gnu/lib/rustlib/x86_64-unknown-linux-gnu/lib/libcompiler_builtins-957b4aff41f8cd46.rlib" "-Wl,-Bdynamic" "-lgcc_s" "-lutil" "-lrt" "-lpthread" "-lm" "-ldl" "-lc" "-Wl,--eh-frame-hdr" "-Wl,-z,noexecstack" "-L" "/opt/rustwide/rustup-home/toolchains/1.69.0-x86_64-unknown-linux-gnu/lib/rustlib/x86_64-unknown-linux-gnu/lib" "-o" "/opt/rustwide/target/debug/build/rayon-core-f3fb99b26e1d2f34/build_script_build-f3fb99b26e1d2f34" "-Wl,--gc-sections" "-pie" "-Wl,-z,relro,-z,now" "-nodefaultlibs"
[INFO] [stdout]   = note: /usr/bin/ld: final link failed: No space left on device
[INFO] [stdout]           collect2: error: ld returned 1 exit status
[INFO] [stdout]           
[INFO] [stdout] 
[INFO] [stdout] 
[INFO] [stderr] error: could not compile `libc`
[INFO] [stdout] error: aborting due to previous error
[INFO] [stdout] 
[INFO] [stdout] 
[INFO] [stderr] error: could not compile `rayon-core` due to 2 previous errors
[INFO] [stdout] error: linking with `cc` failed: exit status: 1
[INFO] [stdout]   |
[INFO] [stdout]   = note: LC_ALL="C" PATH="/opt/rustwide/rustup-home/toolchains/1.69.0-x86_64-unknown-linux-gnu/lib/rustlib/x86_64-unknown-linux-gnu/bin:/opt/rustwide/cargo-home/bin:/usr/local/sbin:/usr/local/bin:/usr/sbin:/usr/bin:/sbin:/bin" VSLANG="1033" "cc" "-m64" "/tmp/rustcdF0NgP/symbols.o" "/opt/rustwide/target/debug/build/serde_derive-c8a8737f32a8bc9d/build_script_build-c8a8737f32a8bc9d.build_script_build.6347e5da-cgu.0.rcgu.o" "/opt/rustwide/target/debug/build/serde_derive-c8a8737f32a8bc9d/build_script_build-c8a8737f32a8bc9d.build_script_build.6347e5da-cgu.1.rcgu.o" "/opt/rustwide/target/debug/build/serde_derive-c8a8737f32a8bc9d/build_script_build-c8a8737f32a8bc9d.build_script_build.6347e5da-cgu.10.rcgu.o" "/opt/rustwide/target/debug/build/serde_derive-c8a8737f32a8bc9d/build_script_build-c8a8737f32a8bc9d.build_script_build.6347e5da-cgu.11.rcgu.o" "/opt/rustwide/target/debug/build/serde_derive-c8a8737f32a8bc9d/build_script_build-c8a8737f32a8bc9d.build_script_build.6347e5da-cgu.12.rcgu.o" "/opt/rustwide/target/debug/build/serde_derive-c8a8737f32a8bc9d/build_script_build-c8a8737f32a8bc9d.build_script_build.6347e5da-cgu.13.rcgu.o" "/opt/rustwide/target/debug/build/serde_derive-c8a8737f32a8bc9d/build_script_build-c8a8737f32a8bc9d.build_script_build.6347e5da-cgu.14.rcgu.o" "/opt/rustwide/target/debug/build/serde_derive-c8a8737f32a8bc9d/build_script_build-c8a8737f32a8bc9d.build_script_build.6347e5da-cgu.15.rcgu.o" "/opt/rustwide/target/debug/build/serde_derive-c8a8737f32a8bc9d/build_script_build-c8a8737f32a8bc9d.build_script_build.6347e5da-cgu.2.rcgu.o" "/opt/rustwide/target/debug/build/serde_derive-c8a8737f32a8bc9d/build_script_build-c8a8737f32a8bc9d.build_script_build.6347e5da-cgu.3.rcgu.o" "/opt/rustwide/target/debug/build/serde_derive-c8a8737f32a8bc9d/build_script_build-c8a8737f32a8bc9d.build_script_build.6347e5da-cgu.4.rcgu.o" "/opt/rustwide/target/debug/build/serde_derive-c8a8737f32a8bc9d/build_script_build-c8a8737f32a8bc9d.build_script_build.6347e5da-cgu.5.rcgu.o" "/opt/rustwide/target/debug/build/serde_derive-c8a8737f32a8bc9d/build_script_build-c8a8737f32a8bc9d.build_script_build.6347e5da-cgu.6.rcgu.o" "/opt/rustwide/target/debug/build/serde_derive-c8a8737f32a8bc9d/build_script_build-c8a8737f32a8bc9d.build_script_build.6347e5da-cgu.7.rcgu.o" "/opt/rustwide/target/debug/build/serde_derive-c8a8737f32a8bc9d/build_script_build-c8a8737f32a8bc9d.build_script_build.6347e5da-cgu.8.rcgu.o" "/opt/rustwide/target/debug/build/serde_derive-c8a8737f32a8bc9d/build_script_build-c8a8737f32a8bc9d.build_script_build.6347e5da-cgu.9.rcgu.o" "/opt/rustwide/target/debug/build/serde_derive-c8a8737f32a8bc9d/build_script_build-c8a8737f32a8bc9d.3l5r0zi3pb5d8k55.rcgu.o" "-Wl,--as-needed" "-L" "/opt/rustwide/target/debug/deps" "-L" "/opt/rustwide/rustup-home/toolchains/1.69.0-x86_64-unknown-linux-gnu/lib/rustlib/x86_64-unknown-linux-gnu/lib" "-Wl,-Bstatic" "/opt/rustwide/rustup-home/toolchains/1.69.0-x86_64-unknown-linux-gnu/lib/rustlib/x86_64-unknown-linux-gnu/lib/libstd-89bc084783fdc439.rlib" "/opt/rustwide/rustup-home/toolchains/1.69.0-x86_64-unknown-linux-gnu/lib/rustlib/x86_64-unknown-linux-gnu/lib/libpanic_unwind-8bee4b287d4367c1.rlib" "/opt/rustwide/rustup-home/toolchains/1.69.0-x86_64-unknown-linux-gnu/lib/rustlib/x86_64-unknown-linux-gnu/lib/libobject-d61707aed80694c0.rlib" "/opt/rustwide/rustup-home/toolchains/1.69.0-x86_64-unknown-linux-gnu/lib/rustlib/x86_64-unknown-linux-gnu/lib/libmemchr-d85366256f22345b.rlib" "/opt/rustwide/rustup-home/toolchains/1.69.0-x86_64-unknown-linux-gnu/lib/rustlib/x86_64-unknown-linux-gnu/lib/libaddr2line-96069b86b8a8cae9.rlib" "/opt/rustwide/rustup-home/toolchains/1.69.0-x86_64-unknown-linux-gnu/lib/rustlib/x86_64-unknown-linux-gnu/lib/libgimli-d19d53abf68dfa6c.rlib" "/opt/rustwide/rustup-home/toolchains/1.69.0-x86_64-unknown-linux-gnu/lib/rustlib/x86_64-unknown-linux-gnu/lib/librustc_demangle-787cbccd19d64ac6.rlib" "/opt/rustwide/rustup-home/toolchains/1.69.0-x86_64-unknown-linux-gnu/lib/rustlib/x86_64-unknown-linux-gnu/lib/libstd_detect-b3837a36b830e0d0.rlib" "/opt/rustwide/rustup-home/toolchains/1.69.0-x86_64-unknown-linux-gnu/lib/rustlib/x86_64-unknown-linux-gnu/lib/libhashbrown-e3deb0e7e3f04966.rlib" "/opt/rustwide/rustup-home/toolchains/1.69.0-x86_64-unknown-linux-gnu/lib/rustlib/x86_64-unknown-linux-gnu/lib/libminiz_oxide-dabbb79c9815def4.rlib" "/opt/rustwide/rustup-home/toolchains/1.69.0-x86_64-unknown-linux-gnu/lib/rustlib/x86_64-unknown-linux-gnu/lib/libadler-305b01f34c9409f2.rlib" "/opt/rustwide/rustup-home/toolchains/1.69.0-x86_64-unknown-linux-gnu/lib/rustlib/x86_64-unknown-linux-gnu/lib/librustc_std_workspace_alloc-f833521df6074e73.rlib" "/opt/rustwide/rustup-home/toolchains/1.69.0-x86_64-unknown-linux-gnu/lib/rustlib/x86_64-unknown-linux-gnu/lib/libunwind-9ac333113350d171.rlib" "/opt/rustwide/rustup-home/toolchains/1.69.0-x86_64-unknown-linux-gnu/lib/rustlib/x86_64-unknown-linux-gnu/lib/libcfg_if-1c126114322d0eee.rlib" "/opt/rustwide/rustup-home/toolchains/1.69.0-x86_64-unknown-linux-gnu/lib/rustlib/x86_64-unknown-linux-gnu/lib/liblibc-bad9164fdeeecf92.rlib" "/opt/rustwide/rustup-home/toolchains/1.69.0-x86_64-unknown-linux-gnu/lib/rustlib/x86_64-unknown-linux-gnu/lib/liballoc-f9374b1e480fa681.rlib" "/opt/rustwide/rustup-home/toolchains/1.69.0-x86_64-unknown-linux-gnu/lib/rustlib/x86_64-unknown-linux-gnu/lib/librustc_std_workspace_core-207f06e41d9603af.rlib" "/opt/rustwide/rustup-home/toolchains/1.69.0-x86_64-unknown-linux-gnu/lib/rustlib/x86_64-unknown-linux-gnu/lib/libcore-7e2768e66e984e85.rlib" "/opt/rustwide/rustup-home/toolchains/1.69.0-x86_64-unknown-linux-gnu/lib/rustlib/x86_64-unknown-linux-gnu/lib/libcompiler_builtins-957b4aff41f8cd46.rlib" "-Wl,-Bdynamic" "-lgcc_s" "-lutil" "-lrt" "-lpthread" "-lm" "-ldl" "-lc" "-Wl,--eh-frame-hdr" "-Wl,-z,noexecstack" "-L" "/opt/rustwide/rustup-home/toolchains/1.69.0-x86_64-unknown-linux-gnu/lib/rustlib/x86_64-unknown-linux-gnu/lib" "-o" "/opt/rustwide/target/debug/build/serde_derive-c8a8737f32a8bc9d/build_script_build-c8a8737f32a8bc9d" "-Wl,--gc-sections" "-pie" "-Wl,-z,relro,-z,now" "-nodefaultlibs"
[INFO] [stdout]   = note: /usr/bin/ld: final link failed: No space left on device
[INFO] [stdout]           collect2: error: ld returned 1 exit status
[INFO] [stdout]           
[INFO] [stdout] 
[INFO] [stdout] 
[INFO] [stdout] error: linking with `cc` failed: exit status: 1
[INFO] [stdout]   |
[INFO] [stdout]   = note: LC_ALL="C" PATH="/opt/rustwide/rustup-home/toolchains/1.69.0-x86_64-unknown-linux-gnu/lib/rustlib/x86_64-unknown-linux-gnu/bin:/opt/rustwide/cargo-home/bin:/usr/local/sbin:/usr/local/bin:/usr/sbin:/usr/bin:/sbin:/bin" VSLANG="1033" "cc" "-m64" "/tmp/rustc1eK3SN/symbols.o" "/opt/rustwide/target/debug/build/crc32fast-f454cdcac127dfb2/build_script_build-f454cdcac127dfb2.build_script_build.662d0dd1-cgu.0.rcgu.o" "/opt/rustwide/target/debug/build/crc32fast-f454cdcac127dfb2/build_script_build-f454cdcac127dfb2.build_script_build.662d0dd1-cgu.1.rcgu.o" "/opt/rustwide/target/debug/build/crc32fast-f454cdcac127dfb2/build_script_build-f454cdcac127dfb2.build_script_build.662d0dd1-cgu.10.rcgu.o" "/opt/rustwide/target/debug/build/crc32fast-f454cdcac127dfb2/build_script_build-f454cdcac127dfb2.build_script_build.662d0dd1-cgu.11.rcgu.o" "/opt/rustwide/target/debug/build/crc32fast-f454cdcac127dfb2/build_script_build-f454cdcac127dfb2.build_script_build.662d0dd1-cgu.12.rcgu.o" "/opt/rustwide/target/debug/build/crc32fast-f454cdcac127dfb2/build_script_build-f454cdcac127dfb2.build_script_build.662d0dd1-cgu.13.rcgu.o" "/opt/rustwide/target/debug/build/crc32fast-f454cdcac127dfb2/build_script_build-f454cdcac127dfb2.build_script_build.662d0dd1-cgu.14.rcgu.o" "/opt/rustwide/target/debug/build/crc32fast-f454cdcac127dfb2/build_script_build-f454cdcac127dfb2.build_script_build.662d0dd1-cgu.15.rcgu.o" "/opt/rustwide/target/debug/build/crc32fast-f454cdcac127dfb2/build_script_build-f454cdcac127dfb2.build_script_build.662d0dd1-cgu.2.rcgu.o" "/opt/rustwide/target/debug/build/crc32fast-f454cdcac127dfb2/build_script_build-f454cdcac127dfb2.build_script_build.662d0dd1-cgu.3.rcgu.o" "/opt/rustwide/target/debug/build/crc32fast-f454cdcac127dfb2/build_script_build-f454cdcac127dfb2.build_script_build.662d0dd1-cgu.4.rcgu.o" "/opt/rustwide/target/debug/build/crc32fast-f454cdcac127dfb2/build_script_build-f454cdcac127dfb2.build_script_build.662d0dd1-cgu.5.rcgu.o" "/opt/rustwide/target/debug/build/crc32fast-f454cdcac127dfb2/build_script_build-f454cdcac127dfb2.build_script_build.662d0dd1-cgu.6.rcgu.o" "/opt/rustwide/target/debug/build/crc32fast-f454cdcac127dfb2/build_script_build-f454cdcac127dfb2.build_script_build.662d0dd1-cgu.7.rcgu.o" "/opt/rustwide/target/debug/build/crc32fast-f454cdcac127dfb2/build_script_build-f454cdcac127dfb2.build_script_build.662d0dd1-cgu.8.rcgu.o" "/opt/rustwide/target/debug/build/crc32fast-f454cdcac127dfb2/build_script_build-f454cdcac127dfb2.build_script_build.662d0dd1-cgu.9.rcgu.o" "/opt/rustwide/target/debug/build/crc32fast-f454cdcac127dfb2/build_script_build-f454cdcac127dfb2.55hn38217zjikt35.rcgu.o" "-Wl,--as-needed" "-L" "/opt/rustwide/target/debug/deps" "-L" "/opt/rustwide/rustup-home/toolchains/1.69.0-x86_64-unknown-linux-gnu/lib/rustlib/x86_64-unknown-linux-gnu/lib" "-Wl,-Bstatic" "/opt/rustwide/rustup-home/toolchains/1.69.0-x86_64-unknown-linux-gnu/lib/rustlib/x86_64-unknown-linux-gnu/lib/libstd-89bc084783fdc439.rlib" "/opt/rustwide/rustup-home/toolchains/1.69.0-x86_64-unknown-linux-gnu/lib/rustlib/x86_64-unknown-linux-gnu/lib/libpanic_unwind-8bee4b287d4367c1.rlib" "/opt/rustwide/rustup-home/toolchains/1.69.0-x86_64-unknown-linux-gnu/lib/rustlib/x86_64-unknown-linux-gnu/lib/libobject-d61707aed80694c0.rlib" "/opt/rustwide/rustup-home/toolchains/1.69.0-x86_64-unknown-linux-gnu/lib/rustlib/x86_64-unknown-linux-gnu/lib/libmemchr-d85366256f22345b.rlib" "/opt/rustwide/rustup-home/toolchains/1.69.0-x86_64-unknown-linux-gnu/lib/rustlib/x86_64-unknown-linux-gnu/lib/libaddr2line-96069b86b8a8cae9.rlib" "/opt/rustwide/rustup-home/toolchains/1.69.0-x86_64-unknown-linux-gnu/lib/rustlib/x86_64-unknown-linux-gnu/lib/libgimli-d19d53abf68dfa6c.rlib" "/opt/rustwide/rustup-home/toolchains/1.69.0-x86_64-unknown-linux-gnu/lib/rustlib/x86_64-unknown-linux-gnu/lib/librustc_demangle-787cbccd19d64ac6.rlib" "/opt/rustwide/rustup-home/toolchains/1.69.0-x86_64-unknown-linux-gnu/lib/rustlib/x86_64-unknown-linux-gnu/lib/libstd_detect-b3837a36b830e0d0.rlib" "/opt/rustwide/rustup-home/toolchains/1.69.0-x86_64-unknown-linux-gnu/lib/rustlib/x86_64-unknown-linux-gnu/lib/libhashbrown-e3deb0e7e3f04966.rlib" "/opt/rustwide/rustup-home/toolchains/1.69.0-x86_64-unknown-linux-gnu/lib/rustlib/x86_64-unknown-linux-gnu/lib/libminiz_oxide-dabbb79c9815def4.rlib" "/opt/rustwide/rustup-home/toolchains/1.69.0-x86_64-unknown-linux-gnu/lib/rustlib/x86_64-unknown-linux-gnu/lib/libadler-305b01f34c9409f2.rlib" "/opt/rustwide/rustup-home/toolchains/1.69.0-x86_64-unknown-linux-gnu/lib/rustlib/x86_64-unknown-linux-gnu/lib/librustc_std_workspace_alloc-f833521df6074e73.rlib" "/opt/rustwide/rustup-home/toolchains/1.69.0-x86_64-unknown-linux-gnu/lib/rustlib/x86_64-unknown-linux-gnu/lib/libunwind-9ac333113350d171.rlib" "/opt/rustwide/rustup-home/toolchains/1.69.0-x86_64-unknown-linux-gnu/lib/rustlib/x86_64-unknown-linux-gnu/lib/libcfg_if-1c126114322d0eee.rlib" "/opt/rustwide/rustup-home/toolchains/1.69.0-x86_64-unknown-linux-gnu/lib/rustlib/x86_64-unknown-linux-gnu/lib/liblibc-bad9164fdeeecf92.rlib" "/opt/rustwide/rustup-home/toolchains/1.69.0-x86_64-unknown-linux-gnu/lib/rustlib/x86_64-unknown-linux-gnu/lib/liballoc-f9374b1e480fa681.rlib" "/opt/rustwide/rustup-home/toolchains/1.69.0-x86_64-unknown-linux-gnu/lib/rustlib/x86_64-unknown-linux-gnu/lib/librustc_std_workspace_core-207f06e41d9603af.rlib" "/opt/rustwide/rustup-home/toolchains/1.69.0-x86_64-unknown-linux-gnu/lib/rustlib/x86_64-unknown-linux-gnu/lib/libcore-7e2768e66e984e85.rlib" "/opt/rustwide/rustup-home/toolchains/1.69.0-x86_64-unknown-linux-gnu/lib/rustlib/x86_64-unknown-linux-gnu/lib/libcompiler_builtins-957b4aff41f8cd46.rlib" "-Wl,-Bdynamic" "-lgcc_s" "-lutil" "-lrt" "-lpthread" "-lm" "-ldl" "-lc" "-Wl,--eh-frame-hdr" "-Wl,-z,noexecstack" "-L" "/opt/rustwide/rustup-home/toolchains/1.69.0-x86_64-unknown-linux-gnu/lib/rustlib/x86_64-unknown-linux-gnu/lib" "-o" "/opt/rustwide/target/debug/build/crc32fast-f454cdcac127dfb2/build_script_build-f454cdcac127dfb2" "-Wl,--gc-sections" "-pie" "-Wl,-z,relro,-z,now" "-nodefaultlibs"
[INFO] [stdout]   = note: /usr/bin/ld: final link failed: No space left on device
[INFO] [stdout]           collect2: error: ld returned 1 exit status
[INFO] [stdout]           
[INFO] [stdout] 
[INFO] [stdout] 
[INFO] [stdout] error: aborting due to previous error
[INFO] [stdout] 
[INFO] [stdout] 
[INFO] [stdout] error: aborting due to previous error
[INFO] [stdout] 
[INFO] [stdout] 
[INFO] [stdout] error: linking with `cc` failed: exit status: 1
[INFO] [stdout]   |
[INFO] [stdout]   = note: LC_ALL="C" PATH="/opt/rustwide/rustup-home/toolchains/1.69.0-x86_64-unknown-linux-gnu/lib/rustlib/x86_64-unknown-linux-gnu/bin:/opt/rustwide/cargo-home/bin:/usr/local/sbin:/usr/local/bin:/usr/sbin:/usr/bin:/sbin:/bin" VSLANG="1033" "cc" "-m64" "/tmp/rustcOcIRID/symbols.o" "/opt/rustwide/target/debug/build/ryu-8d78a6f95eff8a02/build_script_build-8d78a6f95eff8a02.build_script_build.9f47e161-cgu.0.rcgu.o" "/opt/rustwide/target/debug/build/ryu-8d78a6f95eff8a02/build_script_build-8d78a6f95eff8a02.build_script_build.9f47e161-cgu.1.rcgu.o" "/opt/rustwide/target/debug/build/ryu-8d78a6f95eff8a02/build_script_build-8d78a6f95eff8a02.build_script_build.9f47e161-cgu.10.rcgu.o" "/opt/rustwide/target/debug/build/ryu-8d78a6f95eff8a02/build_script_build-8d78a6f95eff8a02.build_script_build.9f47e161-cgu.11.rcgu.o" "/opt/rustwide/target/debug/build/ryu-8d78a6f95eff8a02/build_script_build-8d78a6f95eff8a02.build_script_build.9f47e161-cgu.12.rcgu.o" "/opt/rustwide/target/debug/build/ryu-8d78a6f95eff8a02/build_script_build-8d78a6f95eff8a02.build_script_build.9f47e161-cgu.13.rcgu.o" "/opt/rustwide/target/debug/build/ryu-8d78a6f95eff8a02/build_script_build-8d78a6f95eff8a02.build_script_build.9f47e161-cgu.14.rcgu.o" "/opt/rustwide/target/debug/build/ryu-8d78a6f95eff8a02/build_script_build-8d78a6f95eff8a02.build_script_build.9f47e161-cgu.15.rcgu.o" "/opt/rustwide/target/debug/build/ryu-8d78a6f95eff8a02/build_script_build-8d78a6f95eff8a02.build_script_build.9f47e161-cgu.2.rcgu.o" "/opt/rustwide/target/debug/build/ryu-8d78a6f95eff8a02/build_script_build-8d78a6f95eff8a02.build_script_build.9f47e161-cgu.3.rcgu.o" "/opt/rustwide/target/debug/build/ryu-8d78a6f95eff8a02/build_script_build-8d78a6f95eff8a02.build_script_build.9f47e161-cgu.4.rcgu.o" "/opt/rustwide/target/debug/build/ryu-8d78a6f95eff8a02/build_script_build-8d78a6f95eff8a02.build_script_build.9f47e161-cgu.5.rcgu.o" "/opt/rustwide/target/debug/build/ryu-8d78a6f95eff8a02/build_script_build-8d78a6f95eff8a02.build_script_build.9f47e161-cgu.6.rcgu.o" "/opt/rustwide/target/debug/build/ryu-8d78a6f95eff8a02/build_script_build-8d78a6f95eff8a02.build_script_build.9f47e161-cgu.7.rcgu.o" "/opt/rustwide/target/debug/build/ryu-8d78a6f95eff8a02/build_script_build-8d78a6f95eff8a02.build_script_build.9f47e161-cgu.8.rcgu.o" "/opt/rustwide/target/debug/build/ryu-8d78a6f95eff8a02/build_script_build-8d78a6f95eff8a02.build_script_build.9f47e161-cgu.9.rcgu.o" "/opt/rustwide/target/debug/build/ryu-8d78a6f95eff8a02/build_script_build-8d78a6f95eff8a02.28depiuprawb8vfq.rcgu.o" "-Wl,--as-needed" "-L" "/opt/rustwide/target/debug/deps" "-L" "/opt/rustwide/rustup-home/toolchains/1.69.0-x86_64-unknown-linux-gnu/lib/rustlib/x86_64-unknown-linux-gnu/lib" "-Wl,-Bstatic" "/opt/rustwide/rustup-home/toolchains/1.69.0-x86_64-unknown-linux-gnu/lib/rustlib/x86_64-unknown-linux-gnu/lib/libstd-89bc084783fdc439.rlib" "/opt/rustwide/rustup-home/toolchains/1.69.0-x86_64-unknown-linux-gnu/lib/rustlib/x86_64-unknown-linux-gnu/lib/libpanic_unwind-8bee4b287d4367c1.rlib" "/opt/rustwide/rustup-home/toolchains/1.69.0-x86_64-unknown-linux-gnu/lib/rustlib/x86_64-unknown-linux-gnu/lib/libobject-d61707aed80694c0.rlib" "/opt/rustwide/rustup-home/toolchains/1.69.0-x86_64-unknown-linux-gnu/lib/rustlib/x86_64-unknown-linux-gnu/lib/libmemchr-d85366256f22345b.rlib" "/opt/rustwide/rustup-home/toolchains/1.69.0-x86_64-unknown-linux-gnu/lib/rustlib/x86_64-unknown-linux-gnu/lib/libaddr2line-96069b86b8a8cae9.rlib" "/opt/rustwide/rustup-home/toolchains/1.69.0-x86_64-unknown-linux-gnu/lib/rustlib/x86_64-unknown-linux-gnu/lib/libgimli-d19d53abf68dfa6c.rlib" "/opt/rustwide/rustup-home/toolchains/1.69.0-x86_64-unknown-linux-gnu/lib/rustlib/x86_64-unknown-linux-gnu/lib/librustc_demangle-787cbccd19d64ac6.rlib" "/opt/rustwide/rustup-home/toolchains/1.69.0-x86_64-unknown-linux-gnu/lib/rustlib/x86_64-unknown-linux-gnu/lib/libstd_detect-b3837a36b830e0d0.rlib" "/opt/rustwide/rustup-home/toolchains/1.69.0-x86_64-unknown-linux-gnu/lib/rustlib/x86_64-unknown-linux-gnu/lib/libhashbrown-e3deb0e7e3f04966.rlib" "/opt/rustwide/rustup-home/toolchains/1.69.0-x86_64-unknown-linux-gnu/lib/rustlib/x86_64-unknown-linux-gnu/lib/libminiz_oxide-dabbb79c9815def4.rlib" "/opt/rustwide/rustup-home/toolchains/1.69.0-x86_64-unknown-linux-gnu/lib/rustlib/x86_64-unknown-linux-gnu/lib/libadler-305b01f34c9409f2.rlib" "/opt/rustwide/rustup-home/toolchains/1.69.0-x86_64-unknown-linux-gnu/lib/rustlib/x86_64-unknown-linux-gnu/lib/librustc_std_workspace_alloc-f833521df6074e73.rlib" "/opt/rustwide/rustup-home/toolchains/1.69.0-x86_64-unknown-linux-gnu/lib/rustlib/x86_64-unknown-linux-gnu/lib/libunwind-9ac333113350d171.rlib" "/opt/rustwide/rustup-home/toolchains/1.69.0-x86_64-unknown-linux-gnu/lib/rustlib/x86_64-unknown-linux-gnu/lib/libcfg_if-1c126114322d0eee.rlib" "/opt/rustwide/rustup-home/toolchains/1.69.0-x86_64-unknown-linux-gnu/lib/rustlib/x86_64-unknown-linux-gnu/lib/liblibc-bad9164fdeeecf92.rlib" "/opt/rustwide/rustup-home/toolchains/1.69.0-x86_64-unknown-linux-gnu/lib/rustlib/x86_64-unknown-linux-gnu/lib/liballoc-f9374b1e480fa681.rlib" "/opt/rustwide/rustup-home/toolchains/1.69.0-x86_64-unknown-linux-gnu/lib/rustlib/x86_64-unknown-linux-gnu/lib/librustc_std_workspace_core-207f06e41d9603af.rlib" "/opt/rustwide/rustup-home/toolchains/1.69.0-x86_64-unknown-linux-gnu/lib/rustlib/x86_64-unknown-linux-gnu/lib/libcore-7e2768e66e984e85.rlib" "/opt/rustwide/rustup-home/toolchains/1.69.0-x86_64-unknown-linux-gnu/lib/rustlib/x86_64-unknown-linux-gnu/lib/libcompiler_builtins-957b4aff41f8cd46.rlib" "-Wl,-Bdynamic" "-lgcc_s" "-lutil" "-lrt" "-lpthread" "-lm" "-ldl" "-lc" "-Wl,--eh-frame-hdr" "-Wl,-z,noexecstack" "-L" "/opt/rustwide/rustup-home/toolchains/1.69.0-x86_64-unknown-linux-gnu/lib/rustlib/x86_64-unknown-linux-gnu/lib" "-o" "/opt/rustwide/target/debug/build/ryu-8d78a6f95eff8a02/build_script_build-8d78a6f95eff8a02" "-Wl,--gc-sections" "-pie" "-Wl,-z,relro,-z,now" "-nodefaultlibs"
[INFO] [stdout]   = note: /usr/bin/ld: final link failed: No space left on device
[INFO] [stdout]           collect2: error: ld returned 1 exit status
[INFO] [stdout]           
[INFO] [stdout] 
[INFO] [stdout] 
[INFO] [stdout] error: linking with `cc` failed: exit status: 1
[INFO] [stdout]   |
[INFO] [stdout]   = note: LC_ALL="C" PATH="/opt/rustwide/rustup-home/toolchains/1.69.0-x86_64-unknown-linux-gnu/lib/rustlib/x86_64-unknown-linux-gnu/bin:/opt/rustwide/cargo-home/bin:/usr/local/sbin:/usr/local/bin:/usr/sbin:/usr/bin:/sbin:/bin" VSLANG="1033" "cc" "-m64" "/tmp/rustcfD0Uhz/symbols.o" "/opt/rustwide/target/debug/build/bitflags-dd524883b75aa422/build_script_build-dd524883b75aa422.build_script_build.734da6b5-cgu.0.rcgu.o" "/opt/rustwide/target/debug/build/bitflags-dd524883b75aa422/build_script_build-dd524883b75aa422.build_script_build.734da6b5-cgu.1.rcgu.o" "/opt/rustwide/target/debug/build/bitflags-dd524883b75aa422/build_script_build-dd524883b75aa422.build_script_build.734da6b5-cgu.10.rcgu.o" "/opt/rustwide/target/debug/build/bitflags-dd524883b75aa422/build_script_build-dd524883b75aa422.build_script_build.734da6b5-cgu.11.rcgu.o" "/opt/rustwide/target/debug/build/bitflags-dd524883b75aa422/build_script_build-dd524883b75aa422.build_script_build.734da6b5-cgu.12.rcgu.o" "/opt/rustwide/target/debug/build/bitflags-dd524883b75aa422/build_script_build-dd524883b75aa422.build_script_build.734da6b5-cgu.13.rcgu.o" "/opt/rustwide/target/debug/build/bitflags-dd524883b75aa422/build_script_build-dd524883b75aa422.build_script_build.734da6b5-cgu.14.rcgu.o" "/opt/rustwide/target/debug/build/bitflags-dd524883b75aa422/build_script_build-dd524883b75aa422.build_script_build.734da6b5-cgu.15.rcgu.o" "/opt/rustwide/target/debug/build/bitflags-dd524883b75aa422/build_script_build-dd524883b75aa422.build_script_build.734da6b5-cgu.2.rcgu.o" "/opt/rustwide/target/debug/build/bitflags-dd524883b75aa422/build_script_build-dd524883b75aa422.build_script_build.734da6b5-cgu.3.rcgu.o" "/opt/rustwide/target/debug/build/bitflags-dd524883b75aa422/build_script_build-dd524883b75aa422.build_script_build.734da6b5-cgu.4.rcgu.o" "/opt/rustwide/target/debug/build/bitflags-dd524883b75aa422/build_script_build-dd524883b75aa422.build_script_build.734da6b5-cgu.5.rcgu.o" "/opt/rustwide/target/debug/build/bitflags-dd524883b75aa422/build_script_build-dd524883b75aa422.build_script_build.734da6b5-cgu.6.rcgu.o" "/opt/rustwide/target/debug/build/bitflags-dd524883b75aa422/build_script_build-dd524883b75aa422.build_script_build.734da6b5-cgu.7.rcgu.o" "/opt/rustwide/target/debug/build/bitflags-dd524883b75aa422/build_script_build-dd524883b75aa422.build_script_build.734da6b5-cgu.8.rcgu.o" "/opt/rustwide/target/debug/build/bitflags-dd524883b75aa422/build_script_build-dd524883b75aa422.build_script_build.734da6b5-cgu.9.rcgu.o" "/opt/rustwide/target/debug/build/bitflags-dd524883b75aa422/build_script_build-dd524883b75aa422.135vj3djft1tiw7n.rcgu.o" "-Wl,--as-needed" "-L" "/opt/rustwide/target/debug/deps" "-L" "/opt/rustwide/rustup-home/toolchains/1.69.0-x86_64-unknown-linux-gnu/lib/rustlib/x86_64-unknown-linux-gnu/lib" "-Wl,-Bstatic" "/opt/rustwide/rustup-home/toolchains/1.69.0-x86_64-unknown-linux-gnu/lib/rustlib/x86_64-unknown-linux-gnu/lib/libstd-89bc084783fdc439.rlib" "/opt/rustwide/rustup-home/toolchains/1.69.0-x86_64-unknown-linux-gnu/lib/rustlib/x86_64-unknown-linux-gnu/lib/libpanic_unwind-8bee4b287d4367c1.rlib" "/opt/rustwide/rustup-home/toolchains/1.69.0-x86_64-unknown-linux-gnu/lib/rustlib/x86_64-unknown-linux-gnu/lib/libobject-d61707aed80694c0.rlib" "/opt/rustwide/rustup-home/toolchains/1.69.0-x86_64-unknown-linux-gnu/lib/rustlib/x86_64-unknown-linux-gnu/lib/libmemchr-d85366256f22345b.rlib" "/opt/rustwide/rustup-home/toolchains/1.69.0-x86_64-unknown-linux-gnu/lib/rustlib/x86_64-unknown-linux-gnu/lib/libaddr2line-96069b86b8a8cae9.rlib" "/opt/rustwide/rustup-home/toolchains/1.69.0-x86_64-unknown-linux-gnu/lib/rustlib/x86_64-unknown-linux-gnu/lib/libgimli-d19d53abf68dfa6c.rlib" "/opt/rustwide/rustup-home/toolchains/1.69.0-x86_64-unknown-linux-gnu/lib/rustlib/x86_64-unknown-linux-gnu/lib/librustc_demangle-787cbccd19d64ac6.rlib" "/opt/rustwide/rustup-home/toolchains/1.69.0-x86_64-unknown-linux-gnu/lib/rustlib/x86_64-unknown-linux-gnu/lib/libstd_detect-b3837a36b830e0d0.rlib" "/opt/rustwide/rustup-home/toolchains/1.69.0-x86_64-unknown-linux-gnu/lib/rustlib/x86_64-unknown-linux-gnu/lib/libhashbrown-e3deb0e7e3f04966.rlib" "/opt/rustwide/rustup-home/toolchains/1.69.0-x86_64-unknown-linux-gnu/lib/rustlib/x86_64-unknown-linux-gnu/lib/libminiz_oxide-dabbb79c9815def4.rlib" "/opt/rustwide/rustup-home/toolchains/1.69.0-x86_64-unknown-linux-gnu/lib/rustlib/x86_64-unknown-linux-gnu/lib/libadler-305b01f34c9409f2.rlib" "/opt/rustwide/rustup-home/toolchains/1.69.0-x86_64-unknown-linux-gnu/lib/rustlib/x86_64-unknown-linux-gnu/lib/librustc_std_workspace_alloc-f833521df6074e73.rlib" "/opt/rustwide/rustup-home/toolchains/1.69.0-x86_64-unknown-linux-gnu/lib/rustlib/x86_64-unknown-linux-gnu/lib/libunwind-9ac333113350d171.rlib" "/opt/rustwide/rustup-home/toolchains/1.69.0-x86_64-unknown-linux-gnu/lib/rustlib/x86_64-unknown-linux-gnu/lib/libcfg_if-1c126114322d0eee.rlib" "/opt/rustwide/rustup-home/toolchains/1.69.0-x86_64-unknown-linux-gnu/lib/rustlib/x86_64-unknown-linux-gnu/lib/liblibc-bad9164fdeeecf92.rlib" "/opt/rustwide/rustup-home/toolchains/1.69.0-x86_64-unknown-linux-gnu/lib/rustlib/x86_64-unknown-linux-gnu/lib/liballoc-f9374b1e480fa681.rlib" "/opt/rustwide/rustup-home/toolchains/1.69.0-x86_64-unknown-linux-gnu/lib/rustlib/x86_64-unknown-linux-gnu/lib/librustc_std_workspace_core-207f06e41d9603af.rlib" "/opt/rustwide/rustup-home/toolchains/1.69.0-x86_64-unknown-linux-gnu/lib/rustlib/x86_64-unknown-linux-gnu/lib/libcore-7e2768e66e984e85.rlib" "/opt/rustwide/rustup-home/toolchains/1.69.0-x86_64-unknown-linux-gnu/lib/rustlib/x86_64-unknown-linux-gnu/lib/libcompiler_builtins-957b4aff41f8cd46.rlib" "-Wl,-Bdynamic" "-lgcc_s" "-lutil" "-lrt" "-lpthread" "-lm" "-ldl" "-lc" "-Wl,--eh-frame-hdr" "-Wl,-z,noexecstack" "-L" "/opt/rustwide/rustup-home/toolchains/1.69.0-x86_64-unknown-linux-gnu/lib/rustlib/x86_64-unknown-linux-gnu/lib" "-o" "/opt/rustwide/target/debug/build/bitflags-dd524883b75aa422/build_script_build-dd524883b75aa422" "-Wl,--gc-sections" "-pie" "-Wl,-z,relro,-z,now" "-nodefaultlibs"
[INFO] [stdout]   = note: /usr/bin/ld: final link failed: No space left on device
[INFO] [stdout]           collect2: error: ld returned 1 exit status
[INFO] [stdout]           
[INFO] [stdout] 
[INFO] [stdout] 
[INFO] [stdout] error: aborting due to previous error
[INFO] [stdout] 
[INFO] [stdout] 
[INFO] [stdout] error: aborting due to previous error
[INFO] [stdout] 
[INFO] [stdout] 
[INFO] [stderr] error: could not compile `serde_derive` due to 2 previous errors
[INFO] [stderr] error: could not compile `crc32fast` due to 2 previous errors
[INFO] [stderr] error: could not compile `bitflags` due to 2 previous errors
[INFO] [stderr] error: could not compile `ryu` due to 2 previous errors
[INFO] [stdout] error: linking with `cc` failed: exit status: 1
[INFO] [stdout]   |
[INFO] [stdout]   = note: LC_ALL="C" PATH="/opt/rustwide/rustup-home/toolchains/1.69.0-x86_64-unknown-linux-gnu/lib/rustlib/x86_64-unknown-linux-gnu/bin:/opt/rustwide/cargo-home/bin:/usr/local/sbin:/usr/local/bin:/usr/sbin:/usr/bin:/sbin:/bin" VSLANG="1033" "cc" "-m64" "/tmp/rustcxLOBDR/symbols.o" "/opt/rustwide/target/debug/build/maybe-uninit-a5f3ca946a8d832f/build_script_build-a5f3ca946a8d832f.build_script_build.5d782c11-cgu.0.rcgu.o" "/opt/rustwide/target/debug/build/maybe-uninit-a5f3ca946a8d832f/build_script_build-a5f3ca946a8d832f.build_script_build.5d782c11-cgu.1.rcgu.o" "/opt/rustwide/target/debug/build/maybe-uninit-a5f3ca946a8d832f/build_script_build-a5f3ca946a8d832f.build_script_build.5d782c11-cgu.10.rcgu.o" "/opt/rustwide/target/debug/build/maybe-uninit-a5f3ca946a8d832f/build_script_build-a5f3ca946a8d832f.build_script_build.5d782c11-cgu.11.rcgu.o" "/opt/rustwide/target/debug/build/maybe-uninit-a5f3ca946a8d832f/build_script_build-a5f3ca946a8d832f.build_script_build.5d782c11-cgu.12.rcgu.o" "/opt/rustwide/target/debug/build/maybe-uninit-a5f3ca946a8d832f/build_script_build-a5f3ca946a8d832f.build_script_build.5d782c11-cgu.13.rcgu.o" "/opt/rustwide/target/debug/build/maybe-uninit-a5f3ca946a8d832f/build_script_build-a5f3ca946a8d832f.build_script_build.5d782c11-cgu.14.rcgu.o" "/opt/rustwide/target/debug/build/maybe-uninit-a5f3ca946a8d832f/build_script_build-a5f3ca946a8d832f.build_script_build.5d782c11-cgu.15.rcgu.o" "/opt/rustwide/target/debug/build/maybe-uninit-a5f3ca946a8d832f/build_script_build-a5f3ca946a8d832f.build_script_build.5d782c11-cgu.2.rcgu.o" "/opt/rustwide/target/debug/build/maybe-uninit-a5f3ca946a8d832f/build_script_build-a5f3ca946a8d832f.build_script_build.5d782c11-cgu.3.rcgu.o" "/opt/rustwide/target/debug/build/maybe-uninit-a5f3ca946a8d832f/build_script_build-a5f3ca946a8d832f.build_script_build.5d782c11-cgu.4.rcgu.o" "/opt/rustwide/target/debug/build/maybe-uninit-a5f3ca946a8d832f/build_script_build-a5f3ca946a8d832f.build_script_build.5d782c11-cgu.5.rcgu.o" "/opt/rustwide/target/debug/build/maybe-uninit-a5f3ca946a8d832f/build_script_build-a5f3ca946a8d832f.build_script_build.5d782c11-cgu.6.rcgu.o" "/opt/rustwide/target/debug/build/maybe-uninit-a5f3ca946a8d832f/build_script_build-a5f3ca946a8d832f.build_script_build.5d782c11-cgu.7.rcgu.o" "/opt/rustwide/target/debug/build/maybe-uninit-a5f3ca946a8d832f/build_script_build-a5f3ca946a8d832f.build_script_build.5d782c11-cgu.8.rcgu.o" "/opt/rustwide/target/debug/build/maybe-uninit-a5f3ca946a8d832f/build_script_build-a5f3ca946a8d832f.build_script_build.5d782c11-cgu.9.rcgu.o" "/opt/rustwide/target/debug/build/maybe-uninit-a5f3ca946a8d832f/build_script_build-a5f3ca946a8d832f.4b3sropw2rsp81lx.rcgu.o" "-Wl,--as-needed" "-L" "/opt/rustwide/target/debug/deps" "-L" "/opt/rustwide/rustup-home/toolchains/1.69.0-x86_64-unknown-linux-gnu/lib/rustlib/x86_64-unknown-linux-gnu/lib" "-Wl,-Bstatic" "/opt/rustwide/rustup-home/toolchains/1.69.0-x86_64-unknown-linux-gnu/lib/rustlib/x86_64-unknown-linux-gnu/lib/libstd-89bc084783fdc439.rlib" "/opt/rustwide/rustup-home/toolchains/1.69.0-x86_64-unknown-linux-gnu/lib/rustlib/x86_64-unknown-linux-gnu/lib/libpanic_unwind-8bee4b287d4367c1.rlib" "/opt/rustwide/rustup-home/toolchains/1.69.0-x86_64-unknown-linux-gnu/lib/rustlib/x86_64-unknown-linux-gnu/lib/libobject-d61707aed80694c0.rlib" "/opt/rustwide/rustup-home/toolchains/1.69.0-x86_64-unknown-linux-gnu/lib/rustlib/x86_64-unknown-linux-gnu/lib/libmemchr-d85366256f22345b.rlib" "/opt/rustwide/rustup-home/toolchains/1.69.0-x86_64-unknown-linux-gnu/lib/rustlib/x86_64-unknown-linux-gnu/lib/libaddr2line-96069b86b8a8cae9.rlib" "/opt/rustwide/rustup-home/toolchains/1.69.0-x86_64-unknown-linux-gnu/lib/rustlib/x86_64-unknown-linux-gnu/lib/libgimli-d19d53abf68dfa6c.rlib" "/opt/rustwide/rustup-home/toolchains/1.69.0-x86_64-unknown-linux-gnu/lib/rustlib/x86_64-unknown-linux-gnu/lib/librustc_demangle-787cbccd19d64ac6.rlib" "/opt/rustwide/rustup-home/toolchains/1.69.0-x86_64-unknown-linux-gnu/lib/rustlib/x86_64-unknown-linux-gnu/lib/libstd_detect-b3837a36b830e0d0.rlib" "/opt/rustwide/rustup-home/toolchains/1.69.0-x86_64-unknown-linux-gnu/lib/rustlib/x86_64-unknown-linux-gnu/lib/libhashbrown-e3deb0e7e3f04966.rlib" "/opt/rustwide/rustup-home/toolchains/1.69.0-x86_64-unknown-linux-gnu/lib/rustlib/x86_64-unknown-linux-gnu/lib/libminiz_oxide-dabbb79c9815def4.rlib" "/opt/rustwide/rustup-home/toolchains/1.69.0-x86_64-unknown-linux-gnu/lib/rustlib/x86_64-unknown-linux-gnu/lib/libadler-305b01f34c9409f2.rlib" "/opt/rustwide/rustup-home/toolchains/1.69.0-x86_64-unknown-linux-gnu/lib/rustlib/x86_64-unknown-linux-gnu/lib/librustc_std_workspace_alloc-f833521df6074e73.rlib" "/opt/rustwide/rustup-home/toolchains/1.69.0-x86_64-unknown-linux-gnu/lib/rustlib/x86_64-unknown-linux-gnu/lib/libunwind-9ac333113350d171.rlib" "/opt/rustwide/rustup-home/toolchains/1.69.0-x86_64-unknown-linux-gnu/lib/rustlib/x86_64-unknown-linux-gnu/lib/libcfg_if-1c126114322d0eee.rlib" "/opt/rustwide/rustup-home/toolchains/1.69.0-x86_64-unknown-linux-gnu/lib/rustlib/x86_64-unknown-linux-gnu/lib/liblibc-bad9164fdeeecf92.rlib" "/opt/rustwide/rustup-home/toolchains/1.69.0-x86_64-unknown-linux-gnu/lib/rustlib/x86_64-unknown-linux-gnu/lib/liballoc-f9374b1e480fa681.rlib" "/opt/rustwide/rustup-home/toolchains/1.69.0-x86_64-unknown-linux-gnu/lib/rustlib/x86_64-unknown-linux-gnu/lib/librustc_std_workspace_core-207f06e41d9603af.rlib" "/opt/rustwide/rustup-home/toolchains/1.69.0-x86_64-unknown-linux-gnu/lib/rustlib/x86_64-unknown-linux-gnu/lib/libcore-7e2768e66e984e85.rlib" "/opt/rustwide/rustup-home/toolchains/1.69.0-x86_64-unknown-linux-gnu/lib/rustlib/x86_64-unknown-linux-gnu/lib/libcompiler_builtins-957b4aff41f8cd46.rlib" "-Wl,-Bdynamic" "-lgcc_s" "-lutil" "-lrt" "-lpthread" "-lm" "-ldl" "-lc" "-Wl,--eh-frame-hdr" "-Wl,-z,noexecstack" "-L" "/opt/rustwide/rustup-home/toolchains/1.69.0-x86_64-unknown-linux-gnu/lib/rustlib/x86_64-unknown-linux-gnu/lib" "-o" "/opt/rustwide/target/debug/build/maybe-uninit-a5f3ca946a8d832f/build_script_build-a5f3ca946a8d832f" "-Wl,--gc-sections" "-pie" "-Wl,-z,relro,-z,now" "-nodefaultlibs"
[INFO] [stdout]   = note: /usr/bin/ld: final link failed: No space left on device
[INFO] [stdout]           collect2: error: ld returned 1 exit status
[INFO] [stdout]           
[INFO] [stdout] 
[INFO] [stdout] 
[INFO] [stdout] error: aborting due to previous error
[INFO] [stdout] 
[INFO] [stdout] 
[INFO] [stderr] error: could not compile `maybe-uninit` due to 2 previous errors
[INFO] [stderr] thread 'rustc' panicked at 'assertion failed: pos.get() <= self.position()', compiler/rustc_metadata/src/rmeta/encoder.rs:435:9
[INFO] [stdout] error: linking with `cc` failed: exit status: 1
[INFO] [stdout]   |
[INFO] [stdout]   = note: LC_ALL="C" PATH="/opt/rustwide/rustup-home/toolchains/1.69.0-x86_64-unknown-linux-gnu/lib/rustlib/x86_64-unknown-linux-gnu/bin:/opt/rustwide/cargo-home/bin:/usr/local/sbin:/usr/local/bin:/usr/sbin:/usr/bin:/sbin:/bin" VSLANG="1033" "cc" "-m64" "/tmp/rustcaPsfRN/symbols.o" "/opt/rustwide/target/debug/build/byteorder-24f18b280da87765/build_script_build-24f18b280da87765.build_script_build.b400002c-cgu.0.rcgu.o" "/opt/rustwide/target/debug/build/byteorder-24f18b280da87765/build_script_build-24f18b280da87765.build_script_build.b400002c-cgu.1.rcgu.o" "/opt/rustwide/target/debug/build/byteorder-24f18b280da87765/build_script_build-24f18b280da87765.build_script_build.b400002c-cgu.10.rcgu.o" "/opt/rustwide/target/debug/build/byteorder-24f18b280da87765/build_script_build-24f18b280da87765.build_script_build.b400002c-cgu.11.rcgu.o" "/opt/rustwide/target/debug/build/byteorder-24f18b280da87765/build_script_build-24f18b280da87765.build_script_build.b400002c-cgu.12.rcgu.o" "/opt/rustwide/target/debug/build/byteorder-24f18b280da87765/build_script_build-24f18b280da87765.build_script_build.b400002c-cgu.13.rcgu.o" "/opt/rustwide/target/debug/build/byteorder-24f18b280da87765/build_script_build-24f18b280da87765.build_script_build.b400002c-cgu.14.rcgu.o" "/opt/rustwide/target/debug/build/byteorder-24f18b280da87765/build_script_build-24f18b280da87765.build_script_build.b400002c-cgu.15.rcgu.o" "/opt/rustwide/target/debug/build/byteorder-24f18b280da87765/build_script_build-24f18b280da87765.build_script_build.b400002c-cgu.2.rcgu.o" "/opt/rustwide/target/debug/build/byteorder-24f18b280da87765/build_script_build-24f18b280da87765.build_script_build.b400002c-cgu.3.rcgu.o" "/opt/rustwide/target/debug/build/byteorder-24f18b280da87765/build_script_build-24f18b280da87765.build_script_build.b400002c-cgu.4.rcgu.o" "/opt/rustwide/target/debug/build/byteorder-24f18b280da87765/build_script_build-24f18b280da87765.build_script_build.b400002c-cgu.5.rcgu.o" "/opt/rustwide/target/debug/build/byteorder-24f18b280da87765/build_script_build-24f18b280da87765.build_script_build.b400002c-cgu.6.rcgu.o" "/opt/rustwide/target/debug/build/byteorder-24f18b280da87765/build_script_build-24f18b280da87765.build_script_build.b400002c-cgu.7.rcgu.o" "/opt/rustwide/target/debug/build/byteorder-24f18b280da87765/build_script_build-24f18b280da87765.build_script_build.b400002c-cgu.8.rcgu.o" "/opt/rustwide/target/debug/build/byteorder-24f18b280da87765/build_script_build-24f18b280da87765.build_script_build.b400002c-cgu.9.rcgu.o" "/opt/rustwide/target/debug/build/byteorder-24f18b280da87765/build_script_build-24f18b280da87765.1o1g35fn6z387swv.rcgu.o" "-Wl,--as-needed" "-L" "/opt/rustwide/target/debug/deps" "-L" "/opt/rustwide/rustup-home/toolchains/1.69.0-x86_64-unknown-linux-gnu/lib/rustlib/x86_64-unknown-linux-gnu/lib" "-Wl,-Bstatic" "/opt/rustwide/rustup-home/toolchains/1.69.0-x86_64-unknown-linux-gnu/lib/rustlib/x86_64-unknown-linux-gnu/lib/libstd-89bc084783fdc439.rlib" "/opt/rustwide/rustup-home/toolchains/1.69.0-x86_64-unknown-linux-gnu/lib/rustlib/x86_64-unknown-linux-gnu/lib/libpanic_unwind-8bee4b287d4367c1.rlib" "/opt/rustwide/rustup-home/toolchains/1.69.0-x86_64-unknown-linux-gnu/lib/rustlib/x86_64-unknown-linux-gnu/lib/libobject-d61707aed80694c0.rlib" "/opt/rustwide/rustup-home/toolchains/1.69.0-x86_64-unknown-linux-gnu/lib/rustlib/x86_64-unknown-linux-gnu/lib/libmemchr-d85366256f22345b.rlib" "/opt/rustwide/rustup-home/toolchains/1.69.0-x86_64-unknown-linux-gnu/lib/rustlib/x86_64-unknown-linux-gnu/lib/libaddr2line-96069b86b8a8cae9.rlib" "/opt/rustwide/rustup-home/toolchains/1.69.0-x86_64-unknown-linux-gnu/lib/rustlib/x86_64-unknown-linux-gnu/lib/libgimli-d19d53abf68dfa6c.rlib" "/opt/rustwide/rustup-home/toolchains/1.69.0-x86_64-unknown-linux-gnu/lib/rustlib/x86_64-unknown-linux-gnu/lib/librustc_demangle-787cbccd19d64ac6.rlib" "/opt/rustwide/rustup-home/toolchains/1.69.0-x86_64-unknown-linux-gnu/lib/rustlib/x86_64-unknown-linux-gnu/lib/libstd_detect-b3837a36b830e0d0.rlib" "/opt/rustwide/rustup-home/toolchains/1.69.0-x86_64-unknown-linux-gnu/lib/rustlib/x86_64-unknown-linux-gnu/lib/libhashbrown-e3deb0e7e3f04966.rlib" "/opt/rustwide/rustup-home/toolchains/1.69.0-x86_64-unknown-linux-gnu/lib/rustlib/x86_64-unknown-linux-gnu/lib/libminiz_oxide-dabbb79c9815def4.rlib" "/opt/rustwide/rustup-home/toolchains/1.69.0-x86_64-unknown-linux-gnu/lib/rustlib/x86_64-unknown-linux-gnu/lib/libadler-305b01f34c9409f2.rlib" "/opt/rustwide/rustup-home/toolchains/1.69.0-x86_64-unknown-linux-gnu/lib/rustlib/x86_64-unknown-linux-gnu/lib/librustc_std_workspace_alloc-f833521df6074e73.rlib" "/opt/rustwide/rustup-home/toolchains/1.69.0-x86_64-unknown-linux-gnu/lib/rustlib/x86_64-unknown-linux-gnu/lib/libunwind-9ac333113350d171.rlib" "/opt/rustwide/rustup-home/toolchains/1.69.0-x86_64-unknown-linux-gnu/lib/rustlib/x86_64-unknown-linux-gnu/lib/libcfg_if-1c126114322d0eee.rlib" "/opt/rustwide/rustup-home/toolchains/1.69.0-x86_64-unknown-linux-gnu/lib/rustlib/x86_64-unknown-linux-gnu/lib/liblibc-bad9164fdeeecf92.rlib" "/opt/rustwide/rustup-home/toolchains/1.69.0-x86_64-unknown-linux-gnu/lib/rustlib/x86_64-unknown-linux-gnu/lib/liballoc-f9374b1e480fa681.rlib" "/opt/rustwide/rustup-home/toolchains/1.69.0-x86_64-unknown-linux-gnu/lib/rustlib/x86_64-unknown-linux-gnu/lib/librustc_std_workspace_core-207f06e41d9603af.rlib" "/opt/rustwide/rustup-home/toolchains/1.69.0-x86_64-unknown-linux-gnu/lib/rustlib/x86_64-unknown-linux-gnu/lib/libcore-7e2768e66e984e85.rlib" "/opt/rustwide/rustup-home/toolchains/1.69.0-x86_64-unknown-linux-gnu/lib/rustlib/x86_64-unknown-linux-gnu/lib/libcompiler_builtins-957b4aff41f8cd46.rlib" "-Wl,-Bdynamic" "-lgcc_s" "-lutil" "-lrt" "-lpthread" "-lm" "-ldl" "-lc" "-Wl,--eh-frame-hdr" "-Wl,-z,noexecstack" "-L" "/opt/rustwide/rustup-home/toolchains/1.69.0-x86_64-unknown-linux-gnu/lib/rustlib/x86_64-unknown-linux-gnu/lib" "-o" "/opt/rustwide/target/debug/build/byteorder-24f18b280da87765/build_script_build-24f18b280da87765" "-Wl,--gc-sections" "-pie" "-Wl,-z,relro,-z,now" "-nodefaultlibs"
[INFO] [stdout]   = note: /usr/bin/ld: final link failed: No space left on device
[INFO] [stdout]           collect2: error: ld returned 1 exit status
[INFO] [stdout]           
[INFO] [stdout] 
[INFO] [stdout] 
[INFO] [stdout] error: aborting due to previous error
[INFO] [stdout] 
[INFO] [stdout] 
[INFO] [stderr] error: could not compile `byteorder` due to 2 previous errors
[INFO] [stderr] error: could not compile `weezl`
[INFO] running `Command { std: "docker" "inspect" "83d19581fe15d4c248d4ebc4a848a97076b32ba176bfb9d4a2c49e7332acbcc5", kill_on_drop: false }`
[INFO] running `Command { std: "docker" "rm" "-f" "83d19581fe15d4c248d4ebc4a848a97076b32ba176bfb9d4a2c49e7332acbcc5", kill_on_drop: false }`
[INFO] [stdout] 83d19581fe15d4c248d4ebc4a848a97076b32ba176bfb9d4a2c49e7332acbcc5
