[INFO] cloning repository https://github.com/MidasVanVeen/smart_alt_codes
[INFO] running `Command { std: "git" "-c" "credential.helper=" "-c" "credential.helper=/workspace/cargo-home/bin/git-credential-null" "clone" "--bare" "https://github.com/MidasVanVeen/smart_alt_codes" "/workspace/cache/git-repos/https%3A%2F%2Fgithub.com%2FMidasVanVeen%2Fsmart_alt_codes", kill_on_drop: false }`
[INFO] [stderr] Cloning into bare repository '/workspace/cache/git-repos/https%3A%2F%2Fgithub.com%2FMidasVanVeen%2Fsmart_alt_codes'...
[INFO] running `Command { std: "git" "rev-parse" "HEAD", kill_on_drop: false }`
[INFO] [stdout] 7eda9bd0291cd9b8170c028927d2292a69c1b3fe
[INFO] documenting MidasVanVeen/smart_alt_codes against beta-2023-04-20 for beta-1.70-rustdoc-1
[INFO] running `Command { std: "git" "clone" "/workspace/cache/git-repos/https%3A%2F%2Fgithub.com%2FMidasVanVeen%2Fsmart_alt_codes" "/workspace/builds/worker-4-tc2/source", kill_on_drop: false }`
[INFO] [stderr] Cloning into '/workspace/builds/worker-4-tc2/source'...
[INFO] [stderr] done.
[INFO] validating manifest of git repo https://github.com/MidasVanVeen/smart_alt_codes on toolchain beta-2023-04-20
[INFO] running `Command { std: CARGO_HOME="/workspace/cargo-home" RUSTUP_HOME="/workspace/rustup-home" "/workspace/cargo-home/bin/cargo" "+beta-2023-04-20" "metadata" "--manifest-path" "Cargo.toml" "--no-deps", kill_on_drop: false }`
[INFO] started tweaking git repo https://github.com/MidasVanVeen/smart_alt_codes
[INFO] finished tweaking git repo https://github.com/MidasVanVeen/smart_alt_codes
[INFO] tweaked toml for git repo https://github.com/MidasVanVeen/smart_alt_codes written to /workspace/builds/worker-4-tc2/source/Cargo.toml
[INFO] crate git repo https://github.com/MidasVanVeen/smart_alt_codes already has a lockfile, it will not be regenerated
[INFO] running `Command { std: CARGO_HOME="/workspace/cargo-home" RUSTUP_HOME="/workspace/rustup-home" "/workspace/cargo-home/bin/cargo" "+beta-2023-04-20" "fetch" "--manifest-path" "Cargo.toml", kill_on_drop: false }`
[INFO] [stderr]     Updating crates.io index
[INFO] [stderr]  Downloading crates ...
[INFO] [stderr]   Downloaded enigo v0.0.14
[INFO] [stderr]   Downloaded core-graphics v0.18.0
[INFO] running `Command { std: "docker" "create" "-v" "/var/lib/crater-agent-workspace/builds/worker-4-tc2/target:/opt/rustwide/target:rw,Z" "-v" "/var/lib/crater-agent-workspace/builds/worker-4-tc2/source:/opt/rustwide/workdir:ro,Z" "-v" "/var/lib/crater-agent-workspace/cargo-home:/opt/rustwide/cargo-home:ro,Z" "-v" "/var/lib/crater-agent-workspace/rustup-home:/opt/rustwide/rustup-home:ro,Z" "-e" "SOURCE_DIR=/opt/rustwide/workdir" "-e" "CARGO_TARGET_DIR=/opt/rustwide/target" "-e" "CARGO_HOME=/opt/rustwide/cargo-home" "-e" "RUSTUP_HOME=/opt/rustwide/rustup-home" "-w" "/opt/rustwide/workdir" "-m" "1610612736" "--user" "0:0" "--network" "none" "ghcr.io/rust-lang/crates-build-env/linux@sha256:97d61d7686bf65f8ecb15491ab51835e82dc9176a96a831f143a431b191fc501" "/opt/rustwide/cargo-home/bin/cargo" "+beta-2023-04-20" "metadata" "--no-deps" "--format-version=1", kill_on_drop: false }`
[INFO] [stdout] d0d7e1fb438b56fcc2ecab0c48c9545666ae1b110db1e0d8393fe97c9af8cbf0
[INFO] running `Command { std: "docker" "start" "-a" "d0d7e1fb438b56fcc2ecab0c48c9545666ae1b110db1e0d8393fe97c9af8cbf0", kill_on_drop: false }`
[INFO] running `Command { std: "docker" "inspect" "d0d7e1fb438b56fcc2ecab0c48c9545666ae1b110db1e0d8393fe97c9af8cbf0", kill_on_drop: false }`
[INFO] running `Command { std: "docker" "rm" "-f" "d0d7e1fb438b56fcc2ecab0c48c9545666ae1b110db1e0d8393fe97c9af8cbf0", kill_on_drop: false }`
[INFO] [stdout] d0d7e1fb438b56fcc2ecab0c48c9545666ae1b110db1e0d8393fe97c9af8cbf0
[INFO] running `Command { std: "docker" "create" "-v" "/var/lib/crater-agent-workspace/builds/worker-4-tc2/target:/opt/rustwide/target:rw,Z" "-v" "/var/lib/crater-agent-workspace/builds/worker-4-tc2/source:/opt/rustwide/workdir:ro,Z" "-v" "/var/lib/crater-agent-workspace/cargo-home:/opt/rustwide/cargo-home:ro,Z" "-v" "/var/lib/crater-agent-workspace/rustup-home:/opt/rustwide/rustup-home:ro,Z" "-e" "SOURCE_DIR=/opt/rustwide/workdir" "-e" "CARGO_TARGET_DIR=/opt/rustwide/target" "-e" "CARGO_INCREMENTAL=0" "-e" "RUST_BACKTRACE=full" "-e" "RUSTFLAGS=--cap-lints=warn" "-e" "RUSTDOCFLAGS=--cap-lints=warn" "-e" "CARGO_HOME=/opt/rustwide/cargo-home" "-e" "RUSTUP_HOME=/opt/rustwide/rustup-home" "-w" "/opt/rustwide/workdir" "-m" "1610612736" "--user" "0:0" "--network" "none" "ghcr.io/rust-lang/crates-build-env/linux@sha256:97d61d7686bf65f8ecb15491ab51835e82dc9176a96a831f143a431b191fc501" "/opt/rustwide/cargo-home/bin/cargo" "+beta-2023-04-20" "doc" "--frozen" "--no-deps" "--document-private-items" "--message-format=json", kill_on_drop: false }`
[INFO] [stdout] d721f3300905285a84039952947d3250d80b157588102247a5dfc01f34dc581d
[INFO] running `Command { std: "docker" "start" "-a" "d721f3300905285a84039952947d3250d80b157588102247a5dfc01f34dc581d", kill_on_drop: false }`
[INFO] [stderr]    Compiling memchr v2.5.0
[INFO] [stderr]    Compiling serde v1.0.137
[INFO] [stderr]    Compiling pkg-config v0.3.25
[INFO] [stderr]    Compiling libc v0.2.126
[INFO] [stderr]     Checking lazy_static v1.4.0
[INFO] [stderr]     Checking regex-automata v0.1.10
[INFO] [stderr]     Checking ryu v1.0.10
[INFO] [stderr]     Checking itoa v0.4.8
[INFO] [stdout] error: linking with `cc` failed: exit status: 1
[INFO] [stdout]   |
[INFO] [stdout]   = note: LC_ALL="C" PATH="/opt/rustwide/rustup-home/toolchains/beta-2023-04-20-x86_64-unknown-linux-gnu/lib/rustlib/x86_64-unknown-linux-gnu/bin:/opt/rustwide/cargo-home/bin:/usr/local/sbin:/usr/local/bin:/usr/sbin:/usr/bin:/sbin:/bin" VSLANG="1033" "cc" "-m64" "/tmp/rustcHfTcse/symbols.o" "/opt/rustwide/target/debug/build/libc-465f5ef5357f09c8/build_script_build-465f5ef5357f09c8.build_script_build.41269c21-cgu.0.rcgu.o" "/opt/rustwide/target/debug/build/libc-465f5ef5357f09c8/build_script_build-465f5ef5357f09c8.build_script_build.41269c21-cgu.1.rcgu.o" "/opt/rustwide/target/debug/build/libc-465f5ef5357f09c8/build_script_build-465f5ef5357f09c8.build_script_build.41269c21-cgu.10.rcgu.o" "/opt/rustwide/target/debug/build/libc-465f5ef5357f09c8/build_script_build-465f5ef5357f09c8.build_script_build.41269c21-cgu.11.rcgu.o" "/opt/rustwide/target/debug/build/libc-465f5ef5357f09c8/build_script_build-465f5ef5357f09c8.build_script_build.41269c21-cgu.12.rcgu.o" "/opt/rustwide/target/debug/build/libc-465f5ef5357f09c8/build_script_build-465f5ef5357f09c8.build_script_build.41269c21-cgu.13.rcgu.o" "/opt/rustwide/target/debug/build/libc-465f5ef5357f09c8/build_script_build-465f5ef5357f09c8.build_script_build.41269c21-cgu.14.rcgu.o" "/opt/rustwide/target/debug/build/libc-465f5ef5357f09c8/build_script_build-465f5ef5357f09c8.build_script_build.41269c21-cgu.15.rcgu.o" "/opt/rustwide/target/debug/build/libc-465f5ef5357f09c8/build_script_build-465f5ef5357f09c8.build_script_build.41269c21-cgu.2.rcgu.o" "/opt/rustwide/target/debug/build/libc-465f5ef5357f09c8/build_script_build-465f5ef5357f09c8.build_script_build.41269c21-cgu.3.rcgu.o" "/opt/rustwide/target/debug/build/libc-465f5ef5357f09c8/build_script_build-465f5ef5357f09c8.build_script_build.41269c21-cgu.4.rcgu.o" "/opt/rustwide/target/debug/build/libc-465f5ef5357f09c8/build_script_build-465f5ef5357f09c8.build_script_build.41269c21-cgu.5.rcgu.o" "/opt/rustwide/target/debug/build/libc-465f5ef5357f09c8/build_script_build-465f5ef5357f09c8.build_script_build.41269c21-cgu.6.rcgu.o" "/opt/rustwide/target/debug/build/libc-465f5ef5357f09c8/build_script_build-465f5ef5357f09c8.build_script_build.41269c21-cgu.7.rcgu.o" "/opt/rustwide/target/debug/build/libc-465f5ef5357f09c8/build_script_build-465f5ef5357f09c8.build_script_build.41269c21-cgu.8.rcgu.o" "/opt/rustwide/target/debug/build/libc-465f5ef5357f09c8/build_script_build-465f5ef5357f09c8.build_script_build.41269c21-cgu.9.rcgu.o" "/opt/rustwide/target/debug/build/libc-465f5ef5357f09c8/build_script_build-465f5ef5357f09c8.140ppnacg2kupy13.rcgu.o" "-Wl,--as-needed" "-L" "/opt/rustwide/target/debug/deps" "-L" "/opt/rustwide/rustup-home/toolchains/beta-2023-04-20-x86_64-unknown-linux-gnu/lib/rustlib/x86_64-unknown-linux-gnu/lib" "-Wl,-Bstatic" "/opt/rustwide/rustup-home/toolchains/beta-2023-04-20-x86_64-unknown-linux-gnu/lib/rustlib/x86_64-unknown-linux-gnu/lib/libstd-0e29cc23c5e02021.rlib" "/opt/rustwide/rustup-home/toolchains/beta-2023-04-20-x86_64-unknown-linux-gnu/lib/rustlib/x86_64-unknown-linux-gnu/lib/libpanic_unwind-d903621768a861d9.rlib" "/opt/rustwide/rustup-home/toolchains/beta-2023-04-20-x86_64-unknown-linux-gnu/lib/rustlib/x86_64-unknown-linux-gnu/lib/libobject-6d0225e655f31c13.rlib" "/opt/rustwide/rustup-home/toolchains/beta-2023-04-20-x86_64-unknown-linux-gnu/lib/rustlib/x86_64-unknown-linux-gnu/lib/libmemchr-9dbaf4eac7eaa079.rlib" "/opt/rustwide/rustup-home/toolchains/beta-2023-04-20-x86_64-unknown-linux-gnu/lib/rustlib/x86_64-unknown-linux-gnu/lib/libaddr2line-27f05b3d42a66dd0.rlib" "/opt/rustwide/rustup-home/toolchains/beta-2023-04-20-x86_64-unknown-linux-gnu/lib/rustlib/x86_64-unknown-linux-gnu/lib/libgimli-4d73f1030321c9a2.rlib" "/opt/rustwide/rustup-home/toolchains/beta-2023-04-20-x86_64-unknown-linux-gnu/lib/rustlib/x86_64-unknown-linux-gnu/lib/librustc_demangle-2846c9e58abd0acb.rlib" "/opt/rustwide/rustup-home/toolchains/beta-2023-04-20-x86_64-unknown-linux-gnu/lib/rustlib/x86_64-unknown-linux-gnu/lib/libstd_detect-a53d0f50415947be.rlib" "/opt/rustwide/rustup-home/toolchains/beta-2023-04-20-x86_64-unknown-linux-gnu/lib/rustlib/x86_64-unknown-linux-gnu/lib/libhashbrown-d48e4b6abc25b9dc.rlib" "/opt/rustwide/rustup-home/toolchains/beta-2023-04-20-x86_64-unknown-linux-gnu/lib/rustlib/x86_64-unknown-linux-gnu/lib/libminiz_oxide-2991859439ef1207.rlib" "/opt/rustwide/rustup-home/toolchains/beta-2023-04-20-x86_64-unknown-linux-gnu/lib/rustlib/x86_64-unknown-linux-gnu/lib/libadler-8a687517e4221bae.rlib" "/opt/rustwide/rustup-home/toolchains/beta-2023-04-20-x86_64-unknown-linux-gnu/lib/rustlib/x86_64-unknown-linux-gnu/lib/librustc_std_workspace_alloc-e07b554f6a67f5b3.rlib" "/opt/rustwide/rustup-home/toolchains/beta-2023-04-20-x86_64-unknown-linux-gnu/lib/rustlib/x86_64-unknown-linux-gnu/lib/libunwind-b68238b7c3c619dd.rlib" "/opt/rustwide/rustup-home/toolchains/beta-2023-04-20-x86_64-unknown-linux-gnu/lib/rustlib/x86_64-unknown-linux-gnu/lib/libcfg_if-d5e213e896c017e4.rlib" "/opt/rustwide/rustup-home/toolchains/beta-2023-04-20-x86_64-unknown-linux-gnu/lib/rustlib/x86_64-unknown-linux-gnu/lib/liblibc-0211a3b2e61d8689.rlib" "/opt/rustwide/rustup-home/toolchains/beta-2023-04-20-x86_64-unknown-linux-gnu/lib/rustlib/x86_64-unknown-linux-gnu/lib/liballoc-b371f055239ba51f.rlib" "/opt/rustwide/rustup-home/toolchains/beta-2023-04-20-x86_64-unknown-linux-gnu/lib/rustlib/x86_64-unknown-linux-gnu/lib/librustc_std_workspace_core-e60518d2760eb01e.rlib" "/opt/rustwide/rustup-home/toolchains/beta-2023-04-20-x86_64-unknown-linux-gnu/lib/rustlib/x86_64-unknown-linux-gnu/lib/libcore-1ad943f92a4b1081.rlib" "/opt/rustwide/rustup-home/toolchains/beta-2023-04-20-x86_64-unknown-linux-gnu/lib/rustlib/x86_64-unknown-linux-gnu/lib/libcompiler_builtins-f0d6e4d0fc1e80b4.rlib" "-Wl,-Bdynamic" "-lgcc_s" "-lutil" "-lrt" "-lpthread" "-lm" "-ldl" "-lc" "-Wl,--eh-frame-hdr" "-Wl,-z,noexecstack" "-L" "/opt/rustwide/rustup-home/toolchains/beta-2023-04-20-x86_64-unknown-linux-gnu/lib/rustlib/x86_64-unknown-linux-gnu/lib" "-o" "/opt/rustwide/target/debug/build/libc-465f5ef5357f09c8/build_script_build-465f5ef5357f09c8" "-Wl,--gc-sections" "-pie" "-Wl,-z,relro,-z,now" "-nodefaultlibs"
[INFO] [stdout]   = note: /usr/bin/ld: final link failed: No space left on device
[INFO] [stdout]           collect2: error: ld returned 1 exit status
[INFO] [stdout]           
[INFO] [stdout] 
[INFO] [stdout] 
[INFO] [stdout] error: linking with `cc` failed: exit status: 1
[INFO] [stdout]   |
[INFO] [stdout]   = note: LC_ALL="C" PATH="/opt/rustwide/rustup-home/toolchains/beta-2023-04-20-x86_64-unknown-linux-gnu/lib/rustlib/x86_64-unknown-linux-gnu/bin:/opt/rustwide/cargo-home/bin:/usr/local/sbin:/usr/local/bin:/usr/sbin:/usr/bin:/sbin:/bin" VSLANG="1033" "cc" "-m64" "/tmp/rustcQY6rfl/symbols.o" "/opt/rustwide/target/debug/build/serde-ca9d53d24850c120/build_script_build-ca9d53d24850c120.build_script_build.9d4fed87-cgu.0.rcgu.o" "/opt/rustwide/target/debug/build/serde-ca9d53d24850c120/build_script_build-ca9d53d24850c120.build_script_build.9d4fed87-cgu.1.rcgu.o" "/opt/rustwide/target/debug/build/serde-ca9d53d24850c120/build_script_build-ca9d53d24850c120.build_script_build.9d4fed87-cgu.10.rcgu.o" "/opt/rustwide/target/debug/build/serde-ca9d53d24850c120/build_script_build-ca9d53d24850c120.build_script_build.9d4fed87-cgu.11.rcgu.o" "/opt/rustwide/target/debug/build/serde-ca9d53d24850c120/build_script_build-ca9d53d24850c120.build_script_build.9d4fed87-cgu.12.rcgu.o" "/opt/rustwide/target/debug/build/serde-ca9d53d24850c120/build_script_build-ca9d53d24850c120.build_script_build.9d4fed87-cgu.13.rcgu.o" "/opt/rustwide/target/debug/build/serde-ca9d53d24850c120/build_script_build-ca9d53d24850c120.build_script_build.9d4fed87-cgu.14.rcgu.o" "/opt/rustwide/target/debug/build/serde-ca9d53d24850c120/build_script_build-ca9d53d24850c120.build_script_build.9d4fed87-cgu.15.rcgu.o" "/opt/rustwide/target/debug/build/serde-ca9d53d24850c120/build_script_build-ca9d53d24850c120.build_script_build.9d4fed87-cgu.2.rcgu.o" "/opt/rustwide/target/debug/build/serde-ca9d53d24850c120/build_script_build-ca9d53d24850c120.build_script_build.9d4fed87-cgu.3.rcgu.o" "/opt/rustwide/target/debug/build/serde-ca9d53d24850c120/build_script_build-ca9d53d24850c120.build_script_build.9d4fed87-cgu.4.rcgu.o" "/opt/rustwide/target/debug/build/serde-ca9d53d24850c120/build_script_build-ca9d53d24850c120.build_script_build.9d4fed87-cgu.5.rcgu.o" "/opt/rustwide/target/debug/build/serde-ca9d53d24850c120/build_script_build-ca9d53d24850c120.build_script_build.9d4fed87-cgu.6.rcgu.o" "/opt/rustwide/target/debug/build/serde-ca9d53d24850c120/build_script_build-ca9d53d24850c120.build_script_build.9d4fed87-cgu.7.rcgu.o" "/opt/rustwide/target/debug/build/serde-ca9d53d24850c120/build_script_build-ca9d53d24850c120.build_script_build.9d4fed87-cgu.8.rcgu.o" "/opt/rustwide/target/debug/build/serde-ca9d53d24850c120/build_script_build-ca9d53d24850c120.build_script_build.9d4fed87-cgu.9.rcgu.o" "/opt/rustwide/target/debug/build/serde-ca9d53d24850c120/build_script_build-ca9d53d24850c120.2qx99i62zlm2zl03.rcgu.o" "-Wl,--as-needed" "-L" "/opt/rustwide/target/debug/deps" "-L" "/opt/rustwide/rustup-home/toolchains/beta-2023-04-20-x86_64-unknown-linux-gnu/lib/rustlib/x86_64-unknown-linux-gnu/lib" "-Wl,-Bstatic" "/opt/rustwide/rustup-home/toolchains/beta-2023-04-20-x86_64-unknown-linux-gnu/lib/rustlib/x86_64-unknown-linux-gnu/lib/libstd-0e29cc23c5e02021.rlib" "/opt/rustwide/rustup-home/toolchains/beta-2023-04-20-x86_64-unknown-linux-gnu/lib/rustlib/x86_64-unknown-linux-gnu/lib/libpanic_unwind-d903621768a861d9.rlib" "/opt/rustwide/rustup-home/toolchains/beta-2023-04-20-x86_64-unknown-linux-gnu/lib/rustlib/x86_64-unknown-linux-gnu/lib/libobject-6d0225e655f31c13.rlib" "/opt/rustwide/rustup-home/toolchains/beta-2023-04-20-x86_64-unknown-linux-gnu/lib/rustlib/x86_64-unknown-linux-gnu/lib/libmemchr-9dbaf4eac7eaa079.rlib" "/opt/rustwide/rustup-home/toolchains/beta-2023-04-20-x86_64-unknown-linux-gnu/lib/rustlib/x86_64-unknown-linux-gnu/lib/libaddr2line-27f05b3d42a66dd0.rlib" "/opt/rustwide/rustup-home/toolchains/beta-2023-04-20-x86_64-unknown-linux-gnu/lib/rustlib/x86_64-unknown-linux-gnu/lib/libgimli-4d73f1030321c9a2.rlib" "/opt/rustwide/rustup-home/toolchains/beta-2023-04-20-x86_64-unknown-linux-gnu/lib/rustlib/x86_64-unknown-linux-gnu/lib/librustc_demangle-2846c9e58abd0acb.rlib" "/opt/rustwide/rustup-home/toolchains/beta-2023-04-20-x86_64-unknown-linux-gnu/lib/rustlib/x86_64-unknown-linux-gnu/lib/libstd_detect-a53d0f50415947be.rlib" "/opt/rustwide/rustup-home/toolchains/beta-2023-04-20-x86_64-unknown-linux-gnu/lib/rustlib/x86_64-unknown-linux-gnu/lib/libhashbrown-d48e4b6abc25b9dc.rlib" "/opt/rustwide/rustup-home/toolchains/beta-2023-04-20-x86_64-unknown-linux-gnu/lib/rustlib/x86_64-unknown-linux-gnu/lib/libminiz_oxide-2991859439ef1207.rlib" "/opt/rustwide/rustup-home/toolchains/beta-2023-04-20-x86_64-unknown-linux-gnu/lib/rustlib/x86_64-unknown-linux-gnu/lib/libadler-8a687517e4221bae.rlib" "/opt/rustwide/rustup-home/toolchains/beta-2023-04-20-x86_64-unknown-linux-gnu/lib/rustlib/x86_64-unknown-linux-gnu/lib/librustc_std_workspace_alloc-e07b554f6a67f5b3.rlib" "/opt/rustwide/rustup-home/toolchains/beta-2023-04-20-x86_64-unknown-linux-gnu/lib/rustlib/x86_64-unknown-linux-gnu/lib/libunwind-b68238b7c3c619dd.rlib" "/opt/rustwide/rustup-home/toolchains/beta-2023-04-20-x86_64-unknown-linux-gnu/lib/rustlib/x86_64-unknown-linux-gnu/lib/libcfg_if-d5e213e896c017e4.rlib" "/opt/rustwide/rustup-home/toolchains/beta-2023-04-20-x86_64-unknown-linux-gnu/lib/rustlib/x86_64-unknown-linux-gnu/lib/liblibc-0211a3b2e61d8689.rlib" "/opt/rustwide/rustup-home/toolchains/beta-2023-04-20-x86_64-unknown-linux-gnu/lib/rustlib/x86_64-unknown-linux-gnu/lib/liballoc-b371f055239ba51f.rlib" "/opt/rustwide/rustup-home/toolchains/beta-2023-04-20-x86_64-unknown-linux-gnu/lib/rustlib/x86_64-unknown-linux-gnu/lib/librustc_std_workspace_core-e60518d2760eb01e.rlib" "/opt/rustwide/rustup-home/toolchains/beta-2023-04-20-x86_64-unknown-linux-gnu/lib/rustlib/x86_64-unknown-linux-gnu/lib/libcore-1ad943f92a4b1081.rlib" "/opt/rustwide/rustup-home/toolchains/beta-2023-04-20-x86_64-unknown-linux-gnu/lib/rustlib/x86_64-unknown-linux-gnu/lib/libcompiler_builtins-f0d6e4d0fc1e80b4.rlib" "-Wl,-Bdynamic" "-lgcc_s" "-lutil" "-lrt" "-lpthread" "-lm" "-ldl" "-lc" "-Wl,--eh-frame-hdr" "-Wl,-z,noexecstack" "-L" "/opt/rustwide/rustup-home/toolchains/beta-2023-04-20-x86_64-unknown-linux-gnu/lib/rustlib/x86_64-unknown-linux-gnu/lib" "-o" "/opt/rustwide/target/debug/build/serde-ca9d53d24850c120/build_script_build-ca9d53d24850c120" "-Wl,--gc-sections" "-pie" "-Wl,-z,relro,-z,now" "-nodefaultlibs"
[INFO] [stdout]   = note: /usr/bin/ld: final link failed: No space left on device
[INFO] [stdout]           collect2: error: ld returned 1 exit status
[INFO] [stdout]           
[INFO] [stdout] 
[INFO] [stdout] 
[INFO] [stdout] error: aborting due to previous error
[INFO] [stdout] 
[INFO] [stdout] 
[INFO] [stdout] error: aborting due to previous error
[INFO] [stdout] 
[INFO] [stdout] 
[INFO] [stdout] error: linking with `cc` failed: exit status: 1
[INFO] [stdout]   |
[INFO] [stdout]   = note: LC_ALL="C" PATH="/opt/rustwide/rustup-home/toolchains/beta-2023-04-20-x86_64-unknown-linux-gnu/lib/rustlib/x86_64-unknown-linux-gnu/bin:/opt/rustwide/cargo-home/bin:/usr/local/sbin:/usr/local/bin:/usr/sbin:/usr/bin:/sbin:/bin" VSLANG="1033" "cc" "-m64" "/tmp/rustcS7sirm/symbols.o" "/opt/rustwide/target/debug/build/memchr-77acfc7339a51a54/build_script_build-77acfc7339a51a54.build_script_build.5c1ca6d0-cgu.0.rcgu.o" "/opt/rustwide/target/debug/build/memchr-77acfc7339a51a54/build_script_build-77acfc7339a51a54.build_script_build.5c1ca6d0-cgu.1.rcgu.o" "/opt/rustwide/target/debug/build/memchr-77acfc7339a51a54/build_script_build-77acfc7339a51a54.build_script_build.5c1ca6d0-cgu.10.rcgu.o" "/opt/rustwide/target/debug/build/memchr-77acfc7339a51a54/build_script_build-77acfc7339a51a54.build_script_build.5c1ca6d0-cgu.11.rcgu.o" "/opt/rustwide/target/debug/build/memchr-77acfc7339a51a54/build_script_build-77acfc7339a51a54.build_script_build.5c1ca6d0-cgu.12.rcgu.o" "/opt/rustwide/target/debug/build/memchr-77acfc7339a51a54/build_script_build-77acfc7339a51a54.build_script_build.5c1ca6d0-cgu.13.rcgu.o" "/opt/rustwide/target/debug/build/memchr-77acfc7339a51a54/build_script_build-77acfc7339a51a54.build_script_build.5c1ca6d0-cgu.14.rcgu.o" "/opt/rustwide/target/debug/build/memchr-77acfc7339a51a54/build_script_build-77acfc7339a51a54.build_script_build.5c1ca6d0-cgu.15.rcgu.o" "/opt/rustwide/target/debug/build/memchr-77acfc7339a51a54/build_script_build-77acfc7339a51a54.build_script_build.5c1ca6d0-cgu.2.rcgu.o" "/opt/rustwide/target/debug/build/memchr-77acfc7339a51a54/build_script_build-77acfc7339a51a54.build_script_build.5c1ca6d0-cgu.3.rcgu.o" "/opt/rustwide/target/debug/build/memchr-77acfc7339a51a54/build_script_build-77acfc7339a51a54.build_script_build.5c1ca6d0-cgu.4.rcgu.o" "/opt/rustwide/target/debug/build/memchr-77acfc7339a51a54/build_script_build-77acfc7339a51a54.build_script_build.5c1ca6d0-cgu.5.rcgu.o" "/opt/rustwide/target/debug/build/memchr-77acfc7339a51a54/build_script_build-77acfc7339a51a54.build_script_build.5c1ca6d0-cgu.6.rcgu.o" "/opt/rustwide/target/debug/build/memchr-77acfc7339a51a54/build_script_build-77acfc7339a51a54.build_script_build.5c1ca6d0-cgu.7.rcgu.o" "/opt/rustwide/target/debug/build/memchr-77acfc7339a51a54/build_script_build-77acfc7339a51a54.build_script_build.5c1ca6d0-cgu.8.rcgu.o" "/opt/rustwide/target/debug/build/memchr-77acfc7339a51a54/build_script_build-77acfc7339a51a54.build_script_build.5c1ca6d0-cgu.9.rcgu.o" "/opt/rustwide/target/debug/build/memchr-77acfc7339a51a54/build_script_build-77acfc7339a51a54.4uvbk3ok9xl0jcu7.rcgu.o" "-Wl,--as-needed" "-L" "/opt/rustwide/target/debug/deps" "-L" "/opt/rustwide/rustup-home/toolchains/beta-2023-04-20-x86_64-unknown-linux-gnu/lib/rustlib/x86_64-unknown-linux-gnu/lib" "-Wl,-Bstatic" "/opt/rustwide/rustup-home/toolchains/beta-2023-04-20-x86_64-unknown-linux-gnu/lib/rustlib/x86_64-unknown-linux-gnu/lib/libstd-0e29cc23c5e02021.rlib" "/opt/rustwide/rustup-home/toolchains/beta-2023-04-20-x86_64-unknown-linux-gnu/lib/rustlib/x86_64-unknown-linux-gnu/lib/libpanic_unwind-d903621768a861d9.rlib" "/opt/rustwide/rustup-home/toolchains/beta-2023-04-20-x86_64-unknown-linux-gnu/lib/rustlib/x86_64-unknown-linux-gnu/lib/libobject-6d0225e655f31c13.rlib" "/opt/rustwide/rustup-home/toolchains/beta-2023-04-20-x86_64-unknown-linux-gnu/lib/rustlib/x86_64-unknown-linux-gnu/lib/libmemchr-9dbaf4eac7eaa079.rlib" "/opt/rustwide/rustup-home/toolchains/beta-2023-04-20-x86_64-unknown-linux-gnu/lib/rustlib/x86_64-unknown-linux-gnu/lib/libaddr2line-27f05b3d42a66dd0.rlib" "/opt/rustwide/rustup-home/toolchains/beta-2023-04-20-x86_64-unknown-linux-gnu/lib/rustlib/x86_64-unknown-linux-gnu/lib/libgimli-4d73f1030321c9a2.rlib" "/opt/rustwide/rustup-home/toolchains/beta-2023-04-20-x86_64-unknown-linux-gnu/lib/rustlib/x86_64-unknown-linux-gnu/lib/librustc_demangle-2846c9e58abd0acb.rlib" "/opt/rustwide/rustup-home/toolchains/beta-2023-04-20-x86_64-unknown-linux-gnu/lib/rustlib/x86_64-unknown-linux-gnu/lib/libstd_detect-a53d0f50415947be.rlib" "/opt/rustwide/rustup-home/toolchains/beta-2023-04-20-x86_64-unknown-linux-gnu/lib/rustlib/x86_64-unknown-linux-gnu/lib/libhashbrown-d48e4b6abc25b9dc.rlib" "/opt/rustwide/rustup-home/toolchains/beta-2023-04-20-x86_64-unknown-linux-gnu/lib/rustlib/x86_64-unknown-linux-gnu/lib/libminiz_oxide-2991859439ef1207.rlib" "/opt/rustwide/rustup-home/toolchains/beta-2023-04-20-x86_64-unknown-linux-gnu/lib/rustlib/x86_64-unknown-linux-gnu/lib/libadler-8a687517e4221bae.rlib" "/opt/rustwide/rustup-home/toolchains/beta-2023-04-20-x86_64-unknown-linux-gnu/lib/rustlib/x86_64-unknown-linux-gnu/lib/librustc_std_workspace_alloc-e07b554f6a67f5b3.rlib" "/opt/rustwide/rustup-home/toolchains/beta-2023-04-20-x86_64-unknown-linux-gnu/lib/rustlib/x86_64-unknown-linux-gnu/lib/libunwind-b68238b7c3c619dd.rlib" "/opt/rustwide/rustup-home/toolchains/beta-2023-04-20-x86_64-unknown-linux-gnu/lib/rustlib/x86_64-unknown-linux-gnu/lib/libcfg_if-d5e213e896c017e4.rlib" "/opt/rustwide/rustup-home/toolchains/beta-2023-04-20-x86_64-unknown-linux-gnu/lib/rustlib/x86_64-unknown-linux-gnu/lib/liblibc-0211a3b2e61d8689.rlib" "/opt/rustwide/rustup-home/toolchains/beta-2023-04-20-x86_64-unknown-linux-gnu/lib/rustlib/x86_64-unknown-linux-gnu/lib/liballoc-b371f055239ba51f.rlib" "/opt/rustwide/rustup-home/toolchains/beta-2023-04-20-x86_64-unknown-linux-gnu/lib/rustlib/x86_64-unknown-linux-gnu/lib/librustc_std_workspace_core-e60518d2760eb01e.rlib" "/opt/rustwide/rustup-home/toolchains/beta-2023-04-20-x86_64-unknown-linux-gnu/lib/rustlib/x86_64-unknown-linux-gnu/lib/libcore-1ad943f92a4b1081.rlib" "/opt/rustwide/rustup-home/toolchains/beta-2023-04-20-x86_64-unknown-linux-gnu/lib/rustlib/x86_64-unknown-linux-gnu/lib/libcompiler_builtins-f0d6e4d0fc1e80b4.rlib" "-Wl,-Bdynamic" "-lgcc_s" "-lutil" "-lrt" "-lpthread" "-lm" "-ldl" "-lc" "-Wl,--eh-frame-hdr" "-Wl,-z,noexecstack" "-L" "/opt/rustwide/rustup-home/toolchains/beta-2023-04-20-x86_64-unknown-linux-gnu/lib/rustlib/x86_64-unknown-linux-gnu/lib" "-o" "/opt/rustwide/target/debug/build/memchr-77acfc7339a51a54/build_script_build-77acfc7339a51a54" "-Wl,--gc-sections" "-pie" "-Wl,-z,relro,-z,now" "-nodefaultlibs"
[INFO] [stdout]   = note: /usr/bin/ld: final link failed: No space left on device
[INFO] [stdout]           collect2: error: ld returned 1 exit status
[INFO] [stdout]           
[INFO] [stdout] 
[INFO] [stdout] 
[INFO] [stdout] error: aborting due to previous error
[INFO] [stdout] 
[INFO] [stdout] 
[INFO] [stderr] error: could not compile `libc` (build script) due to 2 previous errors
[INFO] [stderr] warning: build failed, waiting for other jobs to finish...
[INFO] [stderr] error: could not compile `memchr` (build script) due to 2 previous errors
[INFO] [stderr] error: could not compile `serde` (build script) due to 2 previous errors
[INFO] running `Command { std: "docker" "inspect" "d721f3300905285a84039952947d3250d80b157588102247a5dfc01f34dc581d", kill_on_drop: false }`
[INFO] running `Command { std: "docker" "rm" "-f" "d721f3300905285a84039952947d3250d80b157588102247a5dfc01f34dc581d", kill_on_drop: false }`
[INFO] [stdout] d721f3300905285a84039952947d3250d80b157588102247a5dfc01f34dc581d
