[INFO] cloning repository https://github.com/Michael-F-Bryan/trio-basic
[INFO] running `Command { std: "git" "-c" "credential.helper=" "-c" "credential.helper=/workspace/cargo-home/bin/git-credential-null" "clone" "--bare" "https://github.com/Michael-F-Bryan/trio-basic" "/workspace/cache/git-repos/https%3A%2F%2Fgithub.com%2FMichael-F-Bryan%2Ftrio-basic", kill_on_drop: false }`
[INFO] [stderr] Cloning into bare repository '/workspace/cache/git-repos/https%3A%2F%2Fgithub.com%2FMichael-F-Bryan%2Ftrio-basic'...
[INFO] running `Command { std: "git" "rev-parse" "HEAD", kill_on_drop: false }`
[INFO] [stdout] 86fe1427ea0d360a2a675a0e9244825ddaa71886
[INFO] documenting Michael-F-Bryan/trio-basic against beta-2023-04-20 for beta-1.70-rustdoc-1
[INFO] running `Command { std: "git" "clone" "/workspace/cache/git-repos/https%3A%2F%2Fgithub.com%2FMichael-F-Bryan%2Ftrio-basic" "/workspace/builds/worker-5-tc2/source", kill_on_drop: false }`
[INFO] [stderr] Cloning into '/workspace/builds/worker-5-tc2/source'...
[INFO] [stderr] done.
[INFO] validating manifest of git repo https://github.com/Michael-F-Bryan/trio-basic on toolchain beta-2023-04-20
[INFO] running `Command { std: CARGO_HOME="/workspace/cargo-home" RUSTUP_HOME="/workspace/rustup-home" "/workspace/cargo-home/bin/cargo" "+beta-2023-04-20" "metadata" "--manifest-path" "Cargo.toml" "--no-deps", kill_on_drop: false }`
[INFO] started tweaking git repo https://github.com/Michael-F-Bryan/trio-basic
[INFO] finished tweaking git repo https://github.com/Michael-F-Bryan/trio-basic
[INFO] tweaked toml for git repo https://github.com/Michael-F-Bryan/trio-basic written to /workspace/builds/worker-5-tc2/source/Cargo.toml
[INFO] crate git repo https://github.com/Michael-F-Bryan/trio-basic already has a lockfile, it will not be regenerated
[INFO] running `Command { std: CARGO_HOME="/workspace/cargo-home" RUSTUP_HOME="/workspace/rustup-home" "/workspace/cargo-home/bin/cargo" "+beta-2023-04-20" "fetch" "--manifest-path" "Cargo.toml", kill_on_drop: false }`
[INFO] [stderr]  Downloading crates ...
[INFO] [stderr]   Downloaded ctor v0.1.12
[INFO] [stderr]   Downloaded codespan v0.5.0
[INFO] [stderr]   Downloaded shred v0.9.3
[INFO] [stderr]   Downloaded ahash v0.2.17
[INFO] [stderr]   Downloaded hibitset v0.6.2
[INFO] [stderr]   Downloaded smallvec v0.6.12
[INFO] [stderr]   Downloaded unicode-segmentation v1.5.0
[INFO] [stderr]   Downloaded thiserror v1.0.4
[INFO] [stderr]   Downloaded anyhow v1.0.19
[INFO] [stderr]   Downloaded codespan-reporting v0.5.0
[INFO] [stderr]   Downloaded string_cache v0.7.5
[INFO] [stderr]   Downloaded thiserror-impl v1.0.4
[INFO] [stderr]   Downloaded slog-term v2.4.2
[INFO] [stderr]   Downloaded ena v0.13.1
[INFO] [stderr]   Downloaded itertools v0.8.1
[INFO] [stderr]   Downloaded string_cache_codegen v0.4.4
[INFO] [stderr]   Downloaded specs v0.15.1
[INFO] [stderr]   Downloaded lalrpop v0.17.2
[INFO] running `Command { std: "docker" "create" "-v" "/var/lib/crater-agent-workspace/builds/worker-5-tc2/target:/opt/rustwide/target:rw,Z" "-v" "/var/lib/crater-agent-workspace/builds/worker-5-tc2/source:/opt/rustwide/workdir:ro,Z" "-v" "/var/lib/crater-agent-workspace/cargo-home:/opt/rustwide/cargo-home:ro,Z" "-v" "/var/lib/crater-agent-workspace/rustup-home:/opt/rustwide/rustup-home:ro,Z" "-e" "SOURCE_DIR=/opt/rustwide/workdir" "-e" "CARGO_TARGET_DIR=/opt/rustwide/target" "-e" "CARGO_HOME=/opt/rustwide/cargo-home" "-e" "RUSTUP_HOME=/opt/rustwide/rustup-home" "-w" "/opt/rustwide/workdir" "-m" "1610612736" "--user" "0:0" "--network" "none" "ghcr.io/rust-lang/crates-build-env/linux@sha256:5ff2268d62e97bff2cde7d5815dd6ed5b47097566f13b8d0ca110b04b60e07ed" "/opt/rustwide/cargo-home/bin/cargo" "+beta-2023-04-20" "metadata" "--no-deps" "--format-version=1", kill_on_drop: false }`
[INFO] [stdout] 62f53de17c0138196adbd156794cef7009ba2e8ae5c330551e10f9c384f9d3a1
[INFO] running `Command { std: "docker" "start" "-a" "62f53de17c0138196adbd156794cef7009ba2e8ae5c330551e10f9c384f9d3a1", kill_on_drop: false }`
[INFO] running `Command { std: "docker" "inspect" "62f53de17c0138196adbd156794cef7009ba2e8ae5c330551e10f9c384f9d3a1", kill_on_drop: false }`
[INFO] running `Command { std: "docker" "rm" "-f" "62f53de17c0138196adbd156794cef7009ba2e8ae5c330551e10f9c384f9d3a1", kill_on_drop: false }`
[INFO] [stdout] 62f53de17c0138196adbd156794cef7009ba2e8ae5c330551e10f9c384f9d3a1
[INFO] running `Command { std: "docker" "create" "-v" "/var/lib/crater-agent-workspace/builds/worker-5-tc2/target:/opt/rustwide/target:rw,Z" "-v" "/var/lib/crater-agent-workspace/builds/worker-5-tc2/source:/opt/rustwide/workdir:ro,Z" "-v" "/var/lib/crater-agent-workspace/cargo-home:/opt/rustwide/cargo-home:ro,Z" "-v" "/var/lib/crater-agent-workspace/rustup-home:/opt/rustwide/rustup-home:ro,Z" "-e" "SOURCE_DIR=/opt/rustwide/workdir" "-e" "CARGO_TARGET_DIR=/opt/rustwide/target" "-e" "CARGO_INCREMENTAL=0" "-e" "RUST_BACKTRACE=full" "-e" "RUSTFLAGS=--cap-lints=warn" "-e" "RUSTDOCFLAGS=--cap-lints=warn" "-e" "CARGO_HOME=/opt/rustwide/cargo-home" "-e" "RUSTUP_HOME=/opt/rustwide/rustup-home" "-w" "/opt/rustwide/workdir" "-m" "1610612736" "--user" "0:0" "--network" "none" "ghcr.io/rust-lang/crates-build-env/linux@sha256:5ff2268d62e97bff2cde7d5815dd6ed5b47097566f13b8d0ca110b04b60e07ed" "/opt/rustwide/cargo-home/bin/cargo" "+beta-2023-04-20" "doc" "--frozen" "--no-deps" "--document-private-items" "--message-format=json", kill_on_drop: false }`
[INFO] [stdout] 566496b5d973549a9ee2685c2cbede3b69a86e0b272db5094d980f03fed55d8e
[INFO] running `Command { std: "docker" "start" "-a" "566496b5d973549a9ee2685c2cbede3b69a86e0b272db5094d980f03fed55d8e", kill_on_drop: false }`
[INFO] [stderr]    Compiling libc v0.2.65
[INFO] [stderr]    Compiling autocfg v0.1.7
[INFO] [stderr]    Compiling proc-macro2 v1.0.6
[INFO] [stderr]    Compiling unicode-xid v0.2.0
[INFO] [stderr]    Compiling syn v1.0.7
[INFO] [stderr]    Compiling rand_core v0.4.2
[INFO] [stderr]    Compiling cfg-if v0.1.10
[INFO] [stderr]    Compiling memchr v2.2.1
[INFO] [stderr]    Compiling semver-parser v0.7.0
[INFO] [stderr]    Compiling serde v1.0.102
[INFO] [stderr]    Compiling rand_core v0.3.1
[INFO] [stderr]    Compiling rand_isaac v0.1.1
[INFO] [stderr]    Compiling rand_pcg v0.1.2
[INFO] [stderr]    Compiling rand_chacha v0.1.1
[INFO] [stderr]    Compiling rand v0.6.5
[INFO] [stderr]    Compiling rand_hc v0.1.0
[INFO] [stderr]    Compiling rand_xorshift v0.1.1
[INFO] [stderr]    Compiling semver v0.9.0
[INFO] [stderr]    Compiling quote v1.0.2
[INFO] [stderr]    Compiling rand_jitter v0.1.4
[INFO] [stderr]    Compiling typenum v1.11.2
[INFO] [stderr]    Compiling rand_os v0.1.3
[INFO] [stderr]    Compiling getrandom v0.1.13
[INFO] [stderr]    Compiling unicode-xid v0.1.0
[INFO] [stderr]    Compiling siphasher v0.2.3
[INFO] [stderr]    Compiling byteorder v1.3.2
[INFO] [stderr]    Compiling rustc_version v0.2.3
[INFO] [stderr]    Compiling log v0.4.8
[INFO] [stderr]    Compiling phf_shared v0.7.24
[INFO] [stderr]    Compiling memoffset v0.5.2
[INFO] [stderr]    Compiling string_cache_shared v0.3.0
[INFO] [stderr]    Compiling lazy_static v1.4.0
[INFO] [stderr]    Compiling ppv-lite86 v0.2.6
[INFO] [stderr]    Compiling arrayvec v0.4.12
[INFO] [stderr]    Compiling rand_core v0.5.1
[INFO] [stderr]     Checking crossbeam-utils v0.6.6
[INFO] [stderr]    Compiling c2-chacha v0.2.3
[INFO] [stderr]    Compiling phf_generator v0.7.24
[INFO] [stderr]    Compiling generic-array v0.12.3
[INFO] [stderr]     Checking nodrop v0.1.14
[INFO] [stderr]    Compiling string_cache_codegen v0.4.4
[INFO] [stderr]    Compiling byte-tools v0.3.1
[INFO] [stderr]    Compiling rand_chacha v0.2.1
[INFO] [stderr]    Compiling block-padding v0.1.4
[INFO] [stderr]    Compiling aho-corasick v0.7.6
[INFO] [stderr]    Compiling thread_local v0.3.6
[INFO] [stderr]    Compiling dirs v1.0.5
[INFO] [stderr]    Compiling proc-macro2 v0.4.30
[INFO] [stderr]    Compiling slog v2.5.2
[INFO] [stderr]    Compiling regex-syntax v0.6.12
[INFO] [stderr]     Checking scopeguard v1.0.0
[INFO] [stderr]    Compiling term v0.5.2
[INFO] [stderr]     Checking crossbeam-epoch v0.7.2
[INFO] [stderr]    Compiling string_cache v0.7.5
[INFO] [stderr]    Compiling block-buffer v0.7.3
[INFO] [stderr]    Compiling rand v0.7.2
[INFO] [stderr]    Compiling digest v0.8.1
[INFO] [stderr]    Compiling precomputed-hash v0.1.1
[INFO] [stderr]    Compiling ordermap v0.3.5
[INFO] [stderr]    Compiling rayon-core v1.6.0
[INFO] [stderr]    Compiling fixedbitset v0.1.9
[INFO] [stderr]    Compiling new_debug_unreachable v1.0.3
[INFO] [stderr]    Compiling fake-simd v0.1.2
[INFO] [stderr]    Compiling either v1.5.3
[INFO] [stderr]    Compiling opaque-debug v0.2.3
[INFO] [stderr]    Compiling strsim v0.9.2
[INFO] [stderr]    Compiling bit-vec v0.5.1
[INFO] [stderr]    Compiling petgraph v0.4.13
[INFO] [stderr]    Compiling ena v0.13.1
[INFO] [stderr]    Compiling sha2 v0.8.0
[INFO] [stderr]    Compiling itertools v0.8.1
[INFO] [stderr]    Compiling bit-set v0.5.1
[INFO] [stderr]    Compiling ascii-canvas v2.0.0
[INFO] [stderr]     Checking crossbeam-deque v0.7.1
[INFO] [stderr]     Checking crossbeam-queue v0.1.2
[INFO] [stderr]    Compiling atty v0.2.13
[INFO] [stderr]     Checking num_cpus v1.11.0
[INFO] [stderr]    Compiling num-traits v0.2.8
[INFO] [stderr]    Compiling lalrpop-util v0.17.2 (https://github.com/Michael-F-Bryan/lalrpop.git?branch=module-visiblity#ded43426)
[INFO] [stderr]    Compiling syn v0.15.44
[INFO] [stderr]    Compiling diff v0.1.11
[INFO] [stderr]    Compiling regex v1.3.1
[INFO] [stderr]    Compiling quote v0.6.13
[INFO] [stderr]    Compiling hashbrown v0.6.3
[INFO] [stderr]    Compiling num-integer v0.1.41
[INFO] [stderr]     Checking unicode-width v0.1.6
[INFO] [stderr]     Checking unicode-segmentation v1.5.0
[INFO] [stderr]     Checking rayon v1.2.0
[INFO] [stderr]     Checking dirs-sys v0.3.4
[INFO] [stderr]     Checking dirs v2.0.2
[INFO] [stderr]     Checking textwrap v0.11.0
[INFO] [stderr]    Compiling proc-macro-error v0.2.6
[INFO] [stderr]    Compiling heck v0.3.1
[INFO] [stderr]     Checking time v0.1.42
[INFO] [stderr]     Checking vec_map v0.8.1
[INFO] [stderr]     Checking mopa v0.2.2
[INFO] [stderr]     Checking smallvec v0.6.12
[INFO] [stderr]    Compiling anyhow v1.0.19
[INFO] [stderr]     Checking atom v0.3.5
[INFO] [stderr]     Checking chrono v0.4.9
[INFO] [stderr]     Checking clap v2.33.0
[INFO] [stderr]     Checking hibitset v0.6.2
[INFO] [stderr]     Checking term v0.6.1
[INFO] [stderr]     Checking bytecode v0.1.0 (/opt/rustwide/workdir/bytecode)
[INFO] [stderr]     Checking termcolor v1.0.5
[INFO] [stderr]     Checking take_mut v0.2.2
[INFO] [stderr]     Checking tuple_utils v0.3.0
[INFO] [stderr]     Checking shrev v1.1.1
[INFO] [stderr]     Checking slog-async v2.3.0
[INFO] [stderr]     Checking slog-term v2.4.2
[INFO] [stderr]  Documenting bytecode v0.1.0 (/opt/rustwide/workdir/bytecode)
[INFO] [stderr]    Compiling serde_derive v1.0.102
[INFO] [stderr]    Compiling proc-macro-hack v0.5.11
[INFO] [stderr]    Compiling structopt-derive v0.3.3
[INFO] [stderr]    Compiling thiserror-impl v1.0.4
[INFO] [stderr]    Compiling specs-derive v0.4.0
[INFO] [stderr]    Compiling derivative v1.0.3
[INFO] [stderr]    Compiling const-random-macro v0.1.6
[INFO] [stderr]     Checking const-random v0.1.6
[INFO] [stderr]     Checking thiserror v1.0.4
[INFO] [stderr]     Checking ahash v0.2.17
[INFO] [stderr]  Documenting runtime v0.1.0 (/opt/rustwide/workdir/runtime)
[INFO] [stdout] error[E0437]: type `Error` is not a member of trait `Try`
[INFO] [stdout]    --> runtime/src/process_state.rs:394:5
[INFO] [stdout]     |
[INFO] [stdout] 394 |     type Error = Fault;
[INFO] [stdout]     |     ^^^^^^^^^^^^^^^^^^^ not a member of trait `Try`
[INFO] [stdout] 
[INFO] [stdout] 
[INFO] [stdout] error[E0437]: type `Ok` is not a member of trait `Try`
[INFO] [stdout]    --> runtime/src/process_state.rs:395:5
[INFO] [stdout]     |
[INFO] [stdout] 395 |     type Ok = ();
[INFO] [stdout]     |     ^^^^^^^^^^^^^ not a member of trait `Try`
[INFO] [stdout] 
[INFO] [stdout] 
[INFO] [stdout] error[E0407]: method `into_result` is not a member of trait `Try`
[INFO] [stdout]    --> runtime/src/process_state.rs:397:5
[INFO] [stdout]     |
[INFO] [stdout] 397 | /     fn into_result(self) -> Result<Self::Ok, Self::Error> {
[INFO] [stdout] 398 | |         match self {
[INFO] [stdout] 399 | |             Continuation::Continue | Continuation::Halt => Ok(()),
[INFO] [stdout] 400 | |             Continuation::Fault(fault) => Err(fault),
[INFO] [stdout] 401 | |         }
[INFO] [stdout] 402 | |     }
[INFO] [stdout]     | |_____^ not a member of trait `Try`
[INFO] [stdout] 
[INFO] [stdout] 
[INFO] [stdout] error[E0407]: method `from_error` is not a member of trait `Try`
[INFO] [stdout]    --> runtime/src/process_state.rs:405:5
[INFO] [stdout]     |
[INFO] [stdout] 405 |     fn from_error(fault: Self::Error) -> Self { Continuation::Fault(fault) }
[INFO] [stdout]     |     ^^^^^^^^^^^^^^^^^^^^^^^^^^^^^^^^^^^^^^^^^^^^^^^^^^^^^^^^^^^^^^^^^^^^^^^^ not a member of trait `Try`
[INFO] [stdout] 
[INFO] [stdout] 
[INFO] [stdout] error[E0407]: method `from_ok` is not a member of trait `Try`
[INFO] [stdout]    --> runtime/src/process_state.rs:407:5
[INFO] [stdout]     |
[INFO] [stdout] 407 |     fn from_ok(_: Self::Ok) -> Self { Continuation::Continue }
[INFO] [stdout]     |     ^^^^^^^^^^^^^^^^^^^^^^^^^^^^^^^^^^^^^^^^^^^^^^^^^^^^^^^^^^ not a member of trait `Try`
[INFO] [stdout] 
[INFO] [stdout] 
[INFO] [stdout] warning: lint `intra_doc_link_resolution_failure` has been renamed to `rustdoc::broken_intra_doc_links`
[INFO] [stdout]  --> runtime/src/lib.rs:2:9
[INFO] [stdout]   |
[INFO] [stdout] 2 | #![deny(intra_doc_link_resolution_failure, private_in_public)]
[INFO] [stdout]   |         ^^^^^^^^^^^^^^^^^^^^^^^^^^^^^^^^^ help: use the new name: `rustdoc::broken_intra_doc_links`
[INFO] [stdout]   |
[INFO] [stdout]   = note: `#[warn(renamed_and_removed_lints)]` on by default
[INFO] [stdout] 
[INFO] [stdout] 
[INFO] [stdout] error[E0220]: associated type `Ok` not found for `Self`
[INFO] [stdout]    --> runtime/src/process_state.rs:397:42
[INFO] [stdout]     |
[INFO] [stdout] 397 |     fn into_result(self) -> Result<Self::Ok, Self::Error> {
[INFO] [stdout]     |                                          ^^ there is a similarly named associated type `Ok` in the trait `slog::Drain`
[INFO] [stdout] 
[INFO] [stdout] 
[INFO] [stdout] error[E0220]: associated type `Error` not found for `Self`
[INFO] [stdout]    --> runtime/src/process_state.rs:397:52
[INFO] [stdout]     |
[INFO] [stdout] 397 |     fn into_result(self) -> Result<Self::Ok, Self::Error> {
[INFO] [stdout]     |                                                    ^^^^^ associated type `Error` not found
[INFO] [stdout] 
[INFO] [stdout] 
[INFO] [stdout] error[E0220]: associated type `Error` not found for `Self`
[INFO] [stdout]    --> runtime/src/process_state.rs:405:32
[INFO] [stdout]     |
[INFO] [stdout] 405 |     fn from_error(fault: Self::Error) -> Self { Continuation::Fault(fault) }
[INFO] [stdout]     |                                ^^^^^ associated type `Error` not found
[INFO] [stdout] 
[INFO] [stdout] 
[INFO] [stdout] error[E0220]: associated type `Ok` not found for `Self`
[INFO] [stdout]    --> runtime/src/process_state.rs:407:25
[INFO] [stdout]     |
[INFO] [stdout] 407 |     fn from_ok(_: Self::Ok) -> Self { Continuation::Continue }
[INFO] [stdout]     |                         ^^ there is a similarly named associated type `Ok` in the trait `slog::Drain`
[INFO] [stdout] 
[INFO] [stdout] 
[INFO] [stdout] error[E0046]: not all trait items implemented, missing: `Output`, `Residual`, `from_output`, `branch`
[INFO] [stdout]    --> runtime/src/process_state.rs:393:1
[INFO] [stdout]     |
[INFO] [stdout] 393 | impl Try for Continuation {
[INFO] [stdout]     | ^^^^^^^^^^^^^^^^^^^^^^^^^ missing `Output`, `Residual`, `from_output`, `branch` in implementation
[INFO] [stdout]     |
[INFO] [stdout]     = help: implement the missing item: `type Output = Type;`
[INFO] [stdout]     = help: implement the missing item: `type Residual = Type;`
[INFO] [stdout]     = help: implement the missing item: `fn from_output(_: <Self as std::ops::Try>::Output) -> Self { todo!() }`
[INFO] [stdout]     = help: implement the missing item: `fn branch(self) -> std::ops::ControlFlow<<Self as std::ops::Try>::Residual, <Self as std::ops::Try>::Output> { todo!() }`
[INFO] [stdout] 
[INFO] [stdout] 
[INFO] [stdout] error: aborting due to 10 previous errors; 1 warning emitted
[INFO] [stdout] 
[INFO] [stdout] 
[INFO] [stdout] Some errors have detailed explanations: E0046, E0220, E0407, E0437.
[INFO] [stdout] 
[INFO] [stdout] For more information about an error, try `rustc --explain E0046`.
[INFO] [stdout] 
[INFO] [stderr] error: could not document `runtime`
[INFO] [stderr] 
[INFO] [stderr] Caused by:
[INFO] [stderr]   process didn't exit successfully: `rustdoc --edition=2018 --crate-type lib --crate-name runtime runtime/src/lib.rs -o /opt/rustwide/target/doc --error-format=json --json=diagnostic-rendered-ansi,artifacts,future-incompat --document-private-items -C metadata=d3e0458da9ce79d6 -L dependency=/opt/rustwide/target/debug/deps --extern bytecode=/opt/rustwide/target/debug/deps/libbytecode-9036f7c4604a48db.rmeta --extern slog=/opt/rustwide/target/debug/deps/libslog-4204d3b4cba6143d.rmeta --extern thiserror=/opt/rustwide/target/debug/deps/libthiserror-b3c5786f34e3306f.rmeta --cap-lints=warn --crate-version 0.1.0` (exit status: 1)
[INFO] [stderr] warning: build failed, waiting for other jobs to finish...
[INFO] running `Command { std: "docker" "inspect" "566496b5d973549a9ee2685c2cbede3b69a86e0b272db5094d980f03fed55d8e", kill_on_drop: false }`
[INFO] running `Command { std: "docker" "rm" "-f" "566496b5d973549a9ee2685c2cbede3b69a86e0b272db5094d980f03fed55d8e", kill_on_drop: false }`
[INFO] [stdout] 566496b5d973549a9ee2685c2cbede3b69a86e0b272db5094d980f03fed55d8e
