[INFO] cloning repository https://github.com/MaulingMonkey/cargo-html
[INFO] running `Command { std: "git" "-c" "credential.helper=" "-c" "credential.helper=/workspace/cargo-home/bin/git-credential-null" "clone" "--bare" "https://github.com/MaulingMonkey/cargo-html" "/workspace/cache/git-repos/https%3A%2F%2Fgithub.com%2FMaulingMonkey%2Fcargo-html", kill_on_drop: false }`
[INFO] [stderr] Cloning into bare repository '/workspace/cache/git-repos/https%3A%2F%2Fgithub.com%2FMaulingMonkey%2Fcargo-html'...
[INFO] running `Command { std: "git" "rev-parse" "HEAD", kill_on_drop: false }`
[INFO] [stdout] 4fb463b70e9cdb9936501ddc550505fe8225a763
[INFO] documenting MaulingMonkey/cargo-html against beta-2023-04-20 for beta-1.70-rustdoc-1
[INFO] running `Command { std: "git" "clone" "/workspace/cache/git-repos/https%3A%2F%2Fgithub.com%2FMaulingMonkey%2Fcargo-html" "/workspace/builds/worker-1-tc2/source", kill_on_drop: false }`
[INFO] [stderr] Cloning into '/workspace/builds/worker-1-tc2/source'...
[INFO] [stderr] done.
[INFO] validating manifest of git repo https://github.com/MaulingMonkey/cargo-html on toolchain beta-2023-04-20
[INFO] running `Command { std: CARGO_HOME="/workspace/cargo-home" RUSTUP_HOME="/workspace/rustup-home" "/workspace/cargo-home/bin/cargo" "+beta-2023-04-20" "metadata" "--manifest-path" "Cargo.toml" "--no-deps", kill_on_drop: false }`
[INFO] started tweaking git repo https://github.com/MaulingMonkey/cargo-html
[INFO] finished tweaking git repo https://github.com/MaulingMonkey/cargo-html
[INFO] tweaked toml for git repo https://github.com/MaulingMonkey/cargo-html written to /workspace/builds/worker-1-tc2/source/Cargo.toml
[INFO] crate git repo https://github.com/MaulingMonkey/cargo-html already has a lockfile, it will not be regenerated
[INFO] running `Command { std: CARGO_HOME="/workspace/cargo-home" RUSTUP_HOME="/workspace/rustup-home" "/workspace/cargo-home/bin/cargo" "+beta-2023-04-20" "fetch" "--manifest-path" "Cargo.toml", kill_on_drop: false }`
[INFO] [stderr]     Updating crates.io index
[INFO] [stderr]  Downloading crates ...
[INFO] [stderr]   Downloaded cmake v0.1.46
[INFO] [stderr]   Downloaded binaryen v0.12.0
[INFO] [stderr]   Downloaded alphanumeric-sort v1.4.0
[INFO] [stderr]   Downloaded mmrbi v0.0.17
[INFO] [stderr]   Downloaded curl v0.4.41
[INFO] [stderr]   Downloaded binaryen-sys v0.12.0
[INFO] [stderr]   Downloaded curl-sys v0.4.51+curl-7.80.0
[INFO] running `Command { std: "docker" "create" "-v" "/var/lib/crater-agent-workspace/builds/worker-1-tc2/target:/opt/rustwide/target:rw,Z" "-v" "/var/lib/crater-agent-workspace/builds/worker-1-tc2/source:/opt/rustwide/workdir:ro,Z" "-v" "/var/lib/crater-agent-workspace/cargo-home:/opt/rustwide/cargo-home:ro,Z" "-v" "/var/lib/crater-agent-workspace/rustup-home:/opt/rustwide/rustup-home:ro,Z" "-e" "SOURCE_DIR=/opt/rustwide/workdir" "-e" "CARGO_TARGET_DIR=/opt/rustwide/target" "-e" "CARGO_HOME=/opt/rustwide/cargo-home" "-e" "RUSTUP_HOME=/opt/rustwide/rustup-home" "-w" "/opt/rustwide/workdir" "-m" "1610612736" "--user" "0:0" "--network" "none" "ghcr.io/rust-lang/crates-build-env/linux@sha256:5ff2268d62e97bff2cde7d5815dd6ed5b47097566f13b8d0ca110b04b60e07ed" "/opt/rustwide/cargo-home/bin/cargo" "+beta-2023-04-20" "metadata" "--no-deps" "--format-version=1", kill_on_drop: false }`
[INFO] [stdout] e455fd52079b3602531d8bc8b79623503b7ef17cf6d9cd63965d73bbe58650b0
[INFO] running `Command { std: "docker" "start" "-a" "e455fd52079b3602531d8bc8b79623503b7ef17cf6d9cd63965d73bbe58650b0", kill_on_drop: false }`
[INFO] running `Command { std: "docker" "inspect" "e455fd52079b3602531d8bc8b79623503b7ef17cf6d9cd63965d73bbe58650b0", kill_on_drop: false }`
[INFO] running `Command { std: "docker" "rm" "-f" "e455fd52079b3602531d8bc8b79623503b7ef17cf6d9cd63965d73bbe58650b0", kill_on_drop: false }`
[INFO] [stdout] e455fd52079b3602531d8bc8b79623503b7ef17cf6d9cd63965d73bbe58650b0
[INFO] running `Command { std: "docker" "create" "-v" "/var/lib/crater-agent-workspace/builds/worker-1-tc2/target:/opt/rustwide/target:rw,Z" "-v" "/var/lib/crater-agent-workspace/builds/worker-1-tc2/source:/opt/rustwide/workdir:ro,Z" "-v" "/var/lib/crater-agent-workspace/cargo-home:/opt/rustwide/cargo-home:ro,Z" "-v" "/var/lib/crater-agent-workspace/rustup-home:/opt/rustwide/rustup-home:ro,Z" "-e" "SOURCE_DIR=/opt/rustwide/workdir" "-e" "CARGO_TARGET_DIR=/opt/rustwide/target" "-e" "CARGO_INCREMENTAL=0" "-e" "RUST_BACKTRACE=full" "-e" "RUSTFLAGS=--cap-lints=warn" "-e" "RUSTDOCFLAGS=--cap-lints=warn" "-e" "CARGO_HOME=/opt/rustwide/cargo-home" "-e" "RUSTUP_HOME=/opt/rustwide/rustup-home" "-w" "/opt/rustwide/workdir" "-m" "1610612736" "--user" "0:0" "--network" "none" "ghcr.io/rust-lang/crates-build-env/linux@sha256:5ff2268d62e97bff2cde7d5815dd6ed5b47097566f13b8d0ca110b04b60e07ed" "/opt/rustwide/cargo-home/bin/cargo" "+beta-2023-04-20" "doc" "--frozen" "--no-deps" "--document-private-items" "--message-format=json", kill_on_drop: false }`
[INFO] [stdout] ba278dc9343e877edce3c940d2bca9cb28c9feae01be733f0786ce896765b445
[INFO] running `Command { std: "docker" "start" "-a" "ba278dc9343e877edce3c940d2bca9cb28c9feae01be733f0786ce896765b445", kill_on_drop: false }`
[INFO] [stderr]    Compiling cc v1.0.72
[INFO] [stderr]    Compiling proc-macro2 v1.0.34
[INFO] [stderr]    Compiling libc v0.2.112
[INFO] [stderr]    Compiling unicode-xid v0.2.2
[INFO] [stderr]    Compiling pkg-config v0.3.24
[INFO] [stderr]    Compiling syn v1.0.82
[INFO] [stderr]    Compiling autocfg v1.0.1
[INFO] [stderr]    Compiling memchr v2.4.1
[INFO] [stderr]    Compiling serde_derive v1.0.132
[INFO] [stderr]     Checking cfg-if v1.0.0
[INFO] [stderr]    Compiling serde v1.0.132
[INFO] [stderr]     Checking adler v1.0.2
[INFO] [stderr]     Checking ucd-trie v0.1.3
[INFO] [stderr]    Compiling crc32fast v1.3.0
[INFO] [stderr]    Compiling unicode-segmentation v1.8.0
[INFO] [stderr]    Compiling regex-syntax v0.6.26
[INFO] [stderr]     Checking pest v2.1.3
[INFO] [stderr]    Compiling failure_derive v0.1.8
[INFO] [stderr]     Checking gimli v0.26.1
[INFO] [stderr]    Compiling curl v0.4.41
[INFO] [stderr]    Compiling heck v0.3.3
[INFO] [stderr]     Checking rustc-demangle v0.1.21
[INFO] [stderr]    Compiling cmake v0.1.46
[INFO] [stderr]    Compiling serde_json v1.0.73
[INFO] [stderr]    Compiling miniz_oxide v0.4.4
[INFO] [stderr]     Checking openssl-probe v0.1.4
[INFO] [stderr]     Checking byteorder v1.4.3
[INFO] [stderr]     Checking itoa v1.0.1
[INFO] [stderr]     Checking ryu v1.0.9
[INFO] [stderr]     Checking alphanumeric-sort v1.4.0
[INFO] [stderr]     Checking siphasher v0.2.3
[INFO] [stderr]     Checking is_executable v0.1.2
[INFO] [stderr]     Checking hex v0.3.2
[INFO] [stderr]     Checking base64 v0.13.0
[INFO] [stderr]     Checking object v0.27.1
[INFO] [stderr]    Compiling quote v1.0.10
[INFO] [stderr]    Compiling aho-corasick v0.7.18
[INFO] [stderr]     Checking semver-parser v0.10.2
[INFO] [stderr]     Checking xattr v0.2.2
[INFO] [stderr]     Checking time v0.1.44
[INFO] [stderr]     Checking socket2 v0.4.2
[INFO] [stderr]     Checking filetime v0.2.15
[INFO] [stderr]     Checking dirs v1.0.5
[INFO] [stderr]    Compiling openssl-sys v0.9.72
[INFO] [stderr]    Compiling libz-sys v1.1.3
[INFO] [stderr]    Compiling bzip2-sys v0.1.11+1.0.8
[INFO] [stderr]    Compiling curl-sys v0.4.51+curl-7.80.0
[INFO] [stderr]    Compiling backtrace v0.3.63
[INFO] [stderr]     Checking tar v0.4.38
[INFO] [stderr]     Checking flate2 v1.0.22
[INFO] [stderr]     Checking addr2line v0.17.0
[INFO] [stderr]    Compiling regex v1.5.6
[INFO] [stderr]     Checking bzip2 v0.4.4
[INFO] [stderr]    Compiling synstructure v0.12.6
[INFO] [stderr]    Compiling thiserror-impl v1.0.30
[INFO] [stderr]    Compiling binaryen-sys v0.12.0
[INFO] [stderr]     Checking failure v0.1.8
[INFO] [stderr]     Checking thiserror v1.0.30
[INFO] [stderr]     Checking zip v0.5.13
[INFO] [stderr]     Checking binary-install v0.0.2
[INFO] [stderr] error: could not compile `serde_derive` (lib)
[INFO] [stderr] 
[INFO] [stderr] Caused by:
[INFO] [stderr]   process didn't exit successfully: `rustc --crate-name serde_derive /opt/rustwide/cargo-home/registry/src/index.crates.io-6f17d22bba15001f/serde_derive-1.0.132/src/lib.rs --error-format=json --json=diagnostic-rendered-ansi,artifacts,future-incompat --crate-type proc-macro --emit=dep-info,link -C prefer-dynamic -C embed-bitcode=no --cfg 'feature="default"' -C metadata=213792be18017f14 -C extra-filename=-213792be18017f14 --out-dir /opt/rustwide/target/debug/deps -L dependency=/opt/rustwide/target/debug/deps --extern proc_macro2=/opt/rustwide/target/debug/deps/libproc_macro2-c29067b6e37ee193.rlib --extern quote=/opt/rustwide/target/debug/deps/libquote-cb34520f453bf884.rlib --extern syn=/opt/rustwide/target/debug/deps/libsyn-50b6b7154139c1d4.rlib --extern proc_macro --cap-lints allow --cap-lints=warn --cfg underscore_consts --cfg ptr_addr_of` (signal: 9, SIGKILL: kill)
[INFO] [stderr] warning: build failed, waiting for other jobs to finish...
[INFO] [stderr] error: failed to run custom build command for `binaryen-sys v0.12.0`
[INFO] [stderr] note: To improve backtraces for build dependencies, set the CARGO_PROFILE_DEV_BUILD_OVERRIDE_DEBUG=true environment variable to enable debug information generation.
[INFO] [stderr] 
[INFO] [stderr] Caused by:
[INFO] [stderr]   process didn't exit successfully: `/opt/rustwide/target/debug/build/binaryen-sys-f66040098fb06485/build-script-build` (exit status: 101)
[INFO] [stderr]   --- stdout
[INFO] [stderr]   CMAKE_TOOLCHAIN_FILE_x86_64-unknown-linux-gnu = None
[INFO] [stderr]   CMAKE_TOOLCHAIN_FILE_x86_64_unknown_linux_gnu = None
[INFO] [stderr]   HOST_CMAKE_TOOLCHAIN_FILE = None
[INFO] [stderr]   CMAKE_TOOLCHAIN_FILE = None
[INFO] [stderr]   CMAKE_GENERATOR_x86_64-unknown-linux-gnu = None
[INFO] [stderr]   CMAKE_GENERATOR_x86_64_unknown_linux_gnu = None
[INFO] [stderr]   HOST_CMAKE_GENERATOR = None
[INFO] [stderr]   CMAKE_GENERATOR = None
[INFO] [stderr]   CMAKE_PREFIX_PATH_x86_64-unknown-linux-gnu = None
[INFO] [stderr]   CMAKE_PREFIX_PATH_x86_64_unknown_linux_gnu = None
[INFO] [stderr]   HOST_CMAKE_PREFIX_PATH = None
[INFO] [stderr]   CMAKE_PREFIX_PATH = None
[INFO] [stderr]   CMAKE_x86_64-unknown-linux-gnu = None
[INFO] [stderr]   CMAKE_x86_64_unknown_linux_gnu = None
[INFO] [stderr]   HOST_CMAKE = None
[INFO] [stderr]   CMAKE = None
[INFO] [stderr]   running: cd "/opt/rustwide/target/debug/build/binaryen-sys-de50be6b9af7e50f/out/build" && CMAKE_PREFIX_PATH="" "cmake" "/opt/rustwide/cargo-home/registry/src/index.crates.io-6f17d22bba15001f/binaryen-sys-0.12.0/binaryen" "-DBUILD_STATIC_LIB=ON" "-DENABLE_WERROR=OFF" "-DCMAKE_INSTALL_PREFIX=/opt/rustwide/target/debug/build/binaryen-sys-de50be6b9af7e50f/out" "-DCMAKE_C_FLAGS= -ffunction-sections -fdata-sections -fPIC -m64" "-DCMAKE_C_COMPILER=/usr/bin/cc" "-DCMAKE_CXX_FLAGS= -ffunction-sections -fdata-sections -fPIC -m64" "-DCMAKE_CXX_COMPILER=/usr/bin/c++" "-DCMAKE_ASM_FLAGS= -ffunction-sections -fdata-sections -fPIC -m64" "-DCMAKE_ASM_COMPILER=/usr/bin/cc" "-DCMAKE_BUILD_TYPE=Debug"
[INFO] [stderr]   -- The C compiler identification is GNU 11.3.0
[INFO] [stderr]   -- The CXX compiler identification is GNU 11.3.0
[INFO] [stderr]   -- Detecting C compiler ABI info
[INFO] [stderr]   -- Detecting C compiler ABI info - done
[INFO] [stderr]   -- Check for working C compiler: /usr/bin/cc - skipped
[INFO] [stderr]   -- Detecting C compile features
[INFO] [stderr]   -- Detecting C compile features - done
[INFO] [stderr]   -- Detecting CXX compiler ABI info
[INFO] [stderr]   -- Detecting CXX compiler ABI info - done
[INFO] [stderr]   -- Check for working CXX compiler: /usr/bin/c++ - skipped
[INFO] [stderr]   -- Detecting CXX compile features
[INFO] [stderr]   -- Detecting CXX compile features - done
[INFO] [stderr]   -- Building with -DBUILD_LLVM_DWARF
[INFO] [stderr]   -- Looking for pthread.h
[INFO] [stderr]   -- Looking for pthread.h - found
[INFO] [stderr]   -- Performing Test CMAKE_HAVE_LIBC_PTHREAD
[INFO] [stderr]   -- Performing Test CMAKE_HAVE_LIBC_PTHREAD - Success
[INFO] [stderr]   -- Found Threads: TRUE  
[INFO] [stderr]   -- Building with -std=c++14
[INFO] [stderr]   -- Building with -Wall
[INFO] [stderr]   -- Building with -Wextra
[INFO] [stderr]   -- Building with -Wno-unused-parameter
[INFO] [stderr]   -- Building with -fno-omit-frame-pointer
[INFO] [stderr]   -- Building with -Wno-implicit-int-float-conversion
[INFO] [stderr]   -- Building with -Wno-unknown-warning-option
[INFO] [stderr]   -- Building with -Wswitch
[INFO] [stderr]   -- Building with -fPIC
[INFO] [stderr]   -- Building with -O0
[INFO] [stderr]   -- Building with -g3
[INFO] [stderr]   -- Found PythonInterp: /usr/bin/python3 (found suitable version "3.10.6", minimum required is "3.5") 
[INFO] [stderr]   -- Building libbinaryen as statically linked library.
[INFO] [stderr]   -- Configuring done
[INFO] [stderr]   -- Generating done
[INFO] [stderr]   -- Build files have been written to: /opt/rustwide/target/debug/build/binaryen-sys-de50be6b9af7e50f/out/build
[INFO] [stderr]   running: cd "/opt/rustwide/target/debug/build/binaryen-sys-de50be6b9af7e50f/out/build" && MAKEFLAGS="-j --jobserver-fds=7,8 --jobserver-auth=7,8" "cmake" "--build" "." "--target" "install" "--config" "Debug" "--parallel" "16"
[INFO] [stderr]   [  0%] Generating WasmIntrinsics.cpp
[INFO] [stderr]   [  1%] Building CXX object src/asmjs/CMakeFiles/asmjs.dir/shared-constants.cpp.o
[INFO] [stderr]   [  1%] Building CXX object src/cfg/CMakeFiles/cfg.dir/Relooper.cpp.o
[INFO] [stderr]   [  1%] Building CXX object src/asmjs/CMakeFiles/asmjs.dir/asm_v_wasm.cpp.o
[INFO] [stderr]   [  1%] Building CXX object src/emscripten-optimizer/CMakeFiles/emscripten-optimizer.dir/optimizer-shared.cpp.o
[INFO] [stderr]   [  2%] Building CXX object src/asmjs/CMakeFiles/asmjs.dir/asmangle.cpp.o
[INFO] [stderr]   [  2%] Building CXX object src/emscripten-optimizer/CMakeFiles/emscripten-optimizer.dir/simple_ast.cpp.o
[INFO] [stderr]   [  3%] Building CXX object src/emscripten-optimizer/CMakeFiles/emscripten-optimizer.dir/parser.cpp.o
[INFO] [stderr]   [  3%] Building CXX object src/wasm/CMakeFiles/wasm.dir/wasm.cpp.o
[INFO] [stderr]   [  4%] Building CXX object src/wasm/CMakeFiles/wasm.dir/wasm-binary.cpp.o
[INFO] [stderr]   [  5%] Building CXX object third_party/llvm-project/CMakeFiles/llvm_dwarf.dir/Binary.cpp.o
[INFO] [stderr]   [  5%] Building CXX object src/wasm/CMakeFiles/wasm.dir/literal.cpp.o
[INFO] [stderr]   [  6%] Building CXX object third_party/llvm-project/CMakeFiles/llvm_dwarf.dir/ConvertUTF.cpp.o
[INFO] [stderr]   [  6%] Building CXX object src/support/CMakeFiles/support.dir/bits.cpp.o
[INFO] [stderr]   [  7%] Building CXX object src/ir/CMakeFiles/ir.dir/ExpressionAnalyzer.cpp.o
[INFO] [stderr]   [  8%] Building CXX object src/support/CMakeFiles/support.dir/archive.cpp.o
[INFO] [stderr]   [  9%] Building CXX object src/passes/CMakeFiles/passes.dir/pass.cpp.o
[INFO] [stderr]   [ 10%] Building CXX object src/support/CMakeFiles/support.dir/colors.cpp.o
[INFO] [stderr]   [ 10%] Building CXX object third_party/llvm-project/CMakeFiles/llvm_dwarf.dir/DataExtractor.cpp.o
[INFO] [stderr]   [ 10%] Building CXX object src/support/CMakeFiles/support.dir/command-line.cpp.o
[INFO] [stderr]   [ 10%] Building CXX object src/passes/CMakeFiles/passes.dir/AlignmentLowering.cpp.o
[INFO] [stderr]   [ 11%] Building CXX object src/support/CMakeFiles/support.dir/debug.cpp.o
[INFO] [stderr]   [ 12%] Building CXX object src/passes/CMakeFiles/passes.dir/Asyncify.cpp.o
[INFO] [stderr]   [ 12%] Building CXX object src/passes/CMakeFiles/passes.dir/AvoidReinterprets.cpp.o
[INFO] [stderr]   [ 13%] Building CXX object src/passes/CMakeFiles/passes.dir/CoalesceLocals.cpp.o
[INFO] [stderr]   [ 14%] Building CXX object third_party/llvm-project/CMakeFiles/llvm_dwarf.dir/Debug.cpp.o
[INFO] [stderr]   [ 14%] Building CXX object third_party/llvm-project/CMakeFiles/llvm_dwarf.dir/DJB.cpp.o
[INFO] [stderr]   [ 14%] Building CXX object src/passes/CMakeFiles/passes.dir/CodePushing.cpp.o
[INFO] [stderr]   [ 15%] Building CXX object third_party/llvm-project/CMakeFiles/llvm_dwarf.dir/Dwarf.cpp.o
[INFO] [stderr]   [ 15%] Building CXX object third_party/llvm-project/CMakeFiles/llvm_dwarf.dir/dwarf2yaml.cpp.o
[INFO] [stderr]   [ 16%] Building CXX object third_party/llvm-project/CMakeFiles/llvm_dwarf.dir/DWARFAbbreviationDeclaration.cpp.o
[INFO] [stderr]   [ 16%] Built target emscripten-optimizer
[INFO] [stderr]   [ 17%] Building CXX object third_party/llvm-project/CMakeFiles/llvm_dwarf.dir/DWARFAcceleratorTable.cpp.o
[INFO] [stderr]   [ 18%] Building CXX object src/passes/CMakeFiles/passes.dir/CodeFolding.cpp.o
[INFO] [stderr]   [ 18%] Building CXX object third_party/llvm-project/CMakeFiles/llvm_dwarf.dir/DWARFAddressRange.cpp.o
[INFO] [stderr]   [ 18%] Built target asmjs
[INFO] [stderr]   [ 19%] Building CXX object src/passes/CMakeFiles/passes.dir/ConstHoisting.cpp.o
[INFO] [stderr]   [ 20%] Building CXX object third_party/llvm-project/CMakeFiles/llvm_dwarf.dir/DWARFCompileUnit.cpp.o
[INFO] [stderr]   [ 20%] Building CXX object src/passes/CMakeFiles/passes.dir/DataFlowOpts.cpp.o
[INFO] [stderr]   [ 20%] Building CXX object third_party/llvm-project/CMakeFiles/llvm_dwarf.dir/DWARFContext.cpp.o
[INFO] [stderr]   [ 21%] Building CXX object third_party/llvm-project/CMakeFiles/llvm_dwarf.dir/DWARFDataExtractor.cpp.o
[INFO] [stderr]   [ 21%] Building CXX object third_party/llvm-project/CMakeFiles/llvm_dwarf.dir/DWARFDebugAbbrev.cpp.o
[INFO] [stderr]   [ 22%] Building CXX object third_party/llvm-project/CMakeFiles/llvm_dwarf.dir/DWARFDebugAddr.cpp.o
[INFO] [stderr]   [ 22%] Building CXX object third_party/llvm-project/CMakeFiles/llvm_dwarf.dir/DWARFDebugAranges.cpp.o
[INFO] [stderr]   [ 23%] Building CXX object third_party/llvm-project/CMakeFiles/llvm_dwarf.dir/DWARFDebugArangeSet.cpp.o
[INFO] [stderr]   [ 23%] Building CXX object third_party/llvm-project/CMakeFiles/llvm_dwarf.dir/DWARFDebugFrame.cpp.o
[INFO] [stderr]   [ 24%] Building CXX object third_party/llvm-project/CMakeFiles/llvm_dwarf.dir/DWARFDebugInfoEntry.cpp.o
[INFO] [stderr]   [ 24%] Building CXX object third_party/llvm-project/CMakeFiles/llvm_dwarf.dir/DWARFDebugLine.cpp.o
[INFO] [stderr] 
[INFO] [stderr]   --- stderr
[INFO] [stderr]   fatal: not a git repository (or any parent up to mount point /opt/rustwide)
[INFO] [stderr]   Stopping at filesystem boundary (GIT_DISCOVERY_ACROSS_FILESYSTEM not set).
[INFO] [stderr]   CMake Warning:
[INFO] [stderr]     Manually-specified variables were not used by the project:
[INFO] [stderr] 
[INFO] [stderr]       CMAKE_ASM_COMPILER
[INFO] [stderr]       CMAKE_ASM_FLAGS
[INFO] [stderr] 
[INFO] [stderr] 
[INFO] [stderr]   gmake: warning: -j16 forced in submake: resetting jobserver mode.
[INFO] [stderr]   c++: fatal error: Killed signal terminated program cc1plus
[INFO] [stderr]   compilation terminated.
[INFO] [stderr]   gmake[2]: *** [src/cfg/CMakeFiles/cfg.dir/build.make:76: src/cfg/CMakeFiles/cfg.dir/Relooper.cpp.o] Error 1
[INFO] [stderr]   gmake[1]: *** [CMakeFiles/Makefile2:578: src/cfg/CMakeFiles/cfg.dir/all] Error 2
[INFO] [stderr]   gmake[1]: *** Waiting for unfinished jobs....
[INFO] [stderr]   c++: fatal error: Killed signal terminated program cc1plus
[INFO] [stderr]   compilation terminated.
[INFO] [stderr]   gmake[2]: *** [src/support/CMakeFiles/support.dir/build.make:76: src/support/CMakeFiles/support.dir/archive.cpp.o] Error 1
[INFO] [stderr]   gmake[2]: *** Waiting for unfinished jobs....
[INFO] [stderr]   c++: fatal error: Killed signal terminated program cc1plus
[INFO] [stderr]   compilation terminated.
[INFO] [stderr]   gmake[2]: *** [src/ir/CMakeFiles/ir.dir/build.make:76: src/ir/CMakeFiles/ir.dir/ExpressionAnalyzer.cpp.o] Error 1
[INFO] [stderr]   gmake[1]: *** [CMakeFiles/Makefile2:526: src/ir/CMakeFiles/ir.dir/all] Error 2
[INFO] [stderr]   c++: fatal error: Killed signal terminated program cc1plus
[INFO] [stderr]   compilation terminated.
[INFO] [stderr]   gmake[2]: *** [src/wasm/CMakeFiles/wasm.dir/build.make:104: src/wasm/CMakeFiles/wasm.dir/wasm-binary.cpp.o] Error 1
[INFO] [stderr]   gmake[2]: *** Waiting for unfinished jobs....
[INFO] [stderr]   c++: fatal error: Killed signal terminated program cc1plus
[INFO] [stderr]   compilation terminated.
[INFO] [stderr]   gmake[2]: *** [src/wasm/CMakeFiles/wasm.dir/build.make:90: src/wasm/CMakeFiles/wasm.dir/wasm.cpp.o] Error 1
[INFO] [stderr]   gmake[1]: *** [CMakeFiles/Makefile2:656: src/support/CMakeFiles/support.dir/all] Error 2
[INFO] [stderr]   c++: fatal error: Killed signal terminated program cc1plus
[INFO] [stderr]   compilation terminated.
[INFO] [stderr]   gmake[2]: *** [src/passes/CMakeFiles/passes.dir/build.make:81: src/passes/CMakeFiles/passes.dir/pass.cpp.o] Error 1
[INFO] [stderr]   gmake[2]: *** Waiting for unfinished jobs....
[INFO] [stderr]   c++: fatal error: Killed signal terminated program cc1plus
[INFO] [stderr]   compilation terminated.
[INFO] [stderr]   gmake[2]: *** [src/wasm/CMakeFiles/wasm.dir/build.make:76: src/wasm/CMakeFiles/wasm.dir/literal.cpp.o] Error 1
[INFO] [stderr]   gmake[1]: *** [CMakeFiles/Makefile2:682: src/wasm/CMakeFiles/wasm.dir/all] Error 2
[INFO] [stderr]   c++: fatal error: Killed signal terminated program cc1plus
[INFO] [stderr]   compilation terminated.
[INFO] [stderr]   gmake[2]: *** [src/passes/CMakeFiles/passes.dir/build.make:95: src/passes/CMakeFiles/passes.dir/AlignmentLowering.cpp.o] Error 1
[INFO] [stderr]   c++: fatal error: Killed signal terminated program cc1plus
[INFO] [stderr]   compilation terminated.
[INFO] [stderr]   gmake[2]: *** [src/passes/CMakeFiles/passes.dir/build.make:109: src/passes/CMakeFiles/passes.dir/Asyncify.cpp.o] Error 1
[INFO] [stderr]   c++: fatal error: Killed signal terminated program cc1plus
[INFO] [stderr]   compilation terminated.
[INFO] [stderr]   gmake[2]: *** [src/passes/CMakeFiles/passes.dir/build.make:123: src/passes/CMakeFiles/passes.dir/AvoidReinterprets.cpp.o] Error 1
[INFO] [stderr]   c++: fatal error: Killed signal terminated program cc1plus
[INFO] [stderr]   compilation terminated.
[INFO] [stderr]   gmake[2]: *** [src/passes/CMakeFiles/passes.dir/build.make:151: src/passes/CMakeFiles/passes.dir/CodePushing.cpp.o] Error 1
[INFO] [stderr]   c++: fatal error: Killed signal terminated program cc1plus
[INFO] [stderr]   compilation terminated.
[INFO] [stderr]   gmake[2]: *** [src/passes/CMakeFiles/passes.dir/build.make:137: src/passes/CMakeFiles/passes.dir/CoalesceLocals.cpp.o] Error 1
[INFO] [stderr]   c++: fatal error: Killed signal terminated program cc1plus
[INFO] [stderr]   compilation terminated.
[INFO] [stderr]   gmake[2]: *** [src/passes/CMakeFiles/passes.dir/build.make:165: src/passes/CMakeFiles/passes.dir/CodeFolding.cpp.o] Error 1
[INFO] [stderr]   c++: fatal error: Killed signal terminated program cc1plus
[INFO] [stderr]   compilation terminated.
[INFO] [stderr]   gmake[2]: *** [third_party/llvm-project/CMakeFiles/llvm_dwarf.dir/build.make:174: third_party/llvm-project/CMakeFiles/llvm_dwarf.dir/DWARFAbbreviationDeclaration.cpp.o] Error 1
[INFO] [stderr]   gmake[2]: *** Waiting for unfinished jobs....
[INFO] [stderr]   c++: fatal error: Killed signal terminated program cc1plus
[INFO] [stderr]   compilation terminated.
[INFO] [stderr]   gmake[2]: *** [third_party/llvm-project/CMakeFiles/llvm_dwarf.dir/build.make:160: third_party/llvm-project/CMakeFiles/llvm_dwarf.dir/dwarf2yaml.cpp.o] Error 1
[INFO] [stderr]   c++: fatal error: Killed signal terminated program cc1plus
[INFO] [stderr]   compilation terminated.
[INFO] [stderr]   gmake[2]: *** [third_party/llvm-project/CMakeFiles/llvm_dwarf.dir/build.make:188: third_party/llvm-project/CMakeFiles/llvm_dwarf.dir/DWARFAcceleratorTable.cpp.o] Error 1
[INFO] [stderr]   c++: fatal error: Killed signal terminated program cc1plus
[INFO] [stderr]   compilation terminated.
[INFO] [stderr]   gmake[2]: *** [third_party/llvm-project/CMakeFiles/llvm_dwarf.dir/build.make:216: third_party/llvm-project/CMakeFiles/llvm_dwarf.dir/DWARFCompileUnit.cpp.o] Error 1
[INFO] [stderr]   c++: fatal error: Killed signal terminated program cc1plus
[INFO] [stderr]   compilation terminated.
[INFO] [stderr]   gmake[2]: *** [third_party/llvm-project/CMakeFiles/llvm_dwarf.dir/build.make:230: third_party/llvm-project/CMakeFiles/llvm_dwarf.dir/DWARFContext.cpp.o] Error 1
[INFO] [stderr]   c++: fatal error: Killed signal terminated program cc1plus
[INFO] [stderr]   compilation terminated.
[INFO] [stderr]   gmake[2]: *** [third_party/llvm-project/CMakeFiles/llvm_dwarf.dir/build.make:244: third_party/llvm-project/CMakeFiles/llvm_dwarf.dir/DWARFDataExtractor.cpp.o] Error 1
[INFO] [stderr]   c++: fatal error: Killed signal terminated program cc1plus
[INFO] [stderr]   compilation terminated.
[INFO] [stderr]   gmake[2]: *** [src/passes/CMakeFiles/passes.dir/build.make:179: src/passes/CMakeFiles/passes.dir/ConstHoisting.cpp.o] Error 1
[INFO] [stderr]   gmake[1]: *** [CMakeFiles/Makefile2:708: third_party/llvm-project/CMakeFiles/llvm_dwarf.dir/all] Error 2
[INFO] [stderr]   gmake[1]: *** [CMakeFiles/Makefile2:630: src/passes/CMakeFiles/passes.dir/all] Error 2
[INFO] [stderr]   gmake: *** [Makefile:136: all] Error 2
[INFO] [stderr]   thread 'main' panicked at '
[INFO] [stderr]   command did not execute successfully, got: exit status: 2
[INFO] [stderr] 
[INFO] [stderr]   build script failed, must exit now', /opt/rustwide/cargo-home/registry/src/index.crates.io-6f17d22bba15001f/cmake-0.1.46/src/lib.rs:974:5
[INFO] [stderr]   stack backtrace:
[INFO] [stderr]      0:     0x561a3c7d13ea - std::backtrace_rs::backtrace::libunwind::trace::h2f05d0192276a8f6
[INFO] [stderr]                                  at /rustc/1b7dd2252b99671ce5d1cb9664c5f8636329436d/library/std/src/../../backtrace/src/backtrace/libunwind.rs:93:5
[INFO] [stderr]      1:     0x561a3c7d13ea - std::backtrace_rs::backtrace::trace_unsynchronized::hedc23dff7a1af150
[INFO] [stderr]                                  at /rustc/1b7dd2252b99671ce5d1cb9664c5f8636329436d/library/std/src/../../backtrace/src/backtrace/mod.rs:66:5
[INFO] [stderr]      2:     0x561a3c7d13ea - std::sys_common::backtrace::_print_fmt::h17541ef7592f3ce2
[INFO] [stderr]                                  at /rustc/1b7dd2252b99671ce5d1cb9664c5f8636329436d/library/std/src/sys_common/backtrace.rs:65:5
[INFO] [stderr]      3:     0x561a3c7d13ea - <std::sys_common::backtrace::_print::DisplayBacktrace as core::fmt::Display>::fmt::h20f75df5ab0c0792
[INFO] [stderr]                                  at /rustc/1b7dd2252b99671ce5d1cb9664c5f8636329436d/library/std/src/sys_common/backtrace.rs:44:22
[INFO] [stderr]      4:     0x561a3c7f2eaf - core::fmt::write::h78109e6f466b3af6
[INFO] [stderr]                                  at /rustc/1b7dd2252b99671ce5d1cb9664c5f8636329436d/library/core/src/fmt/mod.rs:1254:17
[INFO] [stderr]      5:     0x561a3c7cdb95 - std::io::Write::write_fmt::hc59e1b02dd273c8a
[INFO] [stderr]                                  at /rustc/1b7dd2252b99671ce5d1cb9664c5f8636329436d/library/std/src/io/mod.rs:1698:15
[INFO] [stderr]      6:     0x561a3c7d11b5 - std::sys_common::backtrace::_print::h8dac57a9f8fbf9a5
[INFO] [stderr]                                  at /rustc/1b7dd2252b99671ce5d1cb9664c5f8636329436d/library/std/src/sys_common/backtrace.rs:47:5
[INFO] [stderr]      7:     0x561a3c7d11b5 - std::sys_common::backtrace::print::hf9ecbf41d1aa712f
[INFO] [stderr]                                  at /rustc/1b7dd2252b99671ce5d1cb9664c5f8636329436d/library/std/src/sys_common/backtrace.rs:34:9
[INFO] [stderr]      8:     0x561a3c7d30ee - std::panicking::default_hook::{{closure}}::h04c07acfc84ca028
[INFO] [stderr]                                  at /rustc/1b7dd2252b99671ce5d1cb9664c5f8636329436d/library/std/src/panicking.rs:269:22
[INFO] [stderr]      9:     0x561a3c7d2e95 - std::panicking::default_hook::h01f6bb23e1eceb2c
[INFO] [stderr]                                  at /rustc/1b7dd2252b99671ce5d1cb9664c5f8636329436d/library/std/src/panicking.rs:288:9
[INFO] [stderr]     10:     0x561a3c7d364e - std::panicking::rust_panic_with_hook::h2bb3722bbaf2f6df
[INFO] [stderr]                                  at /rustc/1b7dd2252b99671ce5d1cb9664c5f8636329436d/library/std/src/panicking.rs:691:13
[INFO] [stderr]     11:     0x561a3c7d3549 - std::panicking::begin_panic_handler::{{closure}}::h91bc7f36a4be011b
[INFO] [stderr]                                  at /rustc/1b7dd2252b99671ce5d1cb9664c5f8636329436d/library/std/src/panicking.rs:582:13
[INFO] [stderr]     12:     0x561a3c7d1856 - std::sys_common::backtrace::__rust_end_short_backtrace::h8b3d3717114f9e59
[INFO] [stderr]                                  at /rustc/1b7dd2252b99671ce5d1cb9664c5f8636329436d/library/std/src/sys_common/backtrace.rs:150:18
[INFO] [stderr]     13:     0x561a3c7d32a2 - rust_begin_unwind
[INFO] [stderr]                                  at /rustc/1b7dd2252b99671ce5d1cb9664c5f8636329436d/library/std/src/panicking.rs:578:5
[INFO] [stderr]     14:     0x561a3c5fce83 - core::panicking::panic_fmt::hfd368e3fbdabea26
[INFO] [stderr]                                  at /rustc/1b7dd2252b99671ce5d1cb9664c5f8636329436d/library/core/src/panicking.rs:67:14
[INFO] [stderr]     15:     0x561a3c7583df - cmake::fail::h8b3d286af6ddc077
[INFO] [stderr]     16:     0x561a3c757e43 - cmake::run::ha033602f76af4a94
[INFO] [stderr]     17:     0x561a3c7552b6 - cmake::Config::build::hda1635c698cb521c
[INFO] [stderr]     18:     0x561a3c602c14 - build_script_build::main::ha243ee14449842cb
[INFO] [stderr]     19:     0x561a3c6043c3 - core::ops::function::FnOnce::call_once::hdb344eb9ed5261ef
[INFO] [stderr]     20:     0x561a3c5feec6 - std::sys_common::backtrace::__rust_begin_short_backtrace::h96ee9ab451dc3e84
[INFO] [stderr]     21:     0x561a3c5fef19 - std::rt::lang_start::{{closure}}::h6739ff60cd1e6358
[INFO] [stderr]     22:     0x561a3c7c997e - core::ops::function::impls::<impl core::ops::function::FnOnce<A> for &F>::call_once::h2eb19b8ce4148df4
[INFO] [stderr]                                  at /rustc/1b7dd2252b99671ce5d1cb9664c5f8636329436d/library/core/src/ops/function.rs:287:13
[INFO] [stderr]     23:     0x561a3c7c997e - std::panicking::try::do_call::h2e900feff5d504c5
[INFO] [stderr]                                  at /rustc/1b7dd2252b99671ce5d1cb9664c5f8636329436d/library/std/src/panicking.rs:485:40
[INFO] [stderr]     24:     0x561a3c7c997e - std::panicking::try::h8854836cb85aa9f2
[INFO] [stderr]                                  at /rustc/1b7dd2252b99671ce5d1cb9664c5f8636329436d/library/std/src/panicking.rs:449:19
[INFO] [stderr]     25:     0x561a3c7c997e - std::panic::catch_unwind::h706025dd4c48f64b
[INFO] [stderr]                                  at /rustc/1b7dd2252b99671ce5d1cb9664c5f8636329436d/library/std/src/panic.rs:140:14
[INFO] [stderr]     26:     0x561a3c7c997e - std::rt::lang_start_internal::{{closure}}::h7be5b97f4a07a91a
[INFO] [stderr]                                  at /rustc/1b7dd2252b99671ce5d1cb9664c5f8636329436d/library/std/src/rt.rs:148:48
[INFO] [stderr]     27:     0x561a3c7c997e - std::panicking::try::do_call::h59847e9d0a176965
[INFO] [stderr]                                  at /rustc/1b7dd2252b99671ce5d1cb9664c5f8636329436d/library/std/src/panicking.rs:485:40
[INFO] [stderr]     28:     0x561a3c7c997e - std::panicking::try::h399a918ba8522823
[INFO] [stderr]                                  at /rustc/1b7dd2252b99671ce5d1cb9664c5f8636329436d/library/std/src/panicking.rs:449:19
[INFO] [stderr]     29:     0x561a3c7c997e - std::panic::catch_unwind::hca7ca6c55b2a2e26
[INFO] [stderr]                                  at /rustc/1b7dd2252b99671ce5d1cb9664c5f8636329436d/library/std/src/panic.rs:140:14
[INFO] [stderr]     30:     0x561a3c7c997e - std::rt::lang_start_internal::h2c807a81560459eb
[INFO] [stderr]                                  at /rustc/1b7dd2252b99671ce5d1cb9664c5f8636329436d/library/std/src/rt.rs:148:20
[INFO] [stderr]     31:     0x561a3c5feef7 - std::rt::lang_start::hf3709ffb9216e1ad
[INFO] [stderr]     32:     0x561a3c603465 - main
[INFO] [stderr]     33:     0x7fdcce884d90 - <unknown>
[INFO] [stderr]     34:     0x7fdcce884e40 - __libc_start_main
[INFO] [stderr]     35:     0x561a3c5fd5a5 - _start
[INFO] [stderr]     36:                0x0 - <unknown>
[INFO] running `Command { std: "docker" "inspect" "ba278dc9343e877edce3c940d2bca9cb28c9feae01be733f0786ce896765b445", kill_on_drop: false }`
[INFO] running `Command { std: "docker" "rm" "-f" "ba278dc9343e877edce3c940d2bca9cb28c9feae01be733f0786ce896765b445", kill_on_drop: false }`
[INFO] [stdout] ba278dc9343e877edce3c940d2bca9cb28c9feae01be733f0786ce896765b445
