[INFO] cloning repository https://github.com/Masterchef365/twisty_beziers
[INFO] running `Command { std: "git" "-c" "credential.helper=" "-c" "credential.helper=/workspace/cargo-home/bin/git-credential-null" "clone" "--bare" "https://github.com/Masterchef365/twisty_beziers" "/workspace/cache/git-repos/https%3A%2F%2Fgithub.com%2FMasterchef365%2Ftwisty_beziers", kill_on_drop: false }`
[INFO] [stderr] Cloning into bare repository '/workspace/cache/git-repos/https%3A%2F%2Fgithub.com%2FMasterchef365%2Ftwisty_beziers'...
[INFO] running `Command { std: "git" "rev-parse" "HEAD", kill_on_drop: false }`
[INFO] [stdout] 365cb06bb48d1e1e18872894d42087af8d8ae245
[INFO] documenting Masterchef365/twisty_beziers against beta-2023-04-20 for beta-1.70-rustdoc-1
[INFO] running `Command { std: "git" "clone" "/workspace/cache/git-repos/https%3A%2F%2Fgithub.com%2FMasterchef365%2Ftwisty_beziers" "/workspace/builds/worker-4-tc2/source", kill_on_drop: false }`
[INFO] [stderr] Cloning into '/workspace/builds/worker-4-tc2/source'...
[INFO] [stderr] done.
[INFO] validating manifest of git repo https://github.com/Masterchef365/twisty_beziers on toolchain beta-2023-04-20
[INFO] running `Command { std: CARGO_HOME="/workspace/cargo-home" RUSTUP_HOME="/workspace/rustup-home" "/workspace/cargo-home/bin/cargo" "+beta-2023-04-20" "metadata" "--manifest-path" "Cargo.toml" "--no-deps", kill_on_drop: false }`
[INFO] started tweaking git repo https://github.com/Masterchef365/twisty_beziers
[INFO] finished tweaking git repo https://github.com/Masterchef365/twisty_beziers
[INFO] tweaked toml for git repo https://github.com/Masterchef365/twisty_beziers written to /workspace/builds/worker-4-tc2/source/Cargo.toml
[INFO] crate git repo https://github.com/Masterchef365/twisty_beziers already has a lockfile, it will not be regenerated
[INFO] running `Command { std: CARGO_HOME="/workspace/cargo-home" RUSTUP_HOME="/workspace/rustup-home" "/workspace/cargo-home/bin/cargo" "+beta-2023-04-20" "fetch" "--manifest-path" "Cargo.toml", kill_on_drop: false }`
[INFO] [stderr]     Updating crates.io index
[INFO] [stderr]  Downloading crates ...
[INFO] [stderr]   Downloaded simba v0.2.4
[INFO] [stderr]   Downloaded drop_bomb v0.1.5
[INFO] [stderr]   Downloaded raw-window-metal v0.1.1
[INFO] [stderr]   Downloaded genmap v1.0.3
[INFO] [stderr]   Downloaded openxr v0.13.1
[INFO] [stderr]   Downloaded combine v4.5.0
[INFO] [stderr]   Downloaded erupt v0.14.0+154
[INFO] [stderr]   Downloaded openxr-sys v0.8.5
[INFO] running `Command { std: "docker" "create" "-v" "/var/lib/crater-agent-workspace/builds/worker-4-tc2/target:/opt/rustwide/target:rw,Z" "-v" "/var/lib/crater-agent-workspace/builds/worker-4-tc2/source:/opt/rustwide/workdir:ro,Z" "-v" "/var/lib/crater-agent-workspace/cargo-home:/opt/rustwide/cargo-home:ro,Z" "-v" "/var/lib/crater-agent-workspace/rustup-home:/opt/rustwide/rustup-home:ro,Z" "-e" "SOURCE_DIR=/opt/rustwide/workdir" "-e" "CARGO_TARGET_DIR=/opt/rustwide/target" "-e" "CARGO_HOME=/opt/rustwide/cargo-home" "-e" "RUSTUP_HOME=/opt/rustwide/rustup-home" "-w" "/opt/rustwide/workdir" "-m" "1610612736" "--user" "0:0" "--network" "none" "ghcr.io/rust-lang/crates-build-env/linux@sha256:5ff2268d62e97bff2cde7d5815dd6ed5b47097566f13b8d0ca110b04b60e07ed" "/opt/rustwide/cargo-home/bin/cargo" "+beta-2023-04-20" "metadata" "--no-deps" "--format-version=1", kill_on_drop: false }`
[INFO] [stdout] 80bfb9d821e1b338b2e92608b0adac1a80c321e1b82130546fe497394e373005
[INFO] running `Command { std: "docker" "start" "-a" "80bfb9d821e1b338b2e92608b0adac1a80c321e1b82130546fe497394e373005", kill_on_drop: false }`
[INFO] running `Command { std: "docker" "inspect" "80bfb9d821e1b338b2e92608b0adac1a80c321e1b82130546fe497394e373005", kill_on_drop: false }`
[INFO] running `Command { std: "docker" "rm" "-f" "80bfb9d821e1b338b2e92608b0adac1a80c321e1b82130546fe497394e373005", kill_on_drop: false }`
[INFO] [stdout] 80bfb9d821e1b338b2e92608b0adac1a80c321e1b82130546fe497394e373005
[INFO] running `Command { std: "docker" "create" "-v" "/var/lib/crater-agent-workspace/builds/worker-4-tc2/target:/opt/rustwide/target:rw,Z" "-v" "/var/lib/crater-agent-workspace/builds/worker-4-tc2/source:/opt/rustwide/workdir:ro,Z" "-v" "/var/lib/crater-agent-workspace/cargo-home:/opt/rustwide/cargo-home:ro,Z" "-v" "/var/lib/crater-agent-workspace/rustup-home:/opt/rustwide/rustup-home:ro,Z" "-e" "SOURCE_DIR=/opt/rustwide/workdir" "-e" "CARGO_TARGET_DIR=/opt/rustwide/target" "-e" "CARGO_INCREMENTAL=0" "-e" "RUST_BACKTRACE=full" "-e" "RUSTFLAGS=--cap-lints=warn" "-e" "RUSTDOCFLAGS=--cap-lints=warn" "-e" "CARGO_HOME=/opt/rustwide/cargo-home" "-e" "RUSTUP_HOME=/opt/rustwide/rustup-home" "-w" "/opt/rustwide/workdir" "-m" "1610612736" "--user" "0:0" "--network" "none" "ghcr.io/rust-lang/crates-build-env/linux@sha256:5ff2268d62e97bff2cde7d5815dd6ed5b47097566f13b8d0ca110b04b60e07ed" "/opt/rustwide/cargo-home/bin/cargo" "+beta-2023-04-20" "doc" "--frozen" "--no-deps" "--document-private-items" "--message-format=json", kill_on_drop: false }`
[INFO] [stdout] 401ab7f81958ab7352aceea19bf1854c8dcabdab074b783bc1a4b402f4d7a595
[INFO] running `Command { std: "docker" "start" "-a" "401ab7f81958ab7352aceea19bf1854c8dcabdab074b783bc1a4b402f4d7a595", kill_on_drop: false }`
[INFO] [stderr]    Compiling libc v0.2.81
[INFO] [stderr]     Checking libloading v0.6.6
[INFO] [stderr]    Compiling quote v0.6.13
[INFO] [stderr]    Compiling xml-rs v0.8.3
[INFO] [stderr]    Compiling nix v0.14.1
[INFO] [stderr]    Compiling byteorder v1.3.4
[INFO] [stderr]    Compiling clang-sys v1.0.3
[INFO] [stderr]     Checking approx v0.3.2
[INFO] [stderr]     Checking slab v0.4.2
[INFO] [stderr]    Compiling syn v1.0.56
[INFO] [stderr]    Compiling getrandom v0.1.15
[INFO] [stderr]     Checking dlib v0.4.2
[INFO] [stderr]    Compiling proc-macro-hack v0.5.19
[INFO] [stderr]    Compiling regex-syntax v0.6.21
[INFO] [stderr]     Checking lazycell v1.3.0
[INFO] [stderr]    Compiling wayland-scanner v0.23.6
[INFO] [stderr]    Compiling log v0.4.11
[INFO] [stderr]     Checking stb_truetype v0.3.1
[INFO] [stderr]     Checking wayland-sys v0.23.6
[INFO] [stderr]    Compiling nom v5.1.2
[INFO] [stderr]     Checking ordered-float v1.1.1
[INFO] [stderr]    Compiling bitflags v1.2.1
[INFO] [stderr]    Compiling termcolor v1.1.2
[INFO] [stderr]     Checking rusttype v0.8.3
[INFO] [stderr]     Checking net2 v0.2.37
[INFO] [stderr]     Checking iovec v0.1.4
[INFO] [stderr]    Compiling atty v0.2.14
[INFO] [stderr]     Checking mio v0.6.23
[INFO] [stderr]    Compiling clap v2.33.3
[INFO] [stderr]     Checking rand_core v0.5.1
[INFO] [stderr]    Compiling regex v1.4.2
[INFO] [stderr]     Checking mio-extras v2.0.6
[INFO] [stderr]    Compiling wayland-client v0.23.6
[INFO] [stderr]    Compiling wayland-protocols v0.23.6
[INFO] [stderr]    Compiling cexpr v0.4.0
[INFO] [stderr]    Compiling env_logger v0.7.1
[INFO] [stderr]    Compiling which v3.1.1
[INFO] [stderr]     Checking calloop v0.4.4
[INFO] [stderr]     Checking wayland-commons v0.23.6
[INFO] [stderr]    Compiling bindgen v0.55.1
[INFO] [stderr]    Compiling proc-macro-error-attr v1.0.4
[INFO] [stderr]    Compiling num-complex v0.2.4
[INFO] [stderr]    Compiling typenum v1.12.0
[INFO] [stderr]    Compiling maybe-uninit v2.0.0
[INFO] [stderr]     Checking downcast-rs v1.2.0
[INFO] [stderr]     Checking rand_chacha v0.2.2
[INFO] [stderr]    Compiling paste-impl v0.1.18
[INFO] [stderr]     Checking walkdir v2.3.1
[INFO] [stderr]     Checking rusttype v0.7.9
[INFO] [stderr]    Compiling x11-dl v2.18.5
[INFO] [stderr]     Checking line_drawing v0.7.0
[INFO] [stderr]    Compiling libudev-sys v0.1.4
[INFO] [stderr]    Compiling num-rational v0.2.4
[INFO] [stderr]    Compiling proc-macro-error v1.0.4
[INFO] [stderr]    Compiling nix v0.15.0
[INFO] [stderr]     Checking xdg v2.2.0
[INFO] [stderr]     Checking smallvec v1.5.1
[INFO] [stderr]    Compiling openxr-sys v0.8.5
[INFO] [stderr]     Checking parking_lot_core v0.7.2
[INFO] [stderr]     Checking lock_api v0.3.4
[INFO] [stderr]     Checking andrew v0.2.1
[INFO] [stderr]     Checking paste v0.1.18
[INFO] [stderr]     Checking rand v0.7.3
[INFO] [stderr]     Checking raw-window-handle v0.3.3
[INFO] [stderr]     Checking memmap v0.7.0
[INFO] [stderr]    Compiling anyhow v1.0.36
[INFO] [stderr]     Checking rawpointer v0.2.1
[INFO] [stderr]    Compiling unicode-segmentation v1.7.1
[INFO] [stderr]     Checking rand_distr v0.2.2
[INFO] [stderr]     Checking matrixmultiply v0.2.4
[INFO] [stderr]     Checking generic-array v0.13.2
[INFO] [stderr]    Compiling heck v0.3.2
[INFO] [stderr]    Compiling thiserror-impl v1.0.22
[INFO] [stderr]     Checking simba v0.2.4
[INFO] [stderr]     Checking parking_lot v0.10.2
[INFO] [stderr]     Checking nix v0.18.0
[INFO] [stderr]     Checking uuid v0.8.1
[INFO] [stderr]     Checking thiserror v1.0.22
[INFO] [stderr]     Checking openxr v0.13.1
[INFO] [stderr]    Compiling structopt-derive v0.4.14
[INFO] [stderr]     Checking erupt v0.14.0+154
[INFO] [stderr]     Checking drop_bomb v0.1.5
[INFO] [stderr]     Checking ctrlc v3.1.7
[INFO] [stderr]     Checking bytemuck v1.4.1
[INFO] [stderr]     Checking genmap v1.0.3
[INFO] [stderr]     Checking gilrs-core v0.2.6
[INFO] [stderr]     Checking structopt v0.3.21
[INFO] [stderr]    Compiling wiiuse-sys v0.3.0 (https://github.com/Masterchef365/wiiuse-sys.git#aa0cfb81)
[INFO] [stderr]     Checking gilrs v0.7.4
[INFO] [stderr]     Checking nalgebra v0.22.1
[INFO] [stderr] error: failed to run custom build command for `wiiuse-sys v0.3.0 (https://github.com/Masterchef365/wiiuse-sys.git#aa0cfb81)`
[INFO] [stderr] note: To improve backtraces for build dependencies, set the CARGO_PROFILE_DEV_BUILD_OVERRIDE_DEBUG=true environment variable to enable debug information generation.
[INFO] [stderr] 
[INFO] [stderr] Caused by:
[INFO] [stderr]   process didn't exit successfully: `/opt/rustwide/target/debug/build/wiiuse-sys-150ccb748639ce63/build-script-build` (exit status: 101)
[INFO] [stderr]   --- stdout
[INFO] [stderr]   cargo:rustc-link-lib=wiiuse
[INFO] [stderr] 
[INFO] [stderr]   --- stderr
[INFO] [stderr]   wrapper.h:1:10: fatal error: 'wiiuse.h' file not found
[INFO] [stderr]   wrapper.h:1:10: fatal error: 'wiiuse.h' file not found, err: true
[INFO] [stderr]   thread 'main' panicked at 'Unable to generate bindings: ()', /opt/rustwide/cargo-home/git/checkouts/wiiuse-sys-d38c268ff0887842/aa0cfb8/build.rs:22:10
[INFO] [stderr]   stack backtrace:
[INFO] [stderr]      0:     0x555826c136ea - std::backtrace_rs::backtrace::libunwind::trace::h2f05d0192276a8f6
[INFO] [stderr]                                  at /rustc/1b7dd2252b99671ce5d1cb9664c5f8636329436d/library/std/src/../../backtrace/src/backtrace/libunwind.rs:93:5
[INFO] [stderr]      1:     0x555826c136ea - std::backtrace_rs::backtrace::trace_unsynchronized::hedc23dff7a1af150
[INFO] [stderr]                                  at /rustc/1b7dd2252b99671ce5d1cb9664c5f8636329436d/library/std/src/../../backtrace/src/backtrace/mod.rs:66:5
[INFO] [stderr]      2:     0x555826c136ea - std::sys_common::backtrace::_print_fmt::h17541ef7592f3ce2
[INFO] [stderr]                                  at /rustc/1b7dd2252b99671ce5d1cb9664c5f8636329436d/library/std/src/sys_common/backtrace.rs:65:5
[INFO] [stderr]      3:     0x555826c136ea - <std::sys_common::backtrace::_print::DisplayBacktrace as core::fmt::Display>::fmt::h20f75df5ab0c0792
[INFO] [stderr]                                  at /rustc/1b7dd2252b99671ce5d1cb9664c5f8636329436d/library/std/src/sys_common/backtrace.rs:44:22
[INFO] [stderr]      4:     0x555826c3881f - core::fmt::write::h78109e6f466b3af6
[INFO] [stderr]                                  at /rustc/1b7dd2252b99671ce5d1cb9664c5f8636329436d/library/core/src/fmt/mod.rs:1254:17
[INFO] [stderr]      5:     0x555826c108d5 - std::io::Write::write_fmt::hc59e1b02dd273c8a
[INFO] [stderr]                                  at /rustc/1b7dd2252b99671ce5d1cb9664c5f8636329436d/library/std/src/io/mod.rs:1698:15
[INFO] [stderr]      6:     0x555826c134b5 - std::sys_common::backtrace::_print::h8dac57a9f8fbf9a5
[INFO] [stderr]                                  at /rustc/1b7dd2252b99671ce5d1cb9664c5f8636329436d/library/std/src/sys_common/backtrace.rs:47:5
[INFO] [stderr]      7:     0x555826c134b5 - std::sys_common::backtrace::print::hf9ecbf41d1aa712f
[INFO] [stderr]                                  at /rustc/1b7dd2252b99671ce5d1cb9664c5f8636329436d/library/std/src/sys_common/backtrace.rs:34:9
[INFO] [stderr]      8:     0x555826c14ebe - std::panicking::default_hook::{{closure}}::h04c07acfc84ca028
[INFO] [stderr]                                  at /rustc/1b7dd2252b99671ce5d1cb9664c5f8636329436d/library/std/src/panicking.rs:269:22
[INFO] [stderr]      9:     0x555826c14c65 - std::panicking::default_hook::h01f6bb23e1eceb2c
[INFO] [stderr]                                  at /rustc/1b7dd2252b99671ce5d1cb9664c5f8636329436d/library/std/src/panicking.rs:288:9
[INFO] [stderr]     10:     0x555826c1541e - std::panicking::rust_panic_with_hook::h2bb3722bbaf2f6df
[INFO] [stderr]                                  at /rustc/1b7dd2252b99671ce5d1cb9664c5f8636329436d/library/std/src/panicking.rs:691:13
[INFO] [stderr]     11:     0x555826c15319 - std::panicking::begin_panic_handler::{{closure}}::h91bc7f36a4be011b
[INFO] [stderr]                                  at /rustc/1b7dd2252b99671ce5d1cb9664c5f8636329436d/library/std/src/panicking.rs:582:13
[INFO] [stderr]     12:     0x555826c13b56 - std::sys_common::backtrace::__rust_end_short_backtrace::h8b3d3717114f9e59
[INFO] [stderr]                                  at /rustc/1b7dd2252b99671ce5d1cb9664c5f8636329436d/library/std/src/sys_common/backtrace.rs:150:18
[INFO] [stderr]     13:     0x555826c15072 - rust_begin_unwind
[INFO] [stderr]                                  at /rustc/1b7dd2252b99671ce5d1cb9664c5f8636329436d/library/std/src/panicking.rs:578:5
[INFO] [stderr]     14:     0x55582681b5d3 - core::panicking::panic_fmt::hfd368e3fbdabea26
[INFO] [stderr]                                  at /rustc/1b7dd2252b99671ce5d1cb9664c5f8636329436d/library/core/src/panicking.rs:67:14
[INFO] [stderr]     15:     0x55582681bb73 - core::result::unwrap_failed::he54eb4b2f125b26f
[INFO] [stderr]                                  at /rustc/1b7dd2252b99671ce5d1cb9664c5f8636329436d/library/core/src/result.rs:1687:5
[INFO] [stderr]     16:     0x55582681c83b - core::result::Result<T,E>::expect::h59d909f5c0378570
[INFO] [stderr]     17:     0x55582681d84d - build_script_build::main::h20875b204d6c6347
[INFO] [stderr]     18:     0x55582681c6a3 - core::ops::function::FnOnce::call_once::h561ac6a7f7c742c4
[INFO] [stderr]     19:     0x55582681c7b6 - std::sys_common::backtrace::__rust_begin_short_backtrace::h7d18d13654459288
[INFO] [stderr]     20:     0x55582681c639 - std::rt::lang_start::{{closure}}::hb0a8c3d3ddcc62b5
[INFO] [stderr]     21:     0x555826c0d28e - core::ops::function::impls::<impl core::ops::function::FnOnce<A> for &F>::call_once::h2eb19b8ce4148df4
[INFO] [stderr]                                  at /rustc/1b7dd2252b99671ce5d1cb9664c5f8636329436d/library/core/src/ops/function.rs:287:13
[INFO] [stderr]     22:     0x555826c0d28e - std::panicking::try::do_call::h2e900feff5d504c5
[INFO] [stderr]                                  at /rustc/1b7dd2252b99671ce5d1cb9664c5f8636329436d/library/std/src/panicking.rs:485:40
[INFO] [stderr]     23:     0x555826c0d28e - std::panicking::try::h8854836cb85aa9f2
[INFO] [stderr]                                  at /rustc/1b7dd2252b99671ce5d1cb9664c5f8636329436d/library/std/src/panicking.rs:449:19
[INFO] [stderr]     24:     0x555826c0d28e - std::panic::catch_unwind::h706025dd4c48f64b
[INFO] [stderr]                                  at /rustc/1b7dd2252b99671ce5d1cb9664c5f8636329436d/library/std/src/panic.rs:140:14
[INFO] [stderr]     25:     0x555826c0d28e - std::rt::lang_start_internal::{{closure}}::h7be5b97f4a07a91a
[INFO] [stderr]                                  at /rustc/1b7dd2252b99671ce5d1cb9664c5f8636329436d/library/std/src/rt.rs:148:48
[INFO] [stderr]     26:     0x555826c0d28e - std::panicking::try::do_call::h59847e9d0a176965
[INFO] [stderr]                                  at /rustc/1b7dd2252b99671ce5d1cb9664c5f8636329436d/library/std/src/panicking.rs:485:40
[INFO] [stderr]     27:     0x555826c0d28e - std::panicking::try::h399a918ba8522823
[INFO] [stderr]                                  at /rustc/1b7dd2252b99671ce5d1cb9664c5f8636329436d/library/std/src/panicking.rs:449:19
[INFO] [stderr]     28:     0x555826c0d28e - std::panic::catch_unwind::hca7ca6c55b2a2e26
[INFO] [stderr]                                  at /rustc/1b7dd2252b99671ce5d1cb9664c5f8636329436d/library/std/src/panic.rs:140:14
[INFO] [stderr]     29:     0x555826c0d28e - std::rt::lang_start_internal::h2c807a81560459eb
[INFO] [stderr]                                  at /rustc/1b7dd2252b99671ce5d1cb9664c5f8636329436d/library/std/src/rt.rs:148:20
[INFO] [stderr]     30:     0x55582681c617 - std::rt::lang_start::hf45bf3e467fd1883
[INFO] [stderr]     31:     0x55582681e2e5 - main
[INFO] [stderr]     32:     0x7fa2b13a4d90 - <unknown>
[INFO] [stderr]     33:     0x7fa2b13a4e40 - __libc_start_main
[INFO] [stderr]     34:     0x55582681bd55 - _start
[INFO] [stderr]     35:                0x0 - <unknown>
[INFO] [stderr] warning: build failed, waiting for other jobs to finish...
[INFO] running `Command { std: "docker" "inspect" "401ab7f81958ab7352aceea19bf1854c8dcabdab074b783bc1a4b402f4d7a595", kill_on_drop: false }`
[INFO] running `Command { std: "docker" "rm" "-f" "401ab7f81958ab7352aceea19bf1854c8dcabdab074b783bc1a4b402f4d7a595", kill_on_drop: false }`
[INFO] [stdout] 401ab7f81958ab7352aceea19bf1854c8dcabdab074b783bc1a4b402f4d7a595
