[INFO] cloning repository https://github.com/ManevilleF/wireworld-rs
[INFO] running `Command { std: "git" "-c" "credential.helper=" "-c" "credential.helper=/workspace/cargo-home/bin/git-credential-null" "clone" "--bare" "https://github.com/ManevilleF/wireworld-rs" "/workspace/cache/git-repos/https%3A%2F%2Fgithub.com%2FManevilleF%2Fwireworld-rs", kill_on_drop: false }`
[INFO] [stderr] Cloning into bare repository '/workspace/cache/git-repos/https%3A%2F%2Fgithub.com%2FManevilleF%2Fwireworld-rs'...
[INFO] running `Command { std: "git" "rev-parse" "HEAD", kill_on_drop: false }`
[INFO] [stdout] 4cf4ac134e0004a6ae3930ef45cf35cd3ab4a1f7
[INFO] documenting ManevilleF/wireworld-rs against beta-2023-04-20 for beta-1.70-rustdoc-1
[INFO] running `Command { std: "git" "clone" "/workspace/cache/git-repos/https%3A%2F%2Fgithub.com%2FManevilleF%2Fwireworld-rs" "/workspace/builds/worker-1-tc2/source", kill_on_drop: false }`
[INFO] [stderr] Cloning into '/workspace/builds/worker-1-tc2/source'...
[INFO] [stderr] done.
[INFO] validating manifest of git repo https://github.com/ManevilleF/wireworld-rs on toolchain beta-2023-04-20
[INFO] running `Command { std: CARGO_HOME="/workspace/cargo-home" RUSTUP_HOME="/workspace/rustup-home" "/workspace/cargo-home/bin/cargo" "+beta-2023-04-20" "metadata" "--manifest-path" "Cargo.toml" "--no-deps", kill_on_drop: false }`
[INFO] started tweaking git repo https://github.com/ManevilleF/wireworld-rs
[INFO] finished tweaking git repo https://github.com/ManevilleF/wireworld-rs
[INFO] tweaked toml for git repo https://github.com/ManevilleF/wireworld-rs written to /workspace/builds/worker-1-tc2/source/Cargo.toml
[INFO] crate git repo https://github.com/ManevilleF/wireworld-rs already has a lockfile, it will not be regenerated
[INFO] running `Command { std: CARGO_HOME="/workspace/cargo-home" RUSTUP_HOME="/workspace/rustup-home" "/workspace/cargo-home/bin/cargo" "+beta-2023-04-20" "fetch" "--manifest-path" "Cargo.toml", kill_on_drop: false }`
[INFO] [stderr]  Downloading crates ...
[INFO] [stderr]   Downloaded metal v0.24.0
[INFO] [stderr]   Downloaded ndk-sys v0.4.0
[INFO] running `Command { std: "docker" "create" "-v" "/var/lib/crater-agent-workspace/builds/worker-1-tc2/target:/opt/rustwide/target:rw,Z" "-v" "/var/lib/crater-agent-workspace/builds/worker-1-tc2/source:/opt/rustwide/workdir:ro,Z" "-v" "/var/lib/crater-agent-workspace/cargo-home:/opt/rustwide/cargo-home:ro,Z" "-v" "/var/lib/crater-agent-workspace/rustup-home:/opt/rustwide/rustup-home:ro,Z" "-e" "SOURCE_DIR=/opt/rustwide/workdir" "-e" "CARGO_TARGET_DIR=/opt/rustwide/target" "-e" "CARGO_HOME=/opt/rustwide/cargo-home" "-e" "RUSTUP_HOME=/opt/rustwide/rustup-home" "-w" "/opt/rustwide/workdir" "-m" "1610612736" "--user" "0:0" "--network" "none" "ghcr.io/rust-lang/crates-build-env/linux@sha256:5ff2268d62e97bff2cde7d5815dd6ed5b47097566f13b8d0ca110b04b60e07ed" "/opt/rustwide/cargo-home/bin/cargo" "+beta-2023-04-20" "metadata" "--no-deps" "--format-version=1", kill_on_drop: false }`
[INFO] [stdout] c12761b08a5dacc8f9808dfb4d92b50140c6aee39bbeac728f0e0d952288c813
[INFO] running `Command { std: "docker" "start" "-a" "c12761b08a5dacc8f9808dfb4d92b50140c6aee39bbeac728f0e0d952288c813", kill_on_drop: false }`
[INFO] running `Command { std: "docker" "inspect" "c12761b08a5dacc8f9808dfb4d92b50140c6aee39bbeac728f0e0d952288c813", kill_on_drop: false }`
[INFO] running `Command { std: "docker" "rm" "-f" "c12761b08a5dacc8f9808dfb4d92b50140c6aee39bbeac728f0e0d952288c813", kill_on_drop: false }`
[INFO] [stdout] c12761b08a5dacc8f9808dfb4d92b50140c6aee39bbeac728f0e0d952288c813
[INFO] running `Command { std: "docker" "create" "-v" "/var/lib/crater-agent-workspace/builds/worker-1-tc2/target:/opt/rustwide/target:rw,Z" "-v" "/var/lib/crater-agent-workspace/builds/worker-1-tc2/source:/opt/rustwide/workdir:ro,Z" "-v" "/var/lib/crater-agent-workspace/cargo-home:/opt/rustwide/cargo-home:ro,Z" "-v" "/var/lib/crater-agent-workspace/rustup-home:/opt/rustwide/rustup-home:ro,Z" "-e" "SOURCE_DIR=/opt/rustwide/workdir" "-e" "CARGO_TARGET_DIR=/opt/rustwide/target" "-e" "CARGO_INCREMENTAL=0" "-e" "RUST_BACKTRACE=full" "-e" "RUSTFLAGS=--cap-lints=warn" "-e" "RUSTDOCFLAGS=--cap-lints=warn" "-e" "CARGO_HOME=/opt/rustwide/cargo-home" "-e" "RUSTUP_HOME=/opt/rustwide/rustup-home" "-w" "/opt/rustwide/workdir" "-m" "1610612736" "--user" "0:0" "--network" "none" "ghcr.io/rust-lang/crates-build-env/linux@sha256:5ff2268d62e97bff2cde7d5815dd6ed5b47097566f13b8d0ca110b04b60e07ed" "/opt/rustwide/cargo-home/bin/cargo" "+beta-2023-04-20" "doc" "--frozen" "--no-deps" "--document-private-items" "--message-format=json", kill_on_drop: false }`
[INFO] [stdout] 9f35f4b9427f3b53126a24cac34c3f160627a9fb052b4a4d8771617036f81106
[INFO] running `Command { std: "docker" "start" "-a" "9f35f4b9427f3b53126a24cac34c3f160627a9fb052b4a4d8771617036f81106", kill_on_drop: false }`
[INFO] [stderr]    Compiling proc-macro2 v1.0.43
[INFO] [stderr]    Compiling unicode-ident v1.0.3
[INFO] [stderr]    Compiling quote v1.0.21
[INFO] [stderr]    Compiling syn v1.0.99
[INFO] [stderr]    Compiling autocfg v1.1.0
[INFO] [stderr]    Compiling serde_derive v1.0.144
[INFO] [stderr]    Compiling serde v1.0.144
[INFO] [stderr]     Checking cfg-if v1.0.0
[INFO] [stderr]     Checking once_cell v1.13.1
[INFO] [stderr]    Compiling libc v0.2.132
[INFO] [stderr]    Compiling version_check v0.9.4
[INFO] [stderr]     Checking byteorder v1.4.3
[INFO] [stderr]    Compiling memchr v2.5.0
[INFO] [stderr]     Checking pin-project-lite v0.2.9
[INFO] [stderr]    Compiling parking_lot_core v0.9.3
[INFO] [stderr]     Checking scopeguard v1.1.0
[INFO] [stderr]    Compiling futures-core v0.3.23
[INFO] [stderr]     Checking fixedbitset v0.4.2
[INFO] [stderr]     Checking tracing-core v0.1.29
[INFO] [stderr]     Checking cache-padded v1.2.0
[INFO] [stderr]     Checking fxhash v0.2.1
[INFO] [stderr]     Checking concurrent-queue v1.2.4
[INFO] [stderr]     Checking instant v0.1.12
[INFO] [stderr]     Checking waker-fn v1.1.0
[INFO] [stderr]    Compiling erased-serde v0.3.22
[INFO] [stderr]     Checking futures-io v0.3.23
[INFO] [stderr]     Checking tracing v0.1.36
[INFO] [stderr]     Checking parking v2.0.0
[INFO] [stderr]    Compiling log v0.4.17
[INFO] [stderr]    Compiling bit-vec v0.6.3
[INFO] [stderr]     Checking fastrand v1.8.0
[INFO] [stderr]     Checking async-task v4.3.0
[INFO] [stderr]     Checking event-listener v2.5.3
[INFO] [stderr]     Checking thread_local v1.1.4
[INFO] [stderr]     Checking bevy_ptr v0.9.0
[INFO] [stderr]     Checking bitflags v1.3.2
[INFO] [stderr]     Checking async-channel v1.7.1
[INFO] [stderr]     Checking downcast-rs v1.2.0
[INFO] [stderr]     Checking lazy_static v1.4.0
[INFO] [stderr]    Compiling bit-set v0.5.3
[INFO] [stderr]     Checking regex-syntax v0.6.27
[INFO] [stderr]     Checking cty v0.2.2
[INFO] [stderr]     Checking futures-lite v1.12.0
[INFO] [stderr]     Checking aho-corasick v0.7.18
[INFO] [stderr]     Checking sharded-slab v0.1.4
[INFO] [stderr]    Compiling crossbeam-utils v0.8.11
[INFO] [stderr]     Checking ansi_term v0.12.1
[INFO] [stderr]     Checking raw-window-handle v0.5.0
[INFO] [stderr]     Checking tracing-log v0.1.3
[INFO] [stderr]     Checking libloading v0.7.3
[INFO] [stderr]     Checking termcolor v1.1.3
[INFO] [stderr]     Checking getrandom v0.2.7
[INFO] [stderr]    Compiling ash v0.37.0+1.3.209
[INFO] [stderr]     Checking unicode-xid v0.2.3
[INFO] [stderr]     Checking unicode-width v0.1.9
[INFO] [stderr]    Compiling uuid v1.1.2
[INFO] [stderr]    Compiling khronos-egl v4.1.0
[INFO] [stderr]    Compiling ahash v0.7.6
[INFO] [stderr]    Compiling lock_api v0.4.7
[INFO] [stderr]    Compiling slab v0.4.7
[INFO] [stderr]    Compiling num-traits v0.2.15
[INFO] [stderr]    Compiling indexmap v1.9.1
[INFO] [stderr]     Checking codespan-reporting v0.11.1
[INFO] [stderr]    Compiling num-integer v0.1.45
[INFO] [stderr]     Checking pp-rs v0.2.1
[INFO] [stderr]     Checking gpu-alloc-types v0.2.0
[INFO] [stderr]     Checking gpu-descriptor-types v0.1.1
[INFO] [stderr]    Compiling cfg_aliases v0.1.1
[INFO] [stderr]     Checking hexf-parse v0.2.1
[INFO] [stderr]     Checking arrayvec v0.7.2
[INFO] [stderr]     Checking rustc-hash v1.1.0
[INFO] [stderr]    Compiling wgpu-core v0.14.0
[INFO] [stderr]     Checking gpu-alloc v0.5.3
[INFO] [stderr]     Checking crossbeam-channel v0.5.6
[INFO] [stderr]    Compiling num-rational v0.4.1
[INFO] [stderr]     Checking async-executor v1.4.1
[INFO] [stderr]     Checking wgpu-types v0.14.1
[INFO] [stderr]    Compiling anyhow v1.0.62
[INFO] [stderr]     Checking profiling v1.0.6
[INFO] [stderr]     Checking regex-automata v0.1.10
[INFO] [stderr]     Checking bevy_tasks v0.9.0
[INFO] [stderr]     Checking regex v1.6.0
[INFO] [stderr]     Checking glow v0.11.2
[INFO] [stderr]     Checking renderdoc-sys v0.7.1
[INFO] [stderr]     Checking static_assertions v1.1.0
[INFO] [stderr]     Checking color_quant v1.1.0
[INFO] [stderr]     Checking const_panic v0.2.4
[INFO] [stderr]     Checking hex v0.4.3
[INFO] [stderr]     Checking radsort v0.1.0
[INFO] [stderr]     Checking ttf-parser v0.15.2
[INFO] [stderr]    Compiling serde_json v1.0.85
[INFO] [stderr]    Compiling typenum v1.15.0
[INFO] [stderr]     Checking matchers v0.1.0
[INFO] [stderr]     Checking svg_fmt v0.4.1
[INFO] [stderr]     Checking ryu v1.0.11
[INFO] [stderr]     Checking ab_glyph_rasterizer v0.1.5
[INFO] [stderr]    Compiling inflections v1.1.1
[INFO] [stderr]     Checking itoa v1.0.3
[INFO] [stderr]     Checking base64 v0.13.0
[INFO] [stderr]     Checking xi-unicode v0.3.0
[INFO] [stderr]     Checking rectangle-pack v0.4.2
[INFO] [stderr]     Checking raw-window-handle v0.4.3
[INFO] [stderr]     Checking hash32 v0.2.1
[INFO] [stderr]     Checking winit v0.27.5
[INFO] [stderr]     Checking spirv v0.2.0+1.5.4
[INFO] [stderr]     Checking approx v0.5.1
[INFO] [stdout] error: Please select a feature to build for unix: `x11`, `wayland`
[INFO] [stdout]   --> /opt/rustwide/cargo-home/registry/src/index.crates.io-6f17d22bba15001f/winit-0.27.5/src/platform_impl/linux/mod.rs:10:1
[INFO] [stdout]    |
[INFO] [stdout] 10 | compile_error!("Please select a feature to build for unix: `x11`, `wayland`");
[INFO] [stdout]    | ^^^^^^^^^^^^^^^^^^^^^^^^^^^^^^^^^^^^^^^^^^^^^^^^^^^^^^^^^^^^^^^^^^^^^^^^^^^^^
[INFO] [stdout] 
[INFO] [stdout] 
[INFO] [stderr]     Checking euclid v0.22.7
[INFO] [stderr]    Compiling encase_derive_impl v0.4.0
[INFO] [stdout] error[E0392]: parameter `T` is never used
[INFO] [stdout]   --> /opt/rustwide/cargo-home/registry/src/index.crates.io-6f17d22bba15001f/winit-0.27.5/src/event_loop.rs:35:22
[INFO] [stdout]    |
[INFO] [stdout] 35 | pub struct EventLoop<T: 'static> {
[INFO] [stdout]    |                      ^ unused parameter
[INFO] [stdout]    |
[INFO] [stdout]    = help: consider removing `T`, referring to it in a field, or using a marker such as `PhantomData`
[INFO] [stdout] 
[INFO] [stdout] 
[INFO] [stdout] error[E0392]: parameter `T` is never used
[INFO] [stdout]   --> /opt/rustwide/cargo-home/registry/src/index.crates.io-6f17d22bba15001f/winit-0.27.5/src/event_loop.rs:46:34
[INFO] [stdout]    |
[INFO] [stdout] 46 | pub struct EventLoopWindowTarget<T: 'static> {
[INFO] [stdout]    |                                  ^ unused parameter
[INFO] [stdout]    |
[INFO] [stdout]    = help: consider removing `T`, referring to it in a field, or using a marker such as `PhantomData`
[INFO] [stdout] 
[INFO] [stdout] 
[INFO] [stdout] error[E0392]: parameter `T` is never used
[INFO] [stdout]    --> /opt/rustwide/cargo-home/registry/src/index.crates.io-6f17d22bba15001f/winit-0.27.5/src/event_loop.rs:350:27
[INFO] [stdout]     |
[INFO] [stdout] 350 | pub struct EventLoopProxy<T: 'static> {
[INFO] [stdout]     |                           ^ unused parameter
[INFO] [stdout]     |
[INFO] [stdout]     = help: consider removing `T`, referring to it in a field, or using a marker such as `PhantomData`
[INFO] [stdout] 
[INFO] [stdout] 
[INFO] [stdout] error[E0392]: parameter `T` is never used
[INFO] [stdout]    --> /opt/rustwide/cargo-home/registry/src/index.crates.io-6f17d22bba15001f/winit-0.27.5/src/platform_impl/linux/mod.rs:635:20
[INFO] [stdout]     |
[INFO] [stdout] 635 | pub enum EventLoop<T: 'static> {
[INFO] [stdout]     |                    ^ unused parameter
[INFO] [stdout]     |
[INFO] [stdout]     = help: consider removing `T`, referring to it in a field, or using a marker such as `PhantomData`
[INFO] [stdout] 
[INFO] [stdout] 
[INFO] [stdout] error[E0392]: parameter `T` is never used
[INFO] [stdout]    --> /opt/rustwide/cargo-home/registry/src/index.crates.io-6f17d22bba15001f/winit-0.27.5/src/platform_impl/linux/mod.rs:642:25
[INFO] [stdout]     |
[INFO] [stdout] 642 | pub enum EventLoopProxy<T: 'static> {
[INFO] [stdout]     |                         ^ unused parameter
[INFO] [stdout]     |
[INFO] [stdout]     = help: consider removing `T`, referring to it in a field, or using a marker such as `PhantomData`
[INFO] [stdout] 
[INFO] [stdout] 
[INFO] [stdout] error[E0392]: parameter `T` is never used
[INFO] [stdout]    --> /opt/rustwide/cargo-home/registry/src/index.crates.io-6f17d22bba15001f/winit-0.27.5/src/platform_impl/linux/mod.rs:769:32
[INFO] [stdout]     |
[INFO] [stdout] 769 | pub enum EventLoopWindowTarget<T> {
[INFO] [stdout]     |                                ^ unused parameter
[INFO] [stdout]     |
[INFO] [stdout]     = help: consider removing `T`, referring to it in a field, or using a marker such as `PhantomData`
[INFO] [stdout]     = help: if you intended `T` to be a const parameter, use `const T: usize` instead
[INFO] [stdout] 
[INFO] [stdout] 
[INFO] [stdout] error: aborting due to 7 previous errors
[INFO] [stdout] 
[INFO] [stdout] 
[INFO] [stdout] For more information about this error, try `rustc --explain E0392`.
[INFO] [stdout] 
[INFO] [stderr] error: could not compile `winit` (lib) due to 8 previous errors
[INFO] [stderr] warning: build failed, waiting for other jobs to finish...
[INFO] running `Command { std: "docker" "inspect" "9f35f4b9427f3b53126a24cac34c3f160627a9fb052b4a4d8771617036f81106", kill_on_drop: false }`
[INFO] running `Command { std: "docker" "rm" "-f" "9f35f4b9427f3b53126a24cac34c3f160627a9fb052b4a4d8771617036f81106", kill_on_drop: false }`
[INFO] [stdout] 9f35f4b9427f3b53126a24cac34c3f160627a9fb052b4a4d8771617036f81106
