[INFO] cloning repository https://github.com/MODAP/stack
[INFO] running `Command { std: "git" "-c" "credential.helper=" "-c" "credential.helper=/workspace/cargo-home/bin/git-credential-null" "clone" "--bare" "https://github.com/MODAP/stack" "/workspace/cache/git-repos/https%3A%2F%2Fgithub.com%2FMODAP%2Fstack", kill_on_drop: false }`
[INFO] [stderr] Cloning into bare repository '/workspace/cache/git-repos/https%3A%2F%2Fgithub.com%2FMODAP%2Fstack'...
[INFO] running `Command { std: "git" "rev-parse" "HEAD", kill_on_drop: false }`
[INFO] [stdout] 0561e3d27b1f7f44bc96bf462d6103f5015656b1
[INFO] documenting MODAP/stack against beta-2023-04-20 for beta-1.70-rustdoc-1
[INFO] running `Command { std: "git" "clone" "/workspace/cache/git-repos/https%3A%2F%2Fgithub.com%2FMODAP%2Fstack" "/workspace/builds/worker-0-tc2/source", kill_on_drop: false }`
[INFO] [stderr] Cloning into '/workspace/builds/worker-0-tc2/source'...
[INFO] [stderr] done.
[INFO] validating manifest of git repo https://github.com/MODAP/stack on toolchain beta-2023-04-20
[INFO] running `Command { std: CARGO_HOME="/workspace/cargo-home" RUSTUP_HOME="/workspace/rustup-home" "/workspace/cargo-home/bin/cargo" "+beta-2023-04-20" "metadata" "--manifest-path" "Cargo.toml" "--no-deps", kill_on_drop: false }`
[INFO] removed /workspace/builds/worker-0-tc2/source/.cargo/config
[INFO] started tweaking git repo https://github.com/MODAP/stack
[INFO] finished tweaking git repo https://github.com/MODAP/stack
[INFO] tweaked toml for git repo https://github.com/MODAP/stack written to /workspace/builds/worker-0-tc2/source/Cargo.toml
[INFO] crate git repo https://github.com/MODAP/stack already has a lockfile, it will not be regenerated
[INFO] running `Command { std: CARGO_HOME="/workspace/cargo-home" RUSTUP_HOME="/workspace/rustup-home" "/workspace/cargo-home/bin/cargo" "+beta-2023-04-20" "fetch" "--manifest-path" "Cargo.toml", kill_on_drop: false }`
[INFO] [stderr]     Updating crates.io index
[INFO] [stderr]  Downloading crates ...
[INFO] [stderr]   Downloaded cxxbridge-flags v1.0.71
[INFO] [stderr]   Downloaded android_system_properties v0.1.2
[INFO] [stderr]   Downloaded simplelog v0.11.2
[INFO] [stderr]   Downloaded gpio-cdev v0.5.1
[INFO] [stderr]   Downloaded pylon-cxx v0.3.3
[INFO] [stderr]   Downloaded vergen v5.1.17
[INFO] [stderr]   Downloaded scratch v1.0.1
[INFO] [stderr]   Downloaded cxxbridge-macro v1.0.71
[INFO] [stderr]   Downloaded git2 v0.14.2
[INFO] [stderr]   Downloaded cxx-build v1.0.71
[INFO] [stderr]   Downloaded v4l v0.12.1
[INFO] [stderr]   Downloaded sysinfo v0.19.2
[INFO] [stderr]   Downloaded cxx v1.0.71
[INFO] [stderr]   Downloaded libgit2-sys v0.13.2+1.4.2
[INFO] [stderr]   Downloaded v4l2-sys-mit v0.2.0
[INFO] [stderr]   Downloaded i2cdev v0.5.1
[INFO] [stderr]   Downloaded spidev v0.5.1
[INFO] [stderr]   Downloaded sysfs_gpio v0.6.1
[INFO] [stderr]   Downloaded linux-embedded-hal v0.3.2
[INFO] [stderr]   Downloaded mpu6050 v0.1.5
[INFO] running `Command { std: "docker" "create" "-v" "/var/lib/crater-agent-workspace/builds/worker-0-tc2/target:/opt/rustwide/target:rw,Z" "-v" "/var/lib/crater-agent-workspace/builds/worker-0-tc2/source:/opt/rustwide/workdir:ro,Z" "-v" "/var/lib/crater-agent-workspace/cargo-home:/opt/rustwide/cargo-home:ro,Z" "-v" "/var/lib/crater-agent-workspace/rustup-home:/opt/rustwide/rustup-home:ro,Z" "-e" "SOURCE_DIR=/opt/rustwide/workdir" "-e" "CARGO_TARGET_DIR=/opt/rustwide/target" "-e" "CARGO_HOME=/opt/rustwide/cargo-home" "-e" "RUSTUP_HOME=/opt/rustwide/rustup-home" "-w" "/opt/rustwide/workdir" "-m" "1610612736" "--user" "0:0" "--network" "none" "ghcr.io/rust-lang/crates-build-env/linux@sha256:5ff2268d62e97bff2cde7d5815dd6ed5b47097566f13b8d0ca110b04b60e07ed" "/opt/rustwide/cargo-home/bin/cargo" "+beta-2023-04-20" "metadata" "--no-deps" "--format-version=1", kill_on_drop: false }`
[INFO] [stdout] 9b69cadb09b33891e65619189f3e1080412068525909fff59a262aed9797ba26
[INFO] running `Command { std: "docker" "start" "-a" "9b69cadb09b33891e65619189f3e1080412068525909fff59a262aed9797ba26", kill_on_drop: false }`
[INFO] running `Command { std: "docker" "inspect" "9b69cadb09b33891e65619189f3e1080412068525909fff59a262aed9797ba26", kill_on_drop: false }`
[INFO] running `Command { std: "docker" "rm" "-f" "9b69cadb09b33891e65619189f3e1080412068525909fff59a262aed9797ba26", kill_on_drop: false }`
[INFO] [stdout] 9b69cadb09b33891e65619189f3e1080412068525909fff59a262aed9797ba26
[INFO] running `Command { std: "docker" "create" "-v" "/var/lib/crater-agent-workspace/builds/worker-0-tc2/target:/opt/rustwide/target:rw,Z" "-v" "/var/lib/crater-agent-workspace/builds/worker-0-tc2/source:/opt/rustwide/workdir:ro,Z" "-v" "/var/lib/crater-agent-workspace/cargo-home:/opt/rustwide/cargo-home:ro,Z" "-v" "/var/lib/crater-agent-workspace/rustup-home:/opt/rustwide/rustup-home:ro,Z" "-e" "SOURCE_DIR=/opt/rustwide/workdir" "-e" "CARGO_TARGET_DIR=/opt/rustwide/target" "-e" "CARGO_INCREMENTAL=0" "-e" "RUST_BACKTRACE=full" "-e" "RUSTFLAGS=--cap-lints=warn" "-e" "RUSTDOCFLAGS=--cap-lints=warn" "-e" "CARGO_HOME=/opt/rustwide/cargo-home" "-e" "RUSTUP_HOME=/opt/rustwide/rustup-home" "-w" "/opt/rustwide/workdir" "-m" "1610612736" "--user" "0:0" "--network" "none" "ghcr.io/rust-lang/crates-build-env/linux@sha256:5ff2268d62e97bff2cde7d5815dd6ed5b47097566f13b8d0ca110b04b60e07ed" "/opt/rustwide/cargo-home/bin/cargo" "+beta-2023-04-20" "doc" "--frozen" "--no-deps" "--document-private-items" "--message-format=json", kill_on_drop: false }`
[INFO] [stdout] 56265ea0ef208ba7fe341a1a6a6c91f85073e8c11bdb735af6e79652c257dbb8
[INFO] running `Command { std: "docker" "start" "-a" "56265ea0ef208ba7fe341a1a6a6c91f85073e8c11bdb735af6e79652c257dbb8", kill_on_drop: false }`
[INFO] [stderr]    Compiling proc-macro2 v1.0.40
[INFO] [stderr]    Compiling unicode-ident v1.0.1
[INFO] [stderr]    Compiling libc v0.2.126
[INFO] [stderr]    Compiling syn v1.0.98
[INFO] [stderr]    Compiling num-traits v0.2.15
[INFO] [stderr]    Compiling memoffset v0.6.5
[INFO] [stderr]    Compiling cfg-if v1.0.0
[INFO] [stderr]    Compiling num-integer v0.1.45
[INFO] [stderr]    Compiling unicode-width v0.1.9
[INFO] [stderr]    Compiling memchr v2.5.0
[INFO] [stderr]    Compiling termcolor v1.1.3
[INFO] [stderr]    Compiling futures-core v0.3.21
[INFO] [stderr]    Compiling log v0.4.17
[INFO] [stderr]    Compiling jobserver v0.1.24
[INFO] [stderr]    Compiling crossbeam-utils v0.8.10
[INFO] [stderr]    Compiling bitflags v1.3.2
[INFO] [stderr]    Compiling quote v1.0.20
[INFO] [stderr]    Compiling cc v1.0.73
[INFO] [stderr]    Compiling clang-sys v1.3.3
[INFO] [stderr]    Compiling nom v5.1.2
[INFO] [stderr]    Compiling crossbeam-epoch v0.9.9
[INFO] [stderr]     Checking num_cpus v1.13.1
[INFO] [stderr]     Checking getrandom v0.2.7
[INFO] [stderr]    Compiling once_cell v1.13.0
[INFO] [stderr]     Checking parking_lot_core v0.9.3
[INFO] [stderr]    Compiling aho-corasick v0.7.18
[INFO] [stderr]    Compiling atty v0.2.14
[INFO] [stderr]    Compiling ahash v0.7.6
[INFO] [stderr]    Compiling rayon-core v1.9.3
[INFO] [stderr]    Compiling regex-syntax v0.6.27
[INFO] [stderr]     Checking futures-sink v0.3.21
[INFO] [stderr]    Compiling libz-sys v1.1.8
[INFO] [stderr]    Compiling link-cplusplus v1.0.6
[INFO] [stderr]     Checking parking_lot v0.12.1
[INFO] [stderr]    Compiling textwrap v0.11.0
[INFO] [stderr]    Compiling libloading v0.7.3
[INFO] [stderr]    Compiling indexmap v1.9.1
[INFO] [stderr]    Compiling scratch v1.0.1
[INFO] [stderr]    Compiling typenum v1.15.0
[INFO] [stderr]    Compiling bindgen v0.56.0
[INFO] [stderr]    Compiling anyhow v1.0.58
[INFO] [stderr]    Compiling ansi_term v0.12.1
[INFO] [stderr]     Checking pin-project-lite v0.2.9
[INFO] [stderr]    Compiling vec_map v0.8.2
[INFO] [stderr]    Compiling humantime v2.1.0
[INFO] [stderr]    Compiling tinyvec_macros v0.1.0
[INFO] [stderr]    Compiling strsim v0.8.0
[INFO] [stderr]    Compiling tinyvec v1.6.0
[INFO] [stderr]    Compiling clap v2.34.0
[INFO] [stderr]    Compiling regex v1.6.0
[INFO] [stderr]    Compiling cexpr v0.4.0
[INFO] [stderr]     Checking crossbeam-deque v0.8.1
[INFO] [stderr]    Compiling env_logger v0.8.4
[INFO] [stderr]     Checking crossbeam-channel v0.5.5
[INFO] [stderr]    Compiling which v3.1.1
[INFO] [stderr]    Compiling proc-macro-error-attr v1.0.4
[INFO] [stderr]    Compiling rayon v1.5.3
[INFO] [stderr]    Compiling ash v0.37.0+1.3.209
[INFO] [stderr]    Compiling rustversion v1.0.7
[INFO] [stderr]    Compiling paste v1.0.7
[INFO] [stderr]    Compiling matches v0.1.9
[INFO] [stderr]    Compiling rustc-hash v1.1.0
[INFO] [stderr]    Compiling lazycell v1.3.0
[INFO] [stderr]     Checking hashbrown v0.12.2
[INFO] [stderr]     Checking bit-vec v0.6.3
[INFO] [stderr]     Checking bytemuck v1.10.0
[INFO] [stderr]     Checking adler32 v1.2.0
[INFO] [stderr]    Compiling futures-channel v0.3.21
[INFO] [stderr]    Compiling futures-task v0.3.21
[INFO] [stderr]    Compiling khronos-egl v4.1.0
[INFO] [stderr]    Compiling cxxbridge-flags v1.0.71
[INFO] [stderr]     Checking codespan-reporting v0.11.1
[INFO] [stderr]    Compiling cxx v1.0.71
[INFO] [stderr]     Checking miniz_oxide v0.5.3
[INFO] [stderr]     Checking bit-set v0.5.2
[INFO] [stderr]     Checking hashbrown v0.11.2
[INFO] [stderr]    Compiling unicode-normalization v0.1.21
[INFO] [stderr]    Compiling thiserror-impl v1.0.31
[INFO] [stderr]    Compiling pin-project-internal v1.0.11
[INFO] [stderr]    Compiling libgit2-sys v0.13.2+1.4.2
[INFO] [stderr]     Checking spirv v0.2.0+1.5.4
[INFO] [stderr]    Compiling time v0.1.44
[INFO] [stderr]     Checking gpu-alloc-types v0.2.0
[INFO] [stderr]     Checking gpu-descriptor-types v0.1.1
[INFO] [stderr]    Compiling proc-macro-error v1.0.4
[INFO] [stderr]    Compiling num-rational v0.4.1
[INFO] [stderr]    Compiling doc-comment v0.3.3
[INFO] [stderr]    Compiling semver v1.0.12
[INFO] [stderr]    Compiling futures-util v0.3.21
[INFO] [stderr]     Checking hexf-parse v0.2.1
[INFO] [stderr]    Compiling unicode-bidi v0.3.8
[INFO] [stderr]    Compiling cfg_aliases v0.1.1
[INFO] [stderr]     Checking cty v0.2.2
[INFO] [stderr]     Checking either v1.7.0
[INFO] [stderr]     Checking unicode-xid v0.2.3
[INFO] [stderr]    Compiling percent-encoding v2.1.0
[INFO] [stderr]    Compiling idna v0.2.3
[INFO] [stderr]    Compiling form_urlencoded v1.0.1
[INFO] [stderr]     Checking pin-project v1.0.11
[INFO] [stderr]     Checking raw-window-handle v0.4.3
[INFO] [stderr]     Checking thiserror v1.0.31
[INFO] [stderr]    Compiling wgpu-core v0.13.2
[INFO] [stderr]     Checking naga v0.9.0
[INFO] [stderr]    Compiling cxx-build v1.0.71
[INFO] [stderr]     Checking gpu-descriptor v0.2.2
[INFO] [stderr]     Checking gpu-alloc v0.5.3
[INFO] [stderr]    Compiling chrono v0.4.19
[INFO] [stderr]    Compiling futures-macro v0.3.21
[INFO] [stderr]    Compiling tokio-macros v1.8.0
[INFO] [stderr]     Checking safe_arch v0.6.0
[INFO] [stderr]     Checking deflate v1.0.0
[INFO] [stderr]     Checking fxhash v0.2.1
[INFO] [stderr]     Checking nanorand v0.7.0
[INFO] [stderr]     Checking num-complex v0.4.2
[INFO] [stderr]     Checking socket2 v0.4.4
[INFO] [stderr]     Checking nix v0.23.1
[INFO] [stderr]     Checking signal-hook-registry v1.4.0
[INFO] [stderr]     Checking mio v0.8.4
[INFO] [stderr]     Checking spin v0.9.3
[INFO] [stderr]     Checking wgpu-types v0.13.2
[INFO] [stderr]    Compiling num-iter v0.1.43
[INFO] [stderr]     Checking renderdoc-sys v0.7.1
[INFO] [stderr]     Checking arrayvec v0.7.2
[INFO] [stderr]     Checking weezl v0.1.7
[INFO] [stderr]     Checking inplace_it v0.3.3
[INFO] [stderr]     Checking profiling v1.0.6
[INFO] [stderr]    Compiling sysinfo v0.19.2
[INFO] [stderr]     Checking bytes v1.1.0
[INFO] [stderr]    Compiling v4l2-sys-mit v0.2.0
[INFO] [stderr]     Checking slab v0.4.6
[INFO] [stderr]     Checking futures-io v0.3.21
[INFO] [stderr]     Checking rawpointer v0.2.1
[INFO] [stderr]     Checking glow v0.11.2
[INFO] [stderr]     Checking tokio v1.19.2
[INFO] [stderr]     Checking matrixmultiply v0.3.2
[INFO] [stderr]    Compiling pylon-cxx v0.3.3
[INFO] [stderr]     Checking flume v0.10.13
[INFO] [stderr]    Compiling vergen v5.1.17
[INFO] [stderr]     Checking wide v0.7.4
[INFO] [stderr]     Checking jpeg-decoder v0.2.6
[INFO] [stderr]    Compiling url v2.2.2
[INFO] [stderr]     Checking flate2 v1.0.24
[INFO] [stderr]    Compiling enum-iterator-derive v0.8.1
[INFO] [stderr]    Compiling cxxbridge-macro v1.0.71
[INFO] [stderr]     Checking inflate v0.4.5
[INFO] [stderr]     Checking approx v0.5.1
[INFO] [stderr]     Checking threadpool v1.8.1
[INFO] [stderr]    Compiling generic-array v0.14.5
[INFO] [stderr]    Compiling num-rational v0.3.2
[INFO] [stderr]     Checking ppv-lite86 v0.2.16
[INFO] [stderr]    Compiling serde v1.0.138
[INFO] [stderr]     Checking nb v1.0.0
[INFO] [stderr]     Checking rand_core v0.5.1
[INFO] [stderr]     Checking copyless v0.1.5
[INFO] [stderr]     Checking lebe v0.5.1
[INFO] [stderr]     Checking half v1.8.2
[INFO] [stderr]     Checking bit_field v0.10.1
[INFO] [stderr]     Checking color_quant v1.1.0
[INFO] [stderr]     Checking rand_chacha v0.2.2
[INFO] [stderr]     Checking exr v1.4.2
[INFO] [stderr]     Checking nb v0.1.3
[INFO] [stderr]     Checking gif v0.11.4
[INFO] [stderr]    Compiling enum-iterator v0.8.1
[INFO] [stderr]     Checking tokio-stream v0.1.9
[INFO] [stderr]     Checking simba v0.6.0
[INFO] [stderr]     Checking futures-executor v0.3.21
[INFO] [stderr]     Checking tiff v0.7.2
[INFO] [stderr]    Compiling rustc_version v0.4.0
[INFO] [stderr]    Compiling getset v0.1.2
[INFO] [stderr]     Checking wgpu-hal v0.13.2
[INFO] [stderr]     Checking png v0.17.5
[INFO] [stderr]    Compiling nalgebra-macros v0.1.0
[INFO] [stderr]     Checking approx v0.4.0
[INFO] [stderr]     Checking num-complex v0.3.1
[INFO] [stderr]     Checking paris v1.5.13
[INFO] [stderr]     Checking scoped_threadpool v0.1.9
[INFO] [stderr]    Compiling libm v0.2.2
[INFO] [stderr]     Checking void v1.0.2
[INFO] [stderr]     Checking image v0.24.2
[INFO] [stderr]     Checking embedded-hal v0.2.7
[INFO] [stderr]     Checking simba v0.3.1
[INFO] [stderr]     Checking simplelog v0.11.2
[INFO] [stderr]     Checking futures v0.3.21
[INFO] [stderr]     Checking v4l v0.12.1
[INFO] [stderr]     Checking rand v0.7.3
[INFO] [stderr]     Checking ndarray v0.15.4
[INFO] [stderr]     Checking termios v0.2.2
[INFO] [stderr]     Checking serial-core v0.4.0
[INFO] [stderr]     Checking ioctl-rs v0.1.6
[INFO] [stderr]     Checking pollster v0.2.5
[INFO] [stderr]     Checking regex-automata v0.1.10
[INFO] [stderr]     Checking serial-unix v0.4.0
[INFO] [stderr]     Checking spidev v0.5.1
[INFO] [stderr]     Checking i2cdev v0.5.1
[INFO] [stderr]     Checking gpio-cdev v0.5.1
[INFO] [stderr]     Checking sysfs_gpio v0.6.1
[INFO] [stderr]     Checking csv-core v0.1.10
[INFO] [stderr]     Checking cast v0.3.0
[INFO] [stderr]     Checking linux-embedded-hal v0.3.2
[INFO] [stderr]     Checking nalgebra v0.29.0
[INFO] [stderr]     Checking bstr v0.2.17
[INFO] [stderr]     Checking wgpu v0.13.1
[INFO] [stderr]     Checking csv v1.1.6
[INFO] [stderr]     Checking nalgebra v0.24.1
[INFO] [stderr] The following warnings were emitted during compilation:
[INFO] [stderr] 
[INFO] [stderr] warning: /opt/rustwide/target/debug/build/pylon-cxx-c95f864d90e3cc2b/out/cxxbridge/sources/pylon-cxx/src/lib.rs.cc:1:10: fatal error: pylon/PylonIncludes.h: No such file or directory
[INFO] [stderr] warning:     1 | #include "pylon/PylonIncludes.h"
[INFO] [stderr] warning:       |          ^~~~~~~~~~~~~~~~~~~~~~~
[INFO] [stderr] warning: compilation terminated.
[INFO] [stderr] warning: src/pylon-cxx-rs.cc:6:10: fatal error: pylon/PylonIncludes.h: No such file or directory
[INFO] [stderr] warning:     6 | #include "pylon/PylonIncludes.h"
[INFO] [stderr] warning:       |          ^~~~~~~~~~~~~~~~~~~~~~~
[INFO] [stderr] warning: compilation terminated.
[INFO] [stderr] 
[INFO] [stderr] error: failed to run custom build command for `pylon-cxx v0.3.3`
[INFO] [stderr] note: To improve backtraces for build dependencies, set the CARGO_PROFILE_DEV_BUILD_OVERRIDE_DEBUG=true environment variable to enable debug information generation.
[INFO] [stderr] 
[INFO] [stderr] Caused by:
[INFO] [stderr]   process didn't exit successfully: `/opt/rustwide/target/debug/build/pylon-cxx-679d5d27dd4f99db/build-script-build` (exit status: 1)
[INFO] [stderr]   --- stdout
[INFO] [stderr]   cargo:rerun-if-env-changed=PYLON_VERSION
[INFO] [stderr]   cargo:rerun-if-env-changed=PYLON_ROOT
[INFO] [stderr]   cargo:rerun-if-env-changed=PYLON_DEV_DIR
[INFO] [stderr]   cargo:rerun-if-changed=src/lib.rs
[INFO] [stderr]   cargo:rerun-if-changed=include/catcher.h
[INFO] [stderr]   cargo:rerun-if-changed=include/pylon-cxx-rs.h
[INFO] [stderr]   cargo:rerun-if-changed=src/pylon-cxx-rs.cc
[INFO] [stderr]   cargo:CXXBRIDGE_PREFIX=pylon-cxx
[INFO] [stderr]   cargo:CXXBRIDGE_DIR0=/opt/rustwide/target/debug/build/pylon-cxx-c95f864d90e3cc2b/out/cxxbridge/include
[INFO] [stderr]   cargo:CXXBRIDGE_DIR1=/opt/rustwide/target/debug/build/pylon-cxx-c95f864d90e3cc2b/out/cxxbridge/crate
[INFO] [stderr]   cargo:rustc-link-search=native=/opt/pylon/lib
[INFO] [stderr]   cargo:rustc-link-lib=pylonc
[INFO] [stderr]   cargo:rustc-link-lib=pylonbase
[INFO] [stderr]   cargo:rustc-link-lib=pylonutility
[INFO] [stderr]   cargo:rustc-link-lib=gxapi
[INFO] [stderr]   cargo:rustc-link-lib=GenApi_gcc_v3_1_Basler_pylon
[INFO] [stderr]   cargo:rustc-link-lib=GCBase_gcc_v3_1_Basler_pylon
[INFO] [stderr]   cargo:rustc-link-lib=Log_gcc_v3_1_Basler_pylon
[INFO] [stderr]   cargo:rustc-link-lib=MathParser_gcc_v3_1_Basler_pylon
[INFO] [stderr]   cargo:rustc-link-lib=XmlParser_gcc_v3_1_Basler_pylon
[INFO] [stderr]   cargo:rustc-link-lib=NodeMapData_gcc_v3_1_Basler_pylon
[INFO] [stderr]   TARGET = Some("x86_64-unknown-linux-gnu")
[INFO] [stderr]   OPT_LEVEL = Some("0")
[INFO] [stderr]   HOST = Some("x86_64-unknown-linux-gnu")
[INFO] [stderr]   CXX_x86_64-unknown-linux-gnu = None
[INFO] [stderr]   CXX_x86_64_unknown_linux_gnu = None
[INFO] [stderr]   HOST_CXX = None
[INFO] [stderr]   CXX = None
[INFO] [stderr]   CXXFLAGS_x86_64-unknown-linux-gnu = None
[INFO] [stderr]   CXXFLAGS_x86_64_unknown_linux_gnu = None
[INFO] [stderr]   HOST_CXXFLAGS = None
[INFO] [stderr]   CXXFLAGS = None
[INFO] [stderr]   CRATE_CC_NO_DEFAULTS = None
[INFO] [stderr]   DEBUG = Some("true")
[INFO] [stderr]   CARGO_CFG_TARGET_FEATURE = Some("fxsr,sse,sse2")
[INFO] [stderr]   running: "c++" "-O0" "-ffunction-sections" "-fdata-sections" "-fPIC" "-g" "-fno-omit-frame-pointer" "-m64" "-I" "/opt/rustwide/target/debug/build/pylon-cxx-c95f864d90e3cc2b/out/cxxbridge/include" "-I" "/opt/rustwide/target/debug/build/pylon-cxx-c95f864d90e3cc2b/out/cxxbridge/crate" "-I" "include" "-I" "/opt/pylon/include" "-std=c++14" "-DFEATURE_STREAM" "-o" "/opt/rustwide/target/debug/build/pylon-cxx-c95f864d90e3cc2b/out/cxxbridge/sources/pylon-cxx/src/lib.rs.o" "-c" "/opt/rustwide/target/debug/build/pylon-cxx-c95f864d90e3cc2b/out/cxxbridge/sources/pylon-cxx/src/lib.rs.cc"
[INFO] [stderr]   cargo:warning=/opt/rustwide/target/debug/build/pylon-cxx-c95f864d90e3cc2b/out/cxxbridge/sources/pylon-cxx/src/lib.rs.cc:1:10: fatal error: pylon/PylonIncludes.h: No such file or directory
[INFO] [stderr]   cargo:warning=    1 | #include "pylon/PylonIncludes.h"
[INFO] [stderr]   cargo:warning=      |          ^~~~~~~~~~~~~~~~~~~~~~~
[INFO] [stderr]   cargo:warning=compilation terminated.
[INFO] [stderr]   exit status: 1
[INFO] [stderr]   running: "c++" "-O0" "-ffunction-sections" "-fdata-sections" "-fPIC" "-g" "-fno-omit-frame-pointer" "-m64" "-I" "/opt/rustwide/target/debug/build/pylon-cxx-c95f864d90e3cc2b/out/cxxbridge/include" "-I" "/opt/rustwide/target/debug/build/pylon-cxx-c95f864d90e3cc2b/out/cxxbridge/crate" "-I" "include" "-I" "/opt/pylon/include" "-std=c++14" "-DFEATURE_STREAM" "-o" "/opt/rustwide/target/debug/build/pylon-cxx-c95f864d90e3cc2b/out/src/pylon-cxx-rs.o" "-c" "src/pylon-cxx-rs.cc"
[INFO] [stderr]   cargo:warning=src/pylon-cxx-rs.cc:6:10: fatal error: pylon/PylonIncludes.h: No such file or directory
[INFO] [stderr]   cargo:warning=    6 | #include "pylon/PylonIncludes.h"
[INFO] [stderr]   cargo:warning=      |          ^~~~~~~~~~~~~~~~~~~~~~~
[INFO] [stderr]   cargo:warning=compilation terminated.
[INFO] [stderr]   exit status: 1
[INFO] [stderr] 
[INFO] [stderr]   --- stderr
[INFO] [stderr] 
[INFO] [stderr]   CXX include path:
[INFO] [stderr]     /opt/rustwide/target/debug/build/pylon-cxx-c95f864d90e3cc2b/out/cxxbridge/include
[INFO] [stderr]     /opt/rustwide/target/debug/build/pylon-cxx-c95f864d90e3cc2b/out/cxxbridge/crate
[INFO] [stderr] 
[INFO] [stderr] 
[INFO] [stderr]   error occurred: Command "c++" "-O0" "-ffunction-sections" "-fdata-sections" "-fPIC" "-g" "-fno-omit-frame-pointer" "-m64" "-I" "/opt/rustwide/target/debug/build/pylon-cxx-c95f864d90e3cc2b/out/cxxbridge/include" "-I" "/opt/rustwide/target/debug/build/pylon-cxx-c95f864d90e3cc2b/out/cxxbridge/crate" "-I" "include" "-I" "/opt/pylon/include" "-std=c++14" "-DFEATURE_STREAM" "-o" "/opt/rustwide/target/debug/build/pylon-cxx-c95f864d90e3cc2b/out/cxxbridge/sources/pylon-cxx/src/lib.rs.o" "-c" "/opt/rustwide/target/debug/build/pylon-cxx-c95f864d90e3cc2b/out/cxxbridge/sources/pylon-cxx/src/lib.rs.cc" with args "c++" did not execute successfully (status code exit status: 1).
[INFO] [stderr] 
[INFO] [stderr] 
[INFO] [stderr] warning: build failed, waiting for other jobs to finish...
[INFO] running `Command { std: "docker" "inspect" "56265ea0ef208ba7fe341a1a6a6c91f85073e8c11bdb735af6e79652c257dbb8", kill_on_drop: false }`
[INFO] running `Command { std: "docker" "rm" "-f" "56265ea0ef208ba7fe341a1a6a6c91f85073e8c11bdb735af6e79652c257dbb8", kill_on_drop: false }`
[INFO] [stdout] 56265ea0ef208ba7fe341a1a6a6c91f85073e8c11bdb735af6e79652c257dbb8
