[INFO] cloning repository https://github.com/MCOfficer/GibFonts
[INFO] running `Command { std: "git" "-c" "credential.helper=" "-c" "credential.helper=/workspace/cargo-home/bin/git-credential-null" "clone" "--bare" "https://github.com/MCOfficer/GibFonts" "/workspace/cache/git-repos/https%3A%2F%2Fgithub.com%2FMCOfficer%2FGibFonts", kill_on_drop: false }`
[INFO] [stderr] Cloning into bare repository '/workspace/cache/git-repos/https%3A%2F%2Fgithub.com%2FMCOfficer%2FGibFonts'...
[INFO] running `Command { std: "git" "rev-parse" "HEAD", kill_on_drop: false }`
[INFO] [stdout] 642a0b7044b8cbcd5d9749366f1b0d3bd659f561
[INFO] documenting MCOfficer/GibFonts against 1.69.0 for beta-1.70-rustdoc-1
[INFO] running `Command { std: "git" "clone" "/workspace/cache/git-repos/https%3A%2F%2Fgithub.com%2FMCOfficer%2FGibFonts" "/workspace/builds/worker-5-tc1/source", kill_on_drop: false }`
[INFO] [stderr] Cloning into '/workspace/builds/worker-5-tc1/source'...
[INFO] [stderr] done.
[INFO] validating manifest of git repo https://github.com/MCOfficer/GibFonts on toolchain 1.69.0
[INFO] running `Command { std: CARGO_HOME="/workspace/cargo-home" RUSTUP_HOME="/workspace/rustup-home" "/workspace/cargo-home/bin/cargo" "+1.69.0" "metadata" "--manifest-path" "Cargo.toml" "--no-deps", kill_on_drop: false }`
[INFO] removed /workspace/builds/worker-5-tc1/source/.cargo/config
[INFO] started tweaking git repo https://github.com/MCOfficer/GibFonts
[INFO] finished tweaking git repo https://github.com/MCOfficer/GibFonts
[INFO] tweaked toml for git repo https://github.com/MCOfficer/GibFonts written to /workspace/builds/worker-5-tc1/source/Cargo.toml
[INFO] crate git repo https://github.com/MCOfficer/GibFonts already has a lockfile, it will not be regenerated
[INFO] running `Command { std: CARGO_HOME="/workspace/cargo-home" RUSTUP_HOME="/workspace/rustup-home" "/workspace/cargo-home/bin/cargo" "+1.69.0" "fetch" "--manifest-path" "Cargo.toml", kill_on_drop: false }`
[INFO] [stderr]  Downloading crates ...
[INFO] [stderr]   Downloaded simplog v1.3.0
[INFO] [stderr]   Downloaded native-windows-derive v1.0.4
[INFO] [stderr]   Downloaded progress-streams v1.1.0
[INFO] [stderr]   Downloaded native-windows-gui v1.0.12
[INFO] [stderr]   Downloaded zip-extract v0.1.1
[INFO] running `Command { std: "docker" "create" "-v" "/var/lib/crater-agent-workspace/builds/worker-5-tc1/target:/opt/rustwide/target:rw,Z" "-v" "/var/lib/crater-agent-workspace/builds/worker-5-tc1/source:/opt/rustwide/workdir:ro,Z" "-v" "/var/lib/crater-agent-workspace/cargo-home:/opt/rustwide/cargo-home:ro,Z" "-v" "/var/lib/crater-agent-workspace/rustup-home:/opt/rustwide/rustup-home:ro,Z" "-e" "SOURCE_DIR=/opt/rustwide/workdir" "-e" "CARGO_TARGET_DIR=/opt/rustwide/target" "-e" "CARGO_HOME=/opt/rustwide/cargo-home" "-e" "RUSTUP_HOME=/opt/rustwide/rustup-home" "-w" "/opt/rustwide/workdir" "-m" "1610612736" "--user" "0:0" "--network" "none" "ghcr.io/rust-lang/crates-build-env/linux@sha256:5ff2268d62e97bff2cde7d5815dd6ed5b47097566f13b8d0ca110b04b60e07ed" "/opt/rustwide/cargo-home/bin/cargo" "+1.69.0" "metadata" "--no-deps" "--format-version=1", kill_on_drop: false }`
[INFO] [stdout] 8c01491944a16c98e7b067107699eed2b4f666d186762ae7a778a920c0bffc22
[INFO] running `Command { std: "docker" "start" "-a" "8c01491944a16c98e7b067107699eed2b4f666d186762ae7a778a920c0bffc22", kill_on_drop: false }`
[INFO] running `Command { std: "docker" "inspect" "8c01491944a16c98e7b067107699eed2b4f666d186762ae7a778a920c0bffc22", kill_on_drop: false }`
[INFO] running `Command { std: "docker" "rm" "-f" "8c01491944a16c98e7b067107699eed2b4f666d186762ae7a778a920c0bffc22", kill_on_drop: false }`
[INFO] [stdout] 8c01491944a16c98e7b067107699eed2b4f666d186762ae7a778a920c0bffc22
[INFO] running `Command { std: "docker" "create" "-v" "/var/lib/crater-agent-workspace/builds/worker-5-tc1/target:/opt/rustwide/target:rw,Z" "-v" "/var/lib/crater-agent-workspace/builds/worker-5-tc1/source:/opt/rustwide/workdir:ro,Z" "-v" "/var/lib/crater-agent-workspace/cargo-home:/opt/rustwide/cargo-home:ro,Z" "-v" "/var/lib/crater-agent-workspace/rustup-home:/opt/rustwide/rustup-home:ro,Z" "-e" "SOURCE_DIR=/opt/rustwide/workdir" "-e" "CARGO_TARGET_DIR=/opt/rustwide/target" "-e" "CARGO_INCREMENTAL=0" "-e" "RUST_BACKTRACE=full" "-e" "RUSTFLAGS=--cap-lints=warn" "-e" "RUSTDOCFLAGS=--cap-lints=warn" "-e" "CARGO_HOME=/opt/rustwide/cargo-home" "-e" "RUSTUP_HOME=/opt/rustwide/rustup-home" "-w" "/opt/rustwide/workdir" "-m" "1610612736" "--user" "0:0" "--network" "none" "ghcr.io/rust-lang/crates-build-env/linux@sha256:5ff2268d62e97bff2cde7d5815dd6ed5b47097566f13b8d0ca110b04b60e07ed" "/opt/rustwide/cargo-home/bin/cargo" "+1.69.0" "doc" "--frozen" "--no-deps" "--document-private-items" "--message-format=json", kill_on_drop: false }`
[INFO] [stdout] 68bc306790a13edb31f0db8faec83d344bd4dd3914eccf6e88614ad1b4167b4a
[INFO] running `Command { std: "docker" "start" "-a" "68bc306790a13edb31f0db8faec83d344bd4dd3914eccf6e88614ad1b4167b4a", kill_on_drop: false }`
[INFO] [stderr]    Compiling libc v0.2.117
[INFO] [stderr]    Compiling cc v1.0.72
[INFO] [stderr]    Compiling proc-macro2 v1.0.36
[INFO] [stderr]    Compiling unicode-xid v0.2.2
[INFO] [stderr]    Compiling syn v1.0.86
[INFO] [stderr]     Checking cfg-if v1.0.0
[INFO] [stderr]    Compiling serde v1.0.136
[INFO] [stderr]     Checking untrusted v0.7.1
[INFO] [stderr]    Compiling autocfg v1.0.1
[INFO] [stderr]     Checking once_cell v1.9.0
[INFO] [stderr]    Compiling log v0.4.14
[INFO] [stderr]     Checking spin v0.5.2
[INFO] [stderr]    Compiling pkg-config v0.3.24
[INFO] [stderr]    Compiling crc32fast v1.3.1
[INFO] [stderr]     Checking tinyvec_macros v0.1.0
[INFO] [stderr]     Checking adler v1.0.2
[INFO] [stderr]     Checking matches v0.1.9
[INFO] [stderr]     Checking tinyvec v1.5.1
[INFO] [stderr]    Compiling libm v0.1.4
[INFO] [stderr]    Compiling serde_derive v1.0.136
[INFO] [stderr]     Checking base64 v0.13.0
[INFO] [stderr]     Checking percent-encoding v2.1.0
[INFO] [stderr]    Compiling winapi v0.3.9
[INFO] [stderr]    Compiling winapi-build v0.1.1
[INFO] [stderr]     Checking unicode-bidi v0.3.7
[INFO] [stderr]     Checking rustls-pemfile v0.2.1
[INFO] [stderr]    Compiling miniz_oxide v0.4.4
[INFO] [stderr]    Compiling native-windows-gui v1.0.12
[INFO] [stderr]     Checking form_urlencoded v1.0.1
[INFO] [stderr]     Checking byteorder v1.4.3
[INFO] [stderr]     Checking openssl-probe v0.1.5
[INFO] [stderr]     Checking lazy_static v1.4.0
[INFO] [stderr]    Compiling serde_json v1.0.78
[INFO] [stderr]    Compiling anyhow v1.0.53
[INFO] [stderr]     Checking ryu v1.0.9
[INFO] [stderr]     Checking rustls-native-certs v0.6.1
[INFO] [stderr]     Checking chunked_transfer v1.4.0
[INFO] [stderr]     Checking fastrand v1.7.0
[INFO] [stderr]     Checking bitflags v1.3.2
[INFO] [stderr]     Checking remove_dir_all v0.5.3
[INFO] [stderr]     Checking itoa v1.0.1
[INFO] [stderr]     Checking termcolor v1.1.2
[INFO] [stderr]     Checking human_format v1.0.3
[INFO] [stderr]     Checking progress-streams v1.1.0
[INFO] [stderr]     Checking stretch v0.3.2
[INFO] [stderr]    Compiling quote v1.0.15
[INFO] [stderr]     Checking unicode-normalization v0.1.19
[INFO] [stderr]    Compiling ring v0.16.20
[INFO] [stderr]    Compiling bzip2-sys v0.1.11+1.0.8
[INFO] [stderr]     Checking simplog v1.3.0
[INFO] [stderr]     Checking time v0.1.44
[INFO] [stderr]     Checking tempfile v3.3.0
[INFO] [stderr]     Checking flate2 v1.0.22
[INFO] [stdout] error[E0433]: failed to resolve: could not find `um` in `winapi`
[INFO] [stdout]    --> /opt/rustwide/cargo-home/registry/src/github.com-1ecc6299db9ec823/native-windows-gui-1.0.12/src/events.rs:416:13
[INFO] [stdout]     |
[INFO] [stdout] 416 | use winapi::um::commctrl::NMTTDISPINFOW;
[INFO] [stdout]     |             ^^ could not find `um` in `winapi`
[INFO] [stdout] 
[INFO] [stdout] 
[INFO] [stdout] error[E0433]: failed to resolve: could not find `um` in `winapi`
[INFO] [stdout]    --> /opt/rustwide/cargo-home/registry/src/github.com-1ecc6299db9ec823/native-windows-gui-1.0.12/src/events.rs:417:13
[INFO] [stdout]     |
[INFO] [stdout] 417 | use winapi::um::winuser::{PAINTSTRUCT, MINMAXINFO, BeginPaint, EndPaint};
[INFO] [stdout]     |             ^^ could not find `um` in `winapi`
[INFO] [stdout] 
[INFO] [stdout] 
[INFO] [stdout] error[E0433]: failed to resolve: could not find `um` in `winapi`
[INFO] [stdout]    --> /opt/rustwide/cargo-home/registry/src/github.com-1ecc6299db9ec823/native-windows-gui-1.0.12/src/events.rs:418:13
[INFO] [stdout]     |
[INFO] [stdout] 418 | use winapi::um::shellapi::{HDROP, DragFinish};
[INFO] [stdout]     |             ^^ could not find `um` in `winapi`
[INFO] [stdout] 
[INFO] [stdout] 
[INFO] [stdout] error[E0433]: failed to resolve: could not find `shared` in `winapi`
[INFO] [stdout]    --> /opt/rustwide/cargo-home/registry/src/github.com-1ecc6299db9ec823/native-windows-gui-1.0.12/src/events.rs:419:13
[INFO] [stdout]     |
[INFO] [stdout] 419 | use winapi::shared::windef::{HWND, POINT};
[INFO] [stdout]     |             ^^^^^^ could not find `shared` in `winapi`
[INFO] [stdout] 
[INFO] [stdout] 
[INFO] [stdout] error[E0433]: failed to resolve: could not find `um` in `winapi`
[INFO] [stdout]    --> /opt/rustwide/cargo-home/registry/src/github.com-1ecc6299db9ec823/native-windows-gui-1.0.12/src/events.rs:432:23
[INFO] [stdout]     |
[INFO] [stdout] 432 |         use ::winapi::um::commctrl::TTF_DI_SETITEM;
[INFO] [stdout]     |                       ^^ could not find `um` in `winapi`
[INFO] [stdout] 
[INFO] [stdout] 
[INFO] [stdout] error[E0433]: failed to resolve: could not find `um` in `winapi`
[INFO] [stdout]    --> /opt/rustwide/cargo-home/registry/src/github.com-1ecc6299db9ec823/native-windows-gui-1.0.12/src/events.rs:462:21
[INFO] [stdout]     |
[INFO] [stdout] 462 |         use winapi::um::winnt::WCHAR;
[INFO] [stdout]     |                     ^^ could not find `um` in `winapi`
[INFO] [stdout] 
[INFO] [stdout] 
[INFO] [stdout] error[E0433]: failed to resolve: could not find `um` in `winapi`
[INFO] [stdout]    --> /opt/rustwide/cargo-home/registry/src/github.com-1ecc6299db9ec823/native-windows-gui-1.0.12/src/events.rs:542:21
[INFO] [stdout]     |
[INFO] [stdout] 542 |         use winapi::um::shellapi::DragQueryPoint;
[INFO] [stdout]     |                     ^^ could not find `um` in `winapi`
[INFO] [stdout] 
[INFO] [stdout] 
[INFO] [stdout] error[E0433]: failed to resolve: could not find `um` in `winapi`
[INFO] [stdout]    --> /opt/rustwide/cargo-home/registry/src/github.com-1ecc6299db9ec823/native-windows-gui-1.0.12/src/events.rs:553:21
[INFO] [stdout]     |
[INFO] [stdout] 553 |         use winapi::um::shellapi::DragQueryFileW;
[INFO] [stdout]     |                     ^^ could not find `um` in `winapi`
[INFO] [stdout] 
[INFO] [stdout] 
[INFO] [stdout] error[E0433]: failed to resolve: could not find `um` in `winapi`
[INFO] [stdout]    --> /opt/rustwide/cargo-home/registry/src/github.com-1ecc6299db9ec823/native-windows-gui-1.0.12/src/events.rs:563:21
[INFO] [stdout]     |
[INFO] [stdout] 563 |         use winapi::um::shellapi::DragQueryFileW;
[INFO] [stdout]     |                     ^^ could not find `um` in `winapi`
[INFO] [stdout] 
[INFO] [stdout] 
[INFO] [stdout] error[E0433]: failed to resolve: could not find `shared` in `winapi`
[INFO] [stdout]  --> /opt/rustwide/cargo-home/registry/src/github.com-1ecc6299db9ec823/native-windows-gui-1.0.12/src/win32/base_helper.rs:2:13
[INFO] [stdout]   |
[INFO] [stdout] 2 | use winapi::shared::windef::HWND;
[INFO] [stdout]   |             ^^^^^^ could not find `shared` in `winapi`
[INFO] [stdout] 
[INFO] [stdout] 
[INFO] [stdout] error[E0433]: failed to resolve: could not find `shared` in `winapi`
[INFO] [stdout]  --> /opt/rustwide/cargo-home/registry/src/github.com-1ecc6299db9ec823/native-windows-gui-1.0.12/src/win32/base_helper.rs:3:13
[INFO] [stdout]   |
[INFO] [stdout] 3 | use winapi::shared::minwindef::DWORD;
[INFO] [stdout]   |             ^^^^^^ could not find `shared` in `winapi`
[INFO] [stdout] 
[INFO] [stdout] 
[INFO] [stdout] error[E0433]: failed to resolve: could not find `um` in `winapi`
[INFO] [stdout]   --> /opt/rustwide/cargo-home/registry/src/github.com-1ecc6299db9ec823/native-windows-gui-1.0.12/src/win32/base_helper.rs:11:17
[INFO] [stdout]    |
[INFO] [stdout] 11 |     use winapi::um::winuser::IsWindow;
[INFO] [stdout]    |                 ^^ could not find `um` in `winapi`
[INFO] [stdout] 
[INFO] [stdout] 
[INFO] [stdout] error[E0433]: failed to resolve: could not find `windows` in `os`
[INFO] [stdout]   --> /opt/rustwide/cargo-home/registry/src/github.com-1ecc6299db9ec823/native-windows-gui-1.0.12/src/win32/base_helper.rs:25:18
[INFO] [stdout]    |
[INFO] [stdout] 25 |     use std::os::windows::ffi::OsStrExt;
[INFO] [stdout]    |                  ^^^^^^^ could not find `windows` in `os`
[INFO] [stdout] 
[INFO] [stdout] 
[INFO] [stdout] error[E0433]: failed to resolve: could not find `windows` in `os`
[INFO] [stdout]   --> /opt/rustwide/cargo-home/registry/src/github.com-1ecc6299db9ec823/native-windows-gui-1.0.12/src/win32/base_helper.rs:37:18
[INFO] [stdout]    |
[INFO] [stdout] 37 |     use std::os::windows::ffi::OsStringExt;
[INFO] [stdout]    |                  ^^^^^^^ could not find `windows` in `os`
[INFO] [stdout] 
[INFO] [stdout] 
[INFO] [stdout] error[E0433]: failed to resolve: could not find `um` in `winapi`
[INFO] [stdout]   --> /opt/rustwide/cargo-home/registry/src/github.com-1ecc6299db9ec823/native-windows-gui-1.0.12/src/win32/base_helper.rs:96:17
[INFO] [stdout]    |
[INFO] [stdout] 96 |     use winapi::um::errhandlingapi::GetLastError;
[INFO] [stdout]    |                 ^^ could not find `um` in `winapi`
[INFO] [stdout] 
[INFO] [stdout] 
[INFO] [stdout] error[E0433]: failed to resolve: could not find `um` in `winapi`
[INFO] [stdout]   --> /opt/rustwide/cargo-home/registry/src/github.com-1ecc6299db9ec823/native-windows-gui-1.0.12/src/win32/base_helper.rs:97:17
[INFO] [stdout]    |
[INFO] [stdout] 97 |     use winapi::um::winbase::{FormatMessageW, FORMAT_MESSAGE_FROM_SYSTEM};
[INFO] [stdout]    |                 ^^ could not find `um` in `winapi`
[INFO] [stdout] 
[INFO] [stdout] 
[INFO] [stdout] error[E0433]: failed to resolve: could not find `um` in `winapi`
[INFO] [stdout]   --> /opt/rustwide/cargo-home/registry/src/github.com-1ecc6299db9ec823/native-windows-gui-1.0.12/src/win32/base_helper.rs:98:17
[INFO] [stdout]    |
[INFO] [stdout] 98 |     use winapi::um::winnt::{MAKELANGID, LANG_NEUTRAL, SUBLANG_DEFAULT};
[INFO] [stdout]    |                 ^^ could not find `um` in `winapi`
[INFO] [stdout] 
[INFO] [stdout] 
[INFO] [stdout] error[E0433]: failed to resolve: could not find `windows` in `os`
[INFO] [stdout]    --> /opt/rustwide/cargo-home/registry/src/github.com-1ecc6299db9ec823/native-windows-gui-1.0.12/src/win32/base_helper.rs:100:18
[INFO] [stdout]     |
[INFO] [stdout] 100 |     use std::os::windows::ffi::OsStringExt;
[INFO] [stdout]     |                  ^^^^^^^ could not find `windows` in `os`
[INFO] [stdout] 
[INFO] [stdout] 
[INFO] [stdout] error[E0433]: failed to resolve: could not find `shared` in `winapi`
[INFO] [stdout]  --> /opt/rustwide/cargo-home/registry/src/github.com-1ecc6299db9ec823/native-windows-gui-1.0.12/src/win32/window_helper.rs:3:13
[INFO] [stdout]   |
[INFO] [stdout] 3 | use winapi::shared::windef::{HFONT, HWND};
[INFO] [stdout]   |             ^^^^^^ could not find `shared` in `winapi`
[INFO] [stdout] 
[INFO] [stdout] 
[INFO] [stdout] error[E0433]: failed to resolve: could not find `shared` in `winapi`
[INFO] [stdout]  --> /opt/rustwide/cargo-home/registry/src/github.com-1ecc6299db9ec823/native-windows-gui-1.0.12/src/win32/window_helper.rs:4:13
[INFO] [stdout]   |
[INFO] [stdout] 4 | use winapi::shared::minwindef::{UINT, WPARAM, LPARAM, LRESULT};
[INFO] [stdout]   |             ^^^^^^ could not find `shared` in `winapi`
[INFO] [stdout] 
[INFO] [stdout] 
[INFO] [stdout] error[E0433]: failed to resolve: could not find `um` in `winapi`
[INFO] [stdout]  --> /opt/rustwide/cargo-home/registry/src/github.com-1ecc6299db9ec823/native-windows-gui-1.0.12/src/win32/window_helper.rs:5:13
[INFO] [stdout]   |
[INFO] [stdout] 5 | use winapi::um::winuser::WM_USER;
[INFO] [stdout]   |             ^^ could not find `um` in `winapi`
[INFO] [stdout] 
[INFO] [stdout] 
[INFO] [stdout] error[E0433]: failed to resolve: could not find `um` in `winapi`
[INFO] [stdout]   --> /opt/rustwide/cargo-home/registry/src/github.com-1ecc6299db9ec823/native-windows-gui-1.0.12/src/win32/window_helper.rs:81:17
[INFO] [stdout]    |
[INFO] [stdout] 81 |     use winapi::um::winuser::{SetParent, DestroyWindow};
[INFO] [stdout]    |                 ^^ could not find `um` in `winapi`
[INFO] [stdout] 
[INFO] [stdout] 
[INFO] [stdout] error[E0433]: failed to resolve: could not find `um` in `winapi`
[INFO] [stdout]   --> /opt/rustwide/cargo-home/registry/src/github.com-1ecc6299db9ec823/native-windows-gui-1.0.12/src/win32/window_helper.rs:98:17
[INFO] [stdout]    |
[INFO] [stdout] 98 |     use winapi::um::winuser::EnumChildWindows;
[INFO] [stdout]    |                 ^^ could not find `um` in `winapi`
[INFO] [stdout] 
[INFO] [stdout] 
[INFO] [stdout] error[E0433]: failed to resolve: could not find `shared` in `winapi`
[INFO] [stdout]   --> /opt/rustwide/cargo-home/registry/src/github.com-1ecc6299db9ec823/native-windows-gui-1.0.12/src/win32/window_helper.rs:99:17
[INFO] [stdout]    |
[INFO] [stdout] 99 |     use winapi::shared::minwindef::BOOL;
[INFO] [stdout]    |                 ^^^^^^ could not find `shared` in `winapi`
[INFO] [stdout] 
[INFO] [stdout] 
[INFO] [stdout] error[E0433]: failed to resolve: could not find `um` in `winapi`
[INFO] [stdout]    --> /opt/rustwide/cargo-home/registry/src/github.com-1ecc6299db9ec823/native-windows-gui-1.0.12/src/win32/window_helper.rs:130:17
[INFO] [stdout]     |
[INFO] [stdout] 130 |     use winapi::um::winuser::IsWindow;
[INFO] [stdout]     |                 ^^ could not find `um` in `winapi`
[INFO] [stdout] 
[INFO] [stdout] 
[INFO] [stdout] error[E0433]: failed to resolve: could not find `um` in `winapi`
[INFO] [stdout]    --> /opt/rustwide/cargo-home/registry/src/github.com-1ecc6299db9ec823/native-windows-gui-1.0.12/src/win32/window_helper.rs:138:17
[INFO] [stdout]     |
[INFO] [stdout] 138 |     use winapi::um::winuser::GetParent;
[INFO] [stdout]     |                 ^^ could not find `um` in `winapi`
[INFO] [stdout] 
[INFO] [stdout] 
[INFO] [stdout] error[E0433]: failed to resolve: could not find `um` in `winapi`
[INFO] [stdout]    --> /opt/rustwide/cargo-home/registry/src/github.com-1ecc6299db9ec823/native-windows-gui-1.0.12/src/win32/window_helper.rs:143:17
[INFO] [stdout]     |
[INFO] [stdout] 143 |     use winapi::um::winuser::{ WM_GETFONT };
[INFO] [stdout]     |                 ^^ could not find `um` in `winapi`
[INFO] [stdout] 
[INFO] [stdout] 
[INFO] [stdout] error[E0433]: failed to resolve: could not find `um` in `winapi`
[INFO] [stdout]    --> /opt/rustwide/cargo-home/registry/src/github.com-1ecc6299db9ec823/native-windows-gui-1.0.12/src/win32/window_helper.rs:151:17
[INFO] [stdout]     |
[INFO] [stdout] 151 |     use winapi::um::winuser::{ShowWindow, SW_MAXIMIZE};
[INFO] [stdout]     |                 ^^ could not find `um` in `winapi`
[INFO] [stdout] 
[INFO] [stdout] 
[INFO] [stdout] error[E0433]: failed to resolve: could not find `um` in `winapi`
[INFO] [stdout]    --> /opt/rustwide/cargo-home/registry/src/github.com-1ecc6299db9ec823/native-windows-gui-1.0.12/src/win32/window_helper.rs:158:17
[INFO] [stdout]     |
[INFO] [stdout] 158 |     use winapi::um::winuser::{ShowWindow, SW_MINIMIZE};
[INFO] [stdout]     |                 ^^ could not find `um` in `winapi`
[INFO] [stdout] 
[INFO] [stdout] 
[INFO] [stdout] error[E0433]: failed to resolve: could not find `um` in `winapi`
[INFO] [stdout]    --> /opt/rustwide/cargo-home/registry/src/github.com-1ecc6299db9ec823/native-windows-gui-1.0.12/src/win32/window_helper.rs:165:17
[INFO] [stdout]     |
[INFO] [stdout] 165 |     use winapi::um::winuser::{ShowWindow, SW_RESTORE};
[INFO] [stdout]     |                 ^^ could not find `um` in `winapi`
[INFO] [stdout] 
[INFO] [stdout] 
[INFO] [stdout] error[E0433]: failed to resolve: could not find `um` in `winapi`
[INFO] [stdout]    --> /opt/rustwide/cargo-home/registry/src/github.com-1ecc6299db9ec823/native-windows-gui-1.0.12/src/win32/window_helper.rs:173:17
[INFO] [stdout]     |
[INFO] [stdout] 173 |     use winapi::um::winuser::WM_SETFONT;
[INFO] [stdout]     |                 ^^ could not find `um` in `winapi`
[INFO] [stdout] 
[INFO] [stdout] 
[INFO] [stdout] error[E0433]: failed to resolve: could not find `um` in `winapi`
[INFO] [stdout]    --> /opt/rustwide/cargo-home/registry/src/github.com-1ecc6299db9ec823/native-windows-gui-1.0.12/src/win32/window_helper.rs:174:17
[INFO] [stdout]     |
[INFO] [stdout] 174 |     use winapi::um::winuser::SendMessageW;
[INFO] [stdout]     |                 ^^ could not find `um` in `winapi`
[INFO] [stdout] 
[INFO] [stdout] 
[INFO] [stdout] error[E0433]: failed to resolve: could not find `um` in `winapi`
[INFO] [stdout]    --> /opt/rustwide/cargo-home/registry/src/github.com-1ecc6299db9ec823/native-windows-gui-1.0.12/src/win32/window_helper.rs:203:19
[INFO] [stdout]     |
[INFO] [stdout] 203 |     use ::winapi::um::winuser::GWL_STYLE;
[INFO] [stdout]     |                   ^^ could not find `um` in `winapi`
[INFO] [stdout] 
[INFO] [stdout] 
[INFO] [stdout] error[E0433]: failed to resolve: could not find `um` in `winapi`
[INFO] [stdout]    --> /opt/rustwide/cargo-home/registry/src/github.com-1ecc6299db9ec823/native-windows-gui-1.0.12/src/win32/window_helper.rs:209:19
[INFO] [stdout]     |
[INFO] [stdout] 209 |     use ::winapi::um::winuser::GWL_STYLE;
[INFO] [stdout]     |                   ^^ could not find `um` in `winapi`
[INFO] [stdout] 
[INFO] [stdout] 
[INFO] [stdout] error[E0433]: failed to resolve: could not find `um` in `winapi`
[INFO] [stdout]    --> /opt/rustwide/cargo-home/registry/src/github.com-1ecc6299db9ec823/native-windows-gui-1.0.12/src/win32/window_helper.rs:230:17
[INFO] [stdout]     |
[INFO] [stdout] 230 |     use winapi::um::winuser::{GetWindowTextW, GetWindowTextLengthW};
[INFO] [stdout]     |                 ^^ could not find `um` in `winapi`
[INFO] [stdout] 
[INFO] [stdout] 
[INFO] [stdout] error[E0433]: failed to resolve: could not find `um` in `winapi`
[INFO] [stdout]    --> /opt/rustwide/cargo-home/registry/src/github.com-1ecc6299db9ec823/native-windows-gui-1.0.12/src/win32/window_helper.rs:245:17
[INFO] [stdout]     |
[INFO] [stdout] 245 |     use winapi::um::winuser::SetWindowTextW;
[INFO] [stdout]     |                 ^^ could not find `um` in `winapi`
[INFO] [stdout] 
[INFO] [stdout] 
[INFO] [stdout] error[E0433]: failed to resolve: could not find `um` in `winapi`
[INFO] [stdout]    --> /opt/rustwide/cargo-home/registry/src/github.com-1ecc6299db9ec823/native-windows-gui-1.0.12/src/win32/window_helper.rs:252:17
[INFO] [stdout]     |
[INFO] [stdout] 252 |     use winapi::um::winuser::SetWindowPos;
[INFO] [stdout]     |                 ^^ could not find `um` in `winapi`
[INFO] [stdout] 
[INFO] [stdout] 
[INFO] [stdout] error[E0433]: failed to resolve: could not find `um` in `winapi`
[INFO] [stdout]    --> /opt/rustwide/cargo-home/registry/src/github.com-1ecc6299db9ec823/native-windows-gui-1.0.12/src/win32/window_helper.rs:253:17
[INFO] [stdout]     |
[INFO] [stdout] 253 |     use winapi::um::winuser::{SWP_NOZORDER, SWP_NOSIZE, SWP_NOACTIVATE, SWP_NOOWNERZORDER};
[INFO] [stdout]     |                 ^^ could not find `um` in `winapi`
[INFO] [stdout] 
[INFO] [stdout] 
[INFO] [stdout] error[E0433]: failed to resolve: could not find `um` in `winapi`
[INFO] [stdout]    --> /opt/rustwide/cargo-home/registry/src/github.com-1ecc6299db9ec823/native-windows-gui-1.0.12/src/win32/window_helper.rs:261:17
[INFO] [stdout]     |
[INFO] [stdout] 261 |     use winapi::um::winuser::SetWindowPos;
[INFO] [stdout]     |                 ^^ could not find `um` in `winapi`
[INFO] [stdout] 
[INFO] [stdout] 
[INFO] [stdout] error[E0433]: failed to resolve: could not find `um` in `winapi`
[INFO] [stdout]    --> /opt/rustwide/cargo-home/registry/src/github.com-1ecc6299db9ec823/native-windows-gui-1.0.12/src/win32/window_helper.rs:262:17
[INFO] [stdout]     |
[INFO] [stdout] 262 |     use winapi::um::winuser::{HWND_TOP, SWP_NOSIZE, SWP_NOMOVE, SWP_NOACTIVATE, SWP_NOOWNERZORDER};
[INFO] [stdout]     |                 ^^ could not find `um` in `winapi`
[INFO] [stdout] 
[INFO] [stdout] 
[INFO] [stdout] error[E0433]: failed to resolve: could not find `um` in `winapi`
[INFO] [stdout]    --> /opt/rustwide/cargo-home/registry/src/github.com-1ecc6299db9ec823/native-windows-gui-1.0.12/src/win32/window_helper.rs:273:17
[INFO] [stdout]     |
[INFO] [stdout] 273 |     use winapi::um::winuser::{GetWindowRect, ScreenToClient, GetParent};
[INFO] [stdout]     |                 ^^ could not find `um` in `winapi`
[INFO] [stdout] 
[INFO] [stdout] 
[INFO] [stdout] error[E0433]: failed to resolve: could not find `shared` in `winapi`
[INFO] [stdout]    --> /opt/rustwide/cargo-home/registry/src/github.com-1ecc6299db9ec823/native-windows-gui-1.0.12/src/win32/window_helper.rs:274:17
[INFO] [stdout]     |
[INFO] [stdout] 274 |     use winapi::shared::windef::{RECT, POINT};
[INFO] [stdout]     |                 ^^^^^^ could not find `shared` in `winapi`
[INFO] [stdout] 
[INFO] [stdout] 
[INFO] [stdout] error[E0433]: failed to resolve: could not find `um` in `winapi`
[INFO] [stdout]    --> /opt/rustwide/cargo-home/registry/src/github.com-1ecc6299db9ec823/native-windows-gui-1.0.12/src/win32/window_helper.rs:292:17
[INFO] [stdout]     |
[INFO] [stdout] 292 |     use winapi::um::winuser::{SetWindowPos, AdjustWindowRectEx, GetWindowLongW};
[INFO] [stdout]     |                 ^^ could not find `um` in `winapi`
[INFO] [stdout] 
[INFO] [stdout] 
[INFO] [stdout] error[E0433]: failed to resolve: could not find `um` in `winapi`
[INFO] [stdout]    --> /opt/rustwide/cargo-home/registry/src/github.com-1ecc6299db9ec823/native-windows-gui-1.0.12/src/win32/window_helper.rs:293:17
[INFO] [stdout]     |
[INFO] [stdout] 293 |     use winapi::um::winuser::{SWP_NOZORDER, SWP_NOMOVE, SWP_NOACTIVATE, SWP_NOCOPYBITS, GWL_STYLE, GWL_EXSTYLE, SWP_NOOWNERZORDER};
[INFO] [stdout]     |                 ^^ could not find `um` in `winapi`
[INFO] [stdout] 
[INFO] [stdout] 
[INFO] [stdout] error[E0433]: failed to resolve: could not find `shared` in `winapi`
[INFO] [stdout]    --> /opt/rustwide/cargo-home/registry/src/github.com-1ecc6299db9ec823/native-windows-gui-1.0.12/src/win32/window_helper.rs:294:17
[INFO] [stdout]     |
[INFO] [stdout] 294 |     use winapi::shared::windef::RECT;
[INFO] [stdout]     |                 ^^^^^^ could not find `shared` in `winapi`
[INFO] [stdout] 
[INFO] [stdout] 
[INFO] [stdout] error[E0433]: failed to resolve: could not find `um` in `winapi`
[INFO] [stdout]    --> /opt/rustwide/cargo-home/registry/src/github.com-1ecc6299db9ec823/native-windows-gui-1.0.12/src/win32/window_helper.rs:321:17
[INFO] [stdout]     |
[INFO] [stdout] 321 |     use winapi::um::winuser::GetClientRect;
[INFO] [stdout]     |                 ^^ could not find `um` in `winapi`
[INFO] [stdout] 
[INFO] [stdout] 
[INFO] [stdout] error[E0433]: failed to resolve: could not find `shared` in `winapi`
[INFO] [stdout]    --> /opt/rustwide/cargo-home/registry/src/github.com-1ecc6299db9ec823/native-windows-gui-1.0.12/src/win32/window_helper.rs:322:17
[INFO] [stdout]     |
[INFO] [stdout] 322 |     use winapi::shared::windef::RECT;
[INFO] [stdout]     |                 ^^^^^^ could not find `shared` in `winapi`
[INFO] [stdout] 
[INFO] [stdout] 
[INFO] [stdout] error[E0433]: failed to resolve: could not find `um` in `winapi`
[INFO] [stdout]    --> /opt/rustwide/cargo-home/registry/src/github.com-1ecc6299db9ec823/native-windows-gui-1.0.12/src/win32/window_helper.rs:337:17
[INFO] [stdout]     |
[INFO] [stdout] 337 |     use winapi::um::winuser::ShowWindow;
[INFO] [stdout]     |                 ^^ could not find `um` in `winapi`
[INFO] [stdout] 
[INFO] [stdout] 
[INFO] [stdout] error[E0433]: failed to resolve: could not find `um` in `winapi`
[INFO] [stdout]    --> /opt/rustwide/cargo-home/registry/src/github.com-1ecc6299db9ec823/native-windows-gui-1.0.12/src/win32/window_helper.rs:338:17
[INFO] [stdout]     |
[INFO] [stdout] 338 |     use winapi::um::winuser::{SW_HIDE, SW_SHOW};
[INFO] [stdout]     |                 ^^ could not find `um` in `winapi`
[INFO] [stdout] 
[INFO] [stdout] 
[INFO] [stdout] error[E0433]: failed to resolve: could not find `um` in `winapi`
[INFO] [stdout]    --> /opt/rustwide/cargo-home/registry/src/github.com-1ecc6299db9ec823/native-windows-gui-1.0.12/src/win32/window_helper.rs:345:17
[INFO] [stdout]     |
[INFO] [stdout] 345 |     use winapi::um::winuser::IsWindowVisible;
[INFO] [stdout]     |                 ^^ could not find `um` in `winapi`
[INFO] [stdout] 
[INFO] [stdout] 
[INFO] [stdout] error[E0433]: failed to resolve: could not find `um` in `winapi`
[INFO] [stdout]    --> /opt/rustwide/cargo-home/registry/src/github.com-1ecc6299db9ec823/native-windows-gui-1.0.12/src/win32/window_helper.rs:350:17
[INFO] [stdout]     |
[INFO] [stdout] 350 |     use winapi::um::winuser::{GWL_STYLE, WS_DISABLED};
[INFO] [stdout]     |                 ^^ could not find `um` in `winapi`
[INFO] [stdout] 
[INFO] [stdout] 
[INFO] [stdout] error[E0433]: failed to resolve: could not find `um` in `winapi`
[INFO] [stdout]    --> /opt/rustwide/cargo-home/registry/src/github.com-1ecc6299db9ec823/native-windows-gui-1.0.12/src/win32/window_helper.rs:357:17
[INFO] [stdout]     |
[INFO] [stdout] 357 |     use winapi::um::winuser::{GWL_STYLE, WS_DISABLED};
[INFO] [stdout]     |                 ^^ could not find `um` in `winapi`
[INFO] [stdout] 
[INFO] [stdout] 
[INFO] [stdout] error[E0433]: failed to resolve: could not find `um` in `winapi`
[INFO] [stdout]    --> /opt/rustwide/cargo-home/registry/src/github.com-1ecc6299db9ec823/native-windows-gui-1.0.12/src/win32/window_helper.rs:358:17
[INFO] [stdout]     |
[INFO] [stdout] 358 |     use winapi::um::winuser::{UpdateWindow, InvalidateRect};
[INFO] [stdout]     |                 ^^ could not find `um` in `winapi`
[INFO] [stdout] 
[INFO] [stdout] 
[INFO] [stdout] error[E0433]: failed to resolve: could not find `shared` in `winapi`
[INFO] [stdout]    --> /opt/rustwide/cargo-home/registry/src/github.com-1ecc6299db9ec823/native-windows-gui-1.0.12/src/win32/window_helper.rs:388:49
[INFO] [stdout]     |
[INFO] [stdout] 388 | #[cfg(target_pointer_width = "64")] use winapi::shared::basetsd::LONG_PTR;
[INFO] [stdout]     |                                                 ^^^^^^ could not find `shared` in `winapi`
[INFO] [stdout] 
[INFO] [stdout] 
[INFO] [stdout] error[E0433]: failed to resolve: could not find `shared` in `winapi`
[INFO] [stdout]  --> /opt/rustwide/cargo-home/registry/src/github.com-1ecc6299db9ec823/native-windows-gui-1.0.12/src/win32/resources_helper.rs:1:13
[INFO] [stdout]   |
[INFO] [stdout] 1 | use winapi::shared::windef::{HFONT, HBITMAP};
[INFO] [stdout]   |             ^^^^^^ could not find `shared` in `winapi`
[INFO] [stdout] 
[INFO] [stdout] 
[INFO] [stdout] error[E0432]: unresolved import `winapi::ctypes`
[INFO] [stdout]  --> /opt/rustwide/cargo-home/registry/src/github.com-1ecc6299db9ec823/native-windows-gui-1.0.12/src/win32/window_helper.rs:6:13
[INFO] [stdout]   |
[INFO] [stdout] 6 | use winapi::ctypes::c_int;
[INFO] [stdout]   |             ^^^^^^ could not find `ctypes` in `winapi`
[INFO] [stdout] 
[INFO] [stdout] 
[INFO] [stdout] error[E0433]: failed to resolve: could not find `um` in `winapi`
[INFO] [stdout]  --> /opt/rustwide/cargo-home/registry/src/github.com-1ecc6299db9ec823/native-windows-gui-1.0.12/src/win32/resources_helper.rs:3:13
[INFO] [stdout]   |
[INFO] [stdout] 3 | use winapi::um::winnt::HANDLE;
[INFO] [stdout]   |             ^^ could not find `um` in `winapi`
[INFO] [stdout] 
[INFO] [stdout] 
[INFO] [stdout] error[E0433]: failed to resolve: could not find `um` in `winapi`
[INFO] [stdout]   --> /opt/rustwide/cargo-home/registry/src/github.com-1ecc6299db9ec823/native-windows-gui-1.0.12/src/win32/resources_helper.rs:19:17
[INFO] [stdout]    |
[INFO] [stdout] 19 |     use winapi::um::wingdi::GetBitmapBits;
[INFO] [stdout]    |                 ^^ could not find `um` in `winapi`
[INFO] [stdout] 
[INFO] [stdout] 
[INFO] [stdout] error[E0433]: failed to resolve: could not find `shared` in `winapi`
[INFO] [stdout]   --> /opt/rustwide/cargo-home/registry/src/github.com-1ecc6299db9ec823/native-windows-gui-1.0.12/src/win32/resources_helper.rs:20:17
[INFO] [stdout]    |
[INFO] [stdout] 20 |     use winapi::shared::minwindef::LPVOID;
[INFO] [stdout]    |                 ^^^^^^ could not find `shared` in `winapi`
[INFO] [stdout] 
[INFO] [stdout] 
[INFO] [stdout] error[E0433]: failed to resolve: could not find `um` in `winapi`
[INFO] [stdout]   --> /opt/rustwide/cargo-home/registry/src/github.com-1ecc6299db9ec823/native-windows-gui-1.0.12/src/win32/resources_helper.rs:33:17
[INFO] [stdout]    |
[INFO] [stdout] 33 |     use winapi::um::wingdi::{DEFAULT_CHARSET, OUT_DEFAULT_PRECIS, CLIP_DEFAULT_PRECIS, CLEARTYPE_QUALITY, VARIABLE_PITCH};
[INFO] [stdout]    |                 ^^ could not find `um` in `winapi`
[INFO] [stdout] 
[INFO] [stdout] 
[INFO] [stdout] error[E0433]: failed to resolve: could not find `um` in `winapi`
[INFO] [stdout]   --> /opt/rustwide/cargo-home/registry/src/github.com-1ecc6299db9ec823/native-windows-gui-1.0.12/src/win32/resources_helper.rs:34:17
[INFO] [stdout]    |
[INFO] [stdout] 34 |     use winapi::um::wingdi::CreateFontW;
[INFO] [stdout]    |                 ^^ could not find `um` in `winapi`
[INFO] [stdout] 
[INFO] [stdout] 
[INFO] [stdout] error[E0433]: failed to resolve: could not find `um` in `winapi`
[INFO] [stdout]   --> /opt/rustwide/cargo-home/registry/src/github.com-1ecc6299db9ec823/native-windows-gui-1.0.12/src/win32/resources_helper.rs:81:17
[INFO] [stdout]    |
[INFO] [stdout] 81 |     use winapi::um::winuser::{LR_LOADFROMFILE, LR_CREATEDIBSECTION, LR_DEFAULTSIZE, LR_SHARED, IMAGE_ICON, IDC_ARROW, IDI_ERROR, IMAGE_CU...
[INFO] [stdout]    |                 ^^ could not find `um` in `winapi`
[INFO] [stdout] 
[INFO] [stdout] 
[INFO] [stdout] error[E0433]: failed to resolve: could not find `um` in `winapi`
[INFO] [stdout]   --> /opt/rustwide/cargo-home/registry/src/github.com-1ecc6299db9ec823/native-windows-gui-1.0.12/src/win32/resources_helper.rs:82:17
[INFO] [stdout]    |
[INFO] [stdout] 82 |     use winapi::um::winuser::LoadImageW;
[INFO] [stdout]    |                 ^^ could not find `um` in `winapi`
[INFO] [stdout] 
[INFO] [stdout] 
[INFO] [stdout] error[E0433]: failed to resolve: could not find `um` in `winapi`
[INFO] [stdout]    --> /opt/rustwide/cargo-home/registry/src/github.com-1ecc6299db9ec823/native-windows-gui-1.0.12/src/win32/resources_helper.rs:175:17
[INFO] [stdout]     |
[INFO] [stdout] 175 |     use winapi::um::winuser::{LR_DEFAULTSIZE, LR_SHARED, IMAGE_ICON, IMAGE_CURSOR, IMAGE_BITMAP};
[INFO] [stdout]     |                 ^^ could not find `um` in `winapi`
[INFO] [stdout] 
[INFO] [stdout] 
[INFO] [stdout] error[E0433]: failed to resolve: could not find `um` in `winapi`
[INFO] [stdout]    --> /opt/rustwide/cargo-home/registry/src/github.com-1ecc6299db9ec823/native-windows-gui-1.0.12/src/win32/resources_helper.rs:176:17
[INFO] [stdout]     |
[INFO] [stdout] 176 |     use winapi::um::winuser::LoadImageW;
[INFO] [stdout]     |                 ^^ could not find `um` in `winapi`
[INFO] [stdout] 
[INFO] [stdout] 
[INFO] [stdout] error[E0433]: failed to resolve: could not find `shared` in `winapi`
[INFO] [stdout]    --> /opt/rustwide/cargo-home/registry/src/github.com-1ecc6299db9ec823/native-windows-gui-1.0.12/src/win32/resources_helper.rs:177:17
[INFO] [stdout]     |
[INFO] [stdout] 177 |     use winapi::shared::ntdef::LPCWSTR;
[INFO] [stdout]     |                 ^^^^^^ could not find `shared` in `winapi`
[INFO] [stdout] 
[INFO] [stdout] 
[INFO] [stdout] error[E0433]: failed to resolve: could not find `um` in `winapi`
[INFO] [stdout]    --> /opt/rustwide/cargo-home/registry/src/github.com-1ecc6299db9ec823/native-windows-gui-1.0.12/src/win32/resources_helper.rs:280:17
[INFO] [stdout]     |
[INFO] [stdout] 280 |     use winapi::um::wingdi::DeleteObject;
[INFO] [stdout]     |                 ^^ could not find `um` in `winapi`
[INFO] [stdout] 
[INFO] [stdout] 
[INFO] [stdout] error[E0433]: failed to resolve: could not find `um` in `winapi`
[INFO] [stdout]    --> /opt/rustwide/cargo-home/registry/src/github.com-1ecc6299db9ec823/native-windows-gui-1.0.12/src/win32/resources_helper.rs:281:17
[INFO] [stdout]     |
[INFO] [stdout] 281 |     use winapi::um::winuser::{LoadImageW, CreateIconIndirect};
[INFO] [stdout]     |                 ^^ could not find `um` in `winapi`
[INFO] [stdout] 
[INFO] [stdout] 
[INFO] [stdout] error[E0433]: failed to resolve: could not find `um` in `winapi`
[INFO] [stdout]    --> /opt/rustwide/cargo-home/registry/src/github.com-1ecc6299db9ec823/native-windows-gui-1.0.12/src/win32/resources_helper.rs:282:17
[INFO] [stdout]     |
[INFO] [stdout] 282 |     use winapi::um::winuser::{ICONINFO, IDI_ERROR, IMAGE_ICON, LR_DEFAULTSIZE, LR_SHARED};
[INFO] [stdout]     |                 ^^ could not find `um` in `winapi`
[INFO] [stdout] 
[INFO] [stdout] 
[INFO] [stdout] error[E0433]: failed to resolve: could not find `shared` in `winapi`
[INFO] [stdout]  --> /opt/rustwide/cargo-home/registry/src/github.com-1ecc6299db9ec823/native-windows-gui-1.0.12/src/win32/window.rs:6:13
[INFO] [stdout]   |
[INFO] [stdout] 6 | use winapi::shared::minwindef::{BOOL, UINT, DWORD, HMODULE, WPARAM, LPARAM, LRESULT};
[INFO] [stdout]   |             ^^^^^^ could not find `shared` in `winapi`
[INFO] [stdout] 
[INFO] [stdout] 
[INFO] [stdout] error[E0433]: failed to resolve: could not find `shared` in `winapi`
[INFO] [stdout]  --> /opt/rustwide/cargo-home/registry/src/github.com-1ecc6299db9ec823/native-windows-gui-1.0.12/src/win32/window.rs:7:13
[INFO] [stdout]   |
[INFO] [stdout] 7 | use winapi::shared::windef::{HWND, HMENU, HBRUSH};
[INFO] [stdout]   |             ^^^^^^ could not find `shared` in `winapi`
[INFO] [stdout] 
[INFO] [stdout] 
[INFO] [stdout] error[E0433]: failed to resolve: could not find `shared` in `winapi`
[INFO] [stdout]  --> /opt/rustwide/cargo-home/registry/src/github.com-1ecc6299db9ec823/native-windows-gui-1.0.12/src/win32/window.rs:8:13
[INFO] [stdout]   |
[INFO] [stdout] 8 | use winapi::shared::basetsd::{DWORD_PTR, UINT_PTR};
[INFO] [stdout]   |             ^^^^^^ could not find `shared` in `winapi`
[INFO] [stdout] 
[INFO] [stdout] 
[INFO] [stdout] error[E0433]: failed to resolve: could not find `um` in `winapi`
[INFO] [stdout]  --> /opt/rustwide/cargo-home/registry/src/github.com-1ecc6299db9ec823/native-windows-gui-1.0.12/src/win32/window.rs:9:13
[INFO] [stdout]   |
[INFO] [stdout] 9 | use winapi::um::winuser::{WNDPROC, NMHDR};
[INFO] [stdout]   |             ^^ could not find `um` in `winapi`
[INFO] [stdout] 
[INFO] [stdout] 
[INFO] [stdout] error[E0433]: failed to resolve: could not find `um` in `winapi`
[INFO] [stdout]   --> /opt/rustwide/cargo-home/registry/src/github.com-1ecc6299db9ec823/native-windows-gui-1.0.12/src/win32/window.rs:10:13
[INFO] [stdout]    |
[INFO] [stdout] 10 | use winapi::um::commctrl::{NMTTDISPINFOW, SUBCLASSPROC};
[INFO] [stdout]    |             ^^ could not find `um` in `winapi`
[INFO] [stdout] 
[INFO] [stdout] 
[INFO] [stdout] error[E0433]: failed to resolve: could not find `um` in `winapi`
[INFO] [stdout]   --> /opt/rustwide/cargo-home/registry/src/github.com-1ecc6299db9ec823/native-windows-gui-1.0.12/src/win32/window.rs:63:17
[INFO] [stdout]    |
[INFO] [stdout] 63 |     use winapi::um::winuser::SetTimer;
[INFO] [stdout]    |                 ^^ could not find `um` in `winapi`
[INFO] [stdout] 
[INFO] [stdout] 
[INFO] [stdout] error[E0433]: failed to resolve: could not find `um` in `winapi`
[INFO] [stdout]   --> /opt/rustwide/cargo-home/registry/src/github.com-1ecc6299db9ec823/native-windows-gui-1.0.12/src/win32/window.rs:86:17
[INFO] [stdout]    |
[INFO] [stdout] 86 |     use winapi::um::winuser::EnumChildWindows;
[INFO] [stdout]    |                 ^^ could not find `um` in `winapi`
[INFO] [stdout] 
[INFO] [stdout] 
[INFO] [stdout] error[E0433]: failed to resolve: could not find `um` in `winapi`
[INFO] [stdout]    --> /opt/rustwide/cargo-home/registry/src/github.com-1ecc6299db9ec823/native-windows-gui-1.0.12/src/win32/window.rs:367:17
[INFO] [stdout]     |
[INFO] [stdout] 367 |     use winapi::um::winuser::{WS_OVERLAPPEDWINDOW, WS_VISIBLE, WS_CLIPCHILDREN, /*WS_EX_LAYERED*/};
[INFO] [stdout]     |                 ^^ could not find `um` in `winapi`
[INFO] [stdout] 
[INFO] [stdout] 
[INFO] [stdout] error[E0433]: failed to resolve: could not find `um` in `winapi`
[INFO] [stdout]    --> /opt/rustwide/cargo-home/registry/src/github.com-1ecc6299db9ec823/native-windows-gui-1.0.12/src/win32/window.rs:368:17
[INFO] [stdout]     |
[INFO] [stdout] 368 |     use winapi::um::winuser::{CreateWindowExW, AdjustWindowRectEx};
[INFO] [stdout]     |                 ^^ could not find `um` in `winapi`
[INFO] [stdout] 
[INFO] [stdout] 
[INFO] [stdout] error[E0433]: failed to resolve: could not find `shared` in `winapi`
[INFO] [stdout]    --> /opt/rustwide/cargo-home/registry/src/github.com-1ecc6299db9ec823/native-windows-gui-1.0.12/src/win32/window.rs:369:17
[INFO] [stdout]     |
[INFO] [stdout] 369 |     use winapi::shared::windef::RECT;
[INFO] [stdout]     |                 ^^^^^^ could not find `shared` in `winapi`
[INFO] [stdout] 
[INFO] [stdout] 
[INFO] [stdout] error[E0433]: failed to resolve: could not find `um` in `winapi`
[INFO] [stdout]    --> /opt/rustwide/cargo-home/registry/src/github.com-1ecc6299db9ec823/native-windows-gui-1.0.12/src/win32/window.rs:370:17
[INFO] [stdout]     |
[INFO] [stdout] 370 |     use winapi::um::libloaderapi::GetModuleHandleW;
[INFO] [stdout]     |                 ^^ could not find `um` in `winapi`
[INFO] [stdout] 
[INFO] [stdout] 
[INFO] [stdout] error[E0433]: failed to resolve: could not find `um` in `winapi`
[INFO] [stdout]    --> /opt/rustwide/cargo-home/registry/src/github.com-1ecc6299db9ec823/native-windows-gui-1.0.12/src/win32/window.rs:424:17
[INFO] [stdout]     |
[INFO] [stdout] 424 |     use winapi::um::winuser::{LoadCursorW, RegisterClassExW};
[INFO] [stdout]     |                 ^^ could not find `um` in `winapi`
[INFO] [stdout] 
[INFO] [stdout] 
[INFO] [stdout] error[E0433]: failed to resolve: could not find `um` in `winapi`
[INFO] [stdout]    --> /opt/rustwide/cargo-home/registry/src/github.com-1ecc6299db9ec823/native-windows-gui-1.0.12/src/win32/window.rs:425:17
[INFO] [stdout]     |
[INFO] [stdout] 425 |     use winapi::um::winuser::{CS_HREDRAW, CS_VREDRAW, COLOR_WINDOW, IDC_ARROW, WNDCLASSEXW};
[INFO] [stdout]     |                 ^^ could not find `um` in `winapi`
[INFO] [stdout] 
[INFO] [stdout] 
[INFO] [stdout] error[E0433]: failed to resolve: could not find `um` in `winapi`
[INFO] [stdout]    --> /opt/rustwide/cargo-home/registry/src/github.com-1ecc6299db9ec823/native-windows-gui-1.0.12/src/win32/window.rs:426:17
[INFO] [stdout]     |
[INFO] [stdout] 426 |     use winapi::um::errhandlingapi::GetLastError;
[INFO] [stdout]     |                 ^^ could not find `um` in `winapi`
[INFO] [stdout] 
[INFO] [stdout] 
[INFO] [stdout] error[E0433]: failed to resolve: could not find `shared` in `winapi`
[INFO] [stdout]    --> /opt/rustwide/cargo-home/registry/src/github.com-1ecc6299db9ec823/native-windows-gui-1.0.12/src/win32/window.rs:427:17
[INFO] [stdout]     |
[INFO] [stdout] 427 |     use winapi::shared::winerror::ERROR_CLASS_ALREADY_EXISTS;
[INFO] [stdout]     |                 ^^^^^^ could not find `shared` in `winapi`
[INFO] [stdout] 
[INFO] [stdout] 
[INFO] [stdout] error[E0433]: failed to resolve: could not find `um` in `winapi`
[INFO] [stdout]    --> /opt/rustwide/cargo-home/registry/src/github.com-1ecc6299db9ec823/native-windows-gui-1.0.12/src/win32/window.rs:459:17
[INFO] [stdout]     |
[INFO] [stdout] 459 |     use winapi::um::libloaderapi::GetModuleHandleW;
[INFO] [stdout]     |                 ^^ could not find `um` in `winapi`
[INFO] [stdout] 
[INFO] [stdout] 
[INFO] [stdout] error[E0433]: failed to resolve: could not find `um` in `winapi`
[INFO] [stdout]    --> /opt/rustwide/cargo-home/registry/src/github.com-1ecc6299db9ec823/native-windows-gui-1.0.12/src/win32/window.rs:475:17
[INFO] [stdout]     |
[INFO] [stdout] 475 |     use winapi::um::libloaderapi::GetModuleHandleW;
[INFO] [stdout]     |                 ^^ could not find `um` in `winapi`
[INFO] [stdout] 
[INFO] [stdout] 
[INFO] [stdout] error[E0433]: failed to resolve: could not find `um` in `winapi`
[INFO] [stdout]    --> /opt/rustwide/cargo-home/registry/src/github.com-1ecc6299db9ec823/native-windows-gui-1.0.12/src/win32/window.rs:528:17
[INFO] [stdout]     |
[INFO] [stdout] 528 |     use winapi::um::winuser::{WM_CREATE, WM_CLOSE, SW_HIDE};
[INFO] [stdout]     |                 ^^ could not find `um` in `winapi`
[INFO] [stdout] 
[INFO] [stdout] 
[INFO] [stdout] error[E0433]: failed to resolve: could not find `um` in `winapi`
[INFO] [stdout]    --> /opt/rustwide/cargo-home/registry/src/github.com-1ecc6299db9ec823/native-windows-gui-1.0.12/src/win32/window.rs:529:17
[INFO] [stdout]     |
[INFO] [stdout] 529 |     use winapi::um::winuser::{DefWindowProcW, PostMessageW, ShowWindow};
[INFO] [stdout]     |                 ^^ could not find `um` in `winapi`
[INFO] [stdout] 
[INFO] [stdout] 
[INFO] [stdout] error[E0433]: failed to resolve: could not find `windows` in `os`
[INFO] [stdout]    --> /opt/rustwide/cargo-home/registry/src/github.com-1ecc6299db9ec823/native-windows-gui-1.0.12/src/win32/window.rs:555:18
[INFO] [stdout]     |
[INFO] [stdout] 555 |     use std::os::windows::ffi::OsStringExt;
[INFO] [stdout]     |                  ^^^^^^^ could not find `windows` in `os`
[INFO] [stdout] 
[INFO] [stdout] 
[INFO] [stdout] error[E0433]: failed to resolve: could not find `um` in `winapi`
[INFO] [stdout]    --> /opt/rustwide/cargo-home/registry/src/github.com-1ecc6299db9ec823/native-windows-gui-1.0.12/src/win32/window.rs:560:17
[INFO] [stdout]     |
[INFO] [stdout] 560 |     use winapi::um::commctrl::{DefSubclassProc, TTN_GETDISPINFOW};
[INFO] [stdout]     |                 ^^ could not find `um` in `winapi`
[INFO] [stdout] 
[INFO] [stdout] 
[INFO] [stdout] error[E0433]: failed to resolve: could not find `um` in `winapi`
[INFO] [stdout]    --> /opt/rustwide/cargo-home/registry/src/github.com-1ecc6299db9ec823/native-windows-gui-1.0.12/src/win32/window.rs:561:17
[INFO] [stdout]     |
[INFO] [stdout] 561 |     use winapi::um::winuser::{GetClassNameW, GetMenuItemID, GetSubMenu};
[INFO] [stdout]     |                 ^^ could not find `um` in `winapi`
[INFO] [stdout] 
[INFO] [stdout] 
[INFO] [stdout] error[E0433]: failed to resolve: could not find `um` in `winapi`
[INFO] [stdout]    --> /opt/rustwide/cargo-home/registry/src/github.com-1ecc6299db9ec823/native-windows-gui-1.0.12/src/win32/window.rs:562:17
[INFO] [stdout]     |
[INFO] [stdout] 562 |     use winapi::um::winuser::{WM_CLOSE, WM_COMMAND, WM_MENUCOMMAND, WM_TIMER, WM_NOTIFY, WM_HSCROLL, WM_VSCROLL, WM_LBUTTONDOWN, WM_LBUTT...
[INFO] [stdout]     |                 ^^ could not find `um` in `winapi`
[INFO] [stdout] 
[INFO] [stdout] 
[INFO] [stdout] error[E0433]: failed to resolve: could not find `um` in `winapi`
[INFO] [stdout]    --> /opt/rustwide/cargo-home/registry/src/github.com-1ecc6299db9ec823/native-windows-gui-1.0.12/src/win32/window.rs:566:17
[INFO] [stdout]     |
[INFO] [stdout] 566 |     use winapi::um::shellapi::{NIN_BALLOONSHOW, NIN_BALLOONHIDE, NIN_BALLOONTIMEOUT, NIN_BALLOONUSERCLICK};
[INFO] [stdout]     |                 ^^ could not find `um` in `winapi`
[INFO] [stdout] 
[INFO] [stdout] 
[INFO] [stdout] error[E0433]: failed to resolve: could not find `um` in `winapi`
[INFO] [stdout]    --> /opt/rustwide/cargo-home/registry/src/github.com-1ecc6299db9ec823/native-windows-gui-1.0.12/src/win32/window.rs:567:17
[INFO] [stdout]     |
[INFO] [stdout] 567 |     use winapi::um::winnt::WCHAR;
[INFO] [stdout]     |                 ^^ could not find `um` in `winapi`
[INFO] [stdout] 
[INFO] [stdout] 
[INFO] [stdout] error[E0433]: failed to resolve: could not find `shared` in `winapi`
[INFO] [stdout]    --> /opt/rustwide/cargo-home/registry/src/github.com-1ecc6299db9ec823/native-windows-gui-1.0.12/src/win32/window.rs:568:17
[INFO] [stdout]     |
[INFO] [stdout] 568 |     use winapi::shared::minwindef::{HIWORD, LOWORD};
[INFO] [stdout]     |                 ^^^^^^ could not find `shared` in `winapi`
[INFO] [stdout] 
[INFO] [stdout] 
[INFO] [stdout] error[E0433]: failed to resolve: could not find `um` in `winapi`
[INFO] [stdout]    --> /opt/rustwide/cargo-home/registry/src/github.com-1ecc6299db9ec823/native-windows-gui-1.0.12/src/win32/window.rs:740:17
[INFO] [stdout]     |
[INFO] [stdout] 740 |     use winapi::um::winuser::{BN_CLICKED, BN_DBLCLK};
[INFO] [stdout]     |                 ^^ could not find `um` in `winapi`
[INFO] [stdout] 
[INFO] [stdout] 
[INFO] [stdout] error[E0433]: failed to resolve: could not find `um` in `winapi`
[INFO] [stdout]    --> /opt/rustwide/cargo-home/registry/src/github.com-1ecc6299db9ec823/native-windows-gui-1.0.12/src/win32/window.rs:749:17
[INFO] [stdout]     |
[INFO] [stdout] 749 |     use winapi::um::winuser::{EN_CHANGE};
[INFO] [stdout]     |                 ^^ could not find `um` in `winapi`
[INFO] [stdout] 
[INFO] [stdout] 
[INFO] [stdout] error[E0433]: failed to resolve: could not find `um` in `winapi`
[INFO] [stdout]    --> /opt/rustwide/cargo-home/registry/src/github.com-1ecc6299db9ec823/native-windows-gui-1.0.12/src/win32/window.rs:758:17
[INFO] [stdout]     |
[INFO] [stdout] 758 |     use winapi::um::winuser::{CBN_CLOSEUP, CBN_DROPDOWN, CBN_SELCHANGE};
[INFO] [stdout]     |                 ^^ could not find `um` in `winapi`
[INFO] [stdout] 
[INFO] [stdout] 
[INFO] [stdout] error[E0433]: failed to resolve: could not find `um` in `winapi`
[INFO] [stdout]    --> /opt/rustwide/cargo-home/registry/src/github.com-1ecc6299db9ec823/native-windows-gui-1.0.12/src/win32/window.rs:768:17
[INFO] [stdout]     |
[INFO] [stdout] 768 |     use winapi::um::commctrl::{DTN_CLOSEUP, DTN_DROPDOWN, DTN_DATETIMECHANGE};
[INFO] [stdout]     |                 ^^ could not find `um` in `winapi`
[INFO] [stdout] 
[INFO] [stdout] 
[INFO] [stdout] error[E0433]: failed to resolve: could not find `um` in `winapi`
[INFO] [stdout]    --> /opt/rustwide/cargo-home/registry/src/github.com-1ecc6299db9ec823/native-windows-gui-1.0.12/src/win32/window.rs:778:17
[INFO] [stdout]     |
[INFO] [stdout] 778 |     use winapi::um::commctrl::{TCN_SELCHANGE, TCN_SELCHANGING};
[INFO] [stdout]     |                 ^^ could not find `um` in `winapi`
[INFO] [stdout] 
[INFO] [stdout] 
[INFO] [stdout] error[E0433]: failed to resolve: could not find `um` in `winapi`
[INFO] [stdout]    --> /opt/rustwide/cargo-home/registry/src/github.com-1ecc6299db9ec823/native-windows-gui-1.0.12/src/win32/window.rs:787:17
[INFO] [stdout]     |
[INFO] [stdout] 787 |     use winapi::um::commctrl::NM_RELEASEDCAPTURE;
[INFO] [stdout]     |                 ^^ could not find `um` in `winapi`
[INFO] [stdout] 
[INFO] [stdout] 
[INFO] [stdout] error[E0433]: failed to resolve: could not find `um` in `winapi`
[INFO] [stdout]    --> /opt/rustwide/cargo-home/registry/src/github.com-1ecc6299db9ec823/native-windows-gui-1.0.12/src/win32/window.rs:796:17
[INFO] [stdout]     |
[INFO] [stdout] 796 |     use winapi::um::commctrl::{NM_CLICK, NM_DBLCLK, NM_KILLFOCUS, NM_RCLICK, NM_SETFOCUS,
[INFO] [stdout]     |                 ^^ could not find `um` in `winapi`
[INFO] [stdout] 
[INFO] [stdout] 
[INFO] [stdout] error[E0433]: failed to resolve: could not find `um` in `winapi`
[INFO] [stdout]    --> /opt/rustwide/cargo-home/registry/src/github.com-1ecc6299db9ec823/native-windows-gui-1.0.12/src/win32/window.rs:814:17
[INFO] [stdout]     |
[INFO] [stdout] 814 |     use winapi::um::commctrl::{NM_KILLFOCUS, NM_SETFOCUS, LVN_DELETEALLITEMS,
[INFO] [stdout]     |                 ^^ could not find `um` in `winapi`
[INFO] [stdout] 
[INFO] [stdout] 
[INFO] [stdout] error[E0433]: failed to resolve: could not find `um` in `winapi`
[INFO] [stdout]    --> /opt/rustwide/cargo-home/registry/src/github.com-1ecc6299db9ec823/native-windows-gui-1.0.12/src/win32/window.rs:925:17
[INFO] [stdout]     |
[INFO] [stdout] 925 |     use winapi::um::winuser::{STN_CLICKED, STN_DBLCLK, STM_GETIMAGE, IMAGE_BITMAP};
[INFO] [stdout]     |                 ^^ could not find `um` in `winapi`
[INFO] [stdout] 
[INFO] [stdout] 
[INFO] [stdout] error[E0433]: failed to resolve: could not find `um` in `winapi`
[INFO] [stdout]    --> /opt/rustwide/cargo-home/registry/src/github.com-1ecc6299db9ec823/native-windows-gui-1.0.12/src/win32/window.rs:926:17
[INFO] [stdout]     |
[INFO] [stdout] 926 |     use winapi::um::winuser::SendMessageW;
[INFO] [stdout]     |                 ^^ could not find `um` in `winapi`
[INFO] [stdout] 
[INFO] [stdout] 
[INFO] [stdout] error[E0433]: failed to resolve: could not find `um` in `winapi`
[INFO] [stdout]    --> /opt/rustwide/cargo-home/registry/src/github.com-1ecc6299db9ec823/native-windows-gui-1.0.12/src/win32/window.rs:945:17
[INFO] [stdout]     |
[INFO] [stdout] 945 |     use winapi::um::winuser::{LBN_SELCHANGE, LBN_DBLCLK};
[INFO] [stdout]     |                 ^^ could not find `um` in `winapi`
[INFO] [stdout] 
[INFO] [stdout] 
[INFO] [stdout] error[E0433]: failed to resolve: could not find `windows` in `os`
[INFO] [stdout]    --> /opt/rustwide/cargo-home/registry/src/github.com-1ecc6299db9ec823/native-windows-gui-1.0.12/src/win32/window.rs:964:18
[INFO] [stdout]     |
[INFO] [stdout] 964 |     use std::os::windows::ffi::OsStringExt;
[INFO] [stdout]     |                  ^^^^^^^ could not find `windows` in `os`
[INFO] [stdout] 
[INFO] [stdout] 
[INFO] [stdout] error[E0433]: failed to resolve: could not find `um` in `winapi`
[INFO] [stdout]    --> /opt/rustwide/cargo-home/registry/src/github.com-1ecc6299db9ec823/native-windows-gui-1.0.12/src/win32/window.rs:966:17
[INFO] [stdout]     |
[INFO] [stdout] 966 |     use winapi::um::winnt::WCHAR;
[INFO] [stdout]     |                 ^^ could not find `um` in `winapi`
[INFO] [stdout] 
[INFO] [stdout] 
[INFO] [stdout] error[E0433]: failed to resolve: could not find `um` in `winapi`
[INFO] [stdout]    --> /opt/rustwide/cargo-home/registry/src/github.com-1ecc6299db9ec823/native-windows-gui-1.0.12/src/win32/window.rs:967:17
[INFO] [stdout]     |
[INFO] [stdout] 967 |     use winapi::um::winuser::GetClassNameW;
[INFO] [stdout]     |                 ^^ could not find `um` in `winapi`
[INFO] [stdout] 
[INFO] [stdout] 
[INFO] [stdout] error[E0433]: failed to resolve: could not find `um` in `winapi`
[INFO] [stdout]     --> /opt/rustwide/cargo-home/registry/src/github.com-1ecc6299db9ec823/native-windows-gui-1.0.12/src/win32/window.rs:1024:17
[INFO] [stdout]      |
[INFO] [stdout] 1024 |     use winapi::um::commctrl::SetWindowSubclass;
[INFO] [stdout]      |                 ^^ could not find `um` in `winapi`
[INFO] [stdout] 
[INFO] [stdout] 
[INFO] [stdout] error[E0433]: failed to resolve: could not find `um` in `winapi`
[INFO] [stdout]     --> /opt/rustwide/cargo-home/registry/src/github.com-1ecc6299db9ec823/native-windows-gui-1.0.12/src/win32/window.rs:1047:17
[INFO] [stdout]      |
[INFO] [stdout] 1047 |     use winapi::um::commctrl::RemoveWindowSubclass;
[INFO] [stdout]      |                 ^^ could not find `um` in `winapi`
[INFO] [stdout] 
[INFO] [stdout] 
[INFO] [stdout] error[E0433]: failed to resolve: could not find `shared` in `winapi`
[INFO] [stdout]  --> /opt/rustwide/cargo-home/registry/src/github.com-1ecc6299db9ec823/native-windows-gui-1.0.12/src/win32/message_box.rs:3:13
[INFO] [stdout]   |
[INFO] [stdout] 3 | use winapi::shared::windef::HWND;
[INFO] [stdout]   |             ^^^^^^ could not find `shared` in `winapi`
[INFO] [stdout] 
[INFO] [stdout] 
[INFO] [stdout] error[E0433]: failed to resolve: could not find `um` in `winapi`
[INFO] [stdout]   --> /opt/rustwide/cargo-home/registry/src/github.com-1ecc6299db9ec823/native-windows-gui-1.0.12/src/win32/message_box.rs:70:17
[INFO] [stdout]    |
[INFO] [stdout] 70 |     use winapi::um::winuser::{MB_ABORTRETRYIGNORE, MB_CANCELTRYCONTINUE, MB_OK, MB_OKCANCEL, MB_RETRYCANCEL, MB_YESNO,
[INFO] [stdout]    |                 ^^ could not find `um` in `winapi`
[INFO] [stdout] 
[INFO] [stdout] 
[INFO] [stdout] error[E0433]: failed to resolve: could not find `um` in `winapi`
[INFO] [stdout]   --> /opt/rustwide/cargo-home/registry/src/github.com-1ecc6299db9ec823/native-windows-gui-1.0.12/src/win32/message_box.rs:73:20
[INFO] [stdout]    |
[INFO] [stdout] 73 |        use winapi::um::winuser::{IDABORT, IDCANCEL, IDCONTINUE, IDIGNORE, IDNO, IDOK, IDRETRY, IDTRYAGAIN, IDYES};
[INFO] [stdout]    |                    ^^ could not find `um` in `winapi`
[INFO] [stdout] 
[INFO] [stdout] 
[INFO] [stdout] error[E0433]: failed to resolve: could not find `um` in `winapi`
[INFO] [stdout]   --> /opt/rustwide/cargo-home/registry/src/github.com-1ecc6299db9ec823/native-windows-gui-1.0.12/src/win32/message_box.rs:74:20
[INFO] [stdout]    |
[INFO] [stdout] 74 |        use winapi::um::winuser::MessageBoxW;
[INFO] [stdout]    |                    ^^ could not find `um` in `winapi`
[INFO] [stdout] 
[INFO] [stdout] 
[INFO] [stdout] error[E0433]: failed to resolve: could not find `um` in `winapi`
[INFO] [stdout]   --> /opt/rustwide/cargo-home/registry/src/github.com-1ecc6299db9ec823/native-windows-gui-1.0.12/src/win32/high_dpi.rs:56:17
[INFO] [stdout]    |
[INFO] [stdout] 56 |     use winapi::um::winuser::GetDC;
[INFO] [stdout]    |                 ^^ could not find `um` in `winapi`
[INFO] [stdout] 
[INFO] [stdout] 
[INFO] [stdout] error[E0433]: failed to resolve: could not find `um` in `winapi`
[INFO] [stdout]   --> /opt/rustwide/cargo-home/registry/src/github.com-1ecc6299db9ec823/native-windows-gui-1.0.12/src/win32/high_dpi.rs:57:17
[INFO] [stdout]    |
[INFO] [stdout] 57 |     use winapi::um::wingdi::GetDeviceCaps;
[INFO] [stdout]    |                 ^^ could not find `um` in `winapi`
[INFO] [stdout] 
[INFO] [stdout] 
[INFO] [stdout] error[E0433]: failed to resolve: could not find `um` in `winapi`
[INFO] [stdout]   --> /opt/rustwide/cargo-home/registry/src/github.com-1ecc6299db9ec823/native-windows-gui-1.0.12/src/win32/high_dpi.rs:58:17
[INFO] [stdout]    |
[INFO] [stdout] 58 |     use winapi::um::wingdi::LOGPIXELSX;
[INFO] [stdout]    |                 ^^ could not find `um` in `winapi`
[INFO] [stdout] 
[INFO] [stdout] 
[INFO] [stdout] error[E0433]: failed to resolve: could not find `shared` in `winapi`
[INFO] [stdout]  --> /opt/rustwide/cargo-home/registry/src/github.com-1ecc6299db9ec823/native-windows-gui-1.0.12/src/win32/monitor.rs:1:13
[INFO] [stdout]   |
[INFO] [stdout] 1 | use winapi::shared::windef::HWND;
[INFO] [stdout]   |             ^^^^^^ could not find `shared` in `winapi`
[INFO] [stdout] 
[INFO] [stdout] 
[INFO] [stdout] error[E0433]: failed to resolve: could not find `um` in `winapi`
[INFO] [stdout]  --> /opt/rustwide/cargo-home/registry/src/github.com-1ecc6299db9ec823/native-windows-gui-1.0.12/src/win32/monitor.rs:2:13
[INFO] [stdout]   |
[INFO] [stdout] 2 | use winapi::um::winuser::{GetSystemMetrics, MonitorFromWindow, GetMonitorInfoW, MONITORINFO,
[INFO] [stdout]   |             ^^ could not find `um` in `winapi`
[INFO] [stdout] 
[INFO] [stdout] 
[INFO] [stdout] error[E0433]: failed to resolve: could not find `um` in `winapi`
[INFO] [stdout]  --> /opt/rustwide/cargo-home/registry/src/github.com-1ecc6299db9ec823/native-windows-gui-1.0.12/src/win32/image_decoder.rs:1:13
[INFO] [stdout]   |
[INFO] [stdout] 1 | use winapi::um::wincodec::{IWICImagingFactory, IWICBitmapDecoder};
[INFO] [stdout]   |             ^^ could not find `um` in `winapi`
[INFO] [stdout] 
[INFO] [stdout] 
[INFO] [stdout] error[E0433]: failed to resolve: could not find `um` in `winapi`
[INFO] [stdout]  --> /opt/rustwide/cargo-home/registry/src/github.com-1ecc6299db9ec823/native-windows-gui-1.0.12/src/win32/image_decoder.rs:2:13
[INFO] [stdout]   |
[INFO] [stdout] 2 | use winapi::um::objidlbase::IStream;
[INFO] [stdout]   |             ^^ could not find `um` in `winapi`
[INFO] [stdout] 
[INFO] [stdout] 
[INFO] [stdout] error[E0432]: unresolved import `winapi::ctypes`
[INFO] [stdout]  --> /opt/rustwide/cargo-home/registry/src/github.com-1ecc6299db9ec823/native-windows-gui-1.0.12/src/win32/resources_helper.rs:2:13
[INFO] [stdout]   |
[INFO] [stdout] 2 | use winapi::ctypes::c_int;
[INFO] [stdout]   |             ^^^^^^ could not find `ctypes` in `winapi`
[INFO] [stdout] 
[INFO] [stdout] 
[INFO] [stdout] error[E0433]: failed to resolve: could not find `shared` in `winapi`
[INFO] [stdout]  --> /opt/rustwide/cargo-home/registry/src/github.com-1ecc6299db9ec823/native-windows-gui-1.0.12/src/win32/image_decoder.rs:4:13
[INFO] [stdout]   |
[INFO] [stdout] 4 | use winapi::shared::winerror::S_OK;
[INFO] [stdout]   |             ^^^^^^ could not find `shared` in `winapi`
[INFO] [stdout] 
[INFO] [stdout] 
[INFO] [stdout] error[E0432]: unresolved import `winapi::ctypes`
[INFO] [stdout]  --> /opt/rustwide/cargo-home/registry/src/github.com-1ecc6299db9ec823/native-windows-gui-1.0.12/src/win32/image_decoder.rs:3:13
[INFO] [stdout]   |
[INFO] [stdout] 3 | use winapi::ctypes::{c_void, c_uint};
[INFO] [stdout]   |             ^^^^^^ could not find `ctypes` in `winapi`
[INFO] [stdout] 
[INFO] [stdout] 
[INFO] [stdout] error[E0433]: failed to resolve: could not find `um` in `winapi`
[INFO] [stdout]   --> /opt/rustwide/cargo-home/registry/src/github.com-1ecc6299db9ec823/native-windows-gui-1.0.12/src/win32/image_decoder.rs:11:17
[INFO] [stdout]    |
[INFO] [stdout] 11 |     use winapi::um::combaseapi::CoCreateInstance;
[INFO] [stdout]    |                 ^^ could not find `um` in `winapi`
[INFO] [stdout] 
[INFO] [stdout] 
[INFO] [stdout] error[E0433]: failed to resolve: could not find `um` in `winapi`
[INFO] [stdout]   --> /opt/rustwide/cargo-home/registry/src/github.com-1ecc6299db9ec823/native-windows-gui-1.0.12/src/win32/image_decoder.rs:12:17
[INFO] [stdout]    |
[INFO] [stdout] 12 |     use winapi::um::wincodec::CLSID_WICImagingFactory;
[INFO] [stdout]    |                 ^^ could not find `um` in `winapi`
[INFO] [stdout] 
[INFO] [stdout] 
[INFO] [stdout] error[E0433]: failed to resolve: could not find `shared` in `winapi`
[INFO] [stdout]   --> /opt/rustwide/cargo-home/registry/src/github.com-1ecc6299db9ec823/native-windows-gui-1.0.12/src/win32/image_decoder.rs:13:17
[INFO] [stdout]    |
[INFO] [stdout] 13 |     use winapi::shared::wtypesbase::CLSCTX_INPROC_SERVER;
[INFO] [stdout]    |                 ^^^^^^ could not find `shared` in `winapi`
[INFO] [stdout] 
[INFO] [stdout] 
[INFO] [stdout] error[E0433]: failed to resolve: could not find `um` in `winapi`
[INFO] [stdout]   --> /opt/rustwide/cargo-home/registry/src/github.com-1ecc6299db9ec823/native-windows-gui-1.0.12/src/win32/image_decoder.rs:32:17
[INFO] [stdout]    |
[INFO] [stdout] 32 |     use winapi::um::wincodec::WICDecodeMetadataCacheOnDemand;
[INFO] [stdout]    |                 ^^ could not find `um` in `winapi`
[INFO] [stdout] 
[INFO] [stdout] 
[INFO] [stdout] error[E0433]: failed to resolve: could not find `um` in `winapi`
[INFO] [stdout]   --> /opt/rustwide/cargo-home/registry/src/github.com-1ecc6299db9ec823/native-windows-gui-1.0.12/src/win32/image_decoder.rs:33:17
[INFO] [stdout]    |
[INFO] [stdout] 33 |     use winapi::um::winnt::GENERIC_READ;
[INFO] [stdout]    |                 ^^ could not find `um` in `winapi`
[INFO] [stdout] 
[INFO] [stdout] 
[INFO] [stdout] error[E0433]: failed to resolve: could not find `um` in `winapi`
[INFO] [stdout]   --> /opt/rustwide/cargo-home/registry/src/github.com-1ecc6299db9ec823/native-windows-gui-1.0.12/src/win32/image_decoder.rs:62:17
[INFO] [stdout]    |
[INFO] [stdout] 62 |     use winapi::um::wincodec::WICDecodeMetadataCacheOnDemand;
[INFO] [stdout]    |                 ^^ could not find `um` in `winapi`
[INFO] [stdout] 
[INFO] [stdout] 
[INFO] [stdout] error[E0433]: failed to resolve: could not find `um` in `winapi`
[INFO] [stdout]   --> /opt/rustwide/cargo-home/registry/src/github.com-1ecc6299db9ec823/native-windows-gui-1.0.12/src/win32/image_decoder.rs:90:17
[INFO] [stdout]    |
[INFO] [stdout] 90 |     use winapi::um::wincodec::{WICConvertBitmapSource, IWICBitmapSource, GUID_WICPixelFormat32bppPBGRA};
[INFO] [stdout]    |                 ^^ could not find `um` in `winapi`
[INFO] [stdout] 
[INFO] [stdout] 
[INFO] [stdout] error[E0433]: failed to resolve: could not find `um` in `winapi`
[INFO] [stdout]   --> /opt/rustwide/cargo-home/registry/src/github.com-1ecc6299db9ec823/native-windows-gui-1.0.12/src/win32/image_decoder.rs:91:17
[INFO] [stdout]    |
[INFO] [stdout] 91 |     use winapi::um::wingdi::{DeleteObject, CreateDIBSection, BITMAPINFO, BITMAPINFOHEADER, DIB_RGB_COLORS, BI_RGB, RGBQUAD};
[INFO] [stdout]    |                 ^^ could not find `um` in `winapi`
[INFO] [stdout] 
[INFO] [stdout] 
[INFO] [stdout] error[E0433]: failed to resolve: could not find `shared` in `winapi`
[INFO] [stdout]   --> /opt/rustwide/cargo-home/registry/src/github.com-1ecc6299db9ec823/native-windows-gui-1.0.12/src/win32/image_decoder.rs:92:17
[INFO] [stdout]    |
[INFO] [stdout] 92 |     use winapi::shared::{ntdef::LONG, minwindef::DWORD, windef::HBITMAP};
[INFO] [stdout]    |                 ^^^^^^ could not find `shared` in `winapi`
[INFO] [stdout] 
[INFO] [stdout] 
[INFO] [stdout] error[E0433]: failed to resolve: could not find `um` in `winapi`
[INFO] [stdout]   --> /opt/rustwide/cargo-home/registry/src/github.com-1ecc6299db9ec823/native-windows-gui-1.0.12/src/win32/image_decoder.rs:93:17
[INFO] [stdout]    |
[INFO] [stdout] 93 |     use winapi::um::winuser::{GetDC, ReleaseDC};
[INFO] [stdout]    |                 ^^ could not find `um` in `winapi`
[INFO] [stdout] 
[INFO] [stdout] 
[INFO] [stdout] error[E0433]: failed to resolve: could not find `um` in `winapi`
[INFO] [stdout]    --> /opt/rustwide/cargo-home/registry/src/github.com-1ecc6299db9ec823/native-windows-gui-1.0.12/src/win32/image_decoder.rs:156:17
[INFO] [stdout]     |
[INFO] [stdout] 156 |     use winapi::um::wincodec::{IWICBitmapScaler, IWICBitmapSource, WICBitmapInterpolationModeCubic};
[INFO] [stdout]     |                 ^^ could not find `um` in `winapi`
[INFO] [stdout] 
[INFO] [stdout] 
[INFO] [stdout] error[E0433]: failed to resolve: could not find `um` in `winapi`
[INFO] [stdout]   --> /opt/rustwide/cargo-home/registry/src/github.com-1ecc6299db9ec823/native-windows-gui-1.0.12/src/win32/mod.rs:37:13
[INFO] [stdout]    |
[INFO] [stdout] 37 | use winapi::um::winuser::{IsDialogMessageW, GetAncestor, TranslateMessage, DispatchMessageW, GA_ROOT};
[INFO] [stdout]    |             ^^ could not find `um` in `winapi`
[INFO] [stdout] 
[INFO] [stdout] 
[INFO] [stdout] error[E0433]: failed to resolve: could not find `um` in `winapi`
[INFO] [stdout]   --> /opt/rustwide/cargo-home/registry/src/github.com-1ecc6299db9ec823/native-windows-gui-1.0.12/src/win32/mod.rs:43:17
[INFO] [stdout]    |
[INFO] [stdout] 43 |     use winapi::um::winuser::MSG;
[INFO] [stdout]    |                 ^^ could not find `um` in `winapi`
[INFO] [stdout] 
[INFO] [stdout] 
[INFO] [stdout] error[E0433]: failed to resolve: could not find `um` in `winapi`
[INFO] [stdout]   --> /opt/rustwide/cargo-home/registry/src/github.com-1ecc6299db9ec823/native-windows-gui-1.0.12/src/win32/mod.rs:44:17
[INFO] [stdout]    |
[INFO] [stdout] 44 |     use winapi::um::winuser::GetMessageW;
[INFO] [stdout]    |                 ^^ could not find `um` in `winapi`
[INFO] [stdout] 
[INFO] [stdout] 
[INFO] [stdout] error[E0433]: failed to resolve: could not find `um` in `winapi`
[INFO] [stdout]   --> /opt/rustwide/cargo-home/registry/src/github.com-1ecc6299db9ec823/native-windows-gui-1.0.12/src/win32/mod.rs:65:17
[INFO] [stdout]    |
[INFO] [stdout] 65 |     use winapi::um::winuser::MSG;
[INFO] [stdout]    |                 ^^ could not find `um` in `winapi`
[INFO] [stdout] 
[INFO] [stdout] 
[INFO] [stdout] error[E0433]: failed to resolve: could not find `um` in `winapi`
[INFO] [stdout]   --> /opt/rustwide/cargo-home/registry/src/github.com-1ecc6299db9ec823/native-windows-gui-1.0.12/src/win32/mod.rs:66:17
[INFO] [stdout]    |
[INFO] [stdout] 66 |     use winapi::um::winuser::{PeekMessageW, PM_REMOVE, WM_QUIT};
[INFO] [stdout]    |                 ^^ could not find `um` in `winapi`
[INFO] [stdout] 
[INFO] [stdout] 
[INFO] [stdout] error[E0433]: failed to resolve: could not find `um` in `winapi`
[INFO] [stdout]   --> /opt/rustwide/cargo-home/registry/src/github.com-1ecc6299db9ec823/native-windows-gui-1.0.12/src/win32/mod.rs:88:15
[INFO] [stdout]    |
[INFO] [stdout] 88 |   use winapi::um::winuser::PostMessageW;
[INFO] [stdout]    |               ^^ could not find `um` in `winapi`
[INFO] [stdout] 
[INFO] [stdout] 
[INFO] [stdout] error[E0433]: failed to resolve: could not find `um` in `winapi`
[INFO] [stdout]   --> /opt/rustwide/cargo-home/registry/src/github.com-1ecc6299db9ec823/native-windows-gui-1.0.12/src/win32/mod.rs:89:15
[INFO] [stdout]    |
[INFO] [stdout] 89 |   use winapi::um::winuser::WM_QUIT;
[INFO] [stdout]    |               ^^ could not find `um` in `winapi`
[INFO] [stdout] 
[INFO] [stdout] 
[INFO] [stdout] error[E0433]: failed to resolve: could not find `shared` in `winapi`
[INFO] [stdout]   --> /opt/rustwide/cargo-home/registry/src/github.com-1ecc6299db9ec823/native-windows-gui-1.0.12/src/win32/mod.rs:99:17
[INFO] [stdout]    |
[INFO] [stdout] 99 |     use winapi::shared::minwindef::{ULONG, DWORD, MAX_PATH};
[INFO] [stdout]    |                 ^^^^^^ could not find `shared` in `winapi`
[INFO] [stdout] 
[INFO] [stdout] 
[INFO] [stdout] error[E0433]: failed to resolve: could not find `shared` in `winapi`
[INFO] [stdout]    --> /opt/rustwide/cargo-home/registry/src/github.com-1ecc6299db9ec823/native-windows-gui-1.0.12/src/win32/mod.rs:100:17
[INFO] [stdout]     |
[INFO] [stdout] 100 |     use winapi::shared::basetsd::ULONG_PTR;
[INFO] [stdout]     |                 ^^^^^^ could not find `shared` in `winapi`
[INFO] [stdout] 
[INFO] [stdout] 
[INFO] [stdout] error[E0433]: failed to resolve: could not find `um` in `winapi`
[INFO] [stdout]    --> /opt/rustwide/cargo-home/registry/src/github.com-1ecc6299db9ec823/native-windows-gui-1.0.12/src/win32/mod.rs:101:17
[INFO] [stdout]     |
[INFO] [stdout] 101 |     use winapi::um::winbase::{ACTCTXW, CreateActCtxW, ActivateActCtx};
[INFO] [stdout]     |                 ^^ could not find `um` in `winapi`
[INFO] [stdout] 
[INFO] [stdout] 
[INFO] [stdout] error[E0433]: failed to resolve: could not find `um` in `winapi`
[INFO] [stdout]    --> /opt/rustwide/cargo-home/registry/src/github.com-1ecc6299db9ec823/native-windows-gui-1.0.12/src/win32/mod.rs:102:17
[INFO] [stdout]     |
[INFO] [stdout] 102 |     use winapi::um::sysinfoapi::GetSystemDirectoryW;
[INFO] [stdout]     |                 ^^ could not find `um` in `winapi`
[INFO] [stdout] 
[INFO] [stdout] 
[INFO] [stdout] error[E0433]: failed to resolve: could not find `um` in `winapi`
[INFO] [stdout]    --> /opt/rustwide/cargo-home/registry/src/github.com-1ecc6299db9ec823/native-windows-gui-1.0.12/src/win32/mod.rs:140:17
[INFO] [stdout]     |
[INFO] [stdout] 140 |     use winapi::um::objbase::CoInitialize;
[INFO] [stdout]     |                 ^^ could not find `um` in `winapi`
[INFO] [stdout] 
[INFO] [stdout] 
[INFO] [stdout] error[E0433]: failed to resolve: could not find `um` in `winapi`
[INFO] [stdout]    --> /opt/rustwide/cargo-home/registry/src/github.com-1ecc6299db9ec823/native-windows-gui-1.0.12/src/win32/mod.rs:141:17
[INFO] [stdout]     |
[INFO] [stdout] 141 |     use winapi::um::libloaderapi::LoadLibraryW;
[INFO] [stdout]     |                 ^^ could not find `um` in `winapi`
[INFO] [stdout] 
[INFO] [stdout] 
[INFO] [stdout] error[E0433]: failed to resolve: could not find `um` in `winapi`
[INFO] [stdout]    --> /opt/rustwide/cargo-home/registry/src/github.com-1ecc6299db9ec823/native-windows-gui-1.0.12/src/win32/mod.rs:142:17
[INFO] [stdout]     |
[INFO] [stdout] 142 |     use winapi::um::commctrl::{InitCommonControlsEx, INITCOMMONCONTROLSEX};
[INFO] [stdout]     |                 ^^ could not find `um` in `winapi`
[INFO] [stdout] 
[INFO] [stdout] 
[INFO] [stdout] error[E0433]: failed to resolve: could not find `um` in `winapi`
[INFO] [stdout]    --> /opt/rustwide/cargo-home/registry/src/github.com-1ecc6299db9ec823/native-windows-gui-1.0.12/src/win32/mod.rs:143:17
[INFO] [stdout]     |
[INFO] [stdout] 143 |     use winapi::um::commctrl::{ICC_BAR_CLASSES, ICC_STANDARD_CLASSES, ICC_DATE_CLASSES, ICC_PROGRESS_CLASS,
[INFO] [stdout]     |                 ^^ could not find `um` in `winapi`
[INFO] [stdout] 
[INFO] [stdout] 
[INFO] [stdout] error[E0433]: failed to resolve: could not find `shared` in `winapi`
[INFO] [stdout]    --> /opt/rustwide/cargo-home/registry/src/github.com-1ecc6299db9ec823/native-windows-gui-1.0.12/src/win32/mod.rs:145:17
[INFO] [stdout]     |
[INFO] [stdout] 145 |     use winapi::shared::winerror::{S_OK, S_FALSE};
[INFO] [stdout]     |                 ^^^^^^ could not find `shared` in `winapi`
[INFO] [stdout] 
[INFO] [stdout] 
[INFO] [stdout] error[E0433]: failed to resolve: could not find `shared` in `winapi`
[INFO] [stdout]  --> /opt/rustwide/cargo-home/registry/src/github.com-1ecc6299db9ec823/native-windows-gui-1.0.12/src/resources/font.rs:1:13
[INFO] [stdout]   |
[INFO] [stdout] 1 | use winapi::shared::windef::HFONT;
[INFO] [stdout]   |             ^^^^^^ could not find `shared` in `winapi`
[INFO] [stdout] 
[INFO] [stdout] 
[INFO] [stdout] error[E0433]: failed to resolve: could not find `um` in `winapi`
[INFO] [stdout]  --> /opt/rustwide/cargo-home/registry/src/github.com-1ecc6299db9ec823/native-windows-gui-1.0.12/src/resources/font.rs:2:13
[INFO] [stdout]   |
[INFO] [stdout] 2 | use winapi::um::winnt::HANDLE;
[INFO] [stdout]   |             ^^ could not find `um` in `winapi`
[INFO] [stdout] 
[INFO] [stdout] 
[INFO] [stdout] error[E0433]: failed to resolve: could not find `um` in `winapi`
[INFO] [stdout]    --> /opt/rustwide/cargo-home/registry/src/github.com-1ecc6299db9ec823/native-windows-gui-1.0.12/src/resources/font.rs:136:21
[INFO] [stdout]     |
[INFO] [stdout] 136 |         use winapi::um::wingdi::AddFontResourceW;
[INFO] [stdout]     |                     ^^ could not find `um` in `winapi`
[INFO] [stdout] 
[INFO] [stdout] 
[INFO] [stdout] error[E0433]: failed to resolve: could not find `um` in `winapi`
[INFO] [stdout]    --> /opt/rustwide/cargo-home/registry/src/github.com-1ecc6299db9ec823/native-windows-gui-1.0.12/src/resources/font.rs:146:21
[INFO] [stdout]     |
[INFO] [stdout] 146 |         use winapi::um::wingdi::RemoveFontResourceW;
[INFO] [stdout]     |                     ^^ could not find `um` in `winapi`
[INFO] [stdout] 
[INFO] [stdout] 
[INFO] [stdout] error[E0433]: failed to resolve: could not find `um` in `winapi`
[INFO] [stdout]    --> /opt/rustwide/cargo-home/registry/src/github.com-1ecc6299db9ec823/native-windows-gui-1.0.12/src/resources/font.rs:159:21
[INFO] [stdout]     |
[INFO] [stdout] 159 |         use winapi::um::wingdi::AddFontMemResourceEx;
[INFO] [stdout]     |                     ^^ could not find `um` in `winapi`
[INFO] [stdout] 
[INFO] [stdout] 
[INFO] [stdout] error[E0433]: failed to resolve: could not find `um` in `winapi`
[INFO] [stdout]    --> /opt/rustwide/cargo-home/registry/src/github.com-1ecc6299db9ec823/native-windows-gui-1.0.12/src/resources/font.rs:181:21
[INFO] [stdout]     |
[INFO] [stdout] 181 |         use winapi::um::wingdi::RemoveFontMemResourceEx;
[INFO] [stdout]     |                     ^^ could not find `um` in `winapi`
[INFO] [stdout] 
[INFO] [stdout] 
[INFO] [stdout] error[E0433]: failed to resolve: could not find `um` in `winapi`
[INFO] [stdout]    --> /opt/rustwide/cargo-home/registry/src/github.com-1ecc6299db9ec823/native-windows-gui-1.0.12/src/resources/font.rs:191:21
[INFO] [stdout]     |
[INFO] [stdout] 191 |         use winapi::um::wingdi::{LOGFONTW, TEXTMETRICW, DEFAULT_CHARSET, EnumFontFamiliesExW};
[INFO] [stdout]     |                     ^^ could not find `um` in `winapi`
[INFO] [stdout] 
[INFO] [stdout] 
[INFO] [stdout] error[E0433]: failed to resolve: could not find `um` in `winapi`
[INFO] [stdout]    --> /opt/rustwide/cargo-home/registry/src/github.com-1ecc6299db9ec823/native-windows-gui-1.0.12/src/resources/font.rs:192:21
[INFO] [stdout]     |
[INFO] [stdout] 192 |         use winapi::um::winuser::GetDC;
[INFO] [stdout]     |                     ^^ could not find `um` in `winapi`
[INFO] [stdout] 
[INFO] [stdout] 
[INFO] [stdout] error[E0433]: failed to resolve: could not find `shared` in `winapi`
[INFO] [stdout]    --> /opt/rustwide/cargo-home/registry/src/github.com-1ecc6299db9ec823/native-windows-gui-1.0.12/src/resources/font.rs:193:21
[INFO] [stdout]     |
[INFO] [stdout] 193 |         use winapi::shared::minwindef::{DWORD, LPARAM};
[INFO] [stdout]     |                     ^^^^^^ could not find `shared` in `winapi`
[INFO] [stdout] 
[INFO] [stdout] 
[INFO] [stdout] error[E0433]: failed to resolve: could not find `um` in `winapi`
[INFO] [stdout]  --> /opt/rustwide/cargo-home/registry/src/github.com-1ecc6299db9ec823/native-windows-gui-1.0.12/src/resources/icon.rs:1:13
[INFO] [stdout]   |
[INFO] [stdout] 1 | use winapi::um::winnt::HANDLE;
[INFO] [stdout]   |             ^^ could not find `um` in `winapi`
[INFO] [stdout] 
[INFO] [stdout] 
[INFO] [stdout] error[E0433]: failed to resolve: could not find `um` in `winapi`
[INFO] [stdout]  --> /opt/rustwide/cargo-home/registry/src/github.com-1ecc6299db9ec823/native-windows-gui-1.0.12/src/resources/icon.rs:2:13
[INFO] [stdout]   |
[INFO] [stdout] 2 | use winapi::um::winuser::IMAGE_ICON;
[INFO] [stdout]   |             ^^ could not find `um` in `winapi`
[INFO] [stdout] 
[INFO] [stdout] 
[INFO] [stdout] error[E0433]: failed to resolve: could not find `um` in `winapi`
[INFO] [stdout]  --> /opt/rustwide/cargo-home/registry/src/github.com-1ecc6299db9ec823/native-windows-gui-1.0.12/src/resources/cursor.rs:1:13
[INFO] [stdout]   |
[INFO] [stdout] 1 | use winapi::um::winnt::HANDLE;
[INFO] [stdout]   |             ^^ could not find `um` in `winapi`
[INFO] [stdout] 
[INFO] [stdout] 
[INFO] [stdout] error[E0433]: failed to resolve: could not find `um` in `winapi`
[INFO] [stdout]  --> /opt/rustwide/cargo-home/registry/src/github.com-1ecc6299db9ec823/native-windows-gui-1.0.12/src/resources/cursor.rs:2:13
[INFO] [stdout]   |
[INFO] [stdout] 2 | use winapi::um::winuser::IMAGE_CURSOR;
[INFO] [stdout]   |             ^^ could not find `um` in `winapi`
[INFO] [stdout] 
[INFO] [stdout] 
[INFO] [stdout] error[E0433]: failed to resolve: could not find `um` in `winapi`
[INFO] [stdout]  --> /opt/rustwide/cargo-home/registry/src/github.com-1ecc6299db9ec823/native-windows-gui-1.0.12/src/resources/bitmap.rs:1:13
[INFO] [stdout]   |
[INFO] [stdout] 1 | use winapi::um::winnt::HANDLE;
[INFO] [stdout]   |             ^^ could not find `um` in `winapi`
[INFO] [stdout] 
[INFO] [stdout] 
[INFO] [stdout] error[E0433]: failed to resolve: could not find `um` in `winapi`
[INFO] [stdout]  --> /opt/rustwide/cargo-home/registry/src/github.com-1ecc6299db9ec823/native-windows-gui-1.0.12/src/resources/bitmap.rs:2:13
[INFO] [stdout]   |
[INFO] [stdout] 2 | use winapi::um::winuser::IMAGE_BITMAP;
[INFO] [stdout]   |             ^^ could not find `um` in `winapi`
[INFO] [stdout] 
[INFO] [stdout] 
[INFO] [stdout] error[E0433]: failed to resolve: could not find `um` in `winapi`
[INFO] [stdout]    --> /opt/rustwide/cargo-home/registry/src/github.com-1ecc6299db9ec823/native-windows-gui-1.0.12/src/resources/bitmap.rs:160:21
[INFO] [stdout]     |
[INFO] [stdout] 160 |         use winapi::um::winuser::CreateIconIndirect;
[INFO] [stdout]     |                     ^^ could not find `um` in `winapi`
[INFO] [stdout] 
[INFO] [stdout] 
[INFO] [stdout] error[E0433]: failed to resolve: could not find `um` in `winapi`
[INFO] [stdout]    --> /opt/rustwide/cargo-home/registry/src/github.com-1ecc6299db9ec823/native-windows-gui-1.0.12/src/resources/bitmap.rs:161:21
[INFO] [stdout]     |
[INFO] [stdout] 161 |         use winapi::um::winuser::ICONINFO;
[INFO] [stdout]     |                     ^^ could not find `um` in `winapi`
[INFO] [stdout] 
[INFO] [stdout] 
[INFO] [stdout] error[E0433]: failed to resolve: could not find `um` in `winapi`
[INFO] [stdout]    --> /opt/rustwide/cargo-home/registry/src/github.com-1ecc6299db9ec823/native-windows-gui-1.0.12/src/resources/bitmap.rs:336:21
[INFO] [stdout]     |
[INFO] [stdout] 336 |         use winapi::um::wingdi::DeleteObject;
[INFO] [stdout]     |                     ^^ could not find `um` in `winapi`
[INFO] [stdout] 
[INFO] [stdout] 
[INFO] [stdout] error[E0433]: failed to resolve: could not find `um` in `winapi`
[INFO] [stdout]  --> /opt/rustwide/cargo-home/registry/src/github.com-1ecc6299db9ec823/native-windows-gui-1.0.12/src/resources/image_decoder.rs:1:13
[INFO] [stdout]   |
[INFO] [stdout] 1 | use winapi::um::wincodec::{IWICImagingFactory, IWICBitmapDecoder, IWICBitmapSource, WICPixelFormatGUID};
[INFO] [stdout]   |             ^^ could not find `um` in `winapi`
[INFO] [stdout] 
[INFO] [stdout] 
[INFO] [stdout] error[E0433]: failed to resolve: could not find `shared` in `winapi`
[INFO] [stdout]  --> /opt/rustwide/cargo-home/registry/src/github.com-1ecc6299db9ec823/native-windows-gui-1.0.12/src/resources/image_decoder.rs:2:13
[INFO] [stdout]   |
[INFO] [stdout] 2 | use winapi::shared::winerror::S_OK;
[INFO] [stdout]   |             ^^^^^^ could not find `shared` in `winapi`
[INFO] [stdout] 
[INFO] [stdout] 
[INFO] [stdout] error[E0433]: failed to resolve: could not find `um` in `winapi`
[INFO] [stdout]    --> /opt/rustwide/cargo-home/registry/src/github.com-1ecc6299db9ec823/native-windows-gui-1.0.12/src/resources/image_decoder.rs:227:21
[INFO] [stdout]     |
[INFO] [stdout] 227 |         use winapi::um::wincodec::WICRect;
[INFO] [stdout]     |                     ^^ could not find `um` in `winapi`
[INFO] [stdout] 
[INFO] [stdout] 
[INFO] [stdout] error[E0433]: failed to resolve: could not find `shared` in `winapi`
[INFO] [stdout]  --> /opt/rustwide/cargo-home/registry/src/github.com-1ecc6299db9ec823/native-windows-gui-1.0.12/src/controls/control_handle.rs:1:13
[INFO] [stdout]   |
[INFO] [stdout] 1 | use winapi::shared::windef::{HWND, HMENU};
[INFO] [stdout]   |             ^^^^^^ could not find `shared` in `winapi`
[INFO] [stdout] 
[INFO] [stdout] 
[INFO] [stdout] error[E0433]: failed to resolve: could not find `shared` in `winapi`
[INFO] [stdout]  --> /opt/rustwide/cargo-home/registry/src/github.com-1ecc6299db9ec823/native-windows-gui-1.0.12/src/controls/control_base.rs:1:13
[INFO] [stdout]   |
[INFO] [stdout] 1 | use winapi::shared::minwindef::DWORD;
[INFO] [stdout]   |             ^^^^^^ could not find `shared` in `winapi`
[INFO] [stdout] 
[INFO] [stdout] 
[INFO] [stdout] error[E0433]: failed to resolve: could not find `shared` in `winapi`
[INFO] [stdout]  --> /opt/rustwide/cargo-home/registry/src/github.com-1ecc6299db9ec823/native-windows-gui-1.0.12/src/controls/control_base.rs:2:13
[INFO] [stdout]   |
[INFO] [stdout] 2 | use winapi::shared::windef::{HWND};
[INFO] [stdout]   |             ^^^^^^ could not find `shared` in `winapi`
[INFO] [stdout] 
[INFO] [stdout] 
[INFO] [stdout] error[E0433]: failed to resolve: could not find `um` in `winapi`
[INFO] [stdout]  --> /opt/rustwide/cargo-home/registry/src/github.com-1ecc6299db9ec823/native-windows-gui-1.0.12/src/controls/window.rs:1:13
[INFO] [stdout]   |
[INFO] [stdout] 1 | use winapi::um::winuser::{WS_OVERLAPPEDWINDOW, WS_CLIPCHILDREN, WS_VISIBLE, WS_DISABLED, WS_MAXIMIZE, WS_MINIMIZE, WS_CAPTION,
[INFO] [stdout]   |             ^^ could not find `um` in `winapi`
[INFO] [stdout] 
[INFO] [stdout] 
[INFO] [stdout] error[E0433]: failed to resolve: could not find `um` in `winapi`
[INFO] [stdout]    --> /opt/rustwide/cargo-home/registry/src/github.com-1ecc6299db9ec823/native-windows-gui-1.0.12/src/controls/window.rs:129:21
[INFO] [stdout]     |
[INFO] [stdout] 129 |         use winapi::um::winuser::InvalidateRect;
[INFO] [stdout]     |                     ^^ could not find `um` in `winapi`
[INFO] [stdout] 
[INFO] [stdout] 
[INFO] [stdout] error[E0433]: failed to resolve: could not find `um` in `winapi`
[INFO] [stdout]    --> /opt/rustwide/cargo-home/registry/src/github.com-1ecc6299db9ec823/native-windows-gui-1.0.12/src/controls/window.rs:137:21
[INFO] [stdout]     |
[INFO] [stdout] 137 |         use winapi::um::winuser::WM_CLOSE;
[INFO] [stdout]     |                     ^^ could not find `um` in `winapi`
[INFO] [stdout] 
[INFO] [stdout] 
[INFO] [stdout] error[E0433]: failed to resolve: could not find `um` in `winapi`
[INFO] [stdout]    --> /opt/rustwide/cargo-home/registry/src/github.com-1ecc6299db9ec823/native-windows-gui-1.0.12/src/controls/window.rs:145:21
[INFO] [stdout]     |
[INFO] [stdout] 145 |         use winapi::um::winuser::WM_GETICON;
[INFO] [stdout]     |                     ^^ could not find `um` in `winapi`
[INFO] [stdout] 
[INFO] [stdout] 
[INFO] [stdout] error[E0433]: failed to resolve: could not find `um` in `winapi`
[INFO] [stdout]    --> /opt/rustwide/cargo-home/registry/src/github.com-1ecc6299db9ec823/native-windows-gui-1.0.12/src/controls/window.rs:146:21
[INFO] [stdout]     |
[INFO] [stdout] 146 |         use winapi::um::winnt::HANDLE;
[INFO] [stdout]     |                     ^^ could not find `um` in `winapi`
[INFO] [stdout] 
[INFO] [stdout] 
[INFO] [stdout] error[E0433]: failed to resolve: could not find `um` in `winapi`
[INFO] [stdout]    --> /opt/rustwide/cargo-home/registry/src/github.com-1ecc6299db9ec823/native-windows-gui-1.0.12/src/controls/window.rs:160:21
[INFO] [stdout]     |
[INFO] [stdout] 160 |         use winapi::um::winuser::WM_SETICON;
[INFO] [stdout]     |                     ^^ could not find `um` in `winapi`
[INFO] [stdout] 
[INFO] [stdout] 
[INFO] [stdout] error[E0433]: failed to resolve: could not find `um` in `winapi`
[INFO] [stdout]  --> /opt/rustwide/cargo-home/registry/src/github.com-1ecc6299db9ec823/native-windows-gui-1.0.12/src/controls/button.rs:1:13
[INFO] [stdout]   |
[INFO] [stdout] 1 | use winapi::um::winuser::{WS_DISABLED, BS_ICON, BS_BITMAP, BS_NOTIFY, WS_VISIBLE, WS_TABSTOP, WS_CHILD};
[INFO] [stdout]   |             ^^ could not find `um` in `winapi`
[INFO] [stdout] 
[INFO] [stdout] 
[INFO] [stdout] error[E0433]: failed to resolve: could not find `um` in `winapi`
[INFO] [stdout]    --> /opt/rustwide/cargo-home/registry/src/github.com-1ecc6299db9ec823/native-windows-gui-1.0.12/src/controls/button.rs:101:21
[INFO] [stdout]     |
[INFO] [stdout] 101 |         use winapi::um::winuser::BM_CLICK;
[INFO] [stdout]     |                     ^^ could not find `um` in `winapi`
[INFO] [stdout] 
[INFO] [stdout] 
[INFO] [stdout] error[E0433]: failed to resolve: could not find `um` in `winapi`
[INFO] [stdout]    --> /opt/rustwide/cargo-home/registry/src/github.com-1ecc6299db9ec823/native-windows-gui-1.0.12/src/controls/button.rs:109:21
[INFO] [stdout]     |
[INFO] [stdout] 109 |         use winapi::um::winuser::{BM_SETIMAGE, IMAGE_BITMAP};
[INFO] [stdout]     |                     ^^ could not find `um` in `winapi`
[INFO] [stdout] 
[INFO] [stdout] 
[INFO] [stdout] error[E0433]: failed to resolve: could not find `shared` in `winapi`
[INFO] [stdout]    --> /opt/rustwide/cargo-home/registry/src/github.com-1ecc6299db9ec823/native-windows-gui-1.0.12/src/controls/button.rs:110:21
[INFO] [stdout]     |
[INFO] [stdout] 110 |         use winapi::shared::minwindef::{WPARAM, LPARAM};
[INFO] [stdout]     |                     ^^^^^^ could not find `shared` in `winapi`
[INFO] [stdout] 
[INFO] [stdout] 
[INFO] [stdout] error[E0433]: failed to resolve: could not find `um` in `winapi`
[INFO] [stdout]    --> /opt/rustwide/cargo-home/registry/src/github.com-1ecc6299db9ec823/native-windows-gui-1.0.12/src/controls/button.rs:121:21
[INFO] [stdout]     |
[INFO] [stdout] 121 |         use winapi::um::winuser::{BM_SETIMAGE, IMAGE_ICON};
[INFO] [stdout]     |                     ^^ could not find `um` in `winapi`
[INFO] [stdout] 
[INFO] [stdout] 
[INFO] [stdout] error[E0433]: failed to resolve: could not find `shared` in `winapi`
[INFO] [stdout]    --> /opt/rustwide/cargo-home/registry/src/github.com-1ecc6299db9ec823/native-windows-gui-1.0.12/src/controls/button.rs:122:21
[INFO] [stdout]     |
[INFO] [stdout] 122 |         use winapi::shared::minwindef::{WPARAM, LPARAM};
[INFO] [stdout]     |                     ^^^^^^ could not find `shared` in `winapi`
[INFO] [stdout] 
[INFO] [stdout] 
[INFO] [stdout] error[E0433]: failed to resolve: could not find `um` in `winapi`
[INFO] [stdout]    --> /opt/rustwide/cargo-home/registry/src/github.com-1ecc6299db9ec823/native-windows-gui-1.0.12/src/controls/button.rs:134:21
[INFO] [stdout]     |
[INFO] [stdout] 134 |         use winapi::um::winuser::{BM_GETIMAGE, IMAGE_BITMAP, IMAGE_ICON};
[INFO] [stdout]     |                     ^^ could not find `um` in `winapi`
[INFO] [stdout] 
[INFO] [stdout] 
[INFO] [stdout] error[E0433]: failed to resolve: could not find `shared` in `winapi`
[INFO] [stdout]    --> /opt/rustwide/cargo-home/registry/src/github.com-1ecc6299db9ec823/native-windows-gui-1.0.12/src/controls/button.rs:135:21
[INFO] [stdout]     |
[INFO] [stdout] 135 |         use winapi::shared::minwindef::WPARAM;
[INFO] [stdout]     |                     ^^^^^^ could not find `shared` in `winapi`
[INFO] [stdout] 
[INFO] [stdout] 
[INFO] [stdout] error[E0433]: failed to resolve: could not find `shared` in `winapi`
[INFO] [stdout]    --> /opt/rustwide/cargo-home/registry/src/github.com-1ecc6299db9ec823/native-windows-gui-1.0.12/src/controls/button.rs:136:21
[INFO] [stdout]     |
[INFO] [stdout] 136 |         use winapi::shared::windef::HBITMAP;
[INFO] [stdout]     |                     ^^^^^^ could not find `shared` in `winapi`
[INFO] [stdout] 
[INFO] [stdout] 
[INFO] [stdout] error[E0433]: failed to resolve: could not find `um` in `winapi`
[INFO] [stdout]    --> /opt/rustwide/cargo-home/registry/src/github.com-1ecc6299db9ec823/native-windows-gui-1.0.12/src/controls/button.rs:137:21
[INFO] [stdout]     |
[INFO] [stdout] 137 |         use winapi::um::winnt::HANDLE;
[INFO] [stdout]     |                     ^^ could not find `um` in `winapi`
[INFO] [stdout] 
[INFO] [stdout] 
[INFO] [stdout] error[E0433]: failed to resolve: could not find `um` in `winapi`
[INFO] [stdout]  --> /opt/rustwide/cargo-home/registry/src/github.com-1ecc6299db9ec823/native-windows-gui-1.0.12/src/controls/check_box.rs:1:13
[INFO] [stdout]   |
[INFO] [stdout] 1 | use winapi::um::{
[INFO] [stdout]   |             ^^ could not find `um` in `winapi`
[INFO] [stdout] 
[INFO] [stdout] 
[INFO] [stdout] error[E0433]: failed to resolve: could not find `shared` in `winapi`
[INFO] [stdout]  --> /opt/rustwide/cargo-home/registry/src/github.com-1ecc6299db9ec823/native-windows-gui-1.0.12/src/controls/check_box.rs:5:13
[INFO] [stdout]   |
[INFO] [stdout] 5 | use winapi::shared::windef::HBRUSH;
[INFO] [stdout]   |             ^^^^^^ could not find `shared` in `winapi`
[INFO] [stdout] 
[INFO] [stdout] 
[INFO] [stdout] error[E0433]: failed to resolve: could not find `um` in `winapi`
[INFO] [stdout]    --> /opt/rustwide/cargo-home/registry/src/github.com-1ecc6299db9ec823/native-windows-gui-1.0.12/src/controls/check_box.rs:119:21
[INFO] [stdout]     |
[INFO] [stdout] 119 |         use winapi::um::winuser::{BM_SETSTYLE};
[INFO] [stdout]     |                     ^^ could not find `um` in `winapi`
[INFO] [stdout] 
[INFO] [stdout] 
[INFO] [stdout] error[E0433]: failed to resolve: could not find `shared` in `winapi`
[INFO] [stdout]    --> /opt/rustwide/cargo-home/registry/src/github.com-1ecc6299db9ec823/native-windows-gui-1.0.12/src/controls/check_box.rs:120:21
[INFO] [stdout]     |
[INFO] [stdout] 120 |         use winapi::shared::minwindef::WPARAM;
[INFO] [stdout]     |                     ^^^^^^ could not find `shared` in `winapi`
[INFO] [stdout] 
[INFO] [stdout] 
[INFO] [stdout] error[E0433]: failed to resolve: could not find `um` in `winapi`
[INFO] [stdout]    --> /opt/rustwide/cargo-home/registry/src/github.com-1ecc6299db9ec823/native-windows-gui-1.0.12/src/controls/check_box.rs:134:21
[INFO] [stdout]     |
[INFO] [stdout] 134 |         use winapi::um::winuser::{BM_GETCHECK, BST_CHECKED, BST_INDETERMINATE, BST_UNCHECKED};
[INFO] [stdout]     |                     ^^ could not find `um` in `winapi`
[INFO] [stdout] 
[INFO] [stdout] 
[INFO] [stdout] error[E0433]: failed to resolve: could not find `um` in `winapi`
[INFO] [stdout]    --> /opt/rustwide/cargo-home/registry/src/github.com-1ecc6299db9ec823/native-windows-gui-1.0.12/src/controls/check_box.rs:148:21
[INFO] [stdout]     |
[INFO] [stdout] 148 |         use winapi::um::winuser::{BM_SETCHECK, BST_CHECKED, BST_INDETERMINATE, BST_UNCHECKED};
[INFO] [stdout]     |                     ^^ could not find `um` in `winapi`
[INFO] [stdout] 
[INFO] [stdout] 
[INFO] [stdout] error[E0433]: failed to resolve: could not find `shared` in `winapi`
[INFO] [stdout]    --> /opt/rustwide/cargo-home/registry/src/github.com-1ecc6299db9ec823/native-windows-gui-1.0.12/src/controls/check_box.rs:149:21
[INFO] [stdout]     |
[INFO] [stdout] 149 |         use winapi::shared::minwindef::WPARAM;
[INFO] [stdout]     |                     ^^^^^^ could not find `shared` in `winapi`
[INFO] [stdout] 
[INFO] [stdout] 
[INFO] [stdout] error[E0433]: failed to resolve: could not find `um` in `winapi`
[INFO] [stdout]    --> /opt/rustwide/cargo-home/registry/src/github.com-1ecc6299db9ec823/native-windows-gui-1.0.12/src/controls/check_box.rs:265:21
[INFO] [stdout]     |
[INFO] [stdout] 265 |         use winapi::um::winuser::{BS_NOTIFY, WS_CHILD};
[INFO] [stdout]     |                     ^^ could not find `um` in `winapi`
[INFO] [stdout] 
[INFO] [stdout] 
[INFO] [stdout] error[E0433]: failed to resolve: could not find `um` in `winapi`
[INFO] [stdout]    --> /opt/rustwide/cargo-home/registry/src/github.com-1ecc6299db9ec823/native-windows-gui-1.0.12/src/controls/check_box.rs:273:21
[INFO] [stdout]     |
[INFO] [stdout] 273 |         use winapi::um::winuser::{WM_CTLCOLORSTATIC};
[INFO] [stdout]     |                     ^^ could not find `um` in `winapi`
[INFO] [stdout] 
[INFO] [stdout] 
[INFO] [stdout] error[E0433]: failed to resolve: could not find `shared` in `winapi`
[INFO] [stdout]    --> /opt/rustwide/cargo-home/registry/src/github.com-1ecc6299db9ec823/native-windows-gui-1.0.12/src/controls/check_box.rs:274:21
[INFO] [stdout]     |
[INFO] [stdout] 274 |         use winapi::shared::{basetsd::UINT_PTR, windef::HWND, minwindef::LRESULT};
[INFO] [stdout]     |                     ^^^^^^ could not find `shared` in `winapi`
[INFO] [stdout] 
[INFO] [stdout] 
[INFO] [stdout] error[E0433]: failed to resolve: could not find `um` in `winapi`
[INFO] [stdout]    --> /opt/rustwide/cargo-home/registry/src/github.com-1ecc6299db9ec823/native-windows-gui-1.0.12/src/controls/check_box.rs:275:21
[INFO] [stdout]     |
[INFO] [stdout] 275 |         use winapi::um::wingdi::{CreateSolidBrush, RGB};
[INFO] [stdout]     |                     ^^ could not find `um` in `winapi`
[INFO] [stdout] 
[INFO] [stdout] 
[INFO] [stdout] error[E0433]: failed to resolve: could not find `um` in `winapi`
[INFO] [stdout]  --> /opt/rustwide/cargo-home/registry/src/github.com-1ecc6299db9ec823/native-windows-gui-1.0.12/src/controls/radio_button.rs:1:13
[INFO] [stdout]   |
[INFO] [stdout] 1 | use winapi::um::{
[INFO] [stdout]   |             ^^ could not find `um` in `winapi`
[INFO] [stdout] 
[INFO] [stdout] 
[INFO] [stdout] error[E0433]: failed to resolve: could not find `shared` in `winapi`
[INFO] [stdout]  --> /opt/rustwide/cargo-home/registry/src/github.com-1ecc6299db9ec823/native-windows-gui-1.0.12/src/controls/radio_button.rs:5:13
[INFO] [stdout]   |
[INFO] [stdout] 5 | use winapi::shared::windef::HBRUSH;
[INFO] [stdout]   |             ^^^^^^ could not find `shared` in `winapi`
[INFO] [stdout] 
[INFO] [stdout] 
[INFO] [stdout] error[E0433]: failed to resolve: could not find `um` in `winapi`
[INFO] [stdout]    --> /opt/rustwide/cargo-home/registry/src/github.com-1ecc6299db9ec823/native-windows-gui-1.0.12/src/controls/radio_button.rs:137:21
[INFO] [stdout]     |
[INFO] [stdout] 137 |         use winapi::um::winuser::{BM_GETCHECK, BST_CHECKED, BST_UNCHECKED};
[INFO] [stdout]     |                     ^^ could not find `um` in `winapi`
[INFO] [stdout] 
[INFO] [stdout] 
[INFO] [stdout] error[E0433]: failed to resolve: could not find `um` in `winapi`
[INFO] [stdout]    --> /opt/rustwide/cargo-home/registry/src/github.com-1ecc6299db9ec823/native-windows-gui-1.0.12/src/controls/radio_button.rs:150:21
[INFO] [stdout]     |
[INFO] [stdout] 150 |         use winapi::um::winuser::{BM_SETCHECK, BST_CHECKED, BST_UNCHECKED};
[INFO] [stdout]     |                     ^^ could not find `um` in `winapi`
[INFO] [stdout] 
[INFO] [stdout] 
[INFO] [stdout] error[E0433]: failed to resolve: could not find `shared` in `winapi`
[INFO] [stdout]    --> /opt/rustwide/cargo-home/registry/src/github.com-1ecc6299db9ec823/native-windows-gui-1.0.12/src/controls/radio_button.rs:151:21
[INFO] [stdout]     |
[INFO] [stdout] 151 |         use winapi::shared::minwindef::WPARAM;
[INFO] [stdout]     |                     ^^^^^^ could not find `shared` in `winapi`
[INFO] [stdout] 
[INFO] [stdout] 
[INFO] [stdout] error[E0433]: failed to resolve: could not find `um` in `winapi`
[INFO] [stdout]    --> /opt/rustwide/cargo-home/registry/src/github.com-1ecc6299db9ec823/native-windows-gui-1.0.12/src/controls/radio_button.rs:266:21
[INFO] [stdout]     |
[INFO] [stdout] 266 |         use winapi::um::winuser::{BS_NOTIFY, WS_CHILD, BS_AUTORADIOBUTTON};
[INFO] [stdout]     |                     ^^ could not find `um` in `winapi`
[INFO] [stdout] 
[INFO] [stdout] 
[INFO] [stdout] error[E0433]: failed to resolve: could not find `um` in `winapi`
[INFO] [stdout]    --> /opt/rustwide/cargo-home/registry/src/github.com-1ecc6299db9ec823/native-windows-gui-1.0.12/src/controls/radio_button.rs:274:21
[INFO] [stdout]     |
[INFO] [stdout] 274 |         use winapi::um::winuser::{WM_CTLCOLORSTATIC};
[INFO] [stdout]     |                     ^^ could not find `um` in `winapi`
[INFO] [stdout] 
[INFO] [stdout] 
[INFO] [stdout] error[E0433]: failed to resolve: could not find `shared` in `winapi`
[INFO] [stdout]    --> /opt/rustwide/cargo-home/registry/src/github.com-1ecc6299db9ec823/native-windows-gui-1.0.12/src/controls/radio_button.rs:275:21
[INFO] [stdout]     |
[INFO] [stdout] 275 |         use winapi::shared::{basetsd::UINT_PTR, windef::{HWND}, minwindef::LRESULT};
[INFO] [stdout]     |                     ^^^^^^ could not find `shared` in `winapi`
[INFO] [stdout] 
[INFO] [stdout] 
[INFO] [stdout] error[E0433]: failed to resolve: could not find `um` in `winapi`
[INFO] [stdout]    --> /opt/rustwide/cargo-home/registry/src/github.com-1ecc6299db9ec823/native-windows-gui-1.0.12/src/controls/radio_button.rs:276:21
[INFO] [stdout]     |
[INFO] [stdout] 276 |         use winapi::um::wingdi::{CreateSolidBrush, RGB};
[INFO] [stdout]     |                     ^^ could not find `um` in `winapi`
[INFO] [stdout] 
[INFO] [stdout] 
[INFO] [stdout] error[E0433]: failed to resolve: could not find `shared` in `winapi`
[INFO] [stdout]  --> /opt/rustwide/cargo-home/registry/src/github.com-1ecc6299db9ec823/native-windows-gui-1.0.12/src/controls/text_input.rs:1:13
[INFO] [stdout]   |
[INFO] [stdout] 1 | use winapi::shared::{
[INFO] [stdout]   |             ^^^^^^ could not find `shared` in `winapi`
[INFO] [stdout] 
[INFO] [stdout] 
[INFO] [stdout] error[E0433]: failed to resolve: could not find `um` in `winapi`
[INFO] [stdout]  --> /opt/rustwide/cargo-home/registry/src/github.com-1ecc6299db9ec823/native-windows-gui-1.0.12/src/controls/text_input.rs:5:13
[INFO] [stdout]   |
[INFO] [stdout] 5 | use winapi::um::{
[INFO] [stdout]   |             ^^ could not find `um` in `winapi`
[INFO] [stdout] 
[INFO] [stdout] 
[INFO] [stdout] error[E0433]: failed to resolve: could not find `um` in `winapi`
[INFO] [stdout]    --> /opt/rustwide/cargo-home/registry/src/github.com-1ecc6299db9ec823/native-windows-gui-1.0.12/src/controls/text_input.rs:127:21
[INFO] [stdout]     |
[INFO] [stdout] 127 |         use winapi::um::winuser::EM_GETPASSWORDCHAR;
[INFO] [stdout]     |                     ^^ could not find `um` in `winapi`
[INFO] [stdout] 
[INFO] [stdout] 
[INFO] [stdout] error[E0433]: failed to resolve: could not find `um` in `winapi`
[INFO] [stdout]    --> /opt/rustwide/cargo-home/registry/src/github.com-1ecc6299db9ec823/native-windows-gui-1.0.12/src/controls/text_input.rs:141:21
[INFO] [stdout]     |
[INFO] [stdout] 141 |         use winapi::um::winuser::{InvalidateRect, EM_SETPASSWORDCHAR};
[INFO] [stdout]     |                     ^^ could not find `um` in `winapi`
[INFO] [stdout] 
[INFO] [stdout] 
[INFO] [stdout] error[E0433]: failed to resolve: could not find `um` in `winapi`
[INFO] [stdout]    --> /opt/rustwide/cargo-home/registry/src/github.com-1ecc6299db9ec823/native-windows-gui-1.0.12/src/controls/text_input.rs:152:21
[INFO] [stdout]     |
[INFO] [stdout] 152 |         use winapi::um::winuser::EM_GETLIMITTEXT;
[INFO] [stdout]     |                     ^^ could not find `um` in `winapi`
[INFO] [stdout] 
[INFO] [stdout] 
[INFO] [stdout] error[E0433]: failed to resolve: could not find `um` in `winapi`
[INFO] [stdout]    --> /opt/rustwide/cargo-home/registry/src/github.com-1ecc6299db9ec823/native-windows-gui-1.0.12/src/controls/text_input.rs:161:21
[INFO] [stdout]     |
[INFO] [stdout] 161 |         use winapi::um::winuser::EM_SETLIMITTEXT;
[INFO] [stdout]     |                     ^^ could not find `um` in `winapi`
[INFO] [stdout] 
[INFO] [stdout] 
[INFO] [stdout] error[E0433]: failed to resolve: could not find `um` in `winapi`
[INFO] [stdout]    --> /opt/rustwide/cargo-home/registry/src/github.com-1ecc6299db9ec823/native-windows-gui-1.0.12/src/controls/text_input.rs:169:21
[INFO] [stdout]     |
[INFO] [stdout] 169 |         use winapi::um::winuser::EM_GETMODIFY;
[INFO] [stdout]     |                     ^^ could not find `um` in `winapi`
[INFO] [stdout] 
[INFO] [stdout] 
[INFO] [stdout] error[E0433]: failed to resolve: could not find `um` in `winapi`
[INFO] [stdout]    --> /opt/rustwide/cargo-home/registry/src/github.com-1ecc6299db9ec823/native-windows-gui-1.0.12/src/controls/text_input.rs:177:21
[INFO] [stdout]     |
[INFO] [stdout] 177 |         use winapi::um::winuser::EM_SETMODIFY;
[INFO] [stdout]     |                     ^^ could not find `um` in `winapi`
[INFO] [stdout] 
[INFO] [stdout] 
[INFO] [stdout] error[E0433]: failed to resolve: could not find `um` in `winapi`
[INFO] [stdout]    --> /opt/rustwide/cargo-home/registry/src/github.com-1ecc6299db9ec823/native-windows-gui-1.0.12/src/controls/text_input.rs:184:21
[INFO] [stdout]     |
[INFO] [stdout] 184 |         use winapi::um::winuser::EM_UNDO;
[INFO] [stdout]     |                     ^^ could not find `um` in `winapi`
[INFO] [stdout] 
[INFO] [stdout] 
[INFO] [stdout] error[E0433]: failed to resolve: could not find `um` in `winapi`
[INFO] [stdout]    --> /opt/rustwide/cargo-home/registry/src/github.com-1ecc6299db9ec823/native-windows-gui-1.0.12/src/controls/text_input.rs:192:21
[INFO] [stdout]     |
[INFO] [stdout] 192 |         use winapi::um::winuser::EM_GETSEL;
[INFO] [stdout]     |                     ^^ could not find `um` in `winapi`
[INFO] [stdout] 
[INFO] [stdout] 
[INFO] [stdout] error[E0433]: failed to resolve: could not find `um` in `winapi`
[INFO] [stdout]    --> /opt/rustwide/cargo-home/registry/src/github.com-1ecc6299db9ec823/native-windows-gui-1.0.12/src/controls/text_input.rs:207:21
[INFO] [stdout]     |
[INFO] [stdout] 207 |         use winapi::um::winuser::EM_SETSEL;
[INFO] [stdout]     |                     ^^ could not find `um` in `winapi`
[INFO] [stdout] 
[INFO] [stdout] 
[INFO] [stdout] error[E0433]: failed to resolve: could not find `um` in `winapi`
[INFO] [stdout]    --> /opt/rustwide/cargo-home/registry/src/github.com-1ecc6299db9ec823/native-windows-gui-1.0.12/src/controls/text_input.rs:216:21
[INFO] [stdout]     |
[INFO] [stdout] 216 |         use winapi::um::winuser::EM_LINELENGTH;
[INFO] [stdout]     |                     ^^ could not find `um` in `winapi`
[INFO] [stdout] 
[INFO] [stdout] 
[INFO] [stdout] error[E0433]: failed to resolve: could not find `um` in `winapi`
[INFO] [stdout]    --> /opt/rustwide/cargo-home/registry/src/github.com-1ecc6299db9ec823/native-windows-gui-1.0.12/src/controls/text_input.rs:224:21
[INFO] [stdout]     |
[INFO] [stdout] 224 |         use winapi::um::winuser::ES_READONLY;
[INFO] [stdout]     |                     ^^ could not find `um` in `winapi`
[INFO] [stdout] 
[INFO] [stdout] 
[INFO] [stdout] error[E0433]: failed to resolve: could not find `um` in `winapi`
[INFO] [stdout]    --> /opt/rustwide/cargo-home/registry/src/github.com-1ecc6299db9ec823/native-windows-gui-1.0.12/src/controls/text_input.rs:232:21
[INFO] [stdout]     |
[INFO] [stdout] 232 |         use winapi::um::winuser::EM_SETREADONLY;
[INFO] [stdout]     |                     ^^ could not find `um` in `winapi`
[INFO] [stdout] 
[INFO] [stdout] 
[INFO] [stdout] error[E0433]: failed to resolve: could not find `windows` in `os`
[INFO] [stdout]    --> /opt/rustwide/cargo-home/registry/src/github.com-1ecc6299db9ec823/native-windows-gui-1.0.12/src/controls/text_input.rs:316:22
[INFO] [stdout]     |
[INFO] [stdout] 316 |         use std::os::windows::ffi::OsStringExt;
[INFO] [stdout]     |                      ^^^^^^^ could not find `windows` in `os`
[INFO] [stdout] 
[INFO] [stdout] 
[INFO] [stdout] error[E0433]: failed to resolve: could not find `shared` in `winapi`
[INFO] [stdout]    --> /opt/rustwide/cargo-home/registry/src/github.com-1ecc6299db9ec823/native-windows-gui-1.0.12/src/controls/text_input.rs:317:21
[INFO] [stdout]     |
[INFO] [stdout] 317 |         use winapi::shared::ntdef::WCHAR;
[INFO] [stdout]     |                     ^^^^^^ could not find `shared` in `winapi`
[INFO] [stdout] 
[INFO] [stdout] 
[INFO] [stdout] error[E0433]: failed to resolve: could not find `um` in `winapi`
[INFO] [stdout]    --> /opt/rustwide/cargo-home/registry/src/github.com-1ecc6299db9ec823/native-windows-gui-1.0.12/src/controls/text_input.rs:318:21
[INFO] [stdout]     |
[INFO] [stdout] 318 |         use winapi::um::commctrl::EM_GETCUEBANNER;
[INFO] [stdout]     |                     ^^ could not find `um` in `winapi`
[INFO] [stdout] 
[INFO] [stdout] 
[INFO] [stdout] error[E0433]: failed to resolve: could not find `um` in `winapi`
[INFO] [stdout]    --> /opt/rustwide/cargo-home/registry/src/github.com-1ecc6299db9ec823/native-windows-gui-1.0.12/src/controls/text_input.rs:332:21
[INFO] [stdout]     |
[INFO] [stdout] 332 |         use winapi::um::commctrl::EM_SETCUEBANNER;
[INFO] [stdout]     |                     ^^ could not find `um` in `winapi`
[INFO] [stdout] 
[INFO] [stdout] 
[INFO] [stdout] error[E0433]: failed to resolve: could not find `um` in `winapi`
[INFO] [stdout]    --> /opt/rustwide/cargo-home/registry/src/github.com-1ecc6299db9ec823/native-windows-gui-1.0.12/src/controls/text_input.rs:352:21
[INFO] [stdout]     |
[INFO] [stdout] 352 |         use winapi::um::winuser::{WS_BORDER, WS_CHILD};
[INFO] [stdout]     |                     ^^ could not find `um` in `winapi`
[INFO] [stdout] 
[INFO] [stdout] 
[INFO] [stdout] error[E0433]: failed to resolve: could not find `shared` in `winapi`
[INFO] [stdout]    --> /opt/rustwide/cargo-home/registry/src/github.com-1ecc6299db9ec823/native-windows-gui-1.0.12/src/controls/text_input.rs:360:21
[INFO] [stdout]     |
[INFO] [stdout] 360 |         use winapi::shared::windef::{HGDIOBJ, RECT, POINT};
[INFO] [stdout]     |                     ^^^^^^ could not find `shared` in `winapi`
[INFO] [stdout] 
[INFO] [stdout] 
[INFO] [stdout] error[E0433]: failed to resolve: could not find `um` in `winapi`
[INFO] [stdout]    --> /opt/rustwide/cargo-home/registry/src/github.com-1ecc6299db9ec823/native-windows-gui-1.0.12/src/controls/text_input.rs:361:21
[INFO] [stdout]     |
[INFO] [stdout] 361 |         use winapi::um::winuser::{WM_NCCALCSIZE, WM_NCPAINT, WM_SIZE, DT_CALCRECT, DT_LEFT, NCCALCSIZE_PARAMS, COLOR_WINDOW,};
[INFO] [stdout]     |                     ^^ could not find `um` in `winapi`
[INFO] [stdout] 
[INFO] [stdout] 
[INFO] [stdout] error[E0433]: failed to resolve: could not find `um` in `winapi`
[INFO] [stdout]    --> /opt/rustwide/cargo-home/registry/src/github.com-1ecc6299db9ec823/native-windows-gui-1.0.12/src/controls/text_input.rs:362:21
[INFO] [stdout]     |
[INFO] [stdout] 362 |         use winapi::um::winuser::{SWP_NOOWNERZORDER, SWP_NOSIZE, SWP_NOMOVE, SWP_FRAMECHANGED};
[INFO] [stdout]     |                     ^^ could not find `um` in `winapi`
[INFO] [stdout] 
[INFO] [stdout] 
[INFO] [stdout] error[E0433]: failed to resolve: could not find `um` in `winapi`
[INFO] [stdout]    --> /opt/rustwide/cargo-home/registry/src/github.com-1ecc6299db9ec823/native-windows-gui-1.0.12/src/controls/text_input.rs:363:21
[INFO] [stdout]     |
[INFO] [stdout] 363 |         use winapi::um::winuser::{GetDC, DrawTextW, ReleaseDC, GetClientRect, GetWindowRect, FillRect, ScreenToClient, SetWindowPos};
[INFO] [stdout]     |                     ^^ could not find `um` in `winapi`
[INFO] [stdout] 
[INFO] [stdout] 
[INFO] [stdout] error[E0433]: failed to resolve: could not find `um` in `winapi`
[INFO] [stdout]    --> /opt/rustwide/cargo-home/registry/src/github.com-1ecc6299db9ec823/native-windows-gui-1.0.12/src/controls/text_input.rs:364:21
[INFO] [stdout]     |
[INFO] [stdout] 364 |         use winapi::um::wingdi::{SelectObject, CreateSolidBrush, RGB};
[INFO] [stdout]     |                     ^^ could not find `um` in `winapi`
[INFO] [stdout] 
[INFO] [stdout] 
[INFO] [stdout] error[E0433]: failed to resolve: could not find `um` in `winapi`
[INFO] [stdout]  --> /opt/rustwide/cargo-home/registry/src/github.com-1ecc6299db9ec823/native-windows-gui-1.0.12/src/controls/label.rs:1:13
[INFO] [stdout]   |
[INFO] [stdout] 1 | use winapi::um::{
[INFO] [stdout]   |             ^^ could not find `um` in `winapi`
[INFO] [stdout] 
[INFO] [stdout] 
[INFO] [stdout] error[E0433]: failed to resolve: could not find `shared` in `winapi`
[INFO] [stdout]  --> /opt/rustwide/cargo-home/registry/src/github.com-1ecc6299db9ec823/native-windows-gui-1.0.12/src/controls/label.rs:6:13
[INFO] [stdout]   |
[INFO] [stdout] 6 | use winapi::shared::windef::HBRUSH;
[INFO] [stdout]   |             ^^^^^^ could not find `shared` in `winapi`
[INFO] [stdout] 
[INFO] [stdout] 
[INFO] [stdout] error[E0433]: failed to resolve: could not find `um` in `winapi`
[INFO] [stdout]    --> /opt/rustwide/cargo-home/registry/src/github.com-1ecc6299db9ec823/native-windows-gui-1.0.12/src/controls/label.rs:196:21
[INFO] [stdout]     |
[INFO] [stdout] 196 |         use winapi::um::winuser::{SS_NOPREFIX, SS_LEFT};
[INFO] [stdout]     |                     ^^ could not find `um` in `winapi`
[INFO] [stdout] 
[INFO] [stdout] 
[INFO] [stdout] error[E0433]: failed to resolve: could not find `um` in `winapi`
[INFO] [stdout]    --> /opt/rustwide/cargo-home/registry/src/github.com-1ecc6299db9ec823/native-windows-gui-1.0.12/src/controls/label.rs:203:21
[INFO] [stdout]     |
[INFO] [stdout] 203 |         use winapi::um::winuser::{SS_NOTIFY, WS_CHILD};
[INFO] [stdout]     |                     ^^ could not find `um` in `winapi`
[INFO] [stdout] 
[INFO] [stdout] 
[INFO] [stdout] error[E0433]: failed to resolve: could not find `shared` in `winapi`
[INFO] [stdout]    --> /opt/rustwide/cargo-home/registry/src/github.com-1ecc6299db9ec823/native-windows-gui-1.0.12/src/controls/label.rs:211:21
[INFO] [stdout]     |
[INFO] [stdout] 211 |         use winapi::shared::windef::{HWND, HGDIOBJ, RECT, POINT};
[INFO] [stdout]     |                     ^^^^^^ could not find `shared` in `winapi`
[INFO] [stdout] 
[INFO] [stdout] 
[INFO] [stdout] error[E0433]: failed to resolve: could not find `shared` in `winapi`
[INFO] [stdout]    --> /opt/rustwide/cargo-home/registry/src/github.com-1ecc6299db9ec823/native-windows-gui-1.0.12/src/controls/label.rs:212:21
[INFO] [stdout]     |
[INFO] [stdout] 212 |         use winapi::shared::{basetsd::UINT_PTR, minwindef::LRESULT};
[INFO] [stdout]     |                     ^^^^^^ could not find `shared` in `winapi`
[INFO] [stdout] 
[INFO] [stdout] 
[INFO] [stdout] error[E0433]: failed to resolve: could not find `um` in `winapi`
[INFO] [stdout]    --> /opt/rustwide/cargo-home/registry/src/github.com-1ecc6299db9ec823/native-windows-gui-1.0.12/src/controls/label.rs:213:21
[INFO] [stdout]     |
[INFO] [stdout] 213 | ...   use winapi::um::winuser::{WM_CTLCOLORSTATIC, WM_NCCALCSIZE, WM_NCPAINT, WM_SIZE, DT_CALCRECT, DT_LEFT, NCCALCSIZE_PARAMS, COLOR_WIN...
[INFO] [stdout]     |                   ^^ could not find `um` in `winapi`
[INFO] [stdout] 
[INFO] [stdout] 
[INFO] [stdout] error[E0433]: failed to resolve: could not find `um` in `winapi`
[INFO] [stdout]    --> /opt/rustwide/cargo-home/registry/src/github.com-1ecc6299db9ec823/native-windows-gui-1.0.12/src/controls/label.rs:214:21
[INFO] [stdout]     |
[INFO] [stdout] 214 |         use winapi::um::winuser::{SWP_NOOWNERZORDER, SWP_NOSIZE, SWP_NOMOVE, SWP_FRAMECHANGED};
[INFO] [stdout]     |                     ^^ could not find `um` in `winapi`
[INFO] [stdout] 
[INFO] [stdout] 
[INFO] [stdout] error[E0433]: failed to resolve: could not find `um` in `winapi`
[INFO] [stdout]    --> /opt/rustwide/cargo-home/registry/src/github.com-1ecc6299db9ec823/native-windows-gui-1.0.12/src/controls/label.rs:215:21
[INFO] [stdout]     |
[INFO] [stdout] 215 | ...   use winapi::um::winuser::{GetDC, DrawTextW, ReleaseDC, GetClientRect, GetWindowRect, FillRect, ScreenToClient, SetWindowPos, GetWin...
[INFO] [stdout]     |                   ^^ could not find `um` in `winapi`
[INFO] [stdout] 
[INFO] [stdout] 
[INFO] [stdout] error[E0433]: failed to resolve: could not find `um` in `winapi`
[INFO] [stdout]    --> /opt/rustwide/cargo-home/registry/src/github.com-1ecc6299db9ec823/native-windows-gui-1.0.12/src/controls/label.rs:216:21
[INFO] [stdout]     |
[INFO] [stdout] 216 |         use winapi::um::wingdi::{SelectObject, CreateSolidBrush, RGB};
[INFO] [stdout]     |                     ^^ could not find `um` in `winapi`
[INFO] [stdout] 
[INFO] [stdout] 
[INFO] [stdout] error[E0433]: failed to resolve: could not find `um` in `winapi`
[INFO] [stdout]    --> /opt/rustwide/cargo-home/registry/src/github.com-1ecc6299db9ec823/native-windows-gui-1.0.12/src/controls/label.rs:456:21
[INFO] [stdout]     |
[INFO] [stdout] 456 |         use winapi::um::winuser::{SS_LEFT, SS_RIGHT, SS_CENTER};
[INFO] [stdout]     |                     ^^ could not find `um` in `winapi`
[INFO] [stdout] 
[INFO] [stdout] 
[INFO] [stdout] error[E0433]: failed to resolve: could not find `um` in `winapi`
[INFO] [stdout]  --> /opt/rustwide/cargo-home/registry/src/github.com-1ecc6299db9ec823/native-windows-gui-1.0.12/src/controls/image_frame.rs:1:13
[INFO] [stdout]   |
[INFO] [stdout] 1 | use winapi::um::winuser::{WS_VISIBLE, WS_DISABLED};
[INFO] [stdout]   |             ^^ could not find `um` in `winapi`
[INFO] [stdout] 
[INFO] [stdout] 
[INFO] [stdout] error[E0433]: failed to resolve: could not find `um` in `winapi`
[INFO] [stdout]  --> /opt/rustwide/cargo-home/registry/src/github.com-1ecc6299db9ec823/native-windows-gui-1.0.12/src/controls/image_frame.rs:2:13
[INFO] [stdout]   |
[INFO] [stdout] 2 | use winapi::um::wingdi::DeleteObject;
[INFO] [stdout]   |             ^^ could not find `um` in `winapi`
[INFO] [stdout] 
[INFO] [stdout] 
[INFO] [stdout] error[E0433]: failed to resolve: could not find `shared` in `winapi`
[INFO] [stdout]  --> /opt/rustwide/cargo-home/registry/src/github.com-1ecc6299db9ec823/native-windows-gui-1.0.12/src/controls/image_frame.rs:3:13
[INFO] [stdout]   |
[INFO] [stdout] 3 | use winapi::shared::windef::HBRUSH;
[INFO] [stdout]   |             ^^^^^^ could not find `shared` in `winapi`
[INFO] [stdout] 
[INFO] [stdout] 
[INFO] [stdout] error[E0433]: failed to resolve: could not find `um` in `winapi`
[INFO] [stdout]   --> /opt/rustwide/cargo-home/registry/src/github.com-1ecc6299db9ec823/native-windows-gui-1.0.12/src/controls/image_frame.rs:80:21
[INFO] [stdout]    |
[INFO] [stdout] 80 |         use winapi::um::winuser::{STM_SETIMAGE, IMAGE_BITMAP};
[INFO] [stdout]    |                     ^^ could not find `um` in `winapi`
[INFO] [stdout] 
[INFO] [stdout] 
[INFO] [stdout] error[E0433]: failed to resolve: could not find `shared` in `winapi`
[INFO] [stdout]   --> /opt/rustwide/cargo-home/registry/src/github.com-1ecc6299db9ec823/native-windows-gui-1.0.12/src/controls/image_frame.rs:81:21
[INFO] [stdout]    |
[INFO] [stdout] 81 |         use winapi::shared::minwindef::{WPARAM, LPARAM};
[INFO] [stdout]    |                     ^^^^^^ could not find `shared` in `winapi`
[INFO] [stdout] 
[INFO] [stdout] 
[INFO] [stdout] error[E0433]: failed to resolve: could not find `um` in `winapi`
[INFO] [stdout]   --> /opt/rustwide/cargo-home/registry/src/github.com-1ecc6299db9ec823/native-windows-gui-1.0.12/src/controls/image_frame.rs:95:21
[INFO] [stdout]    |
[INFO] [stdout] 95 |         use winapi::um::winuser::{STM_SETIMAGE, IMAGE_ICON};
[INFO] [stdout]    |                     ^^ could not find `um` in `winapi`
[INFO] [stdout] 
[INFO] [stdout] 
[INFO] [stdout] error[E0433]: failed to resolve: could not find `shared` in `winapi`
[INFO] [stdout]   --> /opt/rustwide/cargo-home/registry/src/github.com-1ecc6299db9ec823/native-windows-gui-1.0.12/src/controls/image_frame.rs:96:21
[INFO] [stdout]    |
[INFO] [stdout] 96 |         use winapi::shared::minwindef::{WPARAM, LPARAM};
[INFO] [stdout]    |                     ^^^^^^ could not find `shared` in `winapi`
[INFO] [stdout] 
[INFO] [stdout] 
[INFO] [stdout] error[E0433]: failed to resolve: could not find `um` in `winapi`
[INFO] [stdout]    --> /opt/rustwide/cargo-home/registry/src/github.com-1ecc6299db9ec823/native-windows-gui-1.0.12/src/controls/image_frame.rs:111:21
[INFO] [stdout]     |
[INFO] [stdout] 111 |         use winapi::um::winuser::{STM_GETIMAGE, IMAGE_BITMAP, IMAGE_ICON};
[INFO] [stdout]     |                     ^^ could not find `um` in `winapi`
[INFO] [stdout] 
[INFO] [stdout] 
[INFO] [stdout] error[E0433]: failed to resolve: could not find `shared` in `winapi`
[INFO] [stdout]    --> /opt/rustwide/cargo-home/registry/src/github.com-1ecc6299db9ec823/native-windows-gui-1.0.12/src/controls/image_frame.rs:112:21
[INFO] [stdout]     |
[INFO] [stdout] 112 |         use winapi::shared::minwindef::WPARAM;
[INFO] [stdout]     |                     ^^^^^^ could not find `shared` in `winapi`
[INFO] [stdout] 
[INFO] [stdout] 
[INFO] [stdout] error[E0433]: failed to resolve: could not find `shared` in `winapi`
[INFO] [stdout]    --> /opt/rustwide/cargo-home/registry/src/github.com-1ecc6299db9ec823/native-windows-gui-1.0.12/src/controls/image_frame.rs:113:21
[INFO] [stdout]     |
[INFO] [stdout] 113 |         use winapi::shared::windef::HBITMAP;
[INFO] [stdout]     |                     ^^^^^^ could not find `shared` in `winapi`
[INFO] [stdout] 
[INFO] [stdout] 
[INFO] [stdout] error[E0433]: failed to resolve: could not find `um` in `winapi`
[INFO] [stdout]    --> /opt/rustwide/cargo-home/registry/src/github.com-1ecc6299db9ec823/native-windows-gui-1.0.12/src/controls/image_frame.rs:114:21
[INFO] [stdout]     |
[INFO] [stdout] 114 |         use winapi::um::winnt::HANDLE;
[INFO] [stdout]     |                     ^^ could not find `um` in `winapi`
[INFO] [stdout] 
[INFO] [stdout] 
[INFO] [stdout] error[E0433]: failed to resolve: could not find `um` in `winapi`
[INFO] [stdout]    --> /opt/rustwide/cargo-home/registry/src/github.com-1ecc6299db9ec823/native-windows-gui-1.0.12/src/controls/image_frame.rs:191:21
[INFO] [stdout]     |
[INFO] [stdout] 191 |         use winapi::um::winuser::{SS_NOTIFY, WS_CHILD, SS_CENTERIMAGE};
[INFO] [stdout]     |                     ^^ could not find `um` in `winapi`
[INFO] [stdout] 
[INFO] [stdout] 
[INFO] [stdout] error[E0433]: failed to resolve: could not find `um` in `winapi`
[INFO] [stdout]    --> /opt/rustwide/cargo-home/registry/src/github.com-1ecc6299db9ec823/native-windows-gui-1.0.12/src/controls/image_frame.rs:200:21
[INFO] [stdout]     |
[INFO] [stdout] 200 |         use winapi::um::winuser::{WM_CTLCOLORSTATIC};
[INFO] [stdout]     |                     ^^ could not find `um` in `winapi`
[INFO] [stdout] 
[INFO] [stdout] 
[INFO] [stdout] error[E0433]: failed to resolve: could not find `shared` in `winapi`
[INFO] [stdout]    --> /opt/rustwide/cargo-home/registry/src/github.com-1ecc6299db9ec823/native-windows-gui-1.0.12/src/controls/image_frame.rs:201:21
[INFO] [stdout]     |
[INFO] [stdout] 201 |         use winapi::shared::{basetsd::UINT_PTR, windef::{HWND}, minwindef::LRESULT};
[INFO] [stdout]     |                     ^^^^^^ could not find `shared` in `winapi`
[INFO] [stdout] 
[INFO] [stdout] 
[INFO] [stdout] error[E0433]: failed to resolve: could not find `um` in `winapi`
[INFO] [stdout]    --> /opt/rustwide/cargo-home/registry/src/github.com-1ecc6299db9ec823/native-windows-gui-1.0.12/src/controls/image_frame.rs:202:21
[INFO] [stdout]     |
[INFO] [stdout] 202 |         use winapi::um::wingdi::{CreateSolidBrush, RGB};
[INFO] [stdout]     |                     ^^ could not find `um` in `winapi`
[INFO] [stdout] 
[INFO] [stdout] 
[INFO] [stdout] error[E0433]: failed to resolve: could not find `um` in `winapi`
[INFO] [stdout]    --> /opt/rustwide/cargo-home/registry/src/github.com-1ecc6299db9ec823/native-windows-gui-1.0.12/src/controls/image_frame.rs:299:21
[INFO] [stdout]     |
[INFO] [stdout] 299 |         use winapi::um::winuser::{SS_BITMAP, SS_ICON};
[INFO] [stdout]     |                     ^^ could not find `um` in `winapi`
[INFO] [stdout] 
[INFO] [stdout] 
[INFO] [stdout] error[E0433]: failed to resolve: could not find `um` in `winapi`
[INFO] [stdout]    --> /opt/rustwide/cargo-home/registry/src/github.com-1ecc6299db9ec823/native-windows-gui-1.0.12/src/controls/notice.rs:130:21
[INFO] [stdout]     |
[INFO] [stdout] 130 |         use winapi::um::winuser::SendNotifyMessageW;
[INFO] [stdout]     |                     ^^ could not find `um` in `winapi`
[INFO] [stdout] 
[INFO] [stdout] 
[INFO] [stdout] error[E0433]: failed to resolve: could not find `shared` in `winapi`
[INFO] [stdout]    --> /opt/rustwide/cargo-home/registry/src/github.com-1ecc6299db9ec823/native-windows-gui-1.0.12/src/controls/notice.rs:131:21
[INFO] [stdout]     |
[INFO] [stdout] 131 |         use winapi::shared::minwindef::{WPARAM, LPARAM};
[INFO] [stdout]     |                     ^^^^^^ could not find `shared` in `winapi`
[INFO] [stdout] 
[INFO] [stdout] 
[INFO] [stdout] error[E0433]: failed to resolve: could not find `shared` in `winapi`
[INFO] [stdout]    --> /opt/rustwide/cargo-home/registry/src/github.com-1ecc6299db9ec823/native-windows-gui-1.0.12/src/controls/notice.rs:132:21
[INFO] [stdout]     |
[INFO] [stdout] 132 |         use winapi::shared::windef::HWND;
[INFO] [stdout]     |                     ^^^^^^ could not find `shared` in `winapi`
[INFO] [stdout] 
[INFO] [stdout] 
[INFO] [stdout] error[E0433]: failed to resolve: could not find `um` in `winapi`
[INFO] [stdout]  --> /opt/rustwide/cargo-home/registry/src/github.com-1ecc6299db9ec823/native-windows-gui-1.0.12/src/controls/progress_bar.rs:6:13
[INFO] [stdout]   |
[INFO] [stdout] 6 | use winapi::um::winuser::{WS_VISIBLE, WS_DISABLED};
[INFO] [stdout]   |             ^^ could not find `um` in `winapi`
[INFO] [stdout] 
[INFO] [stdout] 
[INFO] [stdout] error[E0433]: failed to resolve: could not find `um` in `winapi`
[INFO] [stdout]  --> /opt/rustwide/cargo-home/registry/src/github.com-1ecc6299db9ec823/native-windows-gui-1.0.12/src/controls/progress_bar.rs:7:13
[INFO] [stdout]   |
[INFO] [stdout] 7 | use winapi::um::commctrl::{PBS_MARQUEE, PBS_VERTICAL};
[INFO] [stdout]   |             ^^ could not find `um` in `winapi`
[INFO] [stdout] 
[INFO] [stdout] 
[INFO] [stdout] error[E0433]: failed to resolve: could not find `um` in `winapi`
[INFO] [stdout]   --> /opt/rustwide/cargo-home/registry/src/github.com-1ecc6299db9ec823/native-windows-gui-1.0.12/src/controls/progress_bar.rs:97:21
[INFO] [stdout]    |
[INFO] [stdout] 97 |         use winapi::um::commctrl::{PBM_GETSTATE, PBST_NORMAL, PBST_ERROR, PBST_PAUSED};
[INFO] [stdout]    |                     ^^ could not find `um` in `winapi`
[INFO] [stdout] 
[INFO] [stdout] 
[INFO] [stdout] error[E0433]: failed to resolve: could not find `um` in `winapi`
[INFO] [stdout]    --> /opt/rustwide/cargo-home/registry/src/github.com-1ecc6299db9ec823/native-windows-gui-1.0.12/src/controls/progress_bar.rs:111:21
[INFO] [stdout]     |
[INFO] [stdout] 111 |         use winapi::um::commctrl::{PBM_SETSTATE, PBST_NORMAL, PBST_ERROR, PBST_PAUSED};
[INFO] [stdout]     |                     ^^ could not find `um` in `winapi`
[INFO] [stdout] 
[INFO] [stdout] 
[INFO] [stdout] error[E0433]: failed to resolve: could not find `shared` in `winapi`
[INFO] [stdout]    --> /opt/rustwide/cargo-home/registry/src/github.com-1ecc6299db9ec823/native-windows-gui-1.0.12/src/controls/progress_bar.rs:112:21
[INFO] [stdout]     |
[INFO] [stdout] 112 |         use winapi::shared::minwindef::WPARAM;
[INFO] [stdout]     |                     ^^^^^^ could not find `shared` in `winapi`
[INFO] [stdout] 
[INFO] [stdout] 
[INFO] [stdout] error[E0433]: failed to resolve: could not find `um` in `winapi`
[INFO] [stdout]    --> /opt/rustwide/cargo-home/registry/src/github.com-1ecc6299db9ec823/native-windows-gui-1.0.12/src/controls/progress_bar.rs:127:21
[INFO] [stdout]     |
[INFO] [stdout] 127 |         use winapi::um::commctrl::PBM_STEPIT;
[INFO] [stdout]     |                     ^^ could not find `um` in `winapi`
[INFO] [stdout] 
[INFO] [stdout] 
[INFO] [stdout] error[E0433]: failed to resolve: could not find `um` in `winapi`
[INFO] [stdout]    --> /opt/rustwide/cargo-home/registry/src/github.com-1ecc6299db9ec823/native-windows-gui-1.0.12/src/controls/progress_bar.rs:135:21
[INFO] [stdout]     |
[INFO] [stdout] 135 |         use winapi::um::commctrl::PBM_DELTAPOS;
[INFO] [stdout]     |                     ^^ could not find `um` in `winapi`
[INFO] [stdout] 
[INFO] [stdout] 
[INFO] [stdout] error[E0433]: failed to resolve: could not find `shared` in `winapi`
[INFO] [stdout]    --> /opt/rustwide/cargo-home/registry/src/github.com-1ecc6299db9ec823/native-windows-gui-1.0.12/src/controls/progress_bar.rs:136:21
[INFO] [stdout]     |
[INFO] [stdout] 136 |         use winapi::shared::minwindef::WPARAM;
[INFO] [stdout]     |                     ^^^^^^ could not find `shared` in `winapi`
[INFO] [stdout] 
[INFO] [stdout] 
[INFO] [stdout] error[E0433]: failed to resolve: could not find `um` in `winapi`
[INFO] [stdout]    --> /opt/rustwide/cargo-home/registry/src/github.com-1ecc6299db9ec823/native-windows-gui-1.0.12/src/controls/progress_bar.rs:144:21
[INFO] [stdout]     |
[INFO] [stdout] 144 |         use winapi::um::commctrl::PBM_GETSTEP;
[INFO] [stdout]     |                     ^^ could not find `um` in `winapi`
[INFO] [stdout] 
[INFO] [stdout] 
[INFO] [stdout] error[E0433]: failed to resolve: could not find `um` in `winapi`
[INFO] [stdout]    --> /opt/rustwide/cargo-home/registry/src/github.com-1ecc6299db9ec823/native-windows-gui-1.0.12/src/controls/progress_bar.rs:152:21
[INFO] [stdout]     |
[INFO] [stdout] 152 |         use winapi::um::commctrl::PBM_SETSTEP;
[INFO] [stdout]     |                     ^^ could not find `um` in `winapi`
[INFO] [stdout] 
[INFO] [stdout] 
[INFO] [stdout] error[E0433]: failed to resolve: could not find `shared` in `winapi`
[INFO] [stdout]    --> /opt/rustwide/cargo-home/registry/src/github.com-1ecc6299db9ec823/native-windows-gui-1.0.12/src/controls/progress_bar.rs:153:21
[INFO] [stdout]     |
[INFO] [stdout] 153 |         use winapi::shared::minwindef::WPARAM;
[INFO] [stdout]     |                     ^^^^^^ could not find `shared` in `winapi`
[INFO] [stdout] 
[INFO] [stdout] 
[INFO] [stdout] error[E0433]: failed to resolve: could not find `um` in `winapi`
[INFO] [stdout]    --> /opt/rustwide/cargo-home/registry/src/github.com-1ecc6299db9ec823/native-windows-gui-1.0.12/src/controls/progress_bar.rs:161:21
[INFO] [stdout]     |
[INFO] [stdout] 161 |         use winapi::um::commctrl::PBM_GETPOS;
[INFO] [stdout]     |                     ^^ could not find `um` in `winapi`
[INFO] [stdout] 
[INFO] [stdout] 
[INFO] [stdout] error[E0433]: failed to resolve: could not find `um` in `winapi`
[INFO] [stdout]    --> /opt/rustwide/cargo-home/registry/src/github.com-1ecc6299db9ec823/native-windows-gui-1.0.12/src/controls/progress_bar.rs:170:21
[INFO] [stdout]     |
[INFO] [stdout] 170 |         use winapi::um::commctrl::PBM_SETPOS;
[INFO] [stdout]     |                     ^^ could not find `um` in `winapi`
[INFO] [stdout] 
[INFO] [stdout] 
[INFO] [stdout] error[E0433]: failed to resolve: could not find `shared` in `winapi`
[INFO] [stdout]    --> /opt/rustwide/cargo-home/registry/src/github.com-1ecc6299db9ec823/native-windows-gui-1.0.12/src/controls/progress_bar.rs:171:21
[INFO] [stdout]     |
[INFO] [stdout] 171 |         use winapi::shared::minwindef::WPARAM;
[INFO] [stdout]     |                     ^^^^^^ could not find `shared` in `winapi`
[INFO] [stdout] 
[INFO] [stdout] 
[INFO] [stdout] error[E0433]: failed to resolve: could not find `um` in `winapi`
[INFO] [stdout]    --> /opt/rustwide/cargo-home/registry/src/github.com-1ecc6299db9ec823/native-windows-gui-1.0.12/src/controls/progress_bar.rs:179:21
[INFO] [stdout]     |
[INFO] [stdout] 179 |         use winapi::um::commctrl::PBM_GETRANGE;
[INFO] [stdout]     |                     ^^ could not find `um` in `winapi`
[INFO] [stdout] 
[INFO] [stdout] 
[INFO] [stdout] error[E0433]: failed to resolve: could not find `um` in `winapi`
[INFO] [stdout]    --> /opt/rustwide/cargo-home/registry/src/github.com-1ecc6299db9ec823/native-windows-gui-1.0.12/src/controls/progress_bar.rs:191:21
[INFO] [stdout]     |
[INFO] [stdout] 191 |         use winapi::um::commctrl::PBM_SETRANGE32;
[INFO] [stdout]     |                     ^^ could not find `um` in `winapi`
[INFO] [stdout] 
[INFO] [stdout] 
[INFO] [stdout] error[E0433]: failed to resolve: could not find `shared` in `winapi`
[INFO] [stdout]    --> /opt/rustwide/cargo-home/registry/src/github.com-1ecc6299db9ec823/native-windows-gui-1.0.12/src/controls/progress_bar.rs:192:21
[INFO] [stdout]     |
[INFO] [stdout] 192 |         use winapi::shared::minwindef::{WPARAM, LPARAM};
[INFO] [stdout]     |                     ^^^^^^ could not find `shared` in `winapi`
[INFO] [stdout] 
[INFO] [stdout] 
[INFO] [stdout] error[E0433]: failed to resolve: could not find `shared` in `winapi`
[INFO] [stdout]    --> /opt/rustwide/cargo-home/registry/src/github.com-1ecc6299db9ec823/native-windows-gui-1.0.12/src/controls/progress_bar.rs:200:21
[INFO] [stdout]     |
[INFO] [stdout] 200 |         use winapi::shared::minwindef::{LPARAM, WPARAM};
[INFO] [stdout]     |                     ^^^^^^ could not find `shared` in `winapi`
[INFO] [stdout] 
[INFO] [stdout] 
[INFO] [stdout] error[E0433]: failed to resolve: could not find `um` in `winapi`
[INFO] [stdout]    --> /opt/rustwide/cargo-home/registry/src/github.com-1ecc6299db9ec823/native-windows-gui-1.0.12/src/controls/progress_bar.rs:201:21
[INFO] [stdout]     |
[INFO] [stdout] 201 |         use winapi::um::commctrl::PBM_SETMARQUEE;
[INFO] [stdout]     |                     ^^ could not find `um` in `winapi`
[INFO] [stdout] 
[INFO] [stdout] 
[INFO] [stdout] error[E0433]: failed to resolve: could not find `um` in `winapi`
[INFO] [stdout]    --> /opt/rustwide/cargo-home/registry/src/github.com-1ecc6299db9ec823/native-windows-gui-1.0.12/src/controls/progress_bar.rs:300:21
[INFO] [stdout]     |
[INFO] [stdout] 300 |         use winapi::um::winuser::{WS_CHILD};
[INFO] [stdout]     |                     ^^ could not find `um` in `winapi`
[INFO] [stdout] 
[INFO] [stdout] 
[INFO] [stdout] error[E0433]: failed to resolve: could not find `um` in `winapi`
[INFO] [stdout]  --> /opt/rustwide/cargo-home/registry/src/github.com-1ecc6299db9ec823/native-windows-gui-1.0.12/src/controls/frame.rs:1:13
[INFO] [stdout]   |
[INFO] [stdout] 1 | use winapi::um::winuser::{WS_VISIBLE, WS_DISABLED, WS_BORDER, WS_CHILD, WS_CLIPCHILDREN, WS_EX_CONTROLPARENT};
[INFO] [stdout]   |             ^^ could not find `um` in `winapi`
[INFO] [stdout] 
[INFO] [stdout] 
[INFO] [stdout] error[E0433]: failed to resolve: could not find `shared` in `winapi`
[INFO] [stdout]  --> /opt/rustwide/cargo-home/registry/src/github.com-1ecc6299db9ec823/native-windows-gui-1.0.12/src/layouts/grid_layout.rs:5:13
[INFO] [stdout]   |
[INFO] [stdout] 5 | use winapi::shared::windef::{HWND};
[INFO] [stdout]   |             ^^^^^^ could not find `shared` in `winapi`
[INFO] [stdout] 
[INFO] [stdout] 
[INFO] [stdout] error[E0433]: failed to resolve: could not find `um` in `winapi`
[INFO] [stdout]    --> /opt/rustwide/cargo-home/registry/src/github.com-1ecc6299db9ec823/native-windows-gui-1.0.12/src/layouts/grid_layout.rs:568:21
[INFO] [stdout]     |
[INFO] [stdout] 568 |         use winapi::um::winuser::WM_SIZE;
[INFO] [stdout]     |                     ^^ could not find `um` in `winapi`
[INFO] [stdout] 
[INFO] [stdout] 
[INFO] [stdout] error[E0433]: failed to resolve: could not find `shared` in `winapi`
[INFO] [stdout]    --> /opt/rustwide/cargo-home/registry/src/github.com-1ecc6299db9ec823/native-windows-gui-1.0.12/src/layouts/grid_layout.rs:569:21
[INFO] [stdout]     |
[INFO] [stdout] 569 |         use winapi::shared::minwindef::{HIWORD, LOWORD};
[INFO] [stdout]     |                     ^^^^^^ could not find `shared` in `winapi`
[INFO] [stdout] 
[INFO] [stdout] 
[INFO] [stdout] error[E0433]: failed to resolve: could not find `shared` in `winapi`
[INFO] [stdout]  --> /opt/rustwide/cargo-home/registry/src/github.com-1ecc6299db9ec823/native-windows-gui-1.0.12/src/layouts/flexbox_layout.rs:5:13
[INFO] [stdout]   |
[INFO] [stdout] 5 | use winapi::shared::windef::HWND;
[INFO] [stdout]   |             ^^^^^^ could not find `shared` in `winapi`
[INFO] [stdout] 
[INFO] [stdout] 
[INFO] [stdout] error[E0433]: failed to resolve: could not find `um` in `winapi`
[INFO] [stdout]    --> /opt/rustwide/cargo-home/registry/src/github.com-1ecc6299db9ec823/native-windows-gui-1.0.12/src/layouts/flexbox_layout.rs:466:21
[INFO] [stdout]     |
[INFO] [stdout] 466 |         use winapi::um::winuser::WM_SIZE;
[INFO] [stdout]     |                     ^^ could not find `um` in `winapi`
[INFO] [stdout] 
[INFO] [stdout] 
[INFO] [stdout] error[E0433]: failed to resolve: could not find `shared` in `winapi`
[INFO] [stdout]    --> /opt/rustwide/cargo-home/registry/src/github.com-1ecc6299db9ec823/native-windows-gui-1.0.12/src/layouts/flexbox_layout.rs:467:21
[INFO] [stdout]     |
[INFO] [stdout] 467 |         use winapi::shared::minwindef::{HIWORD, LOWORD};
[INFO] [stdout]     |                     ^^^^^^ could not find `shared` in `winapi`
[INFO] [stdout] 
[INFO] [stdout] 
[INFO] [stdout] error[E0432]: unresolved import `winapi::Interface`
[INFO] [stdout]  --> /opt/rustwide/cargo-home/registry/src/github.com-1ecc6299db9ec823/native-windows-gui-1.0.12/src/win32/image_decoder.rs:5:5
[INFO] [stdout]   |
[INFO] [stdout] 5 | use winapi::Interface;
[INFO] [stdout]   |     ^^^^^^^^^^^^^^^^^ no `Interface` in the root
[INFO] [stdout] 
[INFO] [stdout] 
[INFO] [stdout] error[E0433]: failed to resolve: could not find `um` in `winapi`
[INFO] [stdout]    --> /opt/rustwide/cargo-home/registry/src/github.com-1ecc6299db9ec823/native-windows-gui-1.0.12/src/win32/window_helper.rs:214:24
[INFO] [stdout]     |
[INFO] [stdout] 214 |     unsafe { ::winapi::um::winuser::SendMessageW(hwnd, msg, w, l) }
[INFO] [stdout]     |                        ^^ could not find `um` in `winapi`
[INFO] [stdout] 
[INFO] [stdout] 
[INFO] [stdout] error[E0433]: failed to resolve: could not find `um` in `winapi`
[INFO] [stdout]    --> /opt/rustwide/cargo-home/registry/src/github.com-1ecc6299db9ec823/native-windows-gui-1.0.12/src/win32/window_helper.rs:218:24
[INFO] [stdout]     |
[INFO] [stdout] 218 |     unsafe { ::winapi::um::winuser::PostMessageW(hwnd, msg, w, l) };
[INFO] [stdout]     |                        ^^ could not find `um` in `winapi`
[INFO] [stdout] 
[INFO] [stdout] 
[INFO] [stdout] error[E0433]: failed to resolve: could not find `um` in `winapi`
[INFO] [stdout]    --> /opt/rustwide/cargo-home/registry/src/github.com-1ecc6299db9ec823/native-windows-gui-1.0.12/src/win32/window_helper.rs:222:15
[INFO] [stdout]     |
[INFO] [stdout] 222 |     ::winapi::um::winuser::SetFocus(handle);
[INFO] [stdout]     |               ^^ could not find `um` in `winapi`
[INFO] [stdout] 
[INFO] [stdout] 
[INFO] [stdout] error[E0433]: failed to resolve: could not find `um` in `winapi`
[INFO] [stdout]    --> /opt/rustwide/cargo-home/registry/src/github.com-1ecc6299db9ec823/native-windows-gui-1.0.12/src/win32/window_helper.rs:226:15
[INFO] [stdout]     |
[INFO] [stdout] 226 |     ::winapi::um::winuser::GetFocus() == handle
[INFO] [stdout]     |               ^^ could not find `um` in `winapi`
[INFO] [stdout] 
[INFO] [stdout] 
[INFO] [stdout] error[E0433]: failed to resolve: could not find `um` in `winapi`
[INFO] [stdout]    --> /opt/rustwide/cargo-home/registry/src/github.com-1ecc6299db9ec823/native-windows-gui-1.0.12/src/win32/window_helper.rs:393:23
[INFO] [stdout]     |
[INFO] [stdout] 393 |     unsafe{ ::winapi::um::winuser::GetWindowLongPtrW(handle, index) }
[INFO] [stdout]     |                       ^^ could not find `um` in `winapi`
[INFO] [stdout] 
[INFO] [stdout] 
[INFO] [stdout] error[E0433]: failed to resolve: could not find `um` in `winapi`
[INFO] [stdout]    --> /opt/rustwide/cargo-home/registry/src/github.com-1ecc6299db9ec823/native-windows-gui-1.0.12/src/win32/window_helper.rs:405:23
[INFO] [stdout]     |
[INFO] [stdout] 405 |     unsafe{ ::winapi::um::winuser::SetWindowLongPtrW(handle, index, v as LONG_PTR); }
[INFO] [stdout]     |                       ^^ could not find `um` in `winapi`
[INFO] [stdout] 
[INFO] [stdout] 
[INFO] [stdout] error[E0408]: variable `WM_KEYDOWN` is not bound in all patterns
[INFO] [stdout]    --> /opt/rustwide/cargo-home/registry/src/github.com-1ecc6299db9ec823/native-windows-gui-1.0.12/src/win32/window.rs:575:22
[INFO] [stdout]     |
[INFO] [stdout] 575 |         WM_KEYDOWN | WM_KEYUP | WM_SYSKEYDOWN | WM_SYSKEYUP => {
[INFO] [stdout]     |         ----------   ^^^^^^^^   ^^^^^^^^^^^^^   ^^^^^^^^^^^ pattern doesn't bind `WM_KEYDOWN`
[INFO] [stdout]     |         |            |          |
[INFO] [stdout]     |         |            |          pattern doesn't bind `WM_KEYDOWN`
[INFO] [stdout]     |         |            pattern doesn't bind `WM_KEYDOWN`
[INFO] [stdout]     |         variable not in all patterns
[INFO] [stdout]     |
[INFO] [stdout] help: if you meant to match on a variant or a `const` item, consider making the path in the pattern qualified: `path::to::ModOrType::WM_KEYDOWN`
[INFO] [stdout]    --> /opt/rustwide/cargo-home/registry/src/github.com-1ecc6299db9ec823/native-windows-gui-1.0.12/src/win32/window.rs:575:9
[INFO] [stdout]     |
[INFO] [stdout] 575 |         WM_KEYDOWN | WM_KEYUP | WM_SYSKEYDOWN | WM_SYSKEYUP => {
[INFO] [stdout]     |         ^^^^^^^^^^
[INFO] [stdout] 
[INFO] [stdout] 
[INFO] [stdout] error[E0408]: variable `WM_KEYUP` is not bound in all patterns
[INFO] [stdout]    --> /opt/rustwide/cargo-home/registry/src/github.com-1ecc6299db9ec823/native-windows-gui-1.0.12/src/win32/window.rs:575:9
[INFO] [stdout]     |
[INFO] [stdout] 575 |         WM_KEYDOWN | WM_KEYUP | WM_SYSKEYDOWN | WM_SYSKEYUP => {
[INFO] [stdout]     |         ^^^^^^^^^^   --------   ^^^^^^^^^^^^^   ^^^^^^^^^^^ pattern doesn't bind `WM_KEYUP`
[INFO] [stdout]     |         |            |          |
[INFO] [stdout]     |         |            |          pattern doesn't bind `WM_KEYUP`
[INFO] [stdout]     |         |            variable not in all patterns
[INFO] [stdout]     |         pattern doesn't bind `WM_KEYUP`
[INFO] [stdout]     |
[INFO] [stdout] help: if you meant to match on a variant or a `const` item, consider making the path in the pattern qualified: `path::to::ModOrType::WM_KEYUP`
[INFO] [stdout]    --> /opt/rustwide/cargo-home/registry/src/github.com-1ecc6299db9ec823/native-windows-gui-1.0.12/src/win32/window.rs:575:22
[INFO] [stdout]     |
[INFO] [stdout] 575 |         WM_KEYDOWN | WM_KEYUP | WM_SYSKEYDOWN | WM_SYSKEYUP => {
[INFO] [stdout]     |                      ^^^^^^^^
[INFO] [stdout] 
[INFO] [stdout] 
[INFO] [stdout] error[E0408]: variable `WM_SYSKEYDOWN` is not bound in all patterns
[INFO] [stdout]    --> /opt/rustwide/cargo-home/registry/src/github.com-1ecc6299db9ec823/native-windows-gui-1.0.12/src/win32/window.rs:575:9
[INFO] [stdout]     |
[INFO] [stdout] 575 |         WM_KEYDOWN | WM_KEYUP | WM_SYSKEYDOWN | WM_SYSKEYUP => {
[INFO] [stdout]     |         ^^^^^^^^^^   ^^^^^^^^   -------------   ^^^^^^^^^^^ pattern doesn't bind `WM_SYSKEYDOWN`
[INFO] [stdout]     |         |            |          |
[INFO] [stdout]     |         |            |          variable not in all patterns
[INFO] [stdout]     |         |            pattern doesn't bind `WM_SYSKEYDOWN`
[INFO] [stdout]     |         pattern doesn't bind `WM_SYSKEYDOWN`
[INFO] [stdout]     |
[INFO] [stdout] help: if you meant to match on a variant or a `const` item, consider making the path in the pattern qualified: `path::to::ModOrType::WM_SYSKEYDOWN`
[INFO] [stdout]    --> /opt/rustwide/cargo-home/registry/src/github.com-1ecc6299db9ec823/native-windows-gui-1.0.12/src/win32/window.rs:575:33
[INFO] [stdout]     |
[INFO] [stdout] 575 |         WM_KEYDOWN | WM_KEYUP | WM_SYSKEYDOWN | WM_SYSKEYUP => {
[INFO] [stdout]     |                                 ^^^^^^^^^^^^^
[INFO] [stdout] 
[INFO] [stdout] 
[INFO] [stdout] error[E0408]: variable `WM_SYSKEYUP` is not bound in all patterns
[INFO] [stdout]    --> /opt/rustwide/cargo-home/registry/src/github.com-1ecc6299db9ec823/native-windows-gui-1.0.12/src/win32/window.rs:575:9
[INFO] [stdout]     |
[INFO] [stdout] 575 |         WM_KEYDOWN | WM_KEYUP | WM_SYSKEYDOWN | WM_SYSKEYUP => {
[INFO] [stdout]     |         ^^^^^^^^^^   ^^^^^^^^   ^^^^^^^^^^^^^   ----------- variable not in all patterns
[INFO] [stdout]     |         |            |          |
[INFO] [stdout]     |         |            |          pattern doesn't bind `WM_SYSKEYUP`
[INFO] [stdout]     |         |            pattern doesn't bind `WM_SYSKEYUP`
[INFO] [stdout]     |         pattern doesn't bind `WM_SYSKEYUP`
[INFO] [stdout]     |
[INFO] [stdout] help: if you meant to match on a variant or a `const` item, consider making the path in the pattern qualified: `path::to::ModOrType::WM_SYSKEYUP`
[INFO] [stdout]    --> /opt/rustwide/cargo-home/registry/src/github.com-1ecc6299db9ec823/native-windows-gui-1.0.12/src/win32/window.rs:575:49
[INFO] [stdout]     |
[INFO] [stdout] 575 |         WM_KEYDOWN | WM_KEYUP | WM_SYSKEYDOWN | WM_SYSKEYUP => {
[INFO] [stdout]     |                                                 ^^^^^^^^^^^
[INFO] [stdout] 
[INFO] [stdout] 
[INFO] [stdout] error[E0433]: failed to resolve: could not find `um` in `winapi`
[INFO] [stdout]    --> /opt/rustwide/cargo-home/registry/src/github.com-1ecc6299db9ec823/native-windows-gui-1.0.12/src/win32/window.rs:735:27
[INFO] [stdout]     |
[INFO] [stdout] 735 |         None => ::winapi::um::commctrl::DefSubclassProc(hwnd, msg, w, l)
[INFO] [stdout]     |                           ^^ could not find `um` in `winapi`
[INFO] [stdout] 
[INFO] [stdout] 
[INFO] [stdout] error[E0433]: failed to resolve: could not find `um` in `winapi`
[INFO] [stdout]    --> /opt/rustwide/cargo-home/registry/src/github.com-1ecc6299db9ec823/native-windows-gui-1.0.12/src/win32/window.rs:982:17
[INFO] [stdout]     |
[INFO] [stdout] 982 |         winapi::um::commctrl::WC_TREEVIEW => callback(tree_commands(code), tree_data(code, notif_raw), handle),
[INFO] [stdout]     |                 ^^ could not find `um` in `winapi`
[INFO] [stdout] 
[INFO] [stdout] 
[INFO] [stdout] error[E0433]: failed to resolve: could not find `um` in `winapi`
[INFO] [stdout]    --> /opt/rustwide/cargo-home/registry/src/github.com-1ecc6299db9ec823/native-windows-gui-1.0.12/src/win32/window.rs:983:17
[INFO] [stdout]     |
[INFO] [stdout] 983 |         winapi::um::commctrl::WC_LISTVIEW => callback(list_view_commands(code), list_view_data(code, notif_raw), handle),
[INFO] [stdout]     |                 ^^ could not find `um` in `winapi`
[INFO] [stdout] 
[INFO] [stdout] 
[INFO] [stdout] error[E0408]: variable `S_OK` is not bound in all patterns
[INFO] [stdout]    --> /opt/rustwide/cargo-home/registry/src/github.com-1ecc6299db9ec823/native-windows-gui-1.0.12/src/win32/mod.rs:189:16
[INFO] [stdout]     |
[INFO] [stdout] 189 |         S_OK | S_FALSE => Ok(()),
[INFO] [stdout]     |         ----   ^^^^^^^ pattern doesn't bind `S_OK`
[INFO] [stdout]     |         |
[INFO] [stdout]     |         variable not in all patterns
[INFO] [stdout]     |
[INFO] [stdout] help: if you meant to match on a variant or a `const` item, consider making the path in the pattern qualified: `path::to::ModOrType::S_OK`
[INFO] [stdout]    --> /opt/rustwide/cargo-home/registry/src/github.com-1ecc6299db9ec823/native-windows-gui-1.0.12/src/win32/mod.rs:189:9
[INFO] [stdout]     |
[INFO] [stdout] 189 |         S_OK | S_FALSE => Ok(()),
[INFO] [stdout]     |         ^^^^
[INFO] [stdout] 
[INFO] [stdout] 
[INFO] [stdout] error[E0408]: variable `S_FALSE` is not bound in all patterns
[INFO] [stdout]    --> /opt/rustwide/cargo-home/registry/src/github.com-1ecc6299db9ec823/native-windows-gui-1.0.12/src/win32/mod.rs:189:9
[INFO] [stdout]     |
[INFO] [stdout] 189 |         S_OK | S_FALSE => Ok(()),
[INFO] [stdout]     |         ^^^^   ------- variable not in all patterns
[INFO] [stdout]     |         |
[INFO] [stdout]     |         pattern doesn't bind `S_FALSE`
[INFO] [stdout]     |
[INFO] [stdout] help: if you meant to match on a variant or a `const` item, consider making the path in the pattern qualified: `path::to::ModOrType::S_FALSE`
[INFO] [stdout]    --> /opt/rustwide/cargo-home/registry/src/github.com-1ecc6299db9ec823/native-windows-gui-1.0.12/src/win32/mod.rs:189:16
[INFO] [stdout]     |
[INFO] [stdout] 189 |         S_OK | S_FALSE => Ok(()),
[INFO] [stdout]     |                ^^^^^^^
[INFO] [stdout] 
[INFO] [stdout] 
[INFO] [stdout] error[E0433]: failed to resolve: could not find `um` in `winapi`
[INFO] [stdout]    --> /opt/rustwide/cargo-home/registry/src/github.com-1ecc6299db9ec823/native-windows-gui-1.0.12/src/controls/text_input.rs:347:19
[INFO] [stdout]     |
[INFO] [stdout] 347 |         ::winapi::um::winuser::WS_VISIBLE
[INFO] [stdout]     |                   ^^ could not find `um` in `winapi`
[INFO] [stdout] 
[INFO] [stdout] 
[INFO] [stdout] error[E0433]: failed to resolve: could not find `um` in `winapi`
[INFO] [stdout]    --> /opt/rustwide/cargo-home/registry/src/github.com-1ecc6299db9ec823/native-windows-gui-1.0.12/src/controls/progress_bar.rs:295:19
[INFO] [stdout]     |
[INFO] [stdout] 295 |         ::winapi::um::winuser::WS_VISIBLE
[INFO] [stdout]     |                   ^^ could not find `um` in `winapi`
[INFO] [stdout] 
[INFO] [stdout] 
[INFO] [stdout] error[E0599]: no method named `encode_wide` found for reference `&OsStr` in the current scope
[INFO] [stdout]   --> /opt/rustwide/cargo-home/registry/src/github.com-1ecc6299db9ec823/native-windows-gui-1.0.12/src/win32/base_helper.rs:28:8
[INFO] [stdout]    |
[INFO] [stdout] 27 | /     OsStr::new(s)
[INFO] [stdout] 28 | |       .encode_wide()
[INFO] [stdout]    | |       -^^^^^^^^^^^ method not found in `&OsStr`
[INFO] [stdout]    | |_______|
[INFO] [stdout]    | 
[INFO] [stdout] 
[INFO] [stdout] 
[INFO] [stdout] error[E0599]: no function or associated item named `from_wide` found for struct `OsString` in the current scope
[INFO] [stdout]   --> /opt/rustwide/cargo-home/registry/src/github.com-1ecc6299db9ec823/native-windows-gui-1.0.12/src/win32/base_helper.rs:40:31
[INFO] [stdout]    |
[INFO] [stdout] 40 |     let os_string = OsString::from_wide(&s[0..null_index]);
[INFO] [stdout]    |                               ^^^^^^^^^ function or associated item not found in `OsString`
[INFO] [stdout] 
[INFO] [stdout] 
[INFO] [stdout] error[E0599]: no function or associated item named `from_wide` found for struct `OsString` in the current scope
[INFO] [stdout]    --> /opt/rustwide/cargo-home/registry/src/github.com-1ecc6299db9ec823/native-windows-gui-1.0.12/src/win32/base_helper.rs:109:35
[INFO] [stdout]     |
[INFO] [stdout] 109 |     let error_message = OsString::from_wide(&buf[..end])
[INFO] [stdout]     |                                   ^^^^^^^^^ function or associated item not found in `OsString`
[INFO] [stdout] 
[INFO] [stdout] 
[INFO] [stderr]     Checking idna v0.2.3
[INFO] [stdout] error[E0599]: no function or associated item named `from_wide` found for struct `OsString` in the current scope
[INFO] [stdout]    --> /opt/rustwide/cargo-home/registry/src/github.com-1ecc6299db9ec823/native-windows-gui-1.0.12/src/win32/window.rs:636:40
[INFO] [stdout]     |
[INFO] [stdout] 636 |             let class_name = OsString::from_wide(&class_name_raw[..count]).into_string().unwrap_or("".to_string());
[INFO] [stdout]     |                                        ^^^^^^^^^ function or associated item not found in `OsString`
[INFO] [stdout] 
[INFO] [stdout] 
[INFO] [stdout] error[E0599]: no function or associated item named `from_wide` found for struct `OsString` in the current scope
[INFO] [stdout]    --> /opt/rustwide/cargo-home/registry/src/github.com-1ecc6299db9ec823/native-windows-gui-1.0.12/src/win32/window.rs:974:32
[INFO] [stdout]     |
[INFO] [stdout] 974 |     let class_name = OsString::from_wide(&class_name_raw[..count]).into_string().unwrap_or("".to_string());
[INFO] [stdout]     |                                ^^^^^^^^^ function or associated item not found in `OsString`
[INFO] [stdout] 
[INFO] [stdout] 
[INFO] [stderr]     Checking bzip2 v0.4.3
[INFO] [stdout] error[E0599]: no function or associated item named `from_wide` found for struct `OsString` in the current scope
[INFO] [stdout]    --> /opt/rustwide/cargo-home/registry/src/github.com-1ecc6299db9ec823/native-windows-gui-1.0.12/src/controls/text_input.rs:325:23
[INFO] [stdout]     |
[INFO] [stdout] 325 |             OsString::from_wide(&placeholder_text).into_string().unwrap_or("".to_string())
[INFO] [stdout]     |                       ^^^^^^^^^ function or associated item not found in `OsString`
[INFO] [stdout] 
[INFO] [stdout] 
[INFO] [stdout] error: aborting due to 317 previous errors
[INFO] [stdout] 
[INFO] [stdout] 
[INFO] [stdout] Some errors have detailed explanations: E0408, E0432, E0433, E0599.
[INFO] [stdout] 
[INFO] [stdout] For more information about an error, try `rustc --explain E0408`.
[INFO] [stdout] 
[INFO] [stderr] error: could not compile `native-windows-gui` due to 318 previous errors
[INFO] [stderr] warning: build failed, waiting for other jobs to finish...
[INFO] running `Command { std: "docker" "inspect" "68bc306790a13edb31f0db8faec83d344bd4dd3914eccf6e88614ad1b4167b4a", kill_on_drop: false }`
[INFO] running `Command { std: "docker" "rm" "-f" "68bc306790a13edb31f0db8faec83d344bd4dd3914eccf6e88614ad1b4167b4a", kill_on_drop: false }`
[INFO] [stdout] 68bc306790a13edb31f0db8faec83d344bd4dd3914eccf6e88614ad1b4167b4a
