[INFO] cloning repository https://github.com/Luminarys/Nishikaku
[INFO] running `Command { std: "git" "-c" "credential.helper=" "-c" "credential.helper=/workspace/cargo-home/bin/git-credential-null" "clone" "--bare" "https://github.com/Luminarys/Nishikaku" "/workspace/cache/git-repos/https%3A%2F%2Fgithub.com%2FLuminarys%2FNishikaku", kill_on_drop: false }`
[INFO] [stderr] Cloning into bare repository '/workspace/cache/git-repos/https%3A%2F%2Fgithub.com%2FLuminarys%2FNishikaku'...
[INFO] running `Command { std: "git" "rev-parse" "HEAD", kill_on_drop: false }`
[INFO] [stdout] 68a80cb363aab0aa0be38be2c9be21bd7917c972
[INFO] documenting Luminarys/Nishikaku against beta-2023-04-20 for beta-1.70-rustdoc-1
[INFO] running `Command { std: "git" "clone" "/workspace/cache/git-repos/https%3A%2F%2Fgithub.com%2FLuminarys%2FNishikaku" "/workspace/builds/worker-6-tc2/source", kill_on_drop: false }`
[INFO] [stderr] Cloning into '/workspace/builds/worker-6-tc2/source'...
[INFO] [stderr] done.
[INFO] validating manifest of git repo https://github.com/Luminarys/Nishikaku on toolchain beta-2023-04-20
[INFO] running `Command { std: CARGO_HOME="/workspace/cargo-home" RUSTUP_HOME="/workspace/rustup-home" "/workspace/cargo-home/bin/cargo" "+beta-2023-04-20" "metadata" "--manifest-path" "Cargo.toml" "--no-deps", kill_on_drop: false }`
[INFO] removed /workspace/builds/worker-6-tc2/source/.cargo/config
[INFO] started tweaking git repo https://github.com/Luminarys/Nishikaku
[INFO] finished tweaking git repo https://github.com/Luminarys/Nishikaku
[INFO] tweaked toml for git repo https://github.com/Luminarys/Nishikaku written to /workspace/builds/worker-6-tc2/source/Cargo.toml
[INFO] crate git repo https://github.com/Luminarys/Nishikaku already has a lockfile, it will not be regenerated
[INFO] running `Command { std: CARGO_HOME="/workspace/cargo-home" RUSTUP_HOME="/workspace/rustup-home" "/workspace/cargo-home/bin/cargo" "+beta-2023-04-20" "fetch" "--manifest-path" "Cargo.toml", kill_on_drop: false }`
[INFO] [stderr]     Updating crates.io index
[INFO] [stderr]  Downloading crates ...
[INFO] [stderr]   Downloaded smallvec v0.1.7
[INFO] [stderr]   Downloaded num-complex v0.1.32
[INFO] [stderr]   Downloaded ncollide_utils v0.4.0
[INFO] [stderr]   Downloaded num v0.1.32
[INFO] [stderr]   Downloaded core-foundation v0.2.1
[INFO] [stderr]   Downloaded cocoa v0.3.2
[INFO] [stderr]   Downloaded glium_text v0.9.0
[INFO] [stderr]   Downloaded jpeg-decoder v0.1.4
[INFO] [stderr]   Downloaded gif v0.8.0
[INFO] [stderr]   Downloaded clock_ticks v0.1.0
[INFO] [stderr]   Downloaded filetime v0.1.10
[INFO] [stderr]   Downloaded cgl v0.1.4
[INFO] [stderr]   Downloaded fnv v1.0.3
[INFO] [stderr]   Downloaded inflate v0.1.1
[INFO] [stderr]   Downloaded cfg-if v0.1.0
[INFO] [stderr]   Downloaded num_cpus v0.2.12
[INFO] [stderr]   Downloaded flate2 v0.2.14
[INFO] [stderr]   Downloaded pkg-config v0.3.8
[INFO] [stderr]   Downloaded rayon v0.3.1
[INFO] [stderr]   Downloaded gdi32-sys v0.1.1
[INFO] [stderr]   Downloaded image v0.9.1
[INFO] [stderr]   Downloaded glutin v0.5.1
[INFO] [stderr]   Downloaded deque v0.3.1
[INFO] [stderr]   Downloaded objc v0.2.1
[INFO] [stderr]   Downloaded enum_primitive v0.1.0
[INFO] [stderr]   Downloaded glium v0.14.0
[INFO] [stderr]   Downloaded gcc v0.3.28
[INFO] [stderr]   Downloaded png v0.5.1
[INFO] [stderr]   Downloaded wayland-kbd v0.3.5
[INFO] [stderr]   Downloaded wayland-client v0.5.11
[INFO] [stderr]   Downloaded libc v0.2.11
[INFO] [stderr]   Downloaded winapi v0.2.7
[INFO] [stderr]   Downloaded khronos_api v1.0.0
[INFO] [stderr]   Downloaded ncollide_geometry v0.1.1
[INFO] [stderr]   Downloaded x11-dl v2.4.0
[INFO] [stderr]   Downloaded fs2 v0.2.4
[INFO] [stderr]   Downloaded backtrace-sys v0.1.4
[INFO] [stderr]   Downloaded freetype-sys v0.3.1
[INFO] [stderr]   Downloaded euclid v0.6.6
[INFO] [stderr]   Downloaded sdl2-sys v0.19.0
[INFO] [stderr]   Downloaded libz-sys v1.0.3
[INFO] [stderr]   Downloaded lazy_static v0.2.1
[INFO] [stderr]   Downloaded libloading v0.2.2
[INFO] [stderr]   Downloaded miniz-sys v0.1.7
[INFO] [stderr]   Downloaded gleam v0.2.18
[INFO] [stderr]   Downloaded core-foundation-sys v0.2.1
[INFO] [stderr]   Downloaded serde v0.7.4
[INFO] [stderr]   Downloaded osmesa-sys v0.0.5
[INFO] [stderr]   Downloaded shared_library v0.1.4
[INFO] [stderr]   Downloaded shell32-sys v0.1.1
[INFO] [stderr]   Downloaded user32-sys v0.1.2
[INFO] [stderr]   Downloaded memmap v0.2.3
[INFO] [stderr]   Downloaded byteorder v0.5.1
[INFO] [stderr]   Downloaded tempfile v2.1.3
[INFO] [stderr]   Downloaded crossbeam v0.2.9
[INFO] [stderr]   Downloaded bitflags v0.6.0
[INFO] [stderr]   Downloaded xml-rs v0.3.2
[INFO] [stderr]   Downloaded wayland-sys v0.5.11
[INFO] [stderr]   Downloaded wayland-window v0.2.3
[INFO] [stderr]   Downloaded num-rational v0.1.32
[INFO] [stderr]   Downloaded num-traits v0.1.32
[INFO] [stderr]   Downloaded ncollide_procedural v0.4.0
[INFO] [stderr]   Downloaded wayland-scanner v0.5.11
[INFO] [stderr]   Downloaded debug-builders v0.1.0
[INFO] [stderr]   Downloaded gl_generator v0.5.1
[INFO] [stderr]   Downloaded dlib v0.3.0
[INFO] [stderr]   Downloaded num-bigint v0.1.32
[INFO] [stderr]   Downloaded dylib v0.0.1
[INFO] [stderr]   Downloaded ncollide_math v0.4.0
[INFO] [stderr]   Downloaded nalgebra v0.8.2
[INFO] [stderr]   Downloaded sdl2 v0.19.0
[INFO] [stderr]   Downloaded backtrace v0.1.8
[INFO] [stderr]   Downloaded android_glue v0.1.3
[INFO] [stderr]   Downloaded dwmapi-sys v0.1.0
[INFO] [stderr]   Downloaded num-integer v0.1.32
[INFO] [stderr]   Downloaded core-graphics v0.3.0
[INFO] [stderr]   Downloaded imgui v0.0.9
[INFO] [stderr]   Downloaded tar v0.4.6
[INFO] [stderr]   Downloaded sdl2_mixer v0.18.0
[INFO] [stderr]   Downloaded imgui-sys v0.0.9
[INFO] running `Command { std: "docker" "create" "-v" "/var/lib/crater-agent-workspace/builds/worker-6-tc2/target:/opt/rustwide/target:rw,Z" "-v" "/var/lib/crater-agent-workspace/builds/worker-6-tc2/source:/opt/rustwide/workdir:ro,Z" "-v" "/var/lib/crater-agent-workspace/cargo-home:/opt/rustwide/cargo-home:ro,Z" "-v" "/var/lib/crater-agent-workspace/rustup-home:/opt/rustwide/rustup-home:ro,Z" "-e" "SOURCE_DIR=/opt/rustwide/workdir" "-e" "CARGO_TARGET_DIR=/opt/rustwide/target" "-e" "CARGO_HOME=/opt/rustwide/cargo-home" "-e" "RUSTUP_HOME=/opt/rustwide/rustup-home" "-w" "/opt/rustwide/workdir" "-m" "1610612736" "--user" "0:0" "--network" "none" "ghcr.io/rust-lang/crates-build-env/linux@sha256:5ff2268d62e97bff2cde7d5815dd6ed5b47097566f13b8d0ca110b04b60e07ed" "/opt/rustwide/cargo-home/bin/cargo" "+beta-2023-04-20" "metadata" "--no-deps" "--format-version=1", kill_on_drop: false }`
[INFO] [stdout] 8326eb3f57a0a80ca58a7a919dc23763bf4a37323aada1a4b24911914a89be25
[INFO] running `Command { std: "docker" "start" "-a" "8326eb3f57a0a80ca58a7a919dc23763bf4a37323aada1a4b24911914a89be25", kill_on_drop: false }`
[INFO] running `Command { std: "docker" "inspect" "8326eb3f57a0a80ca58a7a919dc23763bf4a37323aada1a4b24911914a89be25", kill_on_drop: false }`
[INFO] running `Command { std: "docker" "rm" "-f" "8326eb3f57a0a80ca58a7a919dc23763bf4a37323aada1a4b24911914a89be25", kill_on_drop: false }`
[INFO] [stdout] 8326eb3f57a0a80ca58a7a919dc23763bf4a37323aada1a4b24911914a89be25
[INFO] running `Command { std: "docker" "create" "-v" "/var/lib/crater-agent-workspace/builds/worker-6-tc2/target:/opt/rustwide/target:rw,Z" "-v" "/var/lib/crater-agent-workspace/builds/worker-6-tc2/source:/opt/rustwide/workdir:ro,Z" "-v" "/var/lib/crater-agent-workspace/cargo-home:/opt/rustwide/cargo-home:ro,Z" "-v" "/var/lib/crater-agent-workspace/rustup-home:/opt/rustwide/rustup-home:ro,Z" "-e" "SOURCE_DIR=/opt/rustwide/workdir" "-e" "CARGO_TARGET_DIR=/opt/rustwide/target" "-e" "CARGO_INCREMENTAL=0" "-e" "RUST_BACKTRACE=full" "-e" "RUSTFLAGS=--cap-lints=warn" "-e" "RUSTDOCFLAGS=--cap-lints=warn" "-e" "CARGO_HOME=/opt/rustwide/cargo-home" "-e" "RUSTUP_HOME=/opt/rustwide/rustup-home" "-w" "/opt/rustwide/workdir" "-m" "1610612736" "--user" "0:0" "--network" "none" "ghcr.io/rust-lang/crates-build-env/linux@sha256:5ff2268d62e97bff2cde7d5815dd6ed5b47097566f13b8d0ca110b04b60e07ed" "/opt/rustwide/cargo-home/bin/cargo" "+beta-2023-04-20" "doc" "--frozen" "--no-deps" "--document-private-items" "--message-format=json", kill_on_drop: false }`
[INFO] [stdout] 18de6d45e1271fdf6d1357d31a1f6e026f3079bfcec48d8d9cf79d26fc0b8e73
[INFO] running `Command { std: "docker" "start" "-a" "18de6d45e1271fdf6d1357d31a1f6e026f3079bfcec48d8d9cf79d26fc0b8e73", kill_on_drop: false }`
[INFO] [stderr]     Checking libc v0.2.11
[INFO] [stderr]    Compiling gcc v0.3.28
[INFO] [stderr]     Checking num-traits v0.1.32
[INFO] [stderr]    Compiling bitflags v0.6.0
[INFO] [stderr]     Checking winapi v0.2.7
[INFO] [stderr]     Checking rustc-serialize v0.3.19
[INFO] [stderr]     Checking lazy_static v0.2.1
[INFO] [stderr]    Compiling libloading v0.2.2
[INFO] [stderr]     Checking lazy_static v0.1.16
[INFO] [stderr]    Compiling log v0.3.6
[INFO] [stderr]    Compiling khronos_api v1.0.0
[INFO] [stderr]     Checking crossbeam v0.2.9
[INFO] [stderr]     Checking byteorder v0.5.1
[INFO] [stderr]    Compiling kernel32-sys v0.2.2
[INFO] [stderr]    Compiling tempfile v2.1.3
[INFO] [stderr]    Compiling dbghelp-sys v0.2.0
[INFO] [stderr]    Compiling xml-rs v0.3.2
[INFO] [stderr]    Compiling pkg-config v0.3.8
[INFO] [stderr]     Checking bitflags v0.3.3
[INFO] [stderr]     Checking debug-builders v0.1.0
[INFO] [stderr]     Checking cfg-if v0.1.0
[INFO] [stderr]    Compiling sdl2-sys v0.19.0
[INFO] [stderr]     Checking smallvec v0.1.7
[INFO] [stderr]     Checking rand v0.3.14
[INFO] [stderr]     Checking fs2 v0.2.4
[INFO] [stdout] error[E0642]: patterns aren't allowed in functions without bodies
[INFO] [stdout]    --> /opt/rustwide/cargo-home/registry/src/index.crates.io-6f17d22bba15001f/rustc-serialize-0.3.19/src/serialize.rs:147:45
[INFO] [stdout]     |
[INFO] [stdout] 147 | ...                   &f_name: &str,
[INFO] [stdout]     |                       ^^^^^^^ pattern not allowed in function without body
[INFO] [stdout] 
[INFO] [stdout] 
[INFO] [stderr]     Checking shared_library v0.1.4
[INFO] [stderr]     Checking dylib v0.0.1
[INFO] [stderr]     Checking num-integer v0.1.32
[INFO] [stderr]     Checking memmap v0.2.3
[INFO] [stderr]     Checking bitflags v0.7.0
[INFO] [stderr]     Checking num_cpus v0.2.12
[INFO] [stderr]     Checking dlib v0.3.0
[INFO] [stderr]     Checking x11-dl v2.4.0
[INFO] [stderr]     Checking color_quant v1.0.0
[INFO] [stderr]     Checking osmesa-sys v0.0.5
[INFO] [stderr]     Checking num-iter v0.1.32
[INFO] [stderr]     Checking lzw v0.10.0
[INFO] [stderr]     Checking wayland-sys v0.5.11
[INFO] [stderr]    Compiling filetime v0.1.10
[INFO] [stderr]     Checking inflate v0.1.1
[INFO] [stderr]     Checking libc v0.1.12
[INFO] [stderr]     Checking glob v0.2.11
[INFO] [stderr]     Checking fnv v1.0.3
[INFO] [stderr]    Compiling freetype-sys v0.3.1
[INFO] [stderr]    Compiling tar v0.4.6
[INFO] [stderr]    Compiling miniz-sys v0.1.7
[INFO] [stderr]    Compiling backtrace-sys v0.1.4
[INFO] [stderr]    Compiling libz-sys v1.0.3
[INFO] [stderr]    Compiling imgui-sys v0.0.9
[INFO] [stderr]    Compiling wayland-scanner v0.5.11
[INFO] [stderr]    Compiling gl_generator v0.5.1
[INFO] [stderr]     Checking gif v0.8.0
[INFO] [stderr]     Checking clock_ticks v0.1.0
[INFO] [stderr]     Checking deque v0.3.1
[INFO] [stderr]     Checking rayon v0.3.1
[INFO] [stdout] error[E0277]: the size for values of type `Self` cannot be known at compilation time
[INFO] [stdout]   --> /opt/rustwide/cargo-home/registry/src/index.crates.io-6f17d22bba15001f/rayon-0.3.1/src/par_iter/internal.rs:25:40
[INFO] [stdout]    |
[INFO] [stdout] 25 |     fn split_at(self, index: usize) -> (Self, Self);
[INFO] [stdout]    |                                        ^^^^^^^^^^^^ doesn't have a size known at compile-time
[INFO] [stdout]    |
[INFO] [stdout]    = note: only the last element of a tuple may have a dynamically sized type
[INFO] [stdout] help: consider further restricting `Self`
[INFO] [stdout]    |
[INFO] [stdout] 25 |     fn split_at(self, index: usize) -> (Self, Self) where Self: Sized;
[INFO] [stdout]    |                                                     +++++++++++++++++
[INFO] [stdout] 
[INFO] [stdout] 
[INFO] [stdout] error[E0277]: the size for values of type `Self` cannot be known at compilation time
[INFO] [stdout]   --> /opt/rustwide/cargo-home/registry/src/index.crates.io-6f17d22bba15001f/rayon-0.3.1/src/par_iter/internal.rs:42:40
[INFO] [stdout]    |
[INFO] [stdout] 42 |     fn split_at(self, index: usize) -> (Self, Self, Self::Reducer);
[INFO] [stdout]    |                                        ^^^^^^^^^^^^^^^^^^^^^^^^^^^ doesn't have a size known at compile-time
[INFO] [stdout]    |
[INFO] [stdout]    = note: only the last element of a tuple may have a dynamically sized type
[INFO] [stdout] help: consider further restricting `Self`
[INFO] [stdout]    |
[INFO] [stdout] 42 |     fn split_at(self, index: usize) -> (Self, Self, Self::Reducer) where Self: Sized;
[INFO] [stdout]    |                                                                    +++++++++++++++++
[INFO] [stdout] 
[INFO] [stdout] 
[INFO] [stdout] error: aborting due to 2 previous errors
[INFO] [stdout] 
[INFO] [stdout] 
[INFO] [stdout] For more information about this error, try `rustc --explain E0277`.
[INFO] [stdout] 
[INFO] [stderr] error: could not compile `rayon` (lib) due to 3 previous errors
[INFO] [stderr] warning: build failed, waiting for other jobs to finish...
[INFO] [stdout] error: aborting due to previous error
[INFO] [stdout] 
[INFO] [stdout] 
[INFO] [stdout] For more information about this error, try `rustc --explain E0642`.
[INFO] [stdout] 
[INFO] [stderr] error: could not compile `rustc-serialize` (lib) due to 2 previous errors; 1 warning emitted
[INFO] running `Command { std: "docker" "inspect" "18de6d45e1271fdf6d1357d31a1f6e026f3079bfcec48d8d9cf79d26fc0b8e73", kill_on_drop: false }`
[INFO] running `Command { std: "docker" "rm" "-f" "18de6d45e1271fdf6d1357d31a1f6e026f3079bfcec48d8d9cf79d26fc0b8e73", kill_on_drop: false }`
[INFO] [stdout] 18de6d45e1271fdf6d1357d31a1f6e026f3079bfcec48d8d9cf79d26fc0b8e73
