[INFO] cloning repository https://github.com/LinusCDE/rm-video-player
[INFO] running `Command { std: "git" "-c" "credential.helper=" "-c" "credential.helper=/workspace/cargo-home/bin/git-credential-null" "clone" "--bare" "https://github.com/LinusCDE/rm-video-player" "/workspace/cache/git-repos/https%3A%2F%2Fgithub.com%2FLinusCDE%2Frm-video-player", kill_on_drop: false }`
[INFO] [stderr] Cloning into bare repository '/workspace/cache/git-repos/https%3A%2F%2Fgithub.com%2FLinusCDE%2Frm-video-player'...
[INFO] running `Command { std: "git" "rev-parse" "HEAD", kill_on_drop: false }`
[INFO] [stdout] 06013d188b16b8d11c1a675bb81a97d792e10942
[INFO] documenting LinusCDE/rm-video-player against 1.69.0 for beta-1.70-rustdoc-1
[INFO] running `Command { std: "git" "clone" "/workspace/cache/git-repos/https%3A%2F%2Fgithub.com%2FLinusCDE%2Frm-video-player" "/workspace/builds/worker-5-tc1/source", kill_on_drop: false }`
[INFO] [stderr] Cloning into '/workspace/builds/worker-5-tc1/source'...
[INFO] [stderr] done.
[INFO] validating manifest of git repo https://github.com/LinusCDE/rm-video-player on toolchain 1.69.0
[INFO] running `Command { std: CARGO_HOME="/workspace/cargo-home" RUSTUP_HOME="/workspace/rustup-home" "/workspace/cargo-home/bin/cargo" "+1.69.0" "metadata" "--manifest-path" "Cargo.toml" "--no-deps", kill_on_drop: false }`
[INFO] removed /workspace/builds/worker-5-tc1/source/.cargo/config
[INFO] started tweaking git repo https://github.com/LinusCDE/rm-video-player
[INFO] finished tweaking git repo https://github.com/LinusCDE/rm-video-player
[INFO] tweaked toml for git repo https://github.com/LinusCDE/rm-video-player written to /workspace/builds/worker-5-tc1/source/Cargo.toml
[INFO] crate git repo https://github.com/LinusCDE/rm-video-player already has a lockfile, it will not be regenerated
[INFO] running `Command { std: CARGO_HOME="/workspace/cargo-home" RUSTUP_HOME="/workspace/rustup-home" "/workspace/cargo-home/bin/cargo" "+1.69.0" "fetch" "--manifest-path" "Cargo.toml", kill_on_drop: false }`
[INFO] [stderr]  Downloading crates ...
[INFO] [stderr]   Downloaded aabb-quadtree v0.1.0
[INFO] [stderr]   Downloaded ioctl-gen v0.1.1
[INFO] [stderr]   Downloaded atomic v0.4.6
[INFO] [stderr]   Downloaded evdev v0.10.1
[INFO] [stderr]   Downloaded hlua v0.4.1
[INFO] [stderr]   Downloaded lua52-sys v0.1.2
[INFO] [stderr]   Downloaded stopwatch v0.0.7
[INFO] [stderr]   Downloaded line_drawing v0.8.0
[INFO] [stderr]   Downloaded libremarkable v0.4.1
[INFO] running `Command { std: "docker" "create" "-v" "/var/lib/crater-agent-workspace/builds/worker-5-tc1/target:/opt/rustwide/target:rw,Z" "-v" "/var/lib/crater-agent-workspace/builds/worker-5-tc1/source:/opt/rustwide/workdir:ro,Z" "-v" "/var/lib/crater-agent-workspace/cargo-home:/opt/rustwide/cargo-home:ro,Z" "-v" "/var/lib/crater-agent-workspace/rustup-home:/opt/rustwide/rustup-home:ro,Z" "-e" "SOURCE_DIR=/opt/rustwide/workdir" "-e" "CARGO_TARGET_DIR=/opt/rustwide/target" "-e" "CARGO_HOME=/opt/rustwide/cargo-home" "-e" "RUSTUP_HOME=/opt/rustwide/rustup-home" "-w" "/opt/rustwide/workdir" "-m" "1610612736" "--user" "0:0" "--network" "none" "ghcr.io/rust-lang/crates-build-env/linux@sha256:5ff2268d62e97bff2cde7d5815dd6ed5b47097566f13b8d0ca110b04b60e07ed" "/opt/rustwide/cargo-home/bin/cargo" "+1.69.0" "metadata" "--no-deps" "--format-version=1", kill_on_drop: false }`
[INFO] [stdout] 2b96ecdfbad70783b18f95a35178fea8f9fd04d759d9a3e3d345e86817f2601a
[INFO] running `Command { std: "docker" "start" "-a" "2b96ecdfbad70783b18f95a35178fea8f9fd04d759d9a3e3d345e86817f2601a", kill_on_drop: false }`
[INFO] running `Command { std: "docker" "inspect" "2b96ecdfbad70783b18f95a35178fea8f9fd04d759d9a3e3d345e86817f2601a", kill_on_drop: false }`
[INFO] running `Command { std: "docker" "rm" "-f" "2b96ecdfbad70783b18f95a35178fea8f9fd04d759d9a3e3d345e86817f2601a", kill_on_drop: false }`
[INFO] [stdout] 2b96ecdfbad70783b18f95a35178fea8f9fd04d759d9a3e3d345e86817f2601a
[INFO] running `Command { std: "docker" "create" "-v" "/var/lib/crater-agent-workspace/builds/worker-5-tc1/target:/opt/rustwide/target:rw,Z" "-v" "/var/lib/crater-agent-workspace/builds/worker-5-tc1/source:/opt/rustwide/workdir:ro,Z" "-v" "/var/lib/crater-agent-workspace/cargo-home:/opt/rustwide/cargo-home:ro,Z" "-v" "/var/lib/crater-agent-workspace/rustup-home:/opt/rustwide/rustup-home:ro,Z" "-e" "SOURCE_DIR=/opt/rustwide/workdir" "-e" "CARGO_TARGET_DIR=/opt/rustwide/target" "-e" "CARGO_INCREMENTAL=0" "-e" "RUST_BACKTRACE=full" "-e" "RUSTFLAGS=--cap-lints=warn" "-e" "RUSTDOCFLAGS=--cap-lints=warn" "-e" "CARGO_HOME=/opt/rustwide/cargo-home" "-e" "RUSTUP_HOME=/opt/rustwide/rustup-home" "-w" "/opt/rustwide/workdir" "-m" "1610612736" "--user" "0:0" "--network" "none" "ghcr.io/rust-lang/crates-build-env/linux@sha256:5ff2268d62e97bff2cde7d5815dd6ed5b47097566f13b8d0ca110b04b60e07ed" "/opt/rustwide/cargo-home/bin/cargo" "+1.69.0" "doc" "--frozen" "--no-deps" "--document-private-items" "--message-format=json", kill_on_drop: false }`
[INFO] [stdout] 9d5722f91a1eaec9a30937fcf994f6f25ba5352e3ddba04acbcf14c4adfc9e8d
[INFO] running `Command { std: "docker" "start" "-a" "9d5722f91a1eaec9a30937fcf994f6f25ba5352e3ddba04acbcf14c4adfc9e8d", kill_on_drop: false }`
[INFO] [stderr]    Compiling autocfg v1.0.0
[INFO] [stderr]    Compiling libc v0.2.74
[INFO] [stderr]     Checking cfg-if v0.1.10
[INFO] [stderr]     Checking lazy_static v1.4.0
[INFO] [stderr]     Checking rand_core v0.4.2
[INFO] [stderr]    Compiling autocfg v0.1.7
[INFO] [stderr]    Compiling byteorder v1.3.4
[INFO] [stderr]    Compiling maybe-uninit v2.0.0
[INFO] [stderr]    Compiling proc-macro2 v0.4.30
[INFO] [stderr]    Compiling unicode-xid v0.1.0
[INFO] [stderr]     Checking rand_core v0.3.1
[INFO] [stderr]     Checking scopeguard v1.1.0
[INFO] [stderr]    Compiling rayon-core v1.7.1
[INFO] [stderr]    Compiling either v1.5.3
[INFO] [stderr]     Checking rustc-serialize v0.3.24
[INFO] [stderr]    Compiling num-traits v0.2.12
[INFO] [stderr]    Compiling num-integer v0.1.43
[INFO] [stderr]    Compiling crossbeam-utils v0.7.2
[INFO] [stderr]    Compiling memoffset v0.5.5
[INFO] [stderr]    Compiling crossbeam-epoch v0.8.2
[INFO] [stderr]    Compiling num-iter v0.1.41
[INFO] [stderr]     Checking rand v0.4.6
[INFO] [stderr]    Compiling jobserver v0.1.21
[INFO] [stderr]    Compiling cc v1.0.58
[INFO] [stderr]    Compiling itertools v0.9.0
[INFO] [stderr]    Compiling syn v0.15.44
[INFO] [stderr]    Compiling memchr v2.3.3
[INFO] [stderr]    Compiling bitflags v1.2.1
[INFO] [stderr]    Compiling glob v0.3.0
[INFO] [stderr]     Checking crossbeam-deque v0.7.3
[INFO] [stderr]    Compiling quote v0.6.13
[INFO] [stderr]     Checking crossbeam-queue v0.2.3
[INFO] [stderr]     Checking num_cpus v1.13.0
[INFO] [stderr]    Compiling rayon v1.3.1
[INFO] [stderr]     Checking num-bigint v0.1.44
[INFO] [stderr]    Compiling rand_chacha v0.1.1
[INFO] [stderr]    Compiling rand_pcg v0.1.2
[INFO] [stderr]     Checking adler32 v1.2.0
[INFO] [stderr]    Compiling pkg-config v0.3.18
[INFO] [stderr]    Compiling num-derive v0.2.5
[INFO] [stderr]    Compiling zstd-sys v1.4.17+zstd.1.4.5
[INFO] [stderr]     Checking num-complex v0.1.43
[INFO] [stderr]    Compiling num-rational v0.2.4
[INFO] [stderr]    Compiling rand v0.6.5
[INFO] [stderr]    Compiling log v0.4.11
[INFO] [stderr]    Compiling lua52-sys v0.1.2
[INFO] [stderr]     Checking num-rational v0.1.42
[INFO] [stderr]     Checking lzw v0.10.0
[INFO] [stderr]     Checking aho-corasick v0.7.13
[INFO] [stderr]     Checking num v0.1.42
[INFO] [stderr]     Checking inflate v0.4.5
[INFO] [stderr]     Checking deflate v0.7.20
[INFO] [stderr]     Checking approx v0.3.2
[INFO] [stderr]     Checking rand_os v0.1.3
[INFO] [stderr]     Checking rand_isaac v0.1.1
[INFO] [stderr]     Checking rand_xorshift v0.1.1
[INFO] [stderr]     Checking rand_hc v0.1.0
[INFO] [stderr]     Checking rand_jitter v0.1.4
[INFO] [stderr]     Checking thread_local v1.0.1
[INFO] [stderr]    Compiling cgmath v0.17.0
[INFO] [stderr]     Checking quick-error v1.2.3
[INFO] [stderr]     Checking color_quant v1.0.1
[INFO] [stderr]     Checking regex-syntax v0.6.18
[INFO] [stderr]     Checking void v1.0.2
[INFO] [stderr]     Checking remove_dir_all v0.5.3
[INFO] [stderr]     Checking bitflags v0.7.0
[INFO] [stderr]     Checking gif v0.10.3
[INFO] [stderr]     Checking tempdir v0.3.7
[INFO] [stderr]     Checking humantime v1.3.0
[INFO] [stderr]     Checking nix v0.8.1
[INFO] [stderr]     Checking png v0.14.1
[INFO] [stderr]     Checking ordered-float v1.1.0
[INFO] [stderr]     Checking num-traits v0.1.43
[INFO] [stderr]     Checking atty v0.2.14
[INFO] [stderr]     Checking stb_truetype v0.3.1
[INFO] [stderr]     Checking scoped_threadpool v0.1.9
[INFO] [stderr]     Checking bitflags v0.8.2
[INFO] [stderr]     Checking libc v0.1.12
[INFO] [stderr]     Checking termcolor v1.1.0
[INFO] [stderr]     Checking fnv v1.0.7
[INFO] [stderr]     Checking fixedbitset v0.1.9
[INFO] [stderr]     Checking jpeg-decoder v0.1.20
[INFO] [stderr]     Checking aabb-quadtree v0.1.0
[INFO] [stderr]     Checking mmap v0.1.1
[INFO] [stderr]     Checking rusttype v0.8.3
[INFO] [stderr]     Checking line_drawing v0.8.0
[INFO] [stderr]     Checking stopwatch v0.0.7
[INFO] [stderr]     Checking evdev v0.10.1
[INFO] [stderr]     Checking epoll v4.3.1
[INFO] [stderr]     Checking ioctl-gen v0.1.1
[INFO] [stderr]     Checking regex v1.3.9
[INFO] [stderr]     Checking atomic v0.4.6
[INFO] [stdout] error[E0557]: feature has been removed
[INFO] [stdout]   --> /opt/rustwide/cargo-home/registry/src/github.com-1ecc6299db9ec823/atomic-0.4.6/src/lib.rs:36:34
[INFO] [stdout]    |
[INFO] [stdout] 36 |     feature = "nightly", feature(const_fn, cfg_target_has_atomic, atomic_min_max)
[INFO] [stdout]    |                                  ^^^^^^^^ feature has been removed
[INFO] [stdout]    |
[INFO] [stdout]    = note: split into finer-grained feature gates
[INFO] [stdout] 
[INFO] [stdout] 
[INFO] [stdout] error[E0554]: `#![feature]` may not be used on the stable release channel
[INFO] [stdout]   --> /opt/rustwide/cargo-home/registry/src/github.com-1ecc6299db9ec823/atomic-0.4.6/src/lib.rs:36:26
[INFO] [stdout]    |
[INFO] [stdout] 36 |     feature = "nightly", feature(const_fn, cfg_target_has_atomic, atomic_min_max)
[INFO] [stdout]    |                          ^^^^^^^^^^^^^^^^^^^^^^^^^^^^^^^^^^^^^^^^^^^^^^^^^^^^^^^^
[INFO] [stdout] 
[INFO] [stdout] 
[INFO] [stdout] error[E0554]: `#![feature]` may not be used on the stable release channel
[INFO] [stdout]   --> /opt/rustwide/cargo-home/registry/src/github.com-1ecc6299db9ec823/atomic-0.4.6/src/lib.rs:36:67
[INFO] [stdout]    |
[INFO] [stdout] 36 |     feature = "nightly", feature(const_fn, cfg_target_has_atomic, atomic_min_max)
[INFO] [stdout]    |                                                                   ^^^^^^^^^^^^^^
[INFO] [stdout] 
[INFO] [stdout] 
[INFO] [stdout] error: aborting due to 3 previous errors
[INFO] [stdout] 
[INFO] [stdout] 
[INFO] [stdout] Some errors have detailed explanations: E0554, E0557.
[INFO] [stdout] 
[INFO] [stdout] For more information about an error, try `rustc --explain E0554`.
[INFO] [stdout] 
[INFO] [stderr] error: could not compile `atomic` due to 4 previous errors
[INFO] [stderr] warning: build failed, waiting for other jobs to finish...
[INFO] running `Command { std: "docker" "inspect" "9d5722f91a1eaec9a30937fcf994f6f25ba5352e3ddba04acbcf14c4adfc9e8d", kill_on_drop: false }`
[INFO] running `Command { std: "docker" "rm" "-f" "9d5722f91a1eaec9a30937fcf994f6f25ba5352e3ddba04acbcf14c4adfc9e8d", kill_on_drop: false }`
[INFO] [stdout] 9d5722f91a1eaec9a30937fcf994f6f25ba5352e3ddba04acbcf14c4adfc9e8d
