[INFO] cloning repository https://github.com/Licenser/rust-rdkafka-musl
[INFO] running `Command { std: "git" "-c" "credential.helper=" "-c" "credential.helper=/workspace/cargo-home/bin/git-credential-null" "clone" "--bare" "https://github.com/Licenser/rust-rdkafka-musl" "/workspace/cache/git-repos/https%3A%2F%2Fgithub.com%2FLicenser%2Frust-rdkafka-musl", kill_on_drop: false }`
[INFO] [stderr] Cloning into bare repository '/workspace/cache/git-repos/https%3A%2F%2Fgithub.com%2FLicenser%2Frust-rdkafka-musl'...
[INFO] running `Command { std: "git" "rev-parse" "HEAD", kill_on_drop: false }`
[INFO] [stdout] 3e3d8b2279bbd933356a04f27efeeb885d1924a5
[INFO] documenting Licenser/rust-rdkafka-musl against 1.69.0 for beta-1.70-rustdoc-1
[INFO] running `Command { std: "git" "clone" "/workspace/cache/git-repos/https%3A%2F%2Fgithub.com%2FLicenser%2Frust-rdkafka-musl" "/workspace/builds/worker-2-tc1/source", kill_on_drop: false }`
[INFO] [stderr] Cloning into '/workspace/builds/worker-2-tc1/source'...
[INFO] [stderr] done.
[INFO] validating manifest of git repo https://github.com/Licenser/rust-rdkafka-musl on toolchain 1.69.0
[INFO] running `Command { std: CARGO_HOME="/workspace/cargo-home" RUSTUP_HOME="/workspace/rustup-home" "/workspace/cargo-home/bin/cargo" "+1.69.0" "metadata" "--manifest-path" "Cargo.toml" "--no-deps", kill_on_drop: false }`
[INFO] started tweaking git repo https://github.com/Licenser/rust-rdkafka-musl
[INFO] finished tweaking git repo https://github.com/Licenser/rust-rdkafka-musl
[INFO] tweaked toml for git repo https://github.com/Licenser/rust-rdkafka-musl written to /workspace/builds/worker-2-tc1/source/Cargo.toml
[INFO] crate git repo https://github.com/Licenser/rust-rdkafka-musl already has a lockfile, it will not be regenerated
[INFO] running `Command { std: CARGO_HOME="/workspace/cargo-home" RUSTUP_HOME="/workspace/rustup-home" "/workspace/cargo-home/bin/cargo" "+1.69.0" "fetch" "--manifest-path" "Cargo.toml", kill_on_drop: false }`
[INFO] [stderr]  Downloading crates ...
[INFO] [stderr]   Downloaded cc v1.0.17
[INFO] [stderr]   Downloaded serde v1.0.66
[INFO] [stderr]   Downloaded quote v0.6.3
[INFO] [stderr]   Downloaded log v0.4.2
[INFO] [stderr]   Downloaded syn v0.14.2
[INFO] [stderr]   Downloaded proc-macro2 v0.4.6
[INFO] [stderr]   Downloaded serde_derive v1.0.66
[INFO] [stderr]   Downloaded serde_json v1.0.20
[INFO] [stderr]   Downloaded libz-sys v1.0.18
[INFO] [stderr]   Downloaded rdkafka v0.16.0
[INFO] [stderr]   Downloaded rdkafka-sys v0.11.4-0
[INFO] running `Command { std: "docker" "create" "-v" "/var/lib/crater-agent-workspace/builds/worker-2-tc1/target:/opt/rustwide/target:rw,Z" "-v" "/var/lib/crater-agent-workspace/builds/worker-2-tc1/source:/opt/rustwide/workdir:ro,Z" "-v" "/var/lib/crater-agent-workspace/cargo-home:/opt/rustwide/cargo-home:ro,Z" "-v" "/var/lib/crater-agent-workspace/rustup-home:/opt/rustwide/rustup-home:ro,Z" "-e" "SOURCE_DIR=/opt/rustwide/workdir" "-e" "CARGO_TARGET_DIR=/opt/rustwide/target" "-e" "CARGO_HOME=/opt/rustwide/cargo-home" "-e" "RUSTUP_HOME=/opt/rustwide/rustup-home" "-w" "/opt/rustwide/workdir" "-m" "1610612736" "--user" "0:0" "--network" "none" "ghcr.io/rust-lang/crates-build-env/linux@sha256:5ff2268d62e97bff2cde7d5815dd6ed5b47097566f13b8d0ca110b04b60e07ed" "/opt/rustwide/cargo-home/bin/cargo" "+1.69.0" "metadata" "--no-deps" "--format-version=1", kill_on_drop: false }`
[INFO] [stdout] 2f5a237ddc48a8c0eeec2c95e6099d330c9472f0e7cc122eb17ae2ba76a6e599
[INFO] running `Command { std: "docker" "start" "-a" "2f5a237ddc48a8c0eeec2c95e6099d330c9472f0e7cc122eb17ae2ba76a6e599", kill_on_drop: false }`
[INFO] running `Command { std: "docker" "inspect" "2f5a237ddc48a8c0eeec2c95e6099d330c9472f0e7cc122eb17ae2ba76a6e599", kill_on_drop: false }`
[INFO] running `Command { std: "docker" "rm" "-f" "2f5a237ddc48a8c0eeec2c95e6099d330c9472f0e7cc122eb17ae2ba76a6e599", kill_on_drop: false }`
[INFO] [stdout] 2f5a237ddc48a8c0eeec2c95e6099d330c9472f0e7cc122eb17ae2ba76a6e599
[INFO] running `Command { std: "docker" "create" "-v" "/var/lib/crater-agent-workspace/builds/worker-2-tc1/target:/opt/rustwide/target:rw,Z" "-v" "/var/lib/crater-agent-workspace/builds/worker-2-tc1/source:/opt/rustwide/workdir:ro,Z" "-v" "/var/lib/crater-agent-workspace/cargo-home:/opt/rustwide/cargo-home:ro,Z" "-v" "/var/lib/crater-agent-workspace/rustup-home:/opt/rustwide/rustup-home:ro,Z" "-e" "SOURCE_DIR=/opt/rustwide/workdir" "-e" "CARGO_TARGET_DIR=/opt/rustwide/target" "-e" "CARGO_INCREMENTAL=0" "-e" "RUST_BACKTRACE=full" "-e" "RUSTFLAGS=--cap-lints=warn" "-e" "RUSTDOCFLAGS=--cap-lints=warn" "-e" "CARGO_HOME=/opt/rustwide/cargo-home" "-e" "RUSTUP_HOME=/opt/rustwide/rustup-home" "-w" "/opt/rustwide/workdir" "-m" "1610612736" "--user" "0:0" "--network" "none" "ghcr.io/rust-lang/crates-build-env/linux@sha256:5ff2268d62e97bff2cde7d5815dd6ed5b47097566f13b8d0ca110b04b60e07ed" "/opt/rustwide/cargo-home/bin/cargo" "+1.69.0" "doc" "--frozen" "--no-deps" "--document-private-items" "--message-format=json", kill_on_drop: false }`
[INFO] [stdout] 9000c7bbbe5e19f21864e8254536c5d736d16b9f1aed75acd6d6ff19325ec9a8
[INFO] running `Command { std: "docker" "start" "-a" "9000c7bbbe5e19f21864e8254536c5d736d16b9f1aed75acd6d6ff19325ec9a8", kill_on_drop: false }`
[INFO] [stderr]    Compiling pkg-config v0.3.11
[INFO] [stderr]    Compiling cc v1.0.17
[INFO] [stderr]    Compiling libc v0.2.42
[INFO] [stderr]    Compiling unicode-xid v0.1.0
[INFO] [stderr]    Compiling serde v1.0.66
[INFO] [stderr]     Checking cfg-if v0.1.3
[INFO] [stderr]     Checking dtoa v0.4.2
[INFO] [stderr]     Checking itoa v0.4.1
[INFO] [stderr]     Checking futures v0.1.21
[INFO] [stderr]     Checking log v0.4.2
[INFO] [stderr]    Compiling proc-macro2 v0.4.6
[INFO] [stderr]     Checking log v0.3.9
[INFO] [stderr]    Compiling quote v0.6.3
[INFO] [stderr]    Compiling num_cpus v0.2.13
[INFO] [stderr]    Compiling syn v0.14.2
[INFO] [stderr]    Compiling rdkafka-sys v0.11.4-0
[INFO] [stderr]    Compiling libz-sys v1.0.18
[INFO] [stderr] error: failed to run custom build command for `rdkafka-sys v0.11.4-0`
[INFO] [stderr] note: To improve backtraces for build dependencies, set the CARGO_PROFILE_DEV_BUILD_OVERRIDE_DEBUG=true environment variable to enable debug information generation.
[INFO] [stderr] 
[INFO] [stderr] Caused by:
[INFO] [stderr]   process didn't exit successfully: `/opt/rustwide/target/debug/build/rdkafka-sys-9d55decd3994f80f/build-script-build` (exit status: 101)
[INFO] [stderr]   --- stdout
[INFO] [stderr]   Configuring librdkafka
[INFO] [stderr]   checking for OS or distribution... ok (Linux)
[INFO] [stderr]   checking for C compiler from CC env... failed
[INFO] [stderr]   checking for gcc (by command)... ok
[INFO] [stderr]   checking for C++ compiler from CXX env... failed
[INFO] [stderr]   checking for C++ compiler (g++)... ok
[INFO] [stderr]   checking executable ld... ok
[INFO] [stderr]   checking executable nm... ok
[INFO] [stderr]   checking executable objdump... ok
[INFO] [stderr]   checking executable strip... ok
[INFO] [stderr]   checking for pkgconfig (by command)... ok
[INFO] [stderr]   checking for install (by command)... ok
[INFO] [stderr]   checking for PIC (by compile)... failed (disable)
[INFO] [stderr]   checking for GNU-compatible linker options... failed
[INFO] [stderr]   checking for OSX linker options... failed
[INFO] [stderr]   checking for GNU linker-script ld flag... failed
[INFO] [stderr]   checking for Solaris linker-script ld flag... failed (ignore)
[INFO] [stderr]   checking for __atomic_32 (by compile)... failed
[INFO] [stderr]   checking for __atomic_32_lib (by compile)... failed
[INFO] [stderr]   checking for __sync_32 (by compile)... failed (disable)
[INFO] [stderr]   checking for __atomic_64 (by compile)... failed
[INFO] [stderr]   checking for __atomic_64_lib (by compile)... failed
[INFO] [stderr]   checking for __sync_64 (by compile)... failed (disable)
[INFO] [stderr]   checking for socket (by compile)... failed
[INFO] [stderr]   checking for socket_nsl (by compile)... failed (fail)
[INFO] [stderr]   parsing version '0x000b04ff'... ok (0.11.4)
[INFO] [stderr]   checking for librt (by pkg-config)... failed
[INFO] [stderr]   checking for librt (by compile)... failed
[INFO] [stderr]   checking for libpthread (by pkg-config)... failed
[INFO] [stderr]   checking for libpthread (by compile)... failed (fail)
[INFO] [stderr]   checking for libdl (by pkg-config)... failed
[INFO] [stderr]   checking for libdl (by compile)... failed (disable)
[INFO] [stderr]   checking for zlib (by pkg-config)... ok
[INFO] [stderr]   checking for zlib (by compile)... ok (cached)
[INFO] [stderr]   checking for libcrypto (by pkg-config)... ok
[INFO] [stderr]   checking for libcrypto (by compile)... ok (cached)
[INFO] [stderr]   checking for crc32chw (by compile)... failed (disable)
[INFO] [stderr]   checking for regex (by compile)... failed (disable)
[INFO] [stderr]   checking for strndup (by compile)... failed (disable)
[INFO] [stderr]   checking for strerror_r (by compile)... failed (disable)
[INFO] [stderr]   checking for pthread_setname_gnu (by compile)... failed (disable)
[INFO] [stderr]   checking for nm (by env NM)... ok (cached)
[INFO] [stderr] 
[INFO] [stderr] 
[INFO] [stderr] 
[INFO] [stderr] 
[INFO] [stderr]   --- stderr
[INFO] [stderr]   Building and linking librdkafka statically
[INFO] [stderr]   Running command: "./configure --disable-sasl --disable-ssl --disable-lz4 --enable-static" in dir: librdkafka
[INFO] [stderr]   mklove/modules/configure.base: line 611: config.log: Read-only file system
[INFO] [stderr]   mklove/modules/configure.base: line 611: config.log: Read-only file system
[INFO] [stderr]   mklove/modules/configure.base: line 611: config.log: Read-only file system
[INFO] [stderr]   mklove/modules/configure.base: line 611: config.log: Read-only file system
[INFO] [stderr]   mklove/modules/configure.base: line 611: config.log: Read-only file system
[INFO] [stderr]   mklove/modules/configure.base: line 611: config.log: Read-only file system
[INFO] [stderr]   mklove/modules/configure.base: line 611: config.log: Read-only file system
[INFO] [stderr]   mklove/modules/configure.base: line 611: config.log: Read-only file system
[INFO] [stderr]   mklove/modules/configure.base: line 611: config.log: Read-only file system
[INFO] [stderr]   mklove/modules/configure.base: line 611: config.log: Read-only file system
[INFO] [stderr]   mklove/modules/configure.base: line 611: config.log: Read-only file system
[INFO] [stderr]   mklove/modules/configure.base: line 611: config.log: Read-only file system
[INFO] [stderr]   mklove/modules/configure.base: line 611: config.log: Read-only file system
[INFO] [stderr]   ./configure: line 186: config.log: Read-only file system
[INFO] [stderr]   ./configure: line 187: config.log: Read-only file system
[INFO] [stderr]   mklove/modules/configure.base: line 611: config.log: Read-only file system
[INFO] [stderr]   mklove/modules/configure.base: line 611: config.log: Read-only file system
[INFO] [stderr]   mklove/modules/configure.base: line 611: config.log: Read-only file system
[INFO] [stderr]   mklove/modules/configure.base: line 611: config.log: Read-only file system
[INFO] [stderr]   mktemp: failed to create file via template '_mkltmpXXXXXX': Read-only file system
[INFO] [stderr]   mv: cannot stat '': No such file or directory
[INFO] [stderr]   mklove/modules/configure.base: line 953: .c: Read-only file system
[INFO] [stderr]   mklove/modules/configure.base: line 956: .c: Read-only file system
[INFO] [stderr]   mklove/modules/configure.base: line 611: config.log: Read-only file system
[INFO] [stderr]   mklove/modules/configure.base: line 611: config.log: Read-only file system
[INFO] [stderr]   mklove/modules/configure.base: line 611: config.log: Read-only file system
[INFO] [stderr]   mktemp: failed to create file via template '_mkltmpXXXXXX': Read-only file system
[INFO] [stderr]   mv: cannot stat '': No such file or directory
[INFO] [stderr]   mklove/modules/configure.base: line 953: .c: Read-only file system
[INFO] [stderr]   mklove/modules/configure.base: line 956: .c: Read-only file system
[INFO] [stderr]   mklove/modules/configure.base: line 611: config.log: Read-only file system
[INFO] [stderr]   mklove/modules/configure.base: line 611: config.log: Read-only file system
[INFO] [stderr]   mklove/modules/configure.base: line 611: config.log: Read-only file system
[INFO] [stderr]   mktemp: failed to create file via template '_mkltmpXXXXXX': Read-only file system
[INFO] [stderr]   mv: cannot stat '': No such file or directory
[INFO] [stderr]   mklove/modules/configure.base: line 953: .c: Read-only file system
[INFO] [stderr]   mklove/modules/configure.base: line 956: .c: Read-only file system
[INFO] [stderr]   mklove/modules/configure.base: line 611: config.log: Read-only file system
[INFO] [stderr]   mklove/modules/configure.base: line 611: config.log: Read-only file system
[INFO] [stderr]   mklove/modules/configure.base: line 611: config.log: Read-only file system
[INFO] [stderr]   mktemp: failed to create file via template '_mkltmpXXXXXX': Read-only file system
[INFO] [stderr]   mklove/modules/configure.base: line 693: $ldsfile: ambiguous redirect
[INFO] [stderr]   mktemp: failed to create file via template '_mkltmpXXXXXX': Read-only file system
[INFO] [stderr]   mv: cannot stat '': No such file or directory
[INFO] [stderr]   mklove/modules/configure.base: line 953: .c: Read-only file system
[INFO] [stderr]   mklove/modules/configure.base: line 956: .c: Read-only file system
[INFO] [stderr]   mklove/modules/configure.base: line 611: config.log: Read-only file system
[INFO] [stderr]   mklove/modules/configure.base: line 611: config.log: Read-only file system
[INFO] [stderr]   mklove/modules/configure.base: line 611: config.log: Read-only file system
[INFO] [stderr]   mktemp: failed to create file via template '_mkltmpXXXXXX': Read-only file system
[INFO] [stderr]   mv: cannot stat '': No such file or directory
[INFO] [stderr]   mklove/modules/configure.base: line 953: .c: Read-only file system
[INFO] [stderr]   mklove/modules/configure.base: line 956: .c: Read-only file system
[INFO] [stderr]   mklove/modules/configure.base: line 611: config.log: Read-only file system
[INFO] [stderr]   mklove/modules/configure.base: line 611: config.log: Read-only file system
[INFO] [stderr]   mklove/modules/configure.base: line 611: config.log: Read-only file system
[INFO] [stderr]   mktemp: failed to create file via template '_mkltmpXXXXXX': Read-only file system
[INFO] [stderr]   mv: cannot stat '': No such file or directory
[INFO] [stderr]   mklove/modules/configure.base: line 953: .c: Read-only file system
[INFO] [stderr]   mklove/modules/configure.base: line 956: .c: Read-only file system
[INFO] [stderr]   mklove/modules/configure.base: line 611: config.log: Read-only file system
[INFO] [stderr]   mklove/modules/configure.base: line 611: config.log: Read-only file system
[INFO] [stderr]   mklove/modules/configure.base: line 611: config.log: Read-only file system
[INFO] [stderr]   mktemp: failed to create file via template '_mkltmpXXXXXX': Read-only file system
[INFO] [stderr]   mv: cannot stat '': No such file or directory
[INFO] [stderr]   mklove/modules/configure.base: line 953: .c: Read-only file system
[INFO] [stderr]   mklove/modules/configure.base: line 956: .c: Read-only file system
[INFO] [stderr]   mklove/modules/configure.base: line 611: config.log: Read-only file system
[INFO] [stderr]   mklove/modules/configure.base: line 611: config.log: Read-only file system
[INFO] [stderr]   mklove/modules/configure.base: line 611: config.log: Read-only file system
[INFO] [stderr]   mktemp: failed to create file via template '_mkltmpXXXXXX': Read-only file system
[INFO] [stderr]   mv: cannot stat '': No such file or directory
[INFO] [stderr]   mklove/modules/configure.base: line 953: .c: Read-only file system
[INFO] [stderr]   mklove/modules/configure.base: line 956: .c: Read-only file system
[INFO] [stderr]   mklove/modules/configure.base: line 611: config.log: Read-only file system
[INFO] [stderr]   mklove/modules/configure.base: line 611: config.log: Read-only file system
[INFO] [stderr]   mklove/modules/configure.base: line 611: config.log: Read-only file system
[INFO] [stderr]   mktemp: failed to create file via template '_mkltmpXXXXXX': Read-only file system
[INFO] [stderr]   mv: cannot stat '': No such file or directory
[INFO] [stderr]   mklove/modules/configure.base: line 953: .c: Read-only file system
[INFO] [stderr]   mklove/modules/configure.base: line 956: .c: Read-only file system
[INFO] [stderr]   mklove/modules/configure.base: line 611: config.log: Read-only file system
[INFO] [stderr]   mklove/modules/configure.base: line 611: config.log: Read-only file system
[INFO] [stderr]   mklove/modules/configure.base: line 611: config.log: Read-only file system
[INFO] [stderr]   mktemp: failed to create file via template '_mkltmpXXXXXX': Read-only file system
[INFO] [stderr]   mv: cannot stat '': No such file or directory
[INFO] [stderr]   mklove/modules/configure.base: line 953: .c: Read-only file system
[INFO] [stderr]   mklove/modules/configure.base: line 956: .c: Read-only file system
[INFO] [stderr]   mklove/modules/configure.base: line 611: config.log: Read-only file system
[INFO] [stderr]   mklove/modules/configure.base: line 611: config.log: Read-only file system
[INFO] [stderr]   mklove/modules/configure.base: line 611: config.log: Read-only file system
[INFO] [stderr]   mktemp: failed to create file via template '_mkltmpXXXXXX': Read-only file system
[INFO] [stderr]   mv: cannot stat '': No such file or directory
[INFO] [stderr]   mklove/modules/configure.base: line 953: .c: Read-only file system
[INFO] [stderr]   mklove/modules/configure.base: line 956: .c: Read-only file system
[INFO] [stderr]   mklove/modules/configure.base: line 611: config.log: Read-only file system
[INFO] [stderr]   mklove/modules/configure.base: line 611: config.log: Read-only file system
[INFO] [stderr]   mklove/modules/configure.base: line 611: config.log: Read-only file system
[INFO] [stderr]   mktemp: failed to create file via template '_mkltmpXXXXXX': Read-only file system
[INFO] [stderr]   mv: cannot stat '': No such file or directory
[INFO] [stderr]   mklove/modules/configure.base: line 953: .c: Read-only file system
[INFO] [stderr]   mklove/modules/configure.base: line 956: .c: Read-only file system
[INFO] [stderr]   mklove/modules/configure.base: line 611: config.log: Read-only file system
[INFO] [stderr]   mklove/modules/configure.base: line 611: config.log: Read-only file system
[INFO] [stderr]   mklove/modules/configure.base: line 611: config.log: Read-only file system
[INFO] [stderr]   mktemp: failed to create file via template '_mkltmpXXXXXX': Read-only file system
[INFO] [stderr]   mv: cannot stat '': No such file or directory
[INFO] [stderr]   mklove/modules/configure.base: line 953: .c: Read-only file system
[INFO] [stderr]   mklove/modules/configure.base: line 956: .c: Read-only file system
[INFO] [stderr]   mklove/modules/configure.base: line 611: config.log: Read-only file system
[INFO] [stderr]   mklove/modules/configure.base: line 611: config.log: Read-only file system
[INFO] [stderr]   mklove/modules/configure.base: line 611: config.log: Read-only file system
[INFO] [stderr]   mklove/modules/configure.base: line 611: config.log: Read-only file system
[INFO] [stderr]   mklove/modules/configure.base: line 611: config.log: Read-only file system
[INFO] [stderr]   mklove/modules/configure.base: line 611: config.log: Read-only file system
[INFO] [stderr]   mktemp: failed to create file via template '_mkltmpXXXXXX': Read-only file system
[INFO] [stderr]   mv: cannot stat '': No such file or directory
[INFO] [stderr]   mklove/modules/configure.base: line 953: .c: Read-only file system
[INFO] [stderr]   mklove/modules/configure.base: line 956: .c: Read-only file system
[INFO] [stderr]   mklove/modules/configure.base: line 611: config.log: Read-only file system
[INFO] [stderr]   mklove/modules/configure.base: line 611: config.log: Read-only file system
[INFO] [stderr]   mklove/modules/configure.base: line 611: config.log: Read-only file system
[INFO] [stderr]   mklove/modules/configure.base: line 611: config.log: Read-only file system
[INFO] [stderr]   mklove/modules/configure.base: line 611: config.log: Read-only file system
[INFO] [stderr]   mklove/modules/configure.base: line 611: config.log: Read-only file system
[INFO] [stderr]   mktemp: failed to create file via template '_mkltmpXXXXXX': Read-only file system
[INFO] [stderr]   mv: cannot stat '': No such file or directory
[INFO] [stderr]   mklove/modules/configure.base: line 953: .c: Read-only file system
[INFO] [stderr]   mklove/modules/configure.base: line 956: .c: Read-only file system
[INFO] [stderr]   mklove/modules/configure.base: line 611: config.log: Read-only file system
[INFO] [stderr]   mklove/modules/configure.base: line 611: config.log: Read-only file system
[INFO] [stderr]   mklove/modules/configure.base: line 611: config.log: Read-only file system
[INFO] [stderr]   mklove/modules/configure.base: line 611: config.log: Read-only file system
[INFO] [stderr]   mklove/modules/configure.base: line 611: config.log: Read-only file system
[INFO] [stderr]   mklove/modules/configure.base: line 611: config.log: Read-only file system
[INFO] [stderr]   mktemp: failed to create file via template '_mkltmpXXXXXX': Read-only file system
[INFO] [stderr]   mv: cannot stat '': No such file or directory
[INFO] [stderr]   mklove/modules/configure.base: line 953: .c: Read-only file system
[INFO] [stderr]   mklove/modules/configure.base: line 956: .c: Read-only file system
[INFO] [stderr]   mklove/modules/configure.base: line 611: config.log: Read-only file system
[INFO] [stderr]   mklove/modules/configure.base: line 611: config.log: Read-only file system
[INFO] [stderr]   mklove/modules/configure.base: line 611: config.log: Read-only file system
[INFO] [stderr]   mklove/modules/configure.base: line 611: config.log: Read-only file system
[INFO] [stderr]   mklove/modules/configure.base: line 611: config.log: Read-only file system
[INFO] [stderr]   mktemp: failed to create file via template '_mkltmpXXXXXX': Read-only file system
[INFO] [stderr]   mv: cannot stat '': No such file or directory
[INFO] [stderr]   mklove/modules/configure.base: line 953: .c: Read-only file system
[INFO] [stderr]   mklove/modules/configure.base: line 956: .c: Read-only file system
[INFO] [stderr]   mklove/modules/configure.base: line 611: config.log: Read-only file system
[INFO] [stderr]   mklove/modules/configure.base: line 611: config.log: Read-only file system
[INFO] [stderr]   mklove/modules/configure.base: line 611: config.log: Read-only file system
[INFO] [stderr]   mktemp: failed to create file via template '_mkltmpXXXXXX': Read-only file system
[INFO] [stderr]   mv: cannot stat '': No such file or directory
[INFO] [stderr]   mklove/modules/configure.base: line 953: .c: Read-only file system
[INFO] [stderr]   mklove/modules/configure.base: line 956: .c: Read-only file system
[INFO] [stderr]   mklove/modules/configure.base: line 611: config.log: Read-only file system
[INFO] [stderr]   mklove/modules/configure.base: line 611: config.log: Read-only file system
[INFO] [stderr]   mklove/modules/configure.base: line 611: config.log: Read-only file system
[INFO] [stderr]   mktemp: failed to create file via template '_mkltmpXXXXXX': Read-only file system
[INFO] [stderr]   mv: cannot stat '': No such file or directory
[INFO] [stderr]   mklove/modules/configure.base: line 953: .c: Read-only file system
[INFO] [stderr]   mklove/modules/configure.base: line 956: .c: Read-only file system
[INFO] [stderr]   mklove/modules/configure.base: line 611: config.log: Read-only file system
[INFO] [stderr]   mklove/modules/configure.base: line 611: config.log: Read-only file system
[INFO] [stderr]   mklove/modules/configure.base: line 611: config.log: Read-only file system
[INFO] [stderr]   mktemp: failed to create file via template '_mkltmpXXXXXX': Read-only file system
[INFO] [stderr]   mv: cannot stat '': No such file or directory
[INFO] [stderr]   mklove/modules/configure.base: line 953: .c: Read-only file system
[INFO] [stderr]   mklove/modules/configure.base: line 956: .c: Read-only file system
[INFO] [stderr]   mklove/modules/configure.base: line 611: config.log: Read-only file system
[INFO] [stderr]   mklove/modules/configure.base: line 611: config.log: Read-only file system
[INFO] [stderr]   mklove/modules/configure.base: line 611: config.log: Read-only file system
[INFO] [stderr]   mktemp: failed to create file via template '_mkltmpXXXXXX': Read-only file system
[INFO] [stderr]   mv: cannot stat '': No such file or directory
[INFO] [stderr]   mklove/modules/configure.base: line 953: .c: Read-only file system
[INFO] [stderr]   mklove/modules/configure.base: line 956: .c: Read-only file system
[INFO] [stderr]   mklove/modules/configure.base: line 611: config.log: Read-only file system
[INFO] [stderr]   mklove/modules/configure.base: line 611: config.log: Read-only file system
[INFO] [stderr]   mklove/modules/configure.base: line 611: config.log: Read-only file system
[INFO] [stderr]   ###########################################################
[INFO] [stderr]   mklove/modules/configure.base: line 620: config.log: Read-only file system
[INFO] [stderr]   ###                  Configure failed                   ###
[INFO] [stderr]   mklove/modules/configure.base: line 620: config.log: Read-only file system
[INFO] [stderr]   ###########################################################
[INFO] [stderr]   mklove/modules/configure.base: line 620: config.log: Read-only file system
[INFO] [stderr]   ### Accumulated failures:                               ###
[INFO] [stderr]   mklove/modules/configure.base: line 620: config.log: Read-only file system
[INFO] [stderr]   ###########################################################
[INFO] [stderr]   mklove/modules/configure.base: line 620: config.log: Read-only file system
[INFO] [stderr]    socket_nsl () 
[INFO] [stderr]   mklove/modules/configure.base: line 620: config.log: Read-only file system
[INFO] [stderr]       module: socket
[INFO] [stderr]   mklove/modules/configure.base: line 628: config.log: Read-only file system
[INFO] [stderr]       action: fail
[INFO] [stderr]   mklove/modules/configure.base: line 628: config.log: Read-only file system
[INFO] [stderr]       reason:
[INFO] [stderr]   compile check failed:
[INFO] [stderr]   CC: CC
[INFO] [stderr]   flags: 
[INFO] [stderr]   gcc  -g -O2 -Wall -Wsign-compare -Wfloat-equal -Wpointer-arith -Wcast-align -Wall -Werror .c -o .c.o -lsocket -lnsl  :
[INFO] [stderr]   /usr/bin/ld: cannot open output file .c.o: Read-only file system
[INFO] [stderr]   collect2: error: ld returned 1 exit status
[INFO] [stderr]   source: 
[INFO] [stderr]   #include <sys/types.h>
[INFO] [stderr]   #include <sys/socket.h>
[INFO] [stderr]   #include <unistd.h>
[INFO] [stderr]   void foo (void) {
[INFO] [stderr]      int s = socket(0, 0, 0);
[INFO] [stderr]      close(s);
[INFO] [stderr]   }
[INFO] [stderr] 
[INFO] [stderr]   mklove/modules/configure.base: line 628: config.log: Read-only file system
[INFO] [stderr]    libpthread () 
[INFO] [stderr]   mklove/modules/configure.base: line 620: config.log: Read-only file system
[INFO] [stderr]       module: librdkafka
[INFO] [stderr]   mklove/modules/configure.base: line 628: config.log: Read-only file system
[INFO] [stderr]       action: fail
[INFO] [stderr]   mklove/modules/configure.base: line 628: config.log: Read-only file system
[INFO] [stderr]       reason:
[INFO] [stderr]   compile check failed:
[INFO] [stderr]   CC: CC
[INFO] [stderr]   flags: -lpthread
[INFO] [stderr]   gcc  -g -O2 -Wall -Wsign-compare -Wfloat-equal -Wpointer-arith -Wcast-align -Wall -Werror .c -o .c.o   -lpthread:
[INFO] [stderr]   /usr/bin/ld: cannot open output file .c.o: Read-only file system
[INFO] [stderr]   collect2: error: ld returned 1 exit status
[INFO] [stderr]   source: #include <pthread.h>
[INFO] [stderr] 
[INFO] [stderr]   mklove/modules/configure.base: line 628: config.log: Read-only file system
[INFO] [stderr]   thread 'main' panicked at 'Command failed with error code 1', /opt/rustwide/cargo-home/registry/src/github.com-1ecc6299db9ec823/rdkafka-sys-0.11.4-0/build.rs:23:35
[INFO] [stderr]   stack backtrace:
[INFO] [stderr]      0:     0x5596d5d9545a - std::backtrace_rs::backtrace::libunwind::trace::ha9053a9a07ca49cb
[INFO] [stderr]                                  at /rustc/84c898d65adf2f39a5a98507f1fe0ce10a2b8dbc/library/std/src/../../backtrace/src/backtrace/libunwind.rs:93:5
[INFO] [stderr]      1:     0x5596d5d9545a - std::backtrace_rs::backtrace::trace_unsynchronized::h9c2852a457ad564e
[INFO] [stderr]                                  at /rustc/84c898d65adf2f39a5a98507f1fe0ce10a2b8dbc/library/std/src/../../backtrace/src/backtrace/mod.rs:66:5
[INFO] [stderr]      2:     0x5596d5d9545a - std::sys_common::backtrace::_print_fmt::h457936fbfaa0070f
[INFO] [stderr]                                  at /rustc/84c898d65adf2f39a5a98507f1fe0ce10a2b8dbc/library/std/src/sys_common/backtrace.rs:65:5
[INFO] [stderr]      3:     0x5596d5d9545a - <std::sys_common::backtrace::_print::DisplayBacktrace as core::fmt::Display>::fmt::h5779d7bf7f70cb0c
[INFO] [stderr]                                  at /rustc/84c898d65adf2f39a5a98507f1fe0ce10a2b8dbc/library/std/src/sys_common/backtrace.rs:44:22
[INFO] [stderr]      4:     0x5596d5db3d2e - core::fmt::write::h5a4baaff1bcd3eb5
[INFO] [stderr]                                  at /rustc/84c898d65adf2f39a5a98507f1fe0ce10a2b8dbc/library/core/src/fmt/mod.rs:1232:17
[INFO] [stderr]      5:     0x5596d5d92b35 - std::io::Write::write_fmt::h4bc1f301cb9e9cce
[INFO] [stderr]                                  at /rustc/84c898d65adf2f39a5a98507f1fe0ce10a2b8dbc/library/std/src/io/mod.rs:1684:15
[INFO] [stderr]      6:     0x5596d5d95225 - std::sys_common::backtrace::_print::h5fcdc36060f177e8
[INFO] [stderr]                                  at /rustc/84c898d65adf2f39a5a98507f1fe0ce10a2b8dbc/library/std/src/sys_common/backtrace.rs:47:5
[INFO] [stderr]      7:     0x5596d5d95225 - std::sys_common::backtrace::print::h54ca9458b876c8bf
[INFO] [stderr]                                  at /rustc/84c898d65adf2f39a5a98507f1fe0ce10a2b8dbc/library/std/src/sys_common/backtrace.rs:34:9
[INFO] [stderr]      8:     0x5596d5d96a9f - std::panicking::default_hook::{{closure}}::hbe471161c7664ed6
[INFO] [stderr]                                  at /rustc/84c898d65adf2f39a5a98507f1fe0ce10a2b8dbc/library/std/src/panicking.rs:271:22
[INFO] [stderr]      9:     0x5596d5d967db - std::panicking::default_hook::ha3500da57aa4ac4f
[INFO] [stderr]                                  at /rustc/84c898d65adf2f39a5a98507f1fe0ce10a2b8dbc/library/std/src/panicking.rs:290:9
[INFO] [stderr]     10:     0x5596d5d97048 - std::panicking::rust_panic_with_hook::h50c09d000dc561d2
[INFO] [stderr]                                  at /rustc/84c898d65adf2f39a5a98507f1fe0ce10a2b8dbc/library/std/src/panicking.rs:692:13
[INFO] [stderr]     11:     0x5596d5d96f49 - std::panicking::begin_panic_handler::{{closure}}::h9e2b2176e00e0d9c
[INFO] [stderr]                                  at /rustc/84c898d65adf2f39a5a98507f1fe0ce10a2b8dbc/library/std/src/panicking.rs:583:13
[INFO] [stderr]     12:     0x5596d5d958c6 - std::sys_common::backtrace::__rust_end_short_backtrace::h5739b8e512c09d02
[INFO] [stderr]                                  at /rustc/84c898d65adf2f39a5a98507f1fe0ce10a2b8dbc/library/std/src/sys_common/backtrace.rs:150:18
[INFO] [stderr]     13:     0x5596d5d96c52 - rust_begin_unwind
[INFO] [stderr]                                  at /rustc/84c898d65adf2f39a5a98507f1fe0ce10a2b8dbc/library/std/src/panicking.rs:579:5
[INFO] [stderr]     14:     0x5596d5d53383 - core::panicking::panic_fmt::hf33a1475b4dc5c3e
[INFO] [stderr]                                  at /rustc/84c898d65adf2f39a5a98507f1fe0ce10a2b8dbc/library/core/src/panicking.rs:64:14
[INFO] [stderr]     15:     0x5596d5d5580e - build_script_build::run_command_or_fail::hab84d74668ea36df
[INFO] [stderr]     16:     0x5596d5d5643c - build_script_build::build_librdkafka::h9425c41442cf94ce
[INFO] [stderr]     17:     0x5596d5d56098 - build_script_build::main::h169a88d1e0724568
[INFO] [stderr]     18:     0x5596d5d56ad3 - core::ops::function::FnOnce::call_once::hc41e1e831ce0c2c7
[INFO] [stderr]     19:     0x5596d5d56c29 - std::sys_common::backtrace::__rust_begin_short_backtrace::h3318846d92dc5164
[INFO] [stderr]     20:     0x5596d5d56c09 - std::rt::lang_start::{{closure}}::hdbeddc5c8c1e420d
[INFO] [stderr]     21:     0x5596d5d8faec - core::ops::function::impls::<impl core::ops::function::FnOnce<A> for &F>::call_once::hd6efcd3bec896f2c
[INFO] [stderr]                                  at /rustc/84c898d65adf2f39a5a98507f1fe0ce10a2b8dbc/library/core/src/ops/function.rs:287:13
[INFO] [stderr]     22:     0x5596d5d8faec - std::panicking::try::do_call::hce04e543bb1f4cbb
[INFO] [stderr]                                  at /rustc/84c898d65adf2f39a5a98507f1fe0ce10a2b8dbc/library/std/src/panicking.rs:487:40
[INFO] [stderr]     23:     0x5596d5d8faec - std::panicking::try::h3342dd4e1f680968
[INFO] [stderr]                                  at /rustc/84c898d65adf2f39a5a98507f1fe0ce10a2b8dbc/library/std/src/panicking.rs:451:19
[INFO] [stderr]     24:     0x5596d5d8faec - std::panic::catch_unwind::h148ce1e59ac0cee7
[INFO] [stderr]                                  at /rustc/84c898d65adf2f39a5a98507f1fe0ce10a2b8dbc/library/std/src/panic.rs:140:14
[INFO] [stderr]     25:     0x5596d5d8faec - std::rt::lang_start_internal::{{closure}}::h25f9dda2057a67fe
[INFO] [stderr]                                  at /rustc/84c898d65adf2f39a5a98507f1fe0ce10a2b8dbc/library/std/src/rt.rs:148:48
[INFO] [stderr]     26:     0x5596d5d8faec - std::panicking::try::do_call::h7caaaeaf9401650b
[INFO] [stderr]                                  at /rustc/84c898d65adf2f39a5a98507f1fe0ce10a2b8dbc/library/std/src/panicking.rs:487:40
[INFO] [stderr]     27:     0x5596d5d8faec - std::panicking::try::he7d15285746cbbc2
[INFO] [stderr]                                  at /rustc/84c898d65adf2f39a5a98507f1fe0ce10a2b8dbc/library/std/src/panicking.rs:451:19
[INFO] [stderr]     28:     0x5596d5d8faec - std::panic::catch_unwind::h89fb4f50c0301fe0
[INFO] [stderr]                                  at /rustc/84c898d65adf2f39a5a98507f1fe0ce10a2b8dbc/library/std/src/panic.rs:140:14
[INFO] [stderr]     29:     0x5596d5d8faec - std::rt::lang_start_internal::h078acd489417d3c1
[INFO] [stderr]                                  at /rustc/84c898d65adf2f39a5a98507f1fe0ce10a2b8dbc/library/std/src/rt.rs:148:20
[INFO] [stderr]     30:     0x5596d5d56be7 - std::rt::lang_start::h7266787264b665aa
[INFO] [stderr]     31:     0x5596d5d56725 - main
[INFO] [stderr]     32:     0x7f8a52927d90 - <unknown>
[INFO] [stderr]     33:     0x7f8a52927e40 - __libc_start_main
[INFO] [stderr]     34:     0x5596d5d538b5 - _start
[INFO] [stderr]     35:                0x0 - <unknown>
[INFO] [stderr] warning: build failed, waiting for other jobs to finish...
[INFO] running `Command { std: "docker" "inspect" "9000c7bbbe5e19f21864e8254536c5d736d16b9f1aed75acd6d6ff19325ec9a8", kill_on_drop: false }`
[INFO] running `Command { std: "docker" "rm" "-f" "9000c7bbbe5e19f21864e8254536c5d736d16b9f1aed75acd6d6ff19325ec9a8", kill_on_drop: false }`
[INFO] [stdout] 9000c7bbbe5e19f21864e8254536c5d736d16b9f1aed75acd6d6ff19325ec9a8
