[INFO] cloning repository https://github.com/Lary15/embedded-msp430
[INFO] running `Command { std: "git" "-c" "credential.helper=" "-c" "credential.helper=/workspace/cargo-home/bin/git-credential-null" "clone" "--bare" "https://github.com/Lary15/embedded-msp430" "/workspace/cache/git-repos/https%3A%2F%2Fgithub.com%2FLary15%2Fembedded-msp430", kill_on_drop: false }`
[INFO] [stderr] Cloning into bare repository '/workspace/cache/git-repos/https%3A%2F%2Fgithub.com%2FLary15%2Fembedded-msp430'...
[INFO] running `Command { std: "git" "rev-parse" "HEAD", kill_on_drop: false }`
[INFO] [stdout] 4037ad6b512cee44c6f233f4cb776430123beeda
[INFO] documenting Lary15/embedded-msp430/4037ad6b512cee44c6f233f4cb776430123beeda against beta-2023-04-20 for beta-1.70-rustdoc-1
[INFO] running `Command { std: "git" "clone" "/workspace/cache/git-repos/https%3A%2F%2Fgithub.com%2FLary15%2Fembedded-msp430" "/workspace/builds/worker-4-tc2/source", kill_on_drop: false }`
[INFO] [stderr] Cloning into '/workspace/builds/worker-4-tc2/source'...
[INFO] [stderr] done.
[INFO] validating manifest of git repo https://github.com/Lary15/embedded-msp430 on toolchain beta-2023-04-20
[INFO] running `Command { std: CARGO_HOME="/workspace/cargo-home" RUSTUP_HOME="/workspace/rustup-home" "/workspace/cargo-home/bin/cargo" "+beta-2023-04-20" "metadata" "--manifest-path" "Cargo.toml" "--no-deps", kill_on_drop: false }`
[INFO] removed /workspace/builds/worker-4-tc2/source/.cargo/config
[INFO] started tweaking git repo https://github.com/Lary15/embedded-msp430
[INFO] finished tweaking git repo https://github.com/Lary15/embedded-msp430
[INFO] tweaked toml for git repo https://github.com/Lary15/embedded-msp430 written to /workspace/builds/worker-4-tc2/source/Cargo.toml
[INFO] crate git repo https://github.com/Lary15/embedded-msp430 already has a lockfile, it will not be regenerated
[INFO] running `Command { std: CARGO_HOME="/workspace/cargo-home" RUSTUP_HOME="/workspace/rustup-home" "/workspace/cargo-home/bin/cargo" "+beta-2023-04-20" "fetch" "--manifest-path" "Cargo.toml", kill_on_drop: false }`
[INFO] [stderr]     Updating crates.io index
[INFO] [stderr]  Downloading crates ...
[INFO] [stderr]   Downloaded panic-msp430 v0.2.0
[INFO] [stderr]   Downloaded msp430 v0.2.2
[INFO] [stderr]   Downloaded msp430-rt v0.2.5
[INFO] [stderr]   Downloaded peripherals v0.1.1
[INFO] [stderr]   Downloaded msp430-rt-macros v0.2.4
[INFO] running `Command { std: "docker" "create" "-v" "/var/lib/crater-agent-workspace/builds/worker-4-tc2/target:/opt/rustwide/target:rw,Z" "-v" "/var/lib/crater-agent-workspace/builds/worker-4-tc2/source:/opt/rustwide/workdir:ro,Z" "-v" "/var/lib/crater-agent-workspace/cargo-home:/opt/rustwide/cargo-home:ro,Z" "-v" "/var/lib/crater-agent-workspace/rustup-home:/opt/rustwide/rustup-home:ro,Z" "-e" "SOURCE_DIR=/opt/rustwide/workdir" "-e" "CARGO_TARGET_DIR=/opt/rustwide/target" "-e" "CARGO_HOME=/opt/rustwide/cargo-home" "-e" "RUSTUP_HOME=/opt/rustwide/rustup-home" "-w" "/opt/rustwide/workdir" "-m" "1610612736" "--user" "0:0" "--network" "none" "ghcr.io/rust-lang/crates-build-env/linux@sha256:5ff2268d62e97bff2cde7d5815dd6ed5b47097566f13b8d0ca110b04b60e07ed" "/opt/rustwide/cargo-home/bin/cargo" "+beta-2023-04-20" "metadata" "--no-deps" "--format-version=1", kill_on_drop: false }`
[INFO] [stdout] c793a717de637a6d89d412155d45ad2c32f76a651b26848e023f55c1d57d4c0e
[INFO] running `Command { std: "docker" "start" "-a" "c793a717de637a6d89d412155d45ad2c32f76a651b26848e023f55c1d57d4c0e", kill_on_drop: false }`
[INFO] running `Command { std: "docker" "inspect" "c793a717de637a6d89d412155d45ad2c32f76a651b26848e023f55c1d57d4c0e", kill_on_drop: false }`
[INFO] running `Command { std: "docker" "rm" "-f" "c793a717de637a6d89d412155d45ad2c32f76a651b26848e023f55c1d57d4c0e", kill_on_drop: false }`
[INFO] [stdout] c793a717de637a6d89d412155d45ad2c32f76a651b26848e023f55c1d57d4c0e
[INFO] running `Command { std: "docker" "create" "-v" "/var/lib/crater-agent-workspace/builds/worker-4-tc2/target:/opt/rustwide/target:rw,Z" "-v" "/var/lib/crater-agent-workspace/builds/worker-4-tc2/source:/opt/rustwide/workdir:ro,Z" "-v" "/var/lib/crater-agent-workspace/cargo-home:/opt/rustwide/cargo-home:ro,Z" "-v" "/var/lib/crater-agent-workspace/rustup-home:/opt/rustwide/rustup-home:ro,Z" "-e" "SOURCE_DIR=/opt/rustwide/workdir" "-e" "CARGO_TARGET_DIR=/opt/rustwide/target" "-e" "CARGO_INCREMENTAL=0" "-e" "RUST_BACKTRACE=full" "-e" "RUSTFLAGS=--cap-lints=warn" "-e" "RUSTDOCFLAGS=--cap-lints=warn" "-e" "CARGO_HOME=/opt/rustwide/cargo-home" "-e" "RUSTUP_HOME=/opt/rustwide/rustup-home" "-w" "/opt/rustwide/workdir" "-m" "1610612736" "--user" "0:0" "--network" "none" "ghcr.io/rust-lang/crates-build-env/linux@sha256:5ff2268d62e97bff2cde7d5815dd6ed5b47097566f13b8d0ca110b04b60e07ed" "/opt/rustwide/cargo-home/bin/cargo" "+beta-2023-04-20" "doc" "--frozen" "--no-deps" "--document-private-items" "--message-format=json", kill_on_drop: false }`
[INFO] [stdout] c78e3b71721145a8e416287f7b1c380e95601eec6d9eec7ba1d4cf3163617cef
[INFO] running `Command { std: "docker" "start" "-a" "c78e3b71721145a8e416287f7b1c380e95601eec6d9eec7ba1d4cf3163617cef", kill_on_drop: false }`
[INFO] [stderr]     Blocking waiting for file lock on package cache
[INFO] [stderr]    Compiling rand_core v0.4.2
[INFO] [stderr]    Compiling libc v0.2.107
[INFO] [stderr]    Compiling rand v0.6.5
[INFO] [stderr]    Compiling rand_pcg v0.1.2
[INFO] [stderr]    Compiling rand_chacha v0.1.1
[INFO] [stderr]    Compiling syn v0.15.44
[INFO] [stderr]    Compiling bare-metal v0.2.5
[INFO] [stderr]    Compiling msp430-rt v0.2.5
[INFO] [stderr]    Compiling rand_core v0.3.1
[INFO] [stderr]    Compiling rand_isaac v0.1.1
[INFO] [stderr]    Compiling rand_xorshift v0.1.1
[INFO] [stderr]    Compiling rand_hc v0.1.0
[INFO] [stderr]    Compiling rand_jitter v0.1.4
[INFO] [stderr]     Checking msp430 v0.2.2
[INFO] [stderr]    Compiling msp430-periph v0.0.4 (/opt/rustwide/workdir/msp430-periph)
[INFO] [stderr]    Compiling paste v1.0.6
[INFO] [stdout] error: cannot find macro `llvm_asm` in this scope
[INFO] [stdout]  --> /opt/rustwide/cargo-home/registry/src/index.crates.io-6f17d22bba15001f/msp430-0.2.2/src/asm.rs:7:9
[INFO] [stdout]   |
[INFO] [stdout] 7 |         llvm_asm!("nop"
[INFO] [stdout]   |         ^^^^^^^^
[INFO] [stdout] 
[INFO] [stdout] 
[INFO] [stdout] error: cannot find macro `llvm_asm` in this scope
[INFO] [stdout]   --> /opt/rustwide/cargo-home/registry/src/index.crates.io-6f17d22bba15001f/msp430-0.2.2/src/asm.rs:19:9
[INFO] [stdout]    |
[INFO] [stdout] 19 |         llvm_asm!("" ::: "memory" : "volatile");
[INFO] [stdout]    |         ^^^^^^^^
[INFO] [stdout] 
[INFO] [stdout] 
[INFO] [stdout] error: cannot find macro `llvm_asm` in this scope
[INFO] [stdout]  --> /opt/rustwide/cargo-home/registry/src/index.crates.io-6f17d22bba15001f/msp430-0.2.2/src/register/sp.rs:8:9
[INFO] [stdout]   |
[INFO] [stdout] 8 |         llvm_asm!("mov R1,$0"
[INFO] [stdout]   |         ^^^^^^^^
[INFO] [stdout] 
[INFO] [stdout] 
[INFO] [stdout] error: cannot find macro `llvm_asm` in this scope
[INFO] [stdout]   --> /opt/rustwide/cargo-home/registry/src/index.crates.io-6f17d22bba15001f/msp430-0.2.2/src/register/sp.rs:20:5
[INFO] [stdout]    |
[INFO] [stdout] 20 |     llvm_asm!("mov $0,R1"
[INFO] [stdout]    |     ^^^^^^^^
[INFO] [stdout] 
[INFO] [stdout] 
[INFO] [stdout] error: cannot find macro `llvm_asm` in this scope
[INFO] [stdout]  --> /opt/rustwide/cargo-home/registry/src/index.crates.io-6f17d22bba15001f/msp430-0.2.2/src/register/pc.rs:8:9
[INFO] [stdout]   |
[INFO] [stdout] 8 |         llvm_asm!("mov R0,$0"
[INFO] [stdout]   |         ^^^^^^^^
[INFO] [stdout] 
[INFO] [stdout] 
[INFO] [stdout] error: cannot find macro `llvm_asm` in this scope
[INFO] [stdout]   --> /opt/rustwide/cargo-home/registry/src/index.crates.io-6f17d22bba15001f/msp430-0.2.2/src/register/pc.rs:20:5
[INFO] [stdout]    |
[INFO] [stdout] 20 |     llvm_asm!("mov $0,R0"
[INFO] [stdout]    |     ^^^^^^^^
[INFO] [stdout] 
[INFO] [stdout] 
[INFO] [stdout] error: cannot find macro `llvm_asm` in this scope
[INFO] [stdout]   --> /opt/rustwide/cargo-home/registry/src/index.crates.io-6f17d22bba15001f/msp430-0.2.2/src/register/sr.rs:80:9
[INFO] [stdout]    |
[INFO] [stdout] 80 |         llvm_asm!("mov R2, $0"
[INFO] [stdout]    |         ^^^^^^^^
[INFO] [stdout] 
[INFO] [stdout] 
[INFO] [stdout] error[E0554]: `#![feature]` may not be used on the beta release channel
[INFO] [stdout]   --> /opt/rustwide/cargo-home/registry/src/index.crates.io-6f17d22bba15001f/msp430-0.2.2/src/lib.rs:13:12
[INFO] [stdout]    |
[INFO] [stdout] 13 | #![feature(llvm_asm)]
[INFO] [stdout]    |            ^^^^^^^^
[INFO] [stdout] 
[INFO] [stdout] 
[INFO] [stdout] error[E0635]: unknown feature `llvm_asm`
[INFO] [stdout]   --> /opt/rustwide/cargo-home/registry/src/index.crates.io-6f17d22bba15001f/msp430-0.2.2/src/lib.rs:13:12
[INFO] [stdout]    |
[INFO] [stdout] 13 | #![feature(llvm_asm)]
[INFO] [stdout]    |            ^^^^^^^^
[INFO] [stdout] 
[INFO] [stdout] 
[INFO] [stdout] error: aborting due to 9 previous errors
[INFO] [stdout] 
[INFO] [stdout] 
[INFO] [stdout] Some errors have detailed explanations: E0554, E0635.
[INFO] [stdout] 
[INFO] [stdout] For more information about an error, try `rustc --explain E0554`.
[INFO] [stdout] 
[INFO] [stderr] error: could not compile `msp430` (lib) due to 10 previous errors
[INFO] [stderr] warning: build failed, waiting for other jobs to finish...
[INFO] [stdout] error[E0554]: `#![feature]` may not be used on the beta release channel
[INFO] [stdout]  --> msp430-periph/build.rs:1:12
[INFO] [stdout]   |
[INFO] [stdout] 1 | #![feature(array_value_iter)]
[INFO] [stdout]   |            ^^^^^^^^^^^^^^^^
[INFO] [stdout] 
[INFO] [stdout] 
[INFO] [stdout] warning: the feature `array_value_iter` has been stable since 1.51.0 and no longer requires an attribute to enable
[INFO] [stdout]  --> msp430-periph/build.rs:1:12
[INFO] [stdout]   |
[INFO] [stdout] 1 | #![feature(array_value_iter)]
[INFO] [stdout]   |            ^^^^^^^^^^^^^^^^
[INFO] [stdout]   |
[INFO] [stdout]   = note: `#[warn(stable_features)]` on by default
[INFO] [stdout] 
[INFO] [stdout] 
[INFO] [stdout] warning: use of deprecated associated function `std::array::IntoIter::<T, N>::new`: use `IntoIterator::into_iter` instead
[INFO] [stdout]   --> msp430-periph/build.rs:18:23
[INFO] [stdout]    |
[INFO] [stdout] 18 |             IntoIter::new([d1, d2]).chain(devices).collect::<Vec<_>>()
[INFO] [stdout]    |                       ^^^
[INFO] [stdout]    |
[INFO] [stdout]    = note: `#[warn(deprecated)]` on by default
[INFO] [stdout] 
[INFO] [stdout] 
[INFO] [stdout] error: aborting due to previous error; 2 warnings emitted
[INFO] [stdout] 
[INFO] [stdout] 
[INFO] [stdout] For more information about this error, try `rustc --explain E0554`.
[INFO] [stdout] 
[INFO] [stderr] error: could not compile `msp430-periph` (build script) due to 2 previous errors; 2 warnings emitted
[INFO] running `Command { std: "docker" "inspect" "c78e3b71721145a8e416287f7b1c380e95601eec6d9eec7ba1d4cf3163617cef", kill_on_drop: false }`
[INFO] running `Command { std: "docker" "rm" "-f" "c78e3b71721145a8e416287f7b1c380e95601eec6d9eec7ba1d4cf3163617cef", kill_on_drop: false }`
[INFO] [stdout] c78e3b71721145a8e416287f7b1c380e95601eec6d9eec7ba1d4cf3163617cef
