[INFO] cloning repository https://github.com/Laegluin/elev
[INFO] running `Command { std: "git" "-c" "credential.helper=" "-c" "credential.helper=/workspace/cargo-home/bin/git-credential-null" "clone" "--bare" "https://github.com/Laegluin/elev" "/workspace/cache/git-repos/https%3A%2F%2Fgithub.com%2FLaegluin%2Felev", kill_on_drop: false }`
[INFO] [stderr] Cloning into bare repository '/workspace/cache/git-repos/https%3A%2F%2Fgithub.com%2FLaegluin%2Felev'...
[INFO] running `Command { std: "git" "rev-parse" "HEAD", kill_on_drop: false }`
[INFO] [stdout] 87c0ff6ff95a32495dbc4808cb72a2dfb902ed40
[INFO] documenting Laegluin/elev against 1.69.0 for beta-1.70-rustdoc-1
[INFO] running `Command { std: "git" "clone" "/workspace/cache/git-repos/https%3A%2F%2Fgithub.com%2FLaegluin%2Felev" "/workspace/builds/worker-7-tc1/source", kill_on_drop: false }`
[INFO] [stderr] Cloning into '/workspace/builds/worker-7-tc1/source'...
[INFO] [stderr] done.
[INFO] validating manifest of git repo https://github.com/Laegluin/elev on toolchain 1.69.0
[INFO] running `Command { std: CARGO_HOME="/workspace/cargo-home" RUSTUP_HOME="/workspace/rustup-home" "/workspace/cargo-home/bin/cargo" "+1.69.0" "metadata" "--manifest-path" "Cargo.toml" "--no-deps", kill_on_drop: false }`
[INFO] started tweaking git repo https://github.com/Laegluin/elev
[INFO] finished tweaking git repo https://github.com/Laegluin/elev
[INFO] tweaked toml for git repo https://github.com/Laegluin/elev written to /workspace/builds/worker-7-tc1/source/Cargo.toml
[INFO] crate git repo https://github.com/Laegluin/elev already has a lockfile, it will not be regenerated
[INFO] running `Command { std: CARGO_HOME="/workspace/cargo-home" RUSTUP_HOME="/workspace/rustup-home" "/workspace/cargo-home/bin/cargo" "+1.69.0" "fetch" "--manifest-path" "Cargo.toml", kill_on_drop: false }`
[INFO] [stderr]  Downloading crates ...
[INFO] [stderr]   Downloaded byte-tools v0.3.0
[INFO] [stderr]   Downloaded embed-resource v1.1.4
[INFO] [stderr]   Downloaded redox_syscall v0.1.42
[INFO] [stderr]   Downloaded block-padding v0.1.2
[INFO] [stderr]   Downloaded opaque-debug v0.2.1
[INFO] [stderr]   Downloaded libc v0.2.44
[INFO] running `Command { std: "docker" "create" "-v" "/var/lib/crater-agent-workspace/builds/worker-7-tc1/target:/opt/rustwide/target:rw,Z" "-v" "/var/lib/crater-agent-workspace/builds/worker-7-tc1/source:/opt/rustwide/workdir:ro,Z" "-v" "/var/lib/crater-agent-workspace/cargo-home:/opt/rustwide/cargo-home:ro,Z" "-v" "/var/lib/crater-agent-workspace/rustup-home:/opt/rustwide/rustup-home:ro,Z" "-e" "SOURCE_DIR=/opt/rustwide/workdir" "-e" "CARGO_TARGET_DIR=/opt/rustwide/target" "-e" "CARGO_HOME=/opt/rustwide/cargo-home" "-e" "RUSTUP_HOME=/opt/rustwide/rustup-home" "-w" "/opt/rustwide/workdir" "-m" "1610612736" "--user" "0:0" "--network" "none" "ghcr.io/rust-lang/crates-build-env/linux@sha256:5ff2268d62e97bff2cde7d5815dd6ed5b47097566f13b8d0ca110b04b60e07ed" "/opt/rustwide/cargo-home/bin/cargo" "+1.69.0" "metadata" "--no-deps" "--format-version=1", kill_on_drop: false }`
[INFO] [stdout] ec8b5bc538c2f20f23df9b64c23f54d2bb0caf2db83edddf21a1e739786af7b7
[INFO] running `Command { std: "docker" "start" "-a" "ec8b5bc538c2f20f23df9b64c23f54d2bb0caf2db83edddf21a1e739786af7b7", kill_on_drop: false }`
[INFO] running `Command { std: "docker" "inspect" "ec8b5bc538c2f20f23df9b64c23f54d2bb0caf2db83edddf21a1e739786af7b7", kill_on_drop: false }`
[INFO] running `Command { std: "docker" "rm" "-f" "ec8b5bc538c2f20f23df9b64c23f54d2bb0caf2db83edddf21a1e739786af7b7", kill_on_drop: false }`
[INFO] [stdout] ec8b5bc538c2f20f23df9b64c23f54d2bb0caf2db83edddf21a1e739786af7b7
[INFO] running `Command { std: "docker" "create" "-v" "/var/lib/crater-agent-workspace/builds/worker-7-tc1/target:/opt/rustwide/target:rw,Z" "-v" "/var/lib/crater-agent-workspace/builds/worker-7-tc1/source:/opt/rustwide/workdir:ro,Z" "-v" "/var/lib/crater-agent-workspace/cargo-home:/opt/rustwide/cargo-home:ro,Z" "-v" "/var/lib/crater-agent-workspace/rustup-home:/opt/rustwide/rustup-home:ro,Z" "-e" "SOURCE_DIR=/opt/rustwide/workdir" "-e" "CARGO_TARGET_DIR=/opt/rustwide/target" "-e" "CARGO_INCREMENTAL=0" "-e" "RUST_BACKTRACE=full" "-e" "RUSTFLAGS=--cap-lints=warn" "-e" "RUSTDOCFLAGS=--cap-lints=warn" "-e" "CARGO_HOME=/opt/rustwide/cargo-home" "-e" "RUSTUP_HOME=/opt/rustwide/rustup-home" "-w" "/opt/rustwide/workdir" "-m" "1610612736" "--user" "0:0" "--network" "none" "ghcr.io/rust-lang/crates-build-env/linux@sha256:5ff2268d62e97bff2cde7d5815dd6ed5b47097566f13b8d0ca110b04b60e07ed" "/opt/rustwide/cargo-home/bin/cargo" "+1.69.0" "doc" "--frozen" "--no-deps" "--document-private-items" "--message-format=json", kill_on_drop: false }`
[INFO] [stdout] 03d032f7b90f6994374f875444f18ce4d6802c1e0bf9157d593725f6fad87f43
[INFO] running `Command { std: "docker" "start" "-a" "03d032f7b90f6994374f875444f18ce4d6802c1e0bf9157d593725f6fad87f43", kill_on_drop: false }`
[INFO] [stderr]    Compiling typenum v1.10.0
[INFO] [stderr]    Compiling libc v0.2.44
[INFO] [stderr]     Checking byte-tools v0.3.0
[INFO] [stderr]     Checking byteorder v1.2.7
[INFO] [stderr]     Checking unicode-width v0.1.5
[INFO] [stderr]    Compiling winapi v0.3.6
[INFO] [stderr]    Compiling embed-resource v1.1.4
[INFO] [stderr]     Checking bitflags v1.0.4
[INFO] [stderr]     Checking block-padding v0.1.2
[INFO] [stderr]    Compiling elev v0.3.0 (/opt/rustwide/workdir)
[INFO] [stderr]     Checking fake-simd v0.1.2
[INFO] [stderr]     Checking textwrap v0.10.0
[INFO] [stderr]     Checking opaque-debug v0.2.1
[INFO] [stderr]     Checking strsim v0.7.0
[INFO] [stderr]     Checking termcolor v1.0.4
[INFO] [stderr]     Checking scopeguard v0.3.3
[INFO] [stderr]     Checking hex v0.3.2
[INFO] [stderr]     Checking atty v0.2.11
[INFO] [stderr]     Checking clap v2.32.0
[INFO] [stderr]     Checking generic-array v0.12.0
[INFO] [stderr]     Checking block-buffer v0.7.0
[INFO] [stderr]     Checking digest v0.8.0
[INFO] [stderr]     Checking sha2 v0.8.0
[INFO] [stderr]  Documenting elev v0.3.0 (/opt/rustwide/workdir)
[INFO] [stdout] error: this crate only supports windows
[INFO] [stdout]  --> src/lib.rs:4:1
[INFO] [stdout]   |
[INFO] [stdout] 4 | compile_error!("this crate only supports windows");
[INFO] [stdout]   | ^^^^^^^^^^^^^^^^^^^^^^^^^^^^^^^^^^^^^^^^^^^^^^^^^^
[INFO] [stdout] 
[INFO] [stdout] 
[INFO] [stdout] error[E0433]: failed to resolve: could not find `windows` in `os`
[INFO] [stdout]   --> src/lib.rs:14:14
[INFO] [stdout]    |
[INFO] [stdout] 14 | use std::os::windows::ffi::OsStrExt;
[INFO] [stdout]    |              ^^^^^^^ could not find `windows` in `os`
[INFO] [stdout] 
[INFO] [stdout] 
[INFO] [stdout] error[E0433]: failed to resolve: could not find `shared` in `winapi`
[INFO] [stdout]   --> src/lib.rs:19:13
[INFO] [stdout]    |
[INFO] [stdout] 19 | use winapi::shared::minwindef::FALSE;
[INFO] [stdout]    |             ^^^^^^ could not find `shared` in `winapi`
[INFO] [stdout] 
[INFO] [stdout] 
[INFO] [stdout] error: this crate only supports windows
[INFO] [stdout]  --> src/lib.rs:4:1
[INFO] [stdout]   |
[INFO] [stdout] 4 | compile_error!("this crate only supports windows");
[INFO] [stdout]   | ^^^^^^^^^^^^^^^^^^^^^^^^^^^^^^^^^^^^^^^^^^^^^^^^^^
[INFO] [stdout] 
[INFO] [stdout] 
[INFO] [stdout] error[E0433]: failed to resolve: could not find `shared` in `winapi`
[INFO] [stdout]   --> src/lib.rs:20:13
[INFO] [stdout]    |
[INFO] [stdout] 20 | use winapi::shared::ntdef::NULL;
[INFO] [stdout]    |             ^^^^^^ could not find `shared` in `winapi`
[INFO] [stdout] 
[INFO] [stdout] 
[INFO] [stdout] error[E0433]: failed to resolve: could not find `shared` in `winapi`
[INFO] [stdout]   --> src/lib.rs:21:13
[INFO] [stdout]    |
[INFO] [stdout] 21 | use winapi::shared::winerror::{E_INVALIDARG, E_OUTOFMEMORY, E_UNEXPECTED};
[INFO] [stdout]    |             ^^^^^^ could not find `shared` in `winapi`
[INFO] [stdout] 
[INFO] [stdout] 
[INFO] [stdout] error[E0433]: failed to resolve: could not find `um` in `winapi`
[INFO] [stdout]   --> src/lib.rs:22:13
[INFO] [stdout]    |
[INFO] [stdout] 22 | use winapi::um::combaseapi::{CoInitializeEx, CoUninitialize};
[INFO] [stdout]    |             ^^ could not find `um` in `winapi`
[INFO] [stdout] 
[INFO] [stdout] 
[INFO] [stdout] error[E0433]: failed to resolve: could not find `windows` in `os`
[INFO] [stdout]   --> src/lib.rs:14:14
[INFO] [stdout]    |
[INFO] [stdout] 14 | use std::os::windows::ffi::OsStrExt;
[INFO] [stdout]    |              ^^^^^^^ could not find `windows` in `os`
[INFO] [stdout] 
[INFO] [stdout] 
[INFO] [stdout] error[E0433]: failed to resolve: could not find `shared` in `winapi`
[INFO] [stdout]   --> src/lib.rs:19:13
[INFO] [stdout]    |
[INFO] [stdout] 19 | use winapi::shared::minwindef::FALSE;
[INFO] [stdout]    |             ^^^^^^ could not find `shared` in `winapi`
[INFO] [stdout] 
[INFO] [stdout] 
[INFO] [stdout] error[E0433]: failed to resolve: could not find `shared` in `winapi`
[INFO] [stdout]   --> src/lib.rs:20:13
[INFO] [stdout]    |
[INFO] [stdout] 20 | use winapi::shared::ntdef::NULL;
[INFO] [stdout]    |             ^^^^^^ could not find `shared` in `winapi`
[INFO] [stdout] 
[INFO] [stdout] 
[INFO] [stdout] error[E0433]: failed to resolve: could not find `shared` in `winapi`
[INFO] [stdout]   --> src/lib.rs:21:13
[INFO] [stdout]    |
[INFO] [stdout] 21 | use winapi::shared::winerror::{E_INVALIDARG, E_OUTOFMEMORY, E_UNEXPECTED};
[INFO] [stdout]    |             ^^^^^^ could not find `shared` in `winapi`
[INFO] [stdout] 
[INFO] [stdout] 
[INFO] [stdout] error[E0433]: failed to resolve: could not find `um` in `winapi`
[INFO] [stdout]   --> src/lib.rs:22:13
[INFO] [stdout]    |
[INFO] [stdout] 22 | use winapi::um::combaseapi::{CoInitializeEx, CoUninitialize};
[INFO] [stdout]    |             ^^ could not find `um` in `winapi`
[INFO] [stdout] 
[INFO] [stdout] 
[INFO] [stdout] error[E0433]: failed to resolve: could not find `um` in `winapi`
[INFO] [stdout]   --> src/lib.rs:23:13
[INFO] [stdout]    |
[INFO] [stdout] 23 | use winapi::um::objbase::{COINIT_APARTMENTTHREADED, COINIT_DISABLE_OLE1DDE};
[INFO] [stdout]    |             ^^ could not find `um` in `winapi`
[INFO] [stdout] 
[INFO] [stdout] 
[INFO] [stdout] error[E0433]: failed to resolve: could not find `um` in `winapi`
[INFO] [stdout]   --> src/lib.rs:24:13
[INFO] [stdout]    |
[INFO] [stdout] 24 | use winapi::um::processthreadsapi::GetExitCodeProcess;
[INFO] [stdout]    |             ^^ could not find `um` in `winapi`
[INFO] [stdout] 
[INFO] [stdout] 
[INFO] [stdout] error[E0433]: failed to resolve: could not find `um` in `winapi`
[INFO] [stdout]   --> src/lib.rs:25:13
[INFO] [stdout]    |
[INFO] [stdout] 25 | use winapi::um::shellapi::{
[INFO] [stdout]    |             ^^ could not find `um` in `winapi`
[INFO] [stdout] 
[INFO] [stdout] 
[INFO] [stdout] error[E0433]: failed to resolve: could not find `um` in `winapi`
[INFO] [stdout]   --> src/lib.rs:29:13
[INFO] [stdout]    |
[INFO] [stdout] 29 | use winapi::um::synchapi::WaitForSingleObject;
[INFO] [stdout]    |             ^^ could not find `um` in `winapi`
[INFO] [stdout] 
[INFO] [stdout] 
[INFO] [stdout] error[E0433]: failed to resolve: could not find `um` in `winapi`
[INFO] [stdout]   --> src/lib.rs:30:13
[INFO] [stdout]    |
[INFO] [stdout] 30 | use winapi::um::winbase::{INFINITE, WAIT_FAILED};
[INFO] [stdout]    |             ^^ could not find `um` in `winapi`
[INFO] [stdout] 
[INFO] [stdout] 
[INFO] [stdout] error[E0433]: failed to resolve: could not find `um` in `winapi`
[INFO] [stdout]   --> src/lib.rs:31:13
[INFO] [stdout]    |
[INFO] [stdout] 31 | use winapi::um::wincon::{AttachConsole, FreeConsole, ATTACH_PARENT_PROCESS};
[INFO] [stdout]    |             ^^ could not find `um` in `winapi`
[INFO] [stdout] 
[INFO] [stdout] 
[INFO] [stdout] error[E0433]: failed to resolve: could not find `um` in `winapi`
[INFO] [stdout]   --> src/lib.rs:32:13
[INFO] [stdout]    |
[INFO] [stdout] 32 | use winapi::um::winuser::SW_HIDE;
[INFO] [stdout]    |             ^^ could not find `um` in `winapi`
[INFO] [stdout] 
[INFO] [stdout] 
[INFO] [stdout] error[E0433]: failed to resolve: could not find `um` in `winapi`
[INFO] [stdout]   --> src/lib.rs:23:13
[INFO] [stdout]    |
[INFO] [stdout] 23 | use winapi::um::objbase::{COINIT_APARTMENTTHREADED, COINIT_DISABLE_OLE1DDE};
[INFO] [stdout]    |             ^^ could not find `um` in `winapi`
[INFO] [stdout] 
[INFO] [stdout] 
[INFO] [stdout] error[E0433]: failed to resolve: could not find `um` in `winapi`
[INFO] [stdout]   --> src/lib.rs:24:13
[INFO] [stdout]    |
[INFO] [stdout] 24 | use winapi::um::processthreadsapi::GetExitCodeProcess;
[INFO] [stdout]    |             ^^ could not find `um` in `winapi`
[INFO] [stdout] 
[INFO] [stdout] 
[INFO] [stdout] error[E0433]: failed to resolve: could not find `um` in `winapi`
[INFO] [stdout]   --> src/lib.rs:25:13
[INFO] [stdout]    |
[INFO] [stdout] 25 | use winapi::um::shellapi::{
[INFO] [stdout]    |             ^^ could not find `um` in `winapi`
[INFO] [stdout] 
[INFO] [stdout] 
[INFO] [stdout] error[E0433]: failed to resolve: could not find `um` in `winapi`
[INFO] [stdout]   --> src/lib.rs:29:13
[INFO] [stdout]    |
[INFO] [stdout] 29 | use winapi::um::synchapi::WaitForSingleObject;
[INFO] [stdout]    |             ^^ could not find `um` in `winapi`
[INFO] [stdout] 
[INFO] [stdout] 
[INFO] [stdout] error[E0433]: failed to resolve: could not find `um` in `winapi`
[INFO] [stdout]   --> src/lib.rs:30:13
[INFO] [stdout]    |
[INFO] [stdout] 30 | use winapi::um::winbase::{INFINITE, WAIT_FAILED};
[INFO] [stdout]    |             ^^ could not find `um` in `winapi`
[INFO] [stdout] 
[INFO] [stdout] 
[INFO] [stdout] error[E0433]: failed to resolve: could not find `um` in `winapi`
[INFO] [stdout]   --> src/lib.rs:31:13
[INFO] [stdout]    |
[INFO] [stdout] 31 | use winapi::um::wincon::{AttachConsole, FreeConsole, ATTACH_PARENT_PROCESS};
[INFO] [stdout]    |             ^^ could not find `um` in `winapi`
[INFO] [stdout] 
[INFO] [stdout] 
[INFO] [stdout] error[E0433]: failed to resolve: could not find `um` in `winapi`
[INFO] [stdout]   --> src/lib.rs:32:13
[INFO] [stdout]    |
[INFO] [stdout] 32 | use winapi::um::winuser::SW_HIDE;
[INFO] [stdout]    |             ^^ could not find `um` in `winapi`
[INFO] [stdout] 
[INFO] [stdout] 
[INFO] [stdout] error: aborting due to 13 previous errors
[INFO] [stdout] 
[INFO] [stdout] 
[INFO] [stdout] For more information about this error, try `rustc --explain E0433`.
[INFO] [stdout] 
[INFO] [stderr] error: could not document `elev`
[INFO] [stderr] 
[INFO] [stderr] Caused by:
[INFO] [stderr]   process didn't exit successfully: `rustdoc --edition=2018 --crate-type lib --crate-name elev src/lib.rs -o /opt/rustwide/target/doc --cfg 'feature="default"' --error-format=json --json=diagnostic-rendered-ansi,artifacts,future-incompat --document-private-items -C metadata=75e7a963a3da4723 -L dependency=/opt/rustwide/target/debug/deps --extern clap=/opt/rustwide/target/debug/deps/libclap-ece219bf01deb724.rmeta --extern hex=/opt/rustwide/target/debug/deps/libhex-1d0606a3fec394a0.rmeta --extern scopeguard=/opt/rustwide/target/debug/deps/libscopeguard-cd0b2d28f83c5a9b.rmeta --extern sha2=/opt/rustwide/target/debug/deps/libsha2-c4bdcd26310d058b.rmeta --extern termcolor=/opt/rustwide/target/debug/deps/libtermcolor-e02ef922d2626506.rmeta --extern winapi=/opt/rustwide/target/debug/deps/libwinapi-06dc1b9120aa28ec.rmeta --cap-lints=warn --crate-version 0.3.0` (exit status: 1)
[INFO] [stderr] warning: build failed, waiting for other jobs to finish...
[INFO] [stdout] error[E0599]: no method named `encode_wide` found for struct `OsString` in the current scope
[INFO] [stdout]    --> src/lib.rs:148:12
[INFO] [stdout]     |
[INFO] [stdout] 148 |     string.encode_wide().collect()
[INFO] [stdout]     |            ^^^^^^^^^^^ method not found in `OsString`
[INFO] [stdout] 
[INFO] [stdout] 
[INFO] [stdout] error[E0599]: no method named `encode_wide` found for struct `OsString` in the current scope
[INFO] [stdout]    --> src/lib.rs:162:31
[INFO] [stdout]     |
[INFO] [stdout] 162 |         let arg: Vec<_> = arg.encode_wide().collect();
[INFO] [stdout]     |                               ^^^^^^^^^^^ method not found in `OsString`
[INFO] [stdout] 
[INFO] [stdout] 
[INFO] [stdout] error: aborting due to 15 previous errors
[INFO] [stdout] 
[INFO] [stdout] 
[INFO] [stdout] Some errors have detailed explanations: E0433, E0599.
[INFO] [stdout] 
[INFO] [stdout] For more information about an error, try `rustc --explain E0433`.
[INFO] [stdout] 
[INFO] [stderr] error: could not compile `elev` due to 16 previous errors
[INFO] running `Command { std: "docker" "inspect" "03d032f7b90f6994374f875444f18ce4d6802c1e0bf9157d593725f6fad87f43", kill_on_drop: false }`
[INFO] running `Command { std: "docker" "rm" "-f" "03d032f7b90f6994374f875444f18ce4d6802c1e0bf9157d593725f6fad87f43", kill_on_drop: false }`
[INFO] [stdout] 03d032f7b90f6994374f875444f18ce4d6802c1e0bf9157d593725f6fad87f43
