[INFO] cloning repository https://github.com/L0L022/l-compilator
[INFO] running `Command { std: "git" "-c" "credential.helper=" "-c" "credential.helper=/workspace/cargo-home/bin/git-credential-null" "clone" "--bare" "https://github.com/L0L022/l-compilator" "/workspace/cache/git-repos/https%3A%2F%2Fgithub.com%2FL0L022%2Fl-compilator", kill_on_drop: false }`
[INFO] [stderr] Cloning into bare repository '/workspace/cache/git-repos/https%3A%2F%2Fgithub.com%2FL0L022%2Fl-compilator'...
[INFO] running `Command { std: "git" "rev-parse" "HEAD", kill_on_drop: false }`
[INFO] [stdout] 89bcc87537560515489fefd40bdd0f5bad4f2751
[INFO] documenting L0L022/l-compilator against beta-2023-04-20 for beta-1.70-rustdoc-1
[INFO] running `Command { std: "git" "clone" "/workspace/cache/git-repos/https%3A%2F%2Fgithub.com%2FL0L022%2Fl-compilator" "/workspace/builds/worker-0-tc2/source", kill_on_drop: false }`
[INFO] [stderr] Cloning into '/workspace/builds/worker-0-tc2/source'...
[INFO] [stderr] done.
[INFO] validating manifest of git repo https://github.com/L0L022/l-compilator on toolchain beta-2023-04-20
[INFO] running `Command { std: CARGO_HOME="/workspace/cargo-home" RUSTUP_HOME="/workspace/rustup-home" "/workspace/cargo-home/bin/cargo" "+beta-2023-04-20" "metadata" "--manifest-path" "Cargo.toml" "--no-deps", kill_on_drop: false }`
[INFO] started tweaking git repo https://github.com/L0L022/l-compilator
[INFO] finished tweaking git repo https://github.com/L0L022/l-compilator
[INFO] tweaked toml for git repo https://github.com/L0L022/l-compilator written to /workspace/builds/worker-0-tc2/source/Cargo.toml
[INFO] crate git repo https://github.com/L0L022/l-compilator already has a lockfile, it will not be regenerated
[INFO] running `Command { std: CARGO_HOME="/workspace/cargo-home" RUSTUP_HOME="/workspace/rustup-home" "/workspace/cargo-home/bin/cargo" "+beta-2023-04-20" "fetch" "--manifest-path" "Cargo.toml", kill_on_drop: false }`
[INFO] [stderr]     Updating crates.io index
[INFO] [stderr]  Downloading crates ...
[INFO] [stderr]   Downloaded lalrpop-util v0.16.3
[INFO] [stderr]   Downloaded logos-derive v0.9.7
[INFO] [stderr]   Downloaded structopt v0.2.14
[INFO] [stderr]   Downloaded block-padding v0.1.3
[INFO] [stderr]   Downloaded rand_jitter v0.1.3
[INFO] [stderr]   Downloaded structopt-derive v0.2.14
[INFO] [stderr]   Downloaded rustc-demangle v0.1.13
[INFO] [stderr]   Downloaded ena v0.11.0
[INFO] [stderr]   Downloaded libloading v0.5.0
[INFO] [stderr]   Downloaded clang-sys v0.28.0
[INFO] [stderr]   Downloaded cc v1.0.29
[INFO] [stderr]   Downloaded serde v1.0.87
[INFO] [stderr]   Downloaded bindgen v0.49.0
[INFO] [stderr]   Downloaded lalrpop v0.16.3
[INFO] [stderr]   Downloaded serde_derive v1.0.87
[INFO] [stderr]   Downloaded logos v0.9.7
[INFO] [stderr]   Downloaded codespan v0.2.0
[INFO] [stderr]   Downloaded codespan-reporting v0.2.0
[INFO] running `Command { std: "docker" "create" "-v" "/var/lib/crater-agent-workspace/builds/worker-0-tc2/target:/opt/rustwide/target:rw,Z" "-v" "/var/lib/crater-agent-workspace/builds/worker-0-tc2/source:/opt/rustwide/workdir:ro,Z" "-v" "/var/lib/crater-agent-workspace/cargo-home:/opt/rustwide/cargo-home:ro,Z" "-v" "/var/lib/crater-agent-workspace/rustup-home:/opt/rustwide/rustup-home:ro,Z" "-e" "SOURCE_DIR=/opt/rustwide/workdir" "-e" "CARGO_TARGET_DIR=/opt/rustwide/target" "-e" "CARGO_HOME=/opt/rustwide/cargo-home" "-e" "RUSTUP_HOME=/opt/rustwide/rustup-home" "-w" "/opt/rustwide/workdir" "-m" "1610612736" "--user" "0:0" "--network" "none" "ghcr.io/rust-lang/crates-build-env/linux@sha256:5ff2268d62e97bff2cde7d5815dd6ed5b47097566f13b8d0ca110b04b60e07ed" "/opt/rustwide/cargo-home/bin/cargo" "+beta-2023-04-20" "metadata" "--no-deps" "--format-version=1", kill_on_drop: false }`
[INFO] [stdout] adb6343f612dc34a42a000c9610ddb53b993d21d345517e070df3182acbcaffc
[INFO] running `Command { std: "docker" "start" "-a" "adb6343f612dc34a42a000c9610ddb53b993d21d345517e070df3182acbcaffc", kill_on_drop: false }`
[INFO] running `Command { std: "docker" "inspect" "adb6343f612dc34a42a000c9610ddb53b993d21d345517e070df3182acbcaffc", kill_on_drop: false }`
[INFO] running `Command { std: "docker" "rm" "-f" "adb6343f612dc34a42a000c9610ddb53b993d21d345517e070df3182acbcaffc", kill_on_drop: false }`
[INFO] [stdout] adb6343f612dc34a42a000c9610ddb53b993d21d345517e070df3182acbcaffc
[INFO] running `Command { std: "docker" "create" "-v" "/var/lib/crater-agent-workspace/builds/worker-0-tc2/target:/opt/rustwide/target:rw,Z" "-v" "/var/lib/crater-agent-workspace/builds/worker-0-tc2/source:/opt/rustwide/workdir:ro,Z" "-v" "/var/lib/crater-agent-workspace/cargo-home:/opt/rustwide/cargo-home:ro,Z" "-v" "/var/lib/crater-agent-workspace/rustup-home:/opt/rustwide/rustup-home:ro,Z" "-e" "SOURCE_DIR=/opt/rustwide/workdir" "-e" "CARGO_TARGET_DIR=/opt/rustwide/target" "-e" "CARGO_INCREMENTAL=0" "-e" "RUST_BACKTRACE=full" "-e" "RUSTFLAGS=--cap-lints=warn" "-e" "RUSTDOCFLAGS=--cap-lints=warn" "-e" "CARGO_HOME=/opt/rustwide/cargo-home" "-e" "RUSTUP_HOME=/opt/rustwide/rustup-home" "-w" "/opt/rustwide/workdir" "-m" "1610612736" "--user" "0:0" "--network" "none" "ghcr.io/rust-lang/crates-build-env/linux@sha256:5ff2268d62e97bff2cde7d5815dd6ed5b47097566f13b8d0ca110b04b60e07ed" "/opt/rustwide/cargo-home/bin/cargo" "+beta-2023-04-20" "doc" "--frozen" "--no-deps" "--document-private-items" "--message-format=json", kill_on_drop: false }`
[INFO] [stdout] 0f90ce31b9ceb100ac30306692a68fdcbec13711b0ceb6eefe2b318a4b634ed8
[INFO] running `Command { std: "docker" "start" "-a" "0f90ce31b9ceb100ac30306692a68fdcbec13711b0ceb6eefe2b318a4b634ed8", kill_on_drop: false }`
[INFO] [stderr]    Compiling libc v0.2.51
[INFO] [stderr]    Compiling proc-macro2 v0.4.27
[INFO] [stderr]    Compiling autocfg v0.1.2
[INFO] [stderr]    Compiling cc v1.0.29
[INFO] [stderr]    Compiling rand_core v0.4.0
[INFO] [stderr]    Compiling cfg-if v0.1.6
[INFO] [stderr]    Compiling memchr v2.1.3
[INFO] [stderr]    Compiling rand_pcg v0.1.1
[INFO] [stderr]    Compiling failure_derive v0.1.5
[INFO] [stderr]    Compiling rand_core v0.3.1
[INFO] [stderr]    Compiling backtrace v0.3.13
[INFO] [stderr]    Compiling rand_chacha v0.1.1
[INFO] [stderr]    Compiling rand v0.6.5
[INFO] [stderr]    Compiling ucd-util v0.1.3
[INFO] [stderr]    Compiling regex-syntax v0.6.5
[INFO] [stderr]    Compiling quote v0.6.11
[INFO] [stderr]    Compiling rand_isaac v0.1.1
[INFO] [stderr]    Compiling rand_os v0.1.2
[INFO] [stderr]    Compiling syn v0.15.26
[INFO] [stderr]    Compiling rand_hc v0.1.0
[INFO] [stderr]    Compiling rand_xorshift v0.1.1
[INFO] [stderr]    Compiling backtrace-sys v0.1.28
[INFO] [stderr]    Compiling rand_jitter v0.1.3
[INFO] [stderr]    Compiling siphasher v0.2.3
[INFO] [stderr]    Compiling utf8-ranges v1.0.2
[INFO] [stderr]    Compiling typenum v1.10.0
[INFO] [stderr]    Compiling lazy_static v1.2.0
[INFO] [stderr]    Compiling byteorder v1.3.1
[INFO] [stderr]    Compiling phf_shared v0.7.24
[INFO] [stderr]    Compiling regex v1.1.0
[INFO] [stderr]    Compiling thread_local v0.3.6
[INFO] [stderr]    Compiling aho-corasick v0.6.9
[INFO] [stderr]    Compiling version_check v0.1.5
[INFO] [stderr]    Compiling serde v1.0.87
[INFO] [stderr]    Compiling glob v0.2.11
[INFO] [stderr]    Compiling string_cache_shared v0.3.0
[INFO] [stderr]    Compiling phf_generator v0.7.24
[INFO] [stderr]    Compiling string_cache_codegen v0.4.2
[INFO] [stderr]    Compiling nom v4.2.3
[INFO] [stderr]    Compiling generic-array v0.12.0
[INFO] [stderr]    Compiling libloading v0.5.0
[INFO] [stderr]    Compiling atty v0.2.11
[INFO] [stderr]    Compiling clang-sys v0.28.0
[INFO] [stderr]    Compiling log v0.4.6
[INFO] [stderr]    Compiling strsim v0.7.0
[INFO] [stderr]    Compiling byte-tools v0.3.1
[INFO] [stderr]    Compiling void v1.0.2
[INFO] [stderr]    Compiling rustc-demangle v0.1.13
[INFO] [stderr]    Compiling string_cache v0.7.3
[INFO] [stderr]    Compiling block-padding v0.1.3
[INFO] [stderr]    Compiling unreachable v1.0.0
[INFO] [stderr]    Compiling quick-error v1.2.2
[INFO] [stderr]    Compiling unicode-width v0.1.5
[INFO] [stderr]    Compiling humantime v1.2.0
[INFO] [stderr]    Compiling textwrap v0.10.0
[INFO] [stderr]    Compiling new_debug_unreachable v1.0.1
[INFO] [stderr]    Compiling block-buffer v0.7.0
[INFO] [stderr]    Compiling digest v0.8.0
[INFO] [stderr]    Compiling bit-vec v0.5.0
[INFO] [stderr]    Compiling either v1.5.0
[INFO] [stderr]    Compiling opaque-debug v0.2.2
[INFO] [stderr]    Compiling fixedbitset v0.1.9
[INFO] [stderr]    Compiling precomputed-hash v0.1.1
[INFO] [stderr]    Compiling ansi_term v0.11.0
[INFO] [stderr]    Compiling termcolor v1.0.4
[INFO] [stderr]    Compiling scopeguard v0.3.3
[INFO] [stderr]    Compiling synstructure v0.10.1
[INFO] [stderr]    Compiling ordermap v0.3.5
[INFO] [stderr]    Compiling vec_map v0.8.1
[INFO] [stderr]    Compiling bitflags v1.0.4
[INFO] [stderr]    Compiling term v0.4.6
[INFO] [stderr]    Compiling bindgen v0.49.0
[INFO] [stderr]    Compiling fake-simd v0.1.2
[INFO] [stderr]    Compiling sha2 v0.8.0
[INFO] [stderr]    Compiling petgraph v0.4.13
[INFO] [stderr]    Compiling ascii-canvas v1.0.0
[INFO] [stderr]    Compiling clap v2.32.0
[INFO] [stderr]    Compiling env_logger v0.6.1
[INFO] [stderr]    Compiling hashbrown v0.1.8
[INFO] [stderr]    Compiling cexpr v0.3.5
[INFO] [stderr]    Compiling bit-set v0.5.0
[INFO] [stderr]    Compiling itertools v0.8.0
[INFO] [stderr]    Compiling ena v0.11.0
[INFO] [stderr]    Compiling unicode-segmentation v1.2.1
[INFO] [stderr]    Compiling shlex v0.1.1
[INFO] [stderr]    Compiling peeking_take_while v0.1.2
[INFO] [stderr]    Compiling diff v0.1.11
[INFO] [stderr]    Compiling lalrpop-util v0.16.3
[INFO] [stderr]     Checking itertools v0.7.11
[INFO] [stderr]    Compiling heck v0.3.1
[INFO] [stderr]    Compiling serde_derive v1.0.87
[INFO] [stderr]    Compiling structopt-derive v0.2.14
[INFO] [stderr]    Compiling logos-derive v0.9.7
[INFO] [stdout] error[E0061]: this method takes 1 argument but 2 arguments were supplied
[INFO] [stdout]   --> /opt/rustwide/cargo-home/registry/src/index.crates.io-6f17d22bba15001f/logos-derive-0.9.7/src/util.rs:59:31
[INFO] [stdout]    |
[INFO] [stdout] 59 |                 self.callback.insert(callback, |_| panic!("Only one callback can be defined per variant definition!"));
[INFO] [stdout]    |                               ^^^^^^         ------------------------------------------------------------------------
[INFO] [stdout]    |                                              | |
[INFO] [stdout]    |                                              | unexpected argument of type `[closure@/opt/rustwide/cargo-home/registry/src/index.crates.io-6f17d22bba15001f/logos-derive-0.9.7/src/util.rs:59:48: 59:51]`
[INFO] [stdout]    |                                              help: remove the extra argument
[INFO] [stdout]    |
[INFO] [stdout] note: method defined here
[INFO] [stdout]   --> /rustc/1b7dd2252b99671ce5d1cb9664c5f8636329436d/library/core/src/option.rs:1615:18
[INFO] [stdout] 
[INFO] [stdout] 
[INFO] [stdout] error[E0061]: this method takes 1 argument but 2 arguments were supplied
[INFO] [stdout]   --> /opt/rustwide/cargo-home/registry/src/index.crates.io-6f17d22bba15001f/logos-derive-0.9.7/src/lib.rs:50:20
[INFO] [stdout]    |
[INFO] [stdout] 50 |             extras.insert(ext, |_| panic!("Only one #[extras] attribute can be declared."));
[INFO] [stdout]    |                    ^^^^^^    -------------------------------------------------------------
[INFO] [stdout]    |                              | |
[INFO] [stdout]    |                              | unexpected argument of type `[closure@/opt/rustwide/cargo-home/registry/src/index.crates.io-6f17d22bba15001f/logos-derive-0.9.7/src/lib.rs:50:32: 50:35]`
[INFO] [stdout]    |                              help: remove the extra argument
[INFO] [stdout]    |
[INFO] [stdout] note: method defined here
[INFO] [stdout]   --> /rustc/1b7dd2252b99671ce5d1cb9664c5f8636329436d/library/core/src/option.rs:1615:18
[INFO] [stdout] 
[INFO] [stdout] 
[INFO] [stdout] error[E0061]: this method takes 1 argument but 2 arguments were supplied
[INFO] [stdout]   --> /opt/rustwide/cargo-home/registry/src/index.crates.io-6f17d22bba15001f/logos-derive-0.9.7/src/lib.rs:84:23
[INFO] [stdout]    |
[INFO] [stdout] 84 |                 error.insert(variant, |_| panic!("Only one #[error] variant can be declared."));
[INFO] [stdout]    |                       ^^^^^^        ----------------------------------------------------------
[INFO] [stdout]    |                                     | |
[INFO] [stdout]    |                                     | unexpected argument of type `[closure@/opt/rustwide/cargo-home/registry/src/index.crates.io-6f17d22bba15001f/logos-derive-0.9.7/src/lib.rs:84:39: 84:42]`
[INFO] [stdout]    |                                     help: remove the extra argument
[INFO] [stdout]    |
[INFO] [stdout] note: method defined here
[INFO] [stdout]   --> /rustc/1b7dd2252b99671ce5d1cb9664c5f8636329436d/library/core/src/option.rs:1615:18
[INFO] [stdout] 
[INFO] [stdout] 
[INFO] [stdout] error[E0061]: this method takes 1 argument but 2 arguments were supplied
[INFO] [stdout]   --> /opt/rustwide/cargo-home/registry/src/index.crates.io-6f17d22bba15001f/logos-derive-0.9.7/src/lib.rs:88:21
[INFO] [stdout]    |
[INFO] [stdout] 88 |                 end.insert(variant, |_| panic!("Only one #[end] variant can be declared."));
[INFO] [stdout]    |                     ^^^^^^        --------------------------------------------------------
[INFO] [stdout]    |                                   | |
[INFO] [stdout]    |                                   | unexpected argument of type `[closure@/opt/rustwide/cargo-home/registry/src/index.crates.io-6f17d22bba15001f/logos-derive-0.9.7/src/lib.rs:88:37: 88:40]`
[INFO] [stdout]    |                                   help: remove the extra argument
[INFO] [stdout]    |
[INFO] [stdout] note: method defined here
[INFO] [stdout]   --> /rustc/1b7dd2252b99671ce5d1cb9664c5f8636329436d/library/core/src/option.rs:1615:18
[INFO] [stdout] 
[INFO] [stdout] 
[INFO] [stdout] error: aborting due to 4 previous errors
[INFO] [stdout] 
[INFO] [stdout] 
[INFO] [stdout] For more information about this error, try `rustc --explain E0061`.
[INFO] [stdout] 
[INFO] [stderr] error: could not compile `logos-derive` (lib) due to 5 previous errors
[INFO] [stderr] warning: build failed, waiting for other jobs to finish...
[INFO] running `Command { std: "docker" "inspect" "0f90ce31b9ceb100ac30306692a68fdcbec13711b0ceb6eefe2b318a4b634ed8", kill_on_drop: false }`
[INFO] running `Command { std: "docker" "rm" "-f" "0f90ce31b9ceb100ac30306692a68fdcbec13711b0ceb6eefe2b318a4b634ed8", kill_on_drop: false }`
[INFO] [stdout] 0f90ce31b9ceb100ac30306692a68fdcbec13711b0ceb6eefe2b318a4b634ed8
