[INFO] cloning repository https://github.com/JoshOrndorff/tcr-substrate
[INFO] running `Command { std: "git" "-c" "credential.helper=" "-c" "credential.helper=/workspace/cargo-home/bin/git-credential-null" "clone" "--bare" "https://github.com/JoshOrndorff/tcr-substrate" "/workspace/cache/git-repos/https%3A%2F%2Fgithub.com%2FJoshOrndorff%2Ftcr-substrate", kill_on_drop: false }`
[INFO] [stderr] Cloning into bare repository '/workspace/cache/git-repos/https%3A%2F%2Fgithub.com%2FJoshOrndorff%2Ftcr-substrate'...
[INFO] running `Command { std: "git" "rev-parse" "HEAD", kill_on_drop: false }`
[INFO] [stdout] ac17a53a596549aa71ef2696f16c5b26b53dd86e
[INFO] documenting JoshOrndorff/tcr-substrate against beta-2023-04-20 for beta-1.70-rustdoc-1
[INFO] running `Command { std: "git" "clone" "/workspace/cache/git-repos/https%3A%2F%2Fgithub.com%2FJoshOrndorff%2Ftcr-substrate" "/workspace/builds/worker-5-tc2/source", kill_on_drop: false }`
[INFO] [stderr] Cloning into '/workspace/builds/worker-5-tc2/source'...
[INFO] [stderr] done.
[INFO] validating manifest of git repo https://github.com/JoshOrndorff/tcr-substrate on toolchain beta-2023-04-20
[INFO] running `Command { std: CARGO_HOME="/workspace/cargo-home" RUSTUP_HOME="/workspace/rustup-home" "/workspace/cargo-home/bin/cargo" "+beta-2023-04-20" "metadata" "--manifest-path" "Cargo.toml" "--no-deps", kill_on_drop: false }`
[INFO] started tweaking git repo https://github.com/JoshOrndorff/tcr-substrate
[INFO] finished tweaking git repo https://github.com/JoshOrndorff/tcr-substrate
[INFO] tweaked toml for git repo https://github.com/JoshOrndorff/tcr-substrate written to /workspace/builds/worker-5-tc2/source/Cargo.toml
[INFO] crate git repo https://github.com/JoshOrndorff/tcr-substrate already has a lockfile, it will not be regenerated
[INFO] running `Command { std: CARGO_HOME="/workspace/cargo-home" RUSTUP_HOME="/workspace/rustup-home" "/workspace/cargo-home/bin/cargo" "+beta-2023-04-20" "fetch" "--manifest-path" "Cargo.toml", kill_on_drop: false }`
[INFO] [stderr]     Updating crates.io index
[INFO] [stderr]  Downloading crates ...
[INFO] [stderr]   Downloaded tokio-sync v0.2.0-alpha.6
[INFO] [stderr]   Downloaded once_cell v0.2.4
[INFO] [stderr]   Downloaded num-rational v0.2.3
[INFO] [stderr]   Downloaded nohash-hasher v0.1.3
[INFO] [stderr]   Downloaded structopt-derive v0.4.0
[INFO] [stderr]   Downloaded const-random-macro v0.1.8
[INFO] [stderr]   Downloaded wasmi-validation v0.3.0
[INFO] [stderr]   Downloaded wasmi v0.6.2
[INFO] [stderr]   Downloaded const-random v0.1.8
[INFO] [stderr]   Downloaded snow v0.6.2
[INFO] [stderr]   Downloaded unsigned-varint v0.3.1
[INFO] [stderr]   Downloaded parity-multihash v0.2.3
[INFO] [stderr]   Downloaded libp2p v0.13.2
[INFO] [stderr]   Downloaded paste-impl v0.1.7
[INFO] [stderr]   Downloaded malloc_size_of_derive v0.1.1
[INFO] [stderr]   Downloaded parity-util-mem v0.3.0
[INFO] [stderr]   Downloaded memory-db v0.18.1
[INFO] [stderr]   Downloaded curve25519-dalek v2.0.0
[INFO] [stderr]   Downloaded ctrlc v3.1.4
[INFO] [stderr]   Downloaded jsonrpc-http-server v14.0.6
[INFO] [stderr]   Downloaded bindgen v0.53.1
[INFO] [stderr]   Downloaded proc-macro-error v0.4.9
[INFO] [stderr]   Downloaded lru v0.1.17
[INFO] [stderr]   Downloaded erased-serde v0.3.10
[INFO] [stderr]   Downloaded jsonrpc-core v14.0.5
[INFO] [stderr]   Downloaded kvdb-memorydb v0.2.0
[INFO] [stderr]   Downloaded fdlimit v0.1.2
[INFO] [stderr]   Downloaded structopt v0.3.7
[INFO] [stderr]   Downloaded async-std v1.5.0
[INFO] [stderr]   Downloaded jsonrpc-pubsub v14.0.6
[INFO] [stderr]   Downloaded rpassword v4.0.5
[INFO] [stderr]   Downloaded tokio-executor v0.2.0-alpha.6
[INFO] [stderr]   Downloaded slog-scope v4.3.0
[INFO] [stderr]   Downloaded slog_derive v0.2.0
[INFO] [stderr]   Downloaded kv-log-macro v1.0.4
[INFO] [stderr]   Downloaded tokio v0.2.12
[INFO] [stderr]   Downloaded strum v0.16.0
[INFO] [stderr]   Downloaded lru v0.4.3
[INFO] [stderr]   Downloaded protobuf v2.8.1
[INFO] [stderr]   Downloaded hyper v0.13.2
[INFO] [stderr]   Downloaded impl-trait-for-tuples v0.1.3
[INFO] [stderr]   Downloaded strum_macros v0.16.0
[INFO] [stderr]   Downloaded proc-macro-error-attr v0.4.9
[INFO] [stderr]   Downloaded jsonrpc-core-client v14.0.5
[INFO] [stderr]   Downloaded jsonrpc-derive v14.0.5
[INFO] [stderr]   Downloaded rocksdb v0.13.0
[INFO] [stderr]   Downloaded libp2p-ping v0.13.1
[INFO] [stderr]   Downloaded libp2p-plaintext v0.13.1
[INFO] [stderr]   Downloaded impl-serde v0.3.0
[INFO] [stderr]   Downloaded ring v0.16.11
[INFO] [stderr]   Downloaded trie-db v0.18.1
[INFO] [stderr]   Downloaded parity-bytes v0.1.1
[INFO] [stderr]   Downloaded librocksdb-sys v6.6.4
[INFO] [stderr]   Downloaded libp2p-dns v0.13.0
[INFO] [stderr]   Downloaded libp2p-noise v0.11.1
[INFO] [stderr]   Downloaded libp2p-secio v0.13.1
[INFO] [stderr]   Downloaded libp2p-swarm v0.3.0
[INFO] [stderr]   Downloaded libp2p-websocket v0.13.0
[INFO] [stderr]   Downloaded bumpalo v3.2.0
[INFO] [stderr]   Downloaded integer-sqrt v0.1.3
[INFO] [stderr]   Downloaded derive_more v0.99.3
[INFO] [stderr]   Downloaded impl-codec v0.4.2
[INFO] [stderr]   Downloaded environmental v1.1.1
[INFO] [stderr]   Downloaded ed25519-dalek v1.0.0-pre.3
[INFO] [stderr]   Downloaded libp2p-core-derive v0.13.0
[INFO] [stderr]   Downloaded ipnet v2.2.0
[INFO] [stderr]   Downloaded libp2p-core v0.13.2
[INFO] [stderr]   Downloaded paste v0.1.7
[INFO] [stderr]   Downloaded hyper-rustls v0.17.1
[INFO] [stderr]   Downloaded futures-timer v0.4.0
[INFO] [stderr]   Downloaded finality-grandpa v0.10.3
[INFO] [stderr]   Downloaded kvdb-rocksdb v0.3.0
[INFO] [stderr]   Downloaded jsonrpc-client-transports v14.0.5
[INFO] [stderr]   Downloaded jsonrpc-server-utils v14.0.5
[INFO] [stderr]   Downloaded ws v0.9.1
[INFO] [stderr]   Downloaded jsonrpc-ws-server v14.0.6
[INFO] [stderr]   Downloaded broadcaster v1.0.0
[INFO] [stderr]   Downloaded sysinfo v0.9.6
[INFO] [stderr]   Downloaded kvdb v0.2.0
[INFO] [stderr]   Downloaded libp2p-deflate v0.5.0
[INFO] [stderr]   Downloaded libp2p-floodsub v0.13.1
[INFO] [stderr]   Downloaded libp2p-identify v0.13.2
[INFO] [stderr]   Downloaded libp2p-kad v0.13.2
[INFO] [stderr]   Downloaded libp2p-mdns v0.13.1
[INFO] [stderr]   Downloaded libp2p-mplex v0.13.0
[INFO] [stderr]   Downloaded libp2p-tcp v0.13.0
[INFO] [stderr]   Downloaded libp2p-uds v0.13.0
[INFO] [stderr]   Downloaded libp2p-wasm-ext v0.6.0
[INFO] [stderr]   Downloaded tokio-rustls v0.10.3
[INFO] [stderr]   Downloaded multistream-select v0.6.1
[INFO] [stderr]   Downloaded yamux v0.2.2
[INFO] [stderr]   Downloaded libp2p-yamux v0.13.0
[INFO] [stderr]   Downloaded bs58 v0.3.0
[INFO] [stderr]   Downloaded parity-multiaddr v0.6.0
[INFO] [stderr]   Downloaded fixed-hash v0.5.2
[INFO] [stderr]   Downloaded bitvec v0.15.2
[INFO] [stderr]   Downloaded parity-scale-codec-derive v1.1.1
[INFO] [stderr]   Downloaded parity-scale-codec v1.1.2
[INFO] [stderr]   Downloaded uint v0.8.2
[INFO] [stderr]   Downloaded primitive-types v0.6.2
[INFO] [stderr]   Downloaded merlin v1.3.0
[INFO] [stderr]   Downloaded subtle v2.2.2
[INFO] [stderr]   Downloaded tiny-keccak v2.0.1
[INFO] running `Command { std: "docker" "create" "-v" "/var/lib/crater-agent-workspace/builds/worker-5-tc2/target:/opt/rustwide/target:rw,Z" "-v" "/var/lib/crater-agent-workspace/builds/worker-5-tc2/source:/opt/rustwide/workdir:ro,Z" "-v" "/var/lib/crater-agent-workspace/cargo-home:/opt/rustwide/cargo-home:ro,Z" "-v" "/var/lib/crater-agent-workspace/rustup-home:/opt/rustwide/rustup-home:ro,Z" "-e" "SOURCE_DIR=/opt/rustwide/workdir" "-e" "CARGO_TARGET_DIR=/opt/rustwide/target" "-e" "CARGO_HOME=/opt/rustwide/cargo-home" "-e" "RUSTUP_HOME=/opt/rustwide/rustup-home" "-w" "/opt/rustwide/workdir" "-m" "1610612736" "--user" "0:0" "--network" "none" "ghcr.io/rust-lang/crates-build-env/linux@sha256:5ff2268d62e97bff2cde7d5815dd6ed5b47097566f13b8d0ca110b04b60e07ed" "/opt/rustwide/cargo-home/bin/cargo" "+beta-2023-04-20" "metadata" "--no-deps" "--format-version=1", kill_on_drop: false }`
[INFO] [stdout] 0e053aa904ad002ca7c54f10329cc11957c3de8c5a3c5eadadeabd03ba07c391
[INFO] running `Command { std: "docker" "start" "-a" "0e053aa904ad002ca7c54f10329cc11957c3de8c5a3c5eadadeabd03ba07c391", kill_on_drop: false }`
[INFO] running `Command { std: "docker" "inspect" "0e053aa904ad002ca7c54f10329cc11957c3de8c5a3c5eadadeabd03ba07c391", kill_on_drop: false }`
[INFO] running `Command { std: "docker" "rm" "-f" "0e053aa904ad002ca7c54f10329cc11957c3de8c5a3c5eadadeabd03ba07c391", kill_on_drop: false }`
[INFO] [stdout] 0e053aa904ad002ca7c54f10329cc11957c3de8c5a3c5eadadeabd03ba07c391
[INFO] running `Command { std: "docker" "create" "-v" "/var/lib/crater-agent-workspace/builds/worker-5-tc2/target:/opt/rustwide/target:rw,Z" "-v" "/var/lib/crater-agent-workspace/builds/worker-5-tc2/source:/opt/rustwide/workdir:ro,Z" "-v" "/var/lib/crater-agent-workspace/cargo-home:/opt/rustwide/cargo-home:ro,Z" "-v" "/var/lib/crater-agent-workspace/rustup-home:/opt/rustwide/rustup-home:ro,Z" "-e" "SOURCE_DIR=/opt/rustwide/workdir" "-e" "CARGO_TARGET_DIR=/opt/rustwide/target" "-e" "CARGO_INCREMENTAL=0" "-e" "RUST_BACKTRACE=full" "-e" "RUSTFLAGS=--cap-lints=warn" "-e" "RUSTDOCFLAGS=--cap-lints=warn" "-e" "CARGO_HOME=/opt/rustwide/cargo-home" "-e" "RUSTUP_HOME=/opt/rustwide/rustup-home" "-w" "/opt/rustwide/workdir" "-m" "1610612736" "--user" "0:0" "--network" "none" "ghcr.io/rust-lang/crates-build-env/linux@sha256:5ff2268d62e97bff2cde7d5815dd6ed5b47097566f13b8d0ca110b04b60e07ed" "/opt/rustwide/cargo-home/bin/cargo" "+beta-2023-04-20" "doc" "--frozen" "--no-deps" "--document-private-items" "--message-format=json", kill_on_drop: false }`
[INFO] [stdout] 919a630926c0ef2da6ab4404338b124fd04ca4f273e6a25ffa8012cd64ef50ce
[INFO] running `Command { std: "docker" "start" "-a" "919a630926c0ef2da6ab4404338b124fd04ca4f273e6a25ffa8012cd64ef50ce", kill_on_drop: false }`
[INFO] [stderr]    Compiling libc v0.2.67
[INFO] [stderr]    Compiling proc-macro2 v1.0.9
[INFO] [stderr]    Compiling syn v1.0.16
[INFO] [stderr]    Compiling autocfg v1.0.0
[INFO] [stderr]    Compiling log v0.4.8
[INFO] [stderr]    Compiling byteorder v1.3.4
[INFO] [stderr]    Compiling semver-parser v0.7.0
[INFO] [stderr]    Compiling serde v1.0.104
[INFO] [stderr]    Compiling typenum v1.11.2
[INFO] [stderr]    Compiling maybe-uninit v2.0.0
[INFO] [stderr]     Checking scopeguard v1.1.0
[INFO] [stderr]     Checking opaque-debug v0.2.3
[INFO] [stderr]     Checking byte-tools v0.3.1
[INFO] [stderr]    Compiling memchr v2.3.3
[INFO] [stderr]     Checking smallvec v1.2.0
[INFO] [stderr]    Compiling autocfg v0.1.7
[INFO] [stderr]     Checking fake-simd v0.1.2
[INFO] [stderr]     Checking block-padding v0.1.5
[INFO] [stderr]     Checking lock_api v0.3.3
[INFO] [stderr]    Compiling semver v0.9.0
[INFO] [stderr]    Compiling failure_derive v0.1.6
[INFO] [stderr]     Checking rand_core v0.4.2
[INFO] [stderr]     Checking subtle v1.0.0
[INFO] [stderr]     Checking futures v0.1.29
[INFO] [stderr]     Checking keccak v0.1.0
[INFO] [stderr]     Checking rustc-demangle v0.1.16
[INFO] [stderr]     Checking subtle v2.2.2
[INFO] [stderr]    Compiling rustc_version v0.2.3
[INFO] [stderr]    Compiling crunchy v0.2.2
[INFO] [stderr]     Checking rand_core v0.3.1
[INFO] [stderr]     Checking smallvec v0.6.13
[INFO] [stderr]     Checking arrayref v0.3.6
[INFO] [stderr]    Compiling rand_pcg v0.1.2
[INFO] [stderr]    Compiling rand_chacha v0.1.1
[INFO] [stderr]    Compiling rand v0.6.5
[INFO] [stderr]    Compiling num-traits v0.2.11
[INFO] [stderr]     Checking rand_hc v0.1.0
[INFO] [stderr]     Checking rand_isaac v0.1.1
[INFO] [stderr]     Checking rand_xorshift v0.1.1
[INFO] [stderr]    Compiling parking_lot_core v0.6.2
[INFO] [stderr]    Compiling parking_lot v0.9.0
[INFO] [stderr]     Checking rand_jitter v0.1.4
[INFO] [stderr]    Compiling num-integer v0.1.42
[INFO] [stderr]     Checking slab v0.4.2
[INFO] [stderr]    Compiling quote v1.0.2
[INFO] [stderr]     Checking arrayvec v0.5.1
[INFO] [stderr]    Compiling thread_local v1.0.1
[INFO] [stderr]    Compiling regex-syntax v0.6.14
[INFO] [stderr]     Checking generic-array v0.12.3
[INFO] [stderr]    Compiling aho-corasick v0.7.9
[INFO] [stderr]     Checking either v1.5.3
[INFO] [stderr]     Checking static_assertions v1.1.0
[INFO] [stderr]     Checking rustc-hex v2.1.0
[INFO] [stderr]     Checking byte-slice-cast v0.3.5
[INFO] [stderr]     Checking bitvec v0.15.2
[INFO] [stderr]    Compiling crossbeam-utils v0.7.2
[INFO] [stderr]     Checking uint v0.8.2
[INFO] [stderr]     Checking digest v0.8.1
[INFO] [stderr]     Checking getrandom v0.1.14
[INFO] [stderr]    Compiling jobserver v0.1.21
[INFO] [stderr]     Checking block-buffer v0.7.3
[INFO] [stderr]     Checking crypto-mac v0.7.0
[INFO] [stderr]     Checking rand_os v0.1.3
[INFO] [stderr]     Checking rand_core v0.5.1
[INFO] [stderr]     Checking sha2 v0.8.1
[INFO] [stderr]     Checking hmac v0.7.1
[INFO] [stderr]     Checking iovec v0.1.4
[INFO] [stderr]    Compiling cc v1.0.50
[INFO] [stderr]     Checking bytes v0.4.12
[INFO] [stderr]     Checking hmac-drbg v0.2.0
[INFO] [stderr]     Checking rand_chacha v0.2.1
[INFO] [stderr]    Compiling num-bigint v0.2.6
[INFO] [stderr]    Compiling arrayvec v0.4.12
[INFO] [stderr]    Compiling parking_lot_core v0.4.0
[INFO] [stderr]    Compiling num-rational v0.2.3
[INFO] [stderr]     Checking rand v0.7.3
[INFO] [stderr]     Checking scopeguard v0.3.3
[INFO] [stderr]     Checking fnv v1.0.6
[INFO] [stderr]     Checking sp-std v2.0.0 (https://github.com/paritytech/substrate.git?rev=3e651110aa06aa835790df63410a29676243fc54#3e651110)
[INFO] [stderr]     Checking parity-wasm v0.41.0
[INFO] [stderr]     Checking lock_api v0.1.5
[INFO] [stderr]     Checking hash-db v0.15.2
[INFO] [stderr]     Checking memory_units v0.3.0
[INFO] [stderr]     Checking tokio-io v0.1.13
[INFO] [stderr]     Checking pbkdf2 v0.3.0
[INFO] [stderr]    Compiling tiny-keccak v2.0.1
[INFO] [stderr]     Checking nodrop v0.1.14
[INFO] [stderr]     Checking zeroize v0.9.3
[INFO] [stderr]     Checking environmental v1.1.1
[INFO] [stderr]     Checking hashbrown v0.1.8
[INFO] [stderr]     Checking constant_time_eq v0.1.5
[INFO] [stderr]     Checking hash256-std-hasher v0.15.2
[INFO] [stderr]     Checking base58 v0.1.0
[INFO] [stderr]     Checking hex v0.4.2
[INFO] [stderr]    Compiling hashbrown v0.6.3
[INFO] [stderr]     Checking tokio-executor v0.1.10
[INFO] [stderr]     Checking parking_lot v0.7.1
[INFO] [stderr]     Checking tokio-codec v0.1.2
[INFO] [stderr]     Checking blake2-rfc v0.2.18
[INFO] [stderr]     Checking trie-root v0.15.2
[INFO] [stderr]     Checking libsecp256k1 v0.3.5
[INFO] [stderr]    Compiling backtrace-sys v0.1.32
[INFO] [stderr]    Compiling clear_on_drop v0.2.3
[INFO] [stderr]     Checking fixed-hash v0.5.2
[INFO] [stderr]     Checking twox-hash v1.5.0
[INFO] [stderr]     Checking num_cpus v1.12.0
[INFO] [stderr]     Checking unicode-bidi v0.3.4
[INFO] [stderr]     Checking once_cell v0.1.8
[INFO] [stderr]    Compiling ring v0.16.11
[INFO] [stderr]     Checking unicode-normalization v0.1.12
[INFO] [stderr]     Checking integer-sqrt v0.1.3
[INFO] [stderr]     Checking untrusted v0.7.0
[INFO] [stderr]     Checking itoa v0.4.5
[INFO] [stderr]     Checking tokio-timer v0.2.13
[INFO] [stderr]     Checking bytes v0.5.4
[INFO] [stderr]     Checking sha-1 v0.8.2
[INFO] [stderr]     Checking unsigned-varint v0.2.3
[INFO] [stderr]     Checking blake2 v0.8.1
[INFO] [stderr]    Compiling regex v1.3.4
[INFO] [stderr]     Checking wasmi-validation v0.3.0
[INFO] [stderr]     Checking sha3 v0.8.2
[INFO] [stderr]     Checking net2 v0.2.33
[INFO] [stderr]     Checking quick-error v1.2.3
[INFO] [stderr]    Compiling memoffset v0.5.3
[INFO] [stderr]    Compiling protobuf v2.8.1
[INFO] [stderr]     Checking void v1.0.2
[INFO] [stderr]     Checking unsigned-varint v0.3.1
[INFO] [stderr]     Checking data-encoding v2.2.0
[INFO] [stderr]    Compiling crossbeam-epoch v0.8.2
[INFO] [stderr]     Checking mio v0.6.21
[INFO] [stderr]     Checking bs58 v0.3.0
[INFO] [stderr]     Checking wasm-timer v0.1.3
[INFO] [stderr]     Checking parity-multihash v0.2.3
[INFO] [stderr]     Checking wasmi v0.6.2
[INFO] [stderr]     Checking multistream-select v0.6.1
[INFO] [stderr]     Checking rw-stream-sink v0.1.2
[INFO] [stderr]     Checking idna v0.2.0
[INFO] [stderr]     Checking tokio-sync v0.1.8
[INFO] [stderr]     Checking pin-utils v0.1.0-alpha.4
[INFO] [stderr]     Checking crossbeam-queue v0.2.1
[INFO] [stderr]    Compiling ryu v1.0.2
[INFO] [stderr]    Compiling proc-macro-nested v0.1.3
[INFO] [stderr]     Checking tokio-reactor v0.1.12
[INFO] [stderr]     Checking futures-core v0.3.4
[INFO] [stderr]     Checking crossbeam-deque v0.7.3
[INFO] [stderr]     Checking url v2.1.1
[INFO] [stderr]     Checking futures-sink v0.3.4
[INFO] [stderr]     Checking mio-uds v0.6.7
[INFO] [stderr]     Checking futures-channel v0.3.4
[INFO] [stderr]     Checking futures-task v0.3.4
[INFO] [stderr]     Checking futures-io v0.3.4
[INFO] [stderr]    Compiling httparse v1.3.4
[INFO] [stderr]    Compiling Inflector v0.11.4
[INFO] [stderr]     Checking tokio-uds v0.2.6
[INFO] [stderr]     Checking tokio-udp v0.1.6
[INFO] [stderr]     Checking tokio-tcp v0.1.4
[INFO] [stderr]     Checking tokio-threadpool v0.1.18
[INFO] [stderr]     Checking tokio-current-thread v0.1.7
[INFO] [stderr]     Checking http v0.1.21
[INFO] [stderr]     Checking tracing-core v0.1.10
[INFO] [stderr]    Compiling bumpalo v3.2.0
[INFO] [stderr]    Compiling pkg-config v0.3.17
[INFO] [stderr]     Checking futures-cpupool v0.1.8
[INFO] [stderr]    Compiling crc32fast v1.2.0
[INFO] [stderr]     Checking block-cipher-trait v0.6.2
[INFO] [stderr]     Checking base64 v0.10.1
[INFO] [stderr]     Checking adler32 v1.0.4
[INFO] [stderr]    Compiling proc-macro2 v0.4.30
[INFO] [stderr]     Checking rand v0.4.6
[INFO] [stderr]    Compiling parking_lot_core v0.5.0
[INFO] [stderr]    Compiling unicode-xid v0.1.0
[INFO] [stderr]     Checking miniz_oxide v0.3.6
[INFO] [stderr]     Checking tokio-fs v0.1.7
[INFO] [stderr]     Checking stream-cipher v0.3.2
[INFO] [stderr]    Compiling parking_lot v0.8.0
[INFO] [stderr]    Compiling snow v0.6.2
[INFO] [stderr]    Compiling syn v0.15.44
[INFO] [stderr]     Checking tokio v0.1.22
[INFO] [stderr]    Compiling libz-sys v1.0.25
[INFO] [stderr]     Checking ctr v0.3.2
[INFO] [stderr]     Checking aes-soft v0.3.3
[INFO] [stderr]     Checking time v0.1.42
[INFO] [stderr]     Checking lock_api v0.2.0
[INFO] [stderr]     Checking rand v0.3.23
[INFO] [stderr]     Checking sha1 v0.6.0
[INFO] [stderr]     Checking c_linked_list v1.1.1
[INFO] [stderr]     Checking nohash-hasher v0.1.3
[INFO] [stderr]     Checking cuckoofilter v0.3.2
[INFO] [stderr]     Checking yamux v0.2.2
[INFO] [stderr]     Checking get_if_addrs v0.5.3
[INFO] [stderr]     Checking aes-ctr v0.3.0
[INFO] [stderr]     Checking tokio-dns-unofficial v0.4.0
[INFO] [stderr]     Checking twofish v0.2.0
[INFO] [stderr]     Checking dns-parser v0.8.0
[INFO] [stderr]     Checking ipnet v2.2.0
[INFO] [stderr]     Checking parity-send-wrapper v0.1.0
[INFO] [stderr]     Checking futures-core-preview v0.3.0-alpha.19
[INFO] [stderr]    Compiling quote v0.6.13
[INFO] [stderr]    Compiling unicode-segmentation v1.6.0
[INFO] [stderr]    Compiling slog v2.5.2
[INFO] [stderr]     Checking flate2 v1.0.13
[INFO] [stderr]     Checking futures-channel-preview v0.3.0-alpha.19
[INFO] [stderr]     Checking futures-timer v2.0.2
[INFO] [stderr]     Checking arc-swap v0.4.4
[INFO] [stderr]    Compiling synstructure v0.12.3
[INFO] [stderr]    Compiling wasm-bindgen-backend v0.2.58
[INFO] [stderr]     Checking webpki v0.21.2
[INFO] [stderr]     Checking sct v0.6.0
[INFO] [stderr]     Checking futures-util-preview v0.3.0-alpha.19
[INFO] [stderr]     Checking parity-bytes v0.1.1
[INFO] [stderr]     Checking take_mut v0.2.2
[INFO] [stderr]    Compiling heck v0.3.1
[INFO] [stderr]     Checking kvdb v0.2.0
[INFO] [stderr]     Checking bitmask v0.5.0
[INFO] [stderr]     Checking once_cell v0.2.4
[INFO] [stderr]     Checking parking_lot_core v0.7.0
[INFO] [stderr]     Checking soketto v0.2.3
[INFO] [stderr]    Compiling indexmap v1.3.2
[INFO] [stderr]     Checking rustls v0.16.0
[INFO] [stderr]     Checking webpki-roots v0.18.0
[INFO] [stderr]     Checking safe-mix v1.0.1
[INFO] [stderr]    Compiling bitflags v1.2.1
[INFO] [stderr]    Compiling glob v0.3.0
[INFO] [stderr]    Compiling version_check v0.1.5
[INFO] [stderr]    Compiling libloading v0.5.2
[INFO] [stderr]     Checking try-lock v0.2.2
[INFO] [stderr]    Compiling atty v0.2.14
[INFO] [stderr]     Checking parking_lot v0.10.0
[INFO] [stderr]    Compiling unicode-width v0.1.7
[INFO] [stderr]    Compiling bindgen v0.53.1
[INFO] [stderr]    Compiling humantime v1.3.0
[INFO] [stderr]    Compiling textwrap v0.11.0
[INFO] [stderr]    Compiling termcolor v1.1.0
[INFO] [stderr]    Compiling vec_map v0.8.1
[INFO] [stderr]    Compiling nom v4.2.3
[INFO] [stderr]    Compiling clang-sys v0.28.1
[INFO] [stderr]    Compiling strsim v0.8.0
[INFO] [stderr]    Compiling ansi_term v0.11.0
[INFO] [stderr]    Compiling env_logger v0.7.1
[INFO] [stderr]    Compiling which v3.1.0
[INFO] [stderr]    Compiling rustc-hash v1.1.0
[INFO] [stderr]    Compiling version_check v0.9.1
[INFO] [stderr]    Compiling peeking_take_while v0.1.2
[INFO] [stderr]    Compiling clap v2.33.0
[INFO] [stderr]     Checking pin-project-lite v0.1.4
[INFO] [stderr]     Checking futures-timer v0.4.0
[INFO] [stderr]     Checking linked-hash-map v0.5.2
[INFO] [stderr]    Compiling rustversion v1.0.2
[INFO] [stderr]    Compiling shlex v0.1.1
[INFO] [stderr]    Compiling lazycell v1.2.1
[INFO] [stderr]     Checking idna v0.1.5
[INFO] [stderr]     Checking string v0.2.1
[INFO] [stderr]    Compiling wasm-bindgen-macro-support v0.2.58
[INFO] [stderr]     Checking tokio-buf v0.1.1
[INFO] [stderr]    Compiling hyper v0.12.35
[INFO] [stderr]     Checking percent-encoding v1.0.1
[INFO] [stderr]     Checking linked_hash_set v0.1.3
[INFO] [stderr]    Compiling unicase v2.6.0
[INFO] [stderr]     Checking h2 v0.1.26
[INFO] [stderr]     Checking tokio v0.2.12
[INFO] [stderr]     Checking want v0.2.0
[INFO] [stderr]     Checking http-body v0.1.0
[INFO] [stderr]     Checking http v0.2.0
[INFO] [stderr]     Checking url v1.7.2
[INFO] [stderr]     Checking bstr v0.2.11
[INFO] [stderr]    Compiling cexpr v0.3.6
[INFO] [stderr]     Checking tokio-rustls v0.10.3
[INFO] [stderr]    Compiling rayon-core v1.7.0
[INFO] [stderr]    Compiling serde_derive v1.0.104
[INFO] [stderr]    Compiling zeroize_derive v1.0.0
[INFO] [stderr]    Compiling proc-macro-hack v0.5.11
[INFO] [stderr]    Compiling sp-debug-derive v2.0.0 (https://github.com/paritytech/substrate.git?rev=3e651110aa06aa835790df63410a29676243fc54#3e651110)
[INFO] [stderr]    Compiling impl-trait-for-tuples v0.1.3
[INFO] [stderr]    Compiling derive_more v0.99.3
[INFO] [stderr]    Compiling malloc_size_of_derive v0.1.1
[INFO] [stderr]    Compiling asn1_der_derive v0.1.2
[INFO] [stderr]    Compiling tracing-attributes v0.1.7
[INFO] [stderr]     Checking zeroize v1.1.0
[INFO] [stderr]    Compiling wasm-bindgen-macro v0.2.58
[INFO] [stderr]    Compiling libp2p-core-derive v0.13.0
[INFO] [stderr]     Checking curve25519-dalek v2.0.0
[INFO] [stderr]     Checking merlin v1.3.0
[INFO] [stderr]    Compiling strum_macros v0.16.0
[INFO] [stderr]    Compiling frame-support-procedural-tools-derive v2.0.0 (https://github.com/paritytech/substrate.git?rev=3e651110aa06aa835790df63410a29676243fc54#3e651110)
[INFO] [stderr]    Compiling slog_derive v0.2.0
[INFO] [stderr]     Checking asn1_der v0.6.3
[INFO] [stderr]    Compiling const-random-macro v0.1.8
[INFO] [stderr]     Checking parity-util-mem v0.3.0
[INFO] [stderr]    Compiling paste-impl v0.1.7
[INFO] [stderr]    Compiling futures-macro v0.3.4
[INFO] [stderr]    Compiling hex-literal-impl v0.2.1
[INFO] [stderr]     Checking wasm-bindgen v0.2.58
[INFO] [stderr]     Checking const-random v0.1.8
[INFO] [stderr]     Checking ahash v0.2.18
[INFO] [stderr]     Checking hex-literal v0.2.1
[INFO] [stderr]     Checking tokio-util v0.2.0
[INFO] [stderr]     Checking js-sys v0.3.35
[INFO] [stderr]     Checking globset v0.4.4
[INFO] [stderr]     Checking tracing v0.1.13
[INFO] [stderr]    Compiling pin-project-internal v0.4.8
[INFO] [stderr]     Checking paste v0.1.7
[INFO] [stderr]    Compiling proc-macro-error v0.4.9
[INFO] [stderr]     Checking mio-extras v2.0.6
[INFO] [stderr]     Checking http-body v0.3.1
[INFO] [stderr]     Checking want v0.3.0
[INFO] [stderr]    Compiling syn-mid v0.5.0
[INFO] [stderr]     Checking crossbeam-channel v0.4.2
[INFO] [stderr]     Checking async-task v1.3.1
[INFO] [stderr]     Checking trie-db v0.18.1
[INFO] [stderr]     Checking memory-db v0.18.1
[INFO] [stderr]     Checking lru v0.4.3
[INFO] [stderr]     Checking kv-log-macro v1.0.4
[INFO] [stderr]     Checking once_cell v1.3.1
[INFO] [stderr]    Compiling doc-comment v0.3.1
[INFO] [stderr]     Checking tower-service v0.3.0
[INFO] [stderr]     Checking futures-util v0.3.4
[INFO] [stderr]     Checking stable_deref_trait v1.1.1
[INFO] [stderr]     Checking ws v0.9.1
[INFO] [stderr]    Compiling proc-macro-error-attr v0.4.9
[INFO] [stderr]     Checking owning_ref v0.4.1
[INFO] [stderr]     Checking webpki-roots v0.17.0
[INFO] [stderr]     Checking ct-logs v0.6.0
[INFO] [stderr]     Checking strum v0.16.0
[INFO] [stderr]     Checking fs-swap v0.2.4
[INFO] [stderr]    Compiling sysinfo v0.9.6
[INFO] [stderr]     Checking interleaved-ordered v0.1.1
[INFO] [stderr]     Checking hyper-rustls v0.17.1
[INFO] [stderr]     Checking kvdb-memorydb v0.2.0
[INFO] [stderr]     Checking rayon v1.3.0
[INFO] [stderr]     Checking parity-multihash v0.1.3
[INFO] [stderr]     Checking threadpool v1.7.1
[INFO] [stderr]    Compiling names v0.11.0
[INFO] [stderr]     Checking bs58 v0.2.5
[INFO] [stderr]    Compiling sc-consensus-slots v0.8.0 (https://github.com/paritytech/substrate.git?rev=3e651110aa06aa835790df63410a29676243fc54#3e651110)
[INFO] [stderr]     Checking hashbrown v0.5.0
[INFO] [stderr]    Compiling substrate-wasm-builder-runner v1.0.4 (https://github.com/paritytech/substrate.git?rev=3e651110aa06aa835790df63410a29676243fc54#3e651110)
[INFO] [stderr]    Compiling nix v0.17.0
[INFO] [stderr]     Checking tokio-sync v0.2.0-alpha.6
[INFO] [stderr]     Checking wasm-bindgen-futures v0.3.27
[INFO] [stderr]     Checking lru v0.1.17
[INFO] [stderr]     Checking target_info v0.1.0
[INFO] [stderr]    Compiling node-template-runtime v2.0.0 (/opt/rustwide/workdir/runtime)
[INFO] [stderr]    Compiling substrate-build-script-utils v2.0.0 (https://github.com/paritytech/substrate.git?rev=3e651110aa06aa835790df63410a29676243fc54#3e651110)
[INFO] [stderr]     Checking xdg v2.2.0
[INFO] [stderr]     Checking tokio-executor v0.2.0-alpha.6
[INFO] [stderr]     Checking rpassword v4.0.5
[INFO] [stderr]    Compiling structopt-derive v0.4.0
[INFO] [stderr]     Checking app_dirs v1.2.1
[INFO] [stderr]     Checking fdlimit v0.1.2
[INFO] [stderr]    Compiling curve25519-dalek v1.2.3
[INFO] [stderr]     Checking ed25519-dalek v1.0.0-pre.3
[INFO] [stderr]     Checking pin-project v0.4.8
[INFO] [stderr]    Compiling backtrace v0.3.44
[INFO] [stderr]     Checking futures-executor v0.3.4
[INFO] [stderr]     Checking broadcaster v1.0.0
[INFO] [stderr]     Checking h2 v0.2.1
[INFO] [stderr]     Checking failure v0.1.6
[INFO] [stderr]     Checking sp-panic-handler v2.0.0 (https://github.com/paritytech/substrate.git?rev=3e651110aa06aa835790df63410a29676243fc54#3e651110)
[INFO] [stderr]     Checking futures v0.3.4
[INFO] [stderr]     Checking async-std v1.5.0
[INFO] [stderr]     Checking exit-future v0.2.0
[INFO] [stderr]     Checking tiny-bip39 v0.6.2
[INFO] [stderr]     Checking sp-wasm-interface v2.0.0 (https://github.com/paritytech/substrate.git?rev=3e651110aa06aa835790df63410a29676243fc54#3e651110)
[INFO] [stderr]     Checking structopt v0.3.7
[INFO] [stderr]     Checking schnorrkel v0.8.5
[INFO] [stderr]     Checking x25519-dalek v0.5.2
[INFO] [stderr]     Checking hyper v0.13.2
[INFO] [stderr]     Checking substrate-bip39 v0.3.1
[INFO] [stderr]     Checking ctrlc v3.1.4
[INFO] [stderr]     Checking impl-serde v0.2.3
[INFO] [stderr]     Checking impl-serde v0.3.0
[INFO] [stderr]     Checking parity-multiaddr v0.6.0
[INFO] [stderr]     Checking serde_json v1.0.48
[INFO] [stderr]     Checking erased-serde v0.3.10
[INFO] [stderr]     Checking chrono v0.4.10
[INFO] [stderr]     Checking parity-multiaddr v0.5.0
[INFO] [stderr]     Checking sp-storage v2.0.0 (https://github.com/paritytech/substrate.git?rev=3e651110aa06aa835790df63410a29676243fc54#3e651110)
[INFO] [stderr]     Checking sp-externalities v2.0.0 (https://github.com/paritytech/substrate.git?rev=3e651110aa06aa835790df63410a29676243fc54#3e651110)
[INFO] [stderr]     Checking libp2p-core v0.13.2
[INFO] [stderr]    Compiling toml v0.5.6
[INFO] [stderr]     Checking slog-scope v4.3.0
[INFO] [stderr]     Checking sp-serializer v2.0.0 (https://github.com/paritytech/substrate.git?rev=3e651110aa06aa835790df63410a29676243fc54#3e651110)
[INFO] [stderr]     Checking slog-json v2.3.0
[INFO] [stderr]     Checking jsonrpc-core v14.0.5
[INFO] [stderr]     Checking grafana-data-source v2.0.0 (https://github.com/paritytech/substrate.git?rev=3e651110aa06aa835790df63410a29676243fc54#3e651110)
[INFO] [stderr]    Compiling vergen v3.0.4
[INFO] [stderr]    Compiling proc-macro-crate v0.1.4
[INFO] [stderr]     Checking libp2p-swarm v0.3.0
[INFO] [stderr]     Checking libp2p-uds v0.13.0
[INFO] [stderr]     Checking libp2p-noise v0.11.1
[INFO] [stderr]     Checking libp2p-websocket v0.13.0
[INFO] [stderr]     Checking libp2p-tcp v0.13.0
[INFO] [stderr]     Checking libp2p-mplex v0.13.0
[INFO] [stderr]     Checking libp2p-secio v0.13.1
[INFO] [stderr]     Checking libp2p-plaintext v0.13.1
[INFO] [stderr]     Checking libp2p-dns v0.13.0
[INFO] [stderr]     Checking libp2p-deflate v0.5.0
[INFO] [stderr]     Checking libp2p-wasm-ext v0.6.0
[INFO] [stderr]     Checking libp2p-yamux v0.13.0
[INFO] [stderr]    Compiling frame-support-procedural-tools v2.0.0 (https://github.com/paritytech/substrate.git?rev=3e651110aa06aa835790df63410a29676243fc54#3e651110)
[INFO] [stderr]     Checking jsonrpc-pubsub v14.0.6
[INFO] [stderr]     Checking jsonrpc-server-utils v14.0.5
[INFO] [stderr]     Checking libp2p-kad v0.13.2
[INFO] [stderr]     Checking libp2p-floodsub v0.13.1
[INFO] [stderr]     Checking libp2p-ping v0.13.1
[INFO] [stderr]     Checking libp2p-identify v0.13.2
[INFO] [stderr]     Checking libp2p-mdns v0.13.1
[INFO] [stderr]     Checking jsonrpc-client-transports v14.0.5
[INFO] [stderr]     Checking jsonrpc-http-server v14.0.6
[INFO] [stderr]     Checking jsonrpc-ws-server v14.0.6
[INFO] [stderr]    Compiling parity-scale-codec-derive v1.1.1
[INFO] [stderr]    Compiling sp-runtime-interface-proc-macro v2.0.0 (https://github.com/paritytech/substrate.git?rev=3e651110aa06aa835790df63410a29676243fc54#3e651110)
[INFO] [stderr]    Compiling sp-api-proc-macro v2.0.0 (https://github.com/paritytech/substrate.git?rev=3e651110aa06aa835790df63410a29676243fc54#3e651110)
[INFO] [stderr]    Compiling librocksdb-sys v6.6.4
[INFO] [stderr]    Compiling jsonrpc-derive v14.0.5
[INFO] [stderr]    Compiling sc-chain-spec-derive v2.0.0 (https://github.com/paritytech/substrate.git?rev=3e651110aa06aa835790df63410a29676243fc54#3e651110)
[INFO] [stderr]     Checking jsonrpc-core-client v14.0.5
[INFO] [stderr]    Compiling frame-support-procedural v2.0.0 (https://github.com/paritytech/substrate.git?rev=3e651110aa06aa835790df63410a29676243fc54#3e651110)
[INFO] [stderr]    Compiling node-template v2.0.0 (/opt/rustwide/workdir)
[INFO] [stderr]     Checking libp2p v0.13.2
[INFO] [stderr]     Checking sc-telemetry v2.0.0 (https://github.com/paritytech/substrate.git?rev=3e651110aa06aa835790df63410a29676243fc54#3e651110)
[INFO] [stderr]     Checking sc-peerset v2.0.0 (https://github.com/paritytech/substrate.git?rev=3e651110aa06aa835790df63410a29676243fc54#3e651110)
[INFO] [stderr]     Checking parity-scale-codec v1.1.2
[INFO] [stderr]     Checking sc-tracing v2.0.0 (https://github.com/paritytech/substrate.git?rev=3e651110aa06aa835790df63410a29676243fc54#3e651110)
[INFO] [stderr]     Checking impl-codec v0.4.2
[INFO] [stderr]     Checking sp-arithmetic v2.0.0 (https://github.com/paritytech/substrate.git?rev=3e651110aa06aa835790df63410a29676243fc54#3e651110)
[INFO] [stderr]     Checking fork-tree v2.0.0 (https://github.com/paritytech/substrate.git?rev=3e651110aa06aa835790df63410a29676243fc54#3e651110)
[INFO] [stderr]     Checking finality-grandpa v0.10.3
[INFO] [stderr]     Checking primitive-types v0.6.2
[INFO] [stderr]     Checking sp-runtime-interface v2.0.0 (https://github.com/paritytech/substrate.git?rev=3e651110aa06aa835790df63410a29676243fc54#3e651110)
[INFO] [stderr]     Checking sp-core v2.0.0 (https://github.com/paritytech/substrate.git?rev=3e651110aa06aa835790df63410a29676243fc54#3e651110)
[INFO] [stderr] error: failed to run custom build command for `node-template-runtime v2.0.0 (/opt/rustwide/workdir/runtime)`
[INFO] [stderr] note: To improve backtraces for build dependencies, set the CARGO_PROFILE_DEV_BUILD_OVERRIDE_DEBUG=true environment variable to enable debug information generation.
[INFO] [stderr] 
[INFO] [stderr] Caused by:
[INFO] [stderr]   process didn't exit successfully: `/opt/rustwide/target/debug/build/node-template-runtime-167cbf830a9f776d/build-script-build` (exit status: 1)
[INFO] [stderr]   --- stderr
[INFO] [stderr]       Updating crates.io index
[INFO] [stderr]   warning: spurious network error (3 tries remaining): [6] Couldn't resolve host name (Could not resolve host: index.crates.io)
[INFO] [stderr]   warning: spurious network error (2 tries remaining): [6] Couldn't resolve host name (Could not resolve host: index.crates.io)
[INFO] [stderr]   warning: spurious network error (1 tries remaining): [6] Couldn't resolve host name (Could not resolve host: index.crates.io)
[INFO] [stderr]   error: failed to get `substrate-wasm-builder` as a dependency of package `wasm-build-runner-impl v1.0.0 (/opt/rustwide/target/debug/wbuild-runner/node-template-runtime)`
[INFO] [stderr] 
[INFO] [stderr]   Caused by:
[INFO] [stderr]     failed to query replaced source registry `crates-io`
[INFO] [stderr] 
[INFO] [stderr]   Caused by:
[INFO] [stderr]     download of config.json failed
[INFO] [stderr] 
[INFO] [stderr]   Caused by:
[INFO] [stderr]     failed to download from `https://index.crates.io/config.json`
[INFO] [stderr] 
[INFO] [stderr]   Caused by:
[INFO] [stderr]     [6] Couldn't resolve host name (Could not resolve host: index.crates.io)
[INFO] [stderr] warning: build failed, waiting for other jobs to finish...
[INFO] [stderr] error: could not compile `sp-core` (lib)
[INFO] [stderr] 
[INFO] [stderr] Caused by:
[INFO] [stderr]   process didn't exit successfully: `rustc --crate-name sp_core --edition=2018 /opt/rustwide/cargo-home/git/checkouts/substrate-7e08433d4c370a21/3e65111/primitives/core/src/lib.rs --error-format=json --json=diagnostic-rendered-ansi,artifacts,future-incompat --crate-type lib --emit=dep-info,metadata -C embed-bitcode=no -C debuginfo=2 --cfg 'feature="base58"' --cfg 'feature="blake2-rfc"' --cfg 'feature="default"' --cfg 'feature="ed25519-dalek"' --cfg 'feature="full_crypto"' --cfg 'feature="hex"' --cfg 'feature="impl-serde"' --cfg 'feature="lazy_static"' --cfg 'feature="parking_lot"' --cfg 'feature="rand"' --cfg 'feature="regex"' --cfg 'feature="schnorrkel"' --cfg 'feature="serde"' --cfg 'feature="sha2"' --cfg 'feature="sp-externalities"' --cfg 'feature="std"' --cfg 'feature="substrate-bip39"' --cfg 'feature="tiny-bip39"' --cfg 'feature="tiny-keccak"' --cfg 'feature="twox-hash"' --cfg 'feature="wasmi"' -C metadata=f5b5e87ff2698471 -C extra-filename=-f5b5e87ff2698471 --out-dir /opt/rustwide/target/debug/deps -L dependency=/opt/rustwide/target/debug/deps --extern base58=/opt/rustwide/target/debug/deps/libbase58-cf6d930980402c48.rmeta --extern blake2_rfc=/opt/rustwide/target/debug/deps/libblake2_rfc-fc84be11763e455f.rmeta --extern byteorder=/opt/rustwide/target/debug/deps/libbyteorder-9f1dc8259a8d644e.rmeta --extern ed25519_dalek=/opt/rustwide/target/debug/deps/libed25519_dalek-50398cdaa36f5eb7.rmeta --extern hash_db=/opt/rustwide/target/debug/deps/libhash_db-58c101e1a1f6e333.rmeta --extern hash256_std_hasher=/opt/rustwide/target/debug/deps/libhash256_std_hasher-9d1f751f201ed94a.rmeta --extern hex=/opt/rustwide/target/debug/deps/libhex-6c16b667c08d5203.rmeta --extern impl_serde=/opt/rustwide/target/debug/deps/libimpl_serde-bd08b8cd1e697c91.rmeta --extern lazy_static=/opt/rustwide/target/debug/deps/liblazy_static-701e134f05ff346a.rmeta --extern secp256k1=/opt/rustwide/target/debug/deps/libsecp256k1-6a1aa96d3f1e8e04.rmeta --extern log=/opt/rustwide/target/debug/deps/liblog-a0bffd5aa704586d.rmeta --extern num_traits=/opt/rustwide/target/debug/deps/libnum_traits-320fe96aeebdbef0.rmeta --extern codec=/opt/rustwide/target/debug/deps/libparity_scale_codec-3a4f381b9c3917e5.rmeta --extern parking_lot=/opt/rustwide/target/debug/deps/libparking_lot-f1bdfcd1290cb449.rmeta --extern primitive_types=/opt/rustwide/target/debug/deps/libprimitive_types-f80987c6d2e00fe6.rmeta --extern rand=/opt/rustwide/target/debug/deps/librand-dcdd58657156fae3.rmeta --extern regex=/opt/rustwide/target/debug/deps/libregex-6f335ea9ef377003.rmeta --extern rustc_hex=/opt/rustwide/target/debug/deps/librustc_hex-ba317163b1b5f16c.rmeta --extern schnorrkel=/opt/rustwide/target/debug/deps/libschnorrkel-00b4e6c47f1e2f48.rmeta --extern serde=/opt/rustwide/target/debug/deps/libserde-e50d8f8bfdaf4ba9.rmeta --extern sha2=/opt/rustwide/target/debug/deps/libsha2-ef4520da49d8729e.rmeta --extern sp_debug_derive=/opt/rustwide/target/debug/deps/libsp_debug_derive-a8921fce9fa2c95c.so --extern sp_externalities=/opt/rustwide/target/debug/deps/libsp_externalities-cb85295978573816.rmeta --extern sp_runtime_interface=/opt/rustwide/target/debug/deps/libsp_runtime_interface-0b0e0628131c2336.rmeta --extern sp_std=/opt/rustwide/target/debug/deps/libsp_std-b3c924dcc4bb91e6.rmeta --extern sp_storage=/opt/rustwide/target/debug/deps/libsp_storage-f4171d5a9977de99.rmeta --extern substrate_bip39=/opt/rustwide/target/debug/deps/libsubstrate_bip39-bdbe72effe89349d.rmeta --extern bip39=/opt/rustwide/target/debug/deps/libbip39-979f40d8ab6cb1fd.rmeta --extern tiny_keccak=/opt/rustwide/target/debug/deps/libtiny_keccak-203948622fcb67ef.rmeta --extern twox_hash=/opt/rustwide/target/debug/deps/libtwox_hash-625fdc17e6facdac.rmeta --extern wasmi=/opt/rustwide/target/debug/deps/libwasmi-2087fb56ab2ebe5a.rmeta --extern zeroize=/opt/rustwide/target/debug/deps/libzeroize-deeb09eb5df9694a.rmeta --cap-lints allow --cap-lints=warn -L native=/opt/rustwide/target/debug/build/clear_on_drop-762d58feb1ceab46/out -L native=/opt/rustwide/target/debug/build/backtrace-sys-90f68e34688433fd/out` (signal: 9, SIGKILL: kill)
[INFO] [stderr] The following warnings were emitted during compilation:
[INFO] [stderr] 
[INFO] [stderr] warning: c++: fatal error: Killed signal terminated program cc1plus
[INFO] [stderr] warning: compilation terminated.
[INFO] [stderr] warning: c++: fatal error: Killed signal terminated program cc1plus
[INFO] [stderr] warning: compilation terminated.
[INFO] [stderr] warning: c++: fatal error: Killed signal terminated program cc1plus
[INFO] [stderr] warning: compilation terminated.
[INFO] [stderr] warning: c++: fatal error: Killed signal terminated program cc1plus
[INFO] [stderr] warning: compilation terminated.
[INFO] [stderr] warning: c++: fatal error: Killed signal terminated program cc1plus
[INFO] [stderr] warning: compilation terminated.
[INFO] [stderr] warning: c++: fatal error: Killed signal terminated program cc1plus
[INFO] [stderr] warning: compilation terminated.
[INFO] [stderr] warning: c++: fatal error: Killed signal terminated program cc1plus
[INFO] [stderr] warning: compilation terminated.
[INFO] [stderr] warning: c++: fatal error: Killed signal terminated program cc1plus
[INFO] [stderr] warning: compilation terminated.
[INFO] [stderr] warning: c++: fatal error: Killed signal terminated program cc1plus
[INFO] [stderr] warning: compilation terminated.
[INFO] [stderr] warning: c++: fatal error: Killed signal terminated program cc1plus
[INFO] [stderr] warning: compilation terminated.
[INFO] [stderr] warning: c++: fatal error: Killed signal terminated program cc1plus
[INFO] [stderr] warning: compilation terminated.
[INFO] [stderr] 
[INFO] [stderr] error: failed to run custom build command for `librocksdb-sys v6.6.4`
[INFO] [stderr] note: To improve backtraces for build dependencies, set the CARGO_PROFILE_DEV_BUILD_OVERRIDE_DEBUG=true environment variable to enable debug information generation.
[INFO] [stderr] 
[INFO] [stderr] Caused by:
[INFO] [stderr]   process didn't exit successfully: `/opt/rustwide/target/debug/build/librocksdb-sys-70910c3a1b5aabed/build-script-build` (exit status: 1)
[INFO] [stderr]   --- stdout
[INFO] [stderr]   cargo:rerun-if-changed=build.rs
[INFO] [stderr]   cargo:rerun-if-changed=rocksdb/
[INFO] [stderr]   cargo:rerun-if-changed=snappy/
[INFO] [stderr]   cargo:rerun-if-changed=lz4/
[INFO] [stderr]   cargo:rerun-if-changed=zstd/
[INFO] [stderr]   cargo:rerun-if-changed=zlib/
[INFO] [stderr]   cargo:rerun-if-changed=bzip2/
[INFO] [stderr]   TARGET = Some("x86_64-unknown-linux-gnu")
[INFO] [stderr]   OPT_LEVEL = Some("0")
[INFO] [stderr]   HOST = Some("x86_64-unknown-linux-gnu")
[INFO] [stderr]   CXX_x86_64-unknown-linux-gnu = None
[INFO] [stderr]   CXX_x86_64_unknown_linux_gnu = None
[INFO] [stderr]   HOST_CXX = None
[INFO] [stderr]   CXX = None
[INFO] [stderr]   CXXFLAGS_x86_64-unknown-linux-gnu = None
[INFO] [stderr]   CXXFLAGS_x86_64_unknown_linux_gnu = None
[INFO] [stderr]   HOST_CXXFLAGS = None
[INFO] [stderr]   CXXFLAGS = None
[INFO] [stderr]   CRATE_CC_NO_DEFAULTS = None
[INFO] [stderr]   DEBUG = Some("true")
[INFO] [stderr]   CARGO_CFG_TARGET_FEATURE = Some("fxsr,sse,sse2")
[INFO] [stderr]   CXX_x86_64-unknown-linux-gnu = None
[INFO] [stderr]   CXX_x86_64_unknown_linux_gnu = None
[INFO] [stderr]   HOST_CXX = None
[INFO] [stderr]   CXX = None
[INFO] [stderr]   CXXFLAGS_x86_64-unknown-linux-gnu = None
[INFO] [stderr]   CXXFLAGS_x86_64_unknown_linux_gnu = None
[INFO] [stderr]   HOST_CXXFLAGS = None
[INFO] [stderr]   CXXFLAGS = None
[INFO] [stderr]   CRATE_CC_NO_DEFAULTS = None
[INFO] [stderr]   CARGO_CFG_TARGET_FEATURE = Some("fxsr,sse,sse2")
[INFO] [stderr]   CXX_x86_64-unknown-linux-gnu = None
[INFO] [stderr]   CXX_x86_64_unknown_linux_gnu = None
[INFO] [stderr]   HOST_CXX = None
[INFO] [stderr]   CXX = None
[INFO] [stderr]   CXXFLAGS_x86_64-unknown-linux-gnu = None
[INFO] [stderr]   CXXFLAGS_x86_64_unknown_linux_gnu = None
[INFO] [stderr]   HOST_CXXFLAGS = None
[INFO] [stderr]   CXXFLAGS = None
[INFO] [stderr]   CRATE_CC_NO_DEFAULTS = None
[INFO] [stderr]   CARGO_CFG_TARGET_FEATURE = Some("fxsr,sse,sse2")
[INFO] [stderr]   CXX_x86_64-unknown-linux-gnu = None
[INFO] [stderr]   CXX_x86_64_unknown_linux_gnu = None
[INFO] [stderr]   HOST_CXX = None
[INFO] [stderr]   CXX = None
[INFO] [stderr]   CXXFLAGS_x86_64-unknown-linux-gnu = None
[INFO] [stderr]   CXXFLAGS_x86_64_unknown_linux_gnu = None
[INFO] [stderr]   HOST_CXXFLAGS = None
[INFO] [stderr]   CXXFLAGS = None
[INFO] [stderr]   CRATE_CC_NO_DEFAULTS = None
[INFO] [stderr]   CARGO_CFG_TARGET_FEATURE = Some("fxsr,sse,sse2")
[INFO] [stderr]   CXX_x86_64-unknown-linux-gnu = None
[INFO] [stderr]   CXX_x86_64_unknown_linux_gnu = None
[INFO] [stderr]   HOST_CXX = None
[INFO] [stderr]   CXX = None
[INFO] [stderr]   CXXFLAGS_x86_64-unknown-linux-gnu = None
[INFO] [stderr]   CXXFLAGS_x86_64_unknown_linux_gnu = None
[INFO] [stderr]   HOST_CXXFLAGS = None
[INFO] [stderr]   CXXFLAGS = None
[INFO] [stderr]   CRATE_CC_NO_DEFAULTS = None
[INFO] [stderr]   CARGO_CFG_TARGET_FEATURE = Some("fxsr,sse,sse2")
[INFO] [stderr]   running: "c++" "-O0" "-ffunction-sections" "-fdata-sections" "-fPIC" "-g" "-fno-omit-frame-pointer" "-m64" "-I" "rocksdb/include/" "-I" "rocksdb/" "-I" "rocksdb/third-party/gtest-1.8.1/fused-src/" "-I" "snappy/" "-I" "." "-Wall" "-Wextra" "-std=c++11" "-Wno-unused-parameter" "-msse2" "-msse4.1" "-msse4.2" "-mpclmul" "-DSNAPPY=1" "-DNDEBUG=1" "-DHAVE_PCLMUL=1" "-DHAVE_SSE42=1" "-DOS_LINUX=1" "-DROCKSDB_PLATFORM_POSIX=1" "-DROCKSDB_LIB_IO_POSIX=1" "-o" "/opt/rustwide/target/debug/build/librocksdb-sys-7713e700c3efbd82/out/rocksdb/cache/clock_cache.o" "-c" "rocksdb/cache/clock_cache.cc"
[INFO] [stderr]   running: "c++" "-O0" "-ffunction-sections" "-fdata-sections" "-fPIC" "-g" "-fno-omit-frame-pointer" "-m64" "-I" "rocksdb/include/" "-I" "rocksdb/" "-I" "rocksdb/third-party/gtest-1.8.1/fused-src/" "-I" "snappy/" "-I" "." "-Wall" "-Wextra" "-std=c++11" "-Wno-unused-parameter" "-msse2" "-msse4.1" "-msse4.2" "-mpclmul" "-DSNAPPY=1" "-DNDEBUG=1" "-DHAVE_PCLMUL=1" "-DHAVE_SSE42=1" "-DOS_LINUX=1" "-DROCKSDB_PLATFORM_POSIX=1" "-DROCKSDB_LIB_IO_POSIX=1" "-o" "/opt/rustwide/target/debug/build/librocksdb-sys-7713e700c3efbd82/out/rocksdb/db/builder.o" "-c" "rocksdb/db/builder.cc"
[INFO] [stderr]   running: "c++" "-O0" "-ffunction-sections" "-fdata-sections" "-fPIC" "-g" "-fno-omit-frame-pointer" "-m64" "-I" "rocksdb/include/" "-I" "rocksdb/" "-I" "rocksdb/third-party/gtest-1.8.1/fused-src/" "-I" "snappy/" "-I" "." "-Wall" "-Wextra" "-std=c++11" "-Wno-unused-parameter" "-msse2" "-msse4.1" "-msse4.2" "-mpclmul" "-DSNAPPY=1" "-DNDEBUG=1" "-DHAVE_PCLMUL=1" "-DHAVE_SSE42=1" "-DOS_LINUX=1" "-DROCKSDB_PLATFORM_POSIX=1" "-DROCKSDB_LIB_IO_POSIX=1" "-o" "/opt/rustwide/target/debug/build/librocksdb-sys-7713e700c3efbd82/out/rocksdb/db/c.o" "-c" "rocksdb/db/c.cc"
[INFO] [stderr]   running: "c++" "-O0" "-ffunction-sections" "-fdata-sections" "-fPIC" "-g" "-fno-omit-frame-pointer" "-m64" "-I" "rocksdb/include/" "-I" "rocksdb/" "-I" "rocksdb/third-party/gtest-1.8.1/fused-src/" "-I" "snappy/" "-I" "." "-Wall" "-Wextra" "-std=c++11" "-Wno-unused-parameter" "-msse2" "-msse4.1" "-msse4.2" "-mpclmul" "-DSNAPPY=1" "-DNDEBUG=1" "-DHAVE_PCLMUL=1" "-DHAVE_SSE42=1" "-DOS_LINUX=1" "-DROCKSDB_PLATFORM_POSIX=1" "-DROCKSDB_LIB_IO_POSIX=1" "-o" "/opt/rustwide/target/debug/build/librocksdb-sys-7713e700c3efbd82/out/rocksdb/db/compacted_db_impl.o" "-c" "rocksdb/db/compacted_db_impl.cc"
[INFO] [stderr]   running: "c++" "-O0" "-ffunction-sections" "-fdata-sections" "-fPIC" "-g" "-fno-omit-frame-pointer" "-m64" "-I" "rocksdb/include/" "-I" "rocksdb/" "-I" "rocksdb/third-party/gtest-1.8.1/fused-src/" "-I" "snappy/" "-I" "." "-Wall" "-Wextra" "-std=c++11" "-Wno-unused-parameter" "-msse2" "-msse4.1" "-msse4.2" "-mpclmul" "-DSNAPPY=1" "-DNDEBUG=1" "-DHAVE_PCLMUL=1" "-DHAVE_SSE42=1" "-DOS_LINUX=1" "-DROCKSDB_PLATFORM_POSIX=1" "-DROCKSDB_LIB_IO_POSIX=1" "-o" "/opt/rustwide/target/debug/build/librocksdb-sys-7713e700c3efbd82/out/rocksdb/db/column_family.o" "-c" "rocksdb/db/column_family.cc"
[INFO] [stderr]   running: "c++" "-O0" "-ffunction-sections" "-fdata-sections" "-fPIC" "-g" "-fno-omit-frame-pointer" "-m64" "-I" "rocksdb/include/" "-I" "rocksdb/" "-I" "rocksdb/third-party/gtest-1.8.1/fused-src/" "-I" "snappy/" "-I" "." "-Wall" "-Wextra" "-std=c++11" "-Wno-unused-parameter" "-msse2" "-msse4.1" "-msse4.2" "-mpclmul" "-DSNAPPY=1" "-DNDEBUG=1" "-DHAVE_PCLMUL=1" "-DHAVE_SSE42=1" "-DOS_LINUX=1" "-DROCKSDB_PLATFORM_POSIX=1" "-DROCKSDB_LIB_IO_POSIX=1" "-o" "/opt/rustwide/target/debug/build/librocksdb-sys-7713e700c3efbd82/out/rocksdb/db/compaction/compaction_job.o" "-c" "rocksdb/db/compaction/compaction_job.cc"
[INFO] [stderr]   running: "c++" "-O0" "-ffunction-sections" "-fdata-sections" "-fPIC" "-g" "-fno-omit-frame-pointer" "-m64" "-I" "rocksdb/include/" "-I" "rocksdb/" "-I" "rocksdb/third-party/gtest-1.8.1/fused-src/" "-I" "snappy/" "-I" "." "-Wall" "-Wextra" "-std=c++11" "-Wno-unused-parameter" "-msse2" "-msse4.1" "-msse4.2" "-mpclmul" "-DSNAPPY=1" "-DNDEBUG=1" "-DHAVE_PCLMUL=1" "-DHAVE_SSE42=1" "-DOS_LINUX=1" "-DROCKSDB_PLATFORM_POSIX=1" "-DROCKSDB_LIB_IO_POSIX=1" "-o" "/opt/rustwide/target/debug/build/librocksdb-sys-7713e700c3efbd82/out/rocksdb/db/compaction/compaction.o" "-c" "rocksdb/db/compaction/compaction.cc"
[INFO] [stderr]   running: "c++" "-O0" "-ffunction-sections" "-fdata-sections" "-fPIC" "-g" "-fno-omit-frame-pointer" "-m64" "-I" "rocksdb/include/" "-I" "rocksdb/" "-I" "rocksdb/third-party/gtest-1.8.1/fused-src/" "-I" "snappy/" "-I" "." "-Wall" "-Wextra" "-std=c++11" "-Wno-unused-parameter" "-msse2" "-msse4.1" "-msse4.2" "-mpclmul" "-DSNAPPY=1" "-DNDEBUG=1" "-DHAVE_PCLMUL=1" "-DHAVE_SSE42=1" "-DOS_LINUX=1" "-DROCKSDB_PLATFORM_POSIX=1" "-DROCKSDB_LIB_IO_POSIX=1" "-o" "/opt/rustwide/target/debug/build/librocksdb-sys-7713e700c3efbd82/out/rocksdb/db/compaction/compaction_picker_fifo.o" "-c" "rocksdb/db/compaction/compaction_picker_fifo.cc"
[INFO] [stderr]   running: "c++" "-O0" "-ffunction-sections" "-fdata-sections" "-fPIC" "-g" "-fno-omit-frame-pointer" "-m64" "-I" "rocksdb/include/" "-I" "rocksdb/" "-I" "rocksdb/third-party/gtest-1.8.1/fused-src/" "-I" "snappy/" "-I" "." "-Wall" "-Wextra" "-std=c++11" "-Wno-unused-parameter" "-msse2" "-msse4.1" "-msse4.2" "-mpclmul" "-DSNAPPY=1" "-DNDEBUG=1" "-DHAVE_PCLMUL=1" "-DHAVE_SSE42=1" "-DOS_LINUX=1" "-DROCKSDB_PLATFORM_POSIX=1" "-DROCKSDB_LIB_IO_POSIX=1" "-o" "/opt/rustwide/target/debug/build/librocksdb-sys-7713e700c3efbd82/out/rocksdb/db/compaction/compaction_iterator.o" "-c" "rocksdb/db/compaction/compaction_iterator.cc"
[INFO] [stderr]   running: "c++" "-O0" "-ffunction-sections" "-fdata-sections" "-fPIC" "-g" "-fno-omit-frame-pointer" "-m64" "-I" "rocksdb/include/" "-I" "rocksdb/" "-I" "rocksdb/third-party/gtest-1.8.1/fused-src/" "-I" "snappy/" "-I" "." "-Wall" "-Wextra" "-std=c++11" "-Wno-unused-parameter" "-msse2" "-msse4.1" "-msse4.2" "-mpclmul" "-DSNAPPY=1" "-DNDEBUG=1" "-DHAVE_PCLMUL=1" "-DHAVE_SSE42=1" "-DOS_LINUX=1" "-DROCKSDB_PLATFORM_POSIX=1" "-DROCKSDB_LIB_IO_POSIX=1" "-o" "/opt/rustwide/target/debug/build/librocksdb-sys-7713e700c3efbd82/out/rocksdb/db/compaction/compaction_picker.o" "-c" "rocksdb/db/compaction/compaction_picker.cc"
[INFO] [stderr]   running: "c++" "-O0" "-ffunction-sections" "-fdata-sections" "-fPIC" "-g" "-fno-omit-frame-pointer" "-m64" "-I" "rocksdb/include/" "-I" "rocksdb/" "-I" "rocksdb/third-party/gtest-1.8.1/fused-src/" "-I" "snappy/" "-I" "." "-Wall" "-Wextra" "-std=c++11" "-Wno-unused-parameter" "-msse2" "-msse4.1" "-msse4.2" "-mpclmul" "-DSNAPPY=1" "-DNDEBUG=1" "-DHAVE_PCLMUL=1" "-DHAVE_SSE42=1" "-DOS_LINUX=1" "-DROCKSDB_PLATFORM_POSIX=1" "-DROCKSDB_LIB_IO_POSIX=1" "-o" "/opt/rustwide/target/debug/build/librocksdb-sys-7713e700c3efbd82/out/rocksdb/cache/sharded_cache.o" "-c" "rocksdb/cache/sharded_cache.cc"
[INFO] [stderr]   running: "c++" "-O0" "-ffunction-sections" "-fdata-sections" "-fPIC" "-g" "-fno-omit-frame-pointer" "-m64" "-I" "rocksdb/include/" "-I" "rocksdb/" "-I" "rocksdb/third-party/gtest-1.8.1/fused-src/" "-I" "snappy/" "-I" "." "-Wall" "-Wextra" "-std=c++11" "-Wno-unused-parameter" "-msse2" "-msse4.1" "-msse4.2" "-mpclmul" "-DSNAPPY=1" "-DNDEBUG=1" "-DHAVE_PCLMUL=1" "-DHAVE_SSE42=1" "-DOS_LINUX=1" "-DROCKSDB_PLATFORM_POSIX=1" "-DROCKSDB_LIB_IO_POSIX=1" "-o" "/opt/rustwide/target/debug/build/librocksdb-sys-7713e700c3efbd82/out/rocksdb/cache/lru_cache.o" "-c" "rocksdb/cache/lru_cache.cc"
[INFO] [stderr]   running: "c++" "-O0" "-ffunction-sections" "-fdata-sections" "-fPIC" "-g" "-fno-omit-frame-pointer" "-m64" "-I" "rocksdb/include/" "-I" "rocksdb/" "-I" "rocksdb/third-party/gtest-1.8.1/fused-src/" "-I" "snappy/" "-I" "." "-Wall" "-Wextra" "-std=c++11" "-Wno-unused-parameter" "-msse2" "-msse4.1" "-msse4.2" "-mpclmul" "-DSNAPPY=1" "-DNDEBUG=1" "-DHAVE_PCLMUL=1" "-DHAVE_SSE42=1" "-DOS_LINUX=1" "-DROCKSDB_PLATFORM_POSIX=1" "-DROCKSDB_LIB_IO_POSIX=1" "-o" "/opt/rustwide/target/debug/build/librocksdb-sys-7713e700c3efbd82/out/rocksdb/db/arena_wrapped_db_iter.o" "-c" "rocksdb/db/arena_wrapped_db_iter.cc"
[INFO] [stderr]   running: "c++" "-O0" "-ffunction-sections" "-fdata-sections" "-fPIC" "-g" "-fno-omit-frame-pointer" "-m64" "-I" "rocksdb/include/" "-I" "rocksdb/" "-I" "rocksdb/third-party/gtest-1.8.1/fused-src/" "-I" "snappy/" "-I" "." "-Wall" "-Wextra" "-std=c++11" "-Wno-unused-parameter" "-msse2" "-msse4.1" "-msse4.2" "-mpclmul" "-DSNAPPY=1" "-DNDEBUG=1" "-DHAVE_PCLMUL=1" "-DHAVE_SSE42=1" "-DOS_LINUX=1" "-DROCKSDB_PLATFORM_POSIX=1" "-DROCKSDB_LIB_IO_POSIX=1" "-o" "/opt/rustwide/target/debug/build/librocksdb-sys-7713e700c3efbd82/out/rocksdb/db/compaction/compaction_picker_level.o" "-c" "rocksdb/db/compaction/compaction_picker_level.cc"
[INFO] [stderr]   exit status: 0
[INFO] [stderr]   running: "c++" "-O0" "-ffunction-sections" "-fdata-sections" "-fPIC" "-g" "-fno-omit-frame-pointer" "-m64" "-I" "rocksdb/include/" "-I" "rocksdb/" "-I" "rocksdb/third-party/gtest-1.8.1/fused-src/" "-I" "snappy/" "-I" "." "-Wall" "-Wextra" "-std=c++11" "-Wno-unused-parameter" "-msse2" "-msse4.1" "-msse4.2" "-mpclmul" "-DSNAPPY=1" "-DNDEBUG=1" "-DHAVE_PCLMUL=1" "-DHAVE_SSE42=1" "-DOS_LINUX=1" "-DROCKSDB_PLATFORM_POSIX=1" "-DROCKSDB_LIB_IO_POSIX=1" "-o" "/opt/rustwide/target/debug/build/librocksdb-sys-7713e700c3efbd82/out/rocksdb/db/compaction/compaction_picker_universal.o" "-c" "rocksdb/db/compaction/compaction_picker_universal.cc"
[INFO] [stderr]   exit status: 0
[INFO] [stderr]   running: "c++" "-O0" "-ffunction-sections" "-fdata-sections" "-fPIC" "-g" "-fno-omit-frame-pointer" "-m64" "-I" "rocksdb/include/" "-I" "rocksdb/" "-I" "rocksdb/third-party/gtest-1.8.1/fused-src/" "-I" "snappy/" "-I" "." "-Wall" "-Wextra" "-std=c++11" "-Wno-unused-parameter" "-msse2" "-msse4.1" "-msse4.2" "-mpclmul" "-DSNAPPY=1" "-DNDEBUG=1" "-DHAVE_PCLMUL=1" "-DHAVE_SSE42=1" "-DOS_LINUX=1" "-DROCKSDB_PLATFORM_POSIX=1" "-DROCKSDB_LIB_IO_POSIX=1" "-o" "/opt/rustwide/target/debug/build/librocksdb-sys-7713e700c3efbd82/out/rocksdb/db/convenience.o" "-c" "rocksdb/db/convenience.cc"
[INFO] [stderr]   exit status: 0
[INFO] [stderr]   running: "c++" "-O0" "-ffunction-sections" "-fdata-sections" "-fPIC" "-g" "-fno-omit-frame-pointer" "-m64" "-I" "rocksdb/include/" "-I" "rocksdb/" "-I" "rocksdb/third-party/gtest-1.8.1/fused-src/" "-I" "snappy/" "-I" "." "-Wall" "-Wextra" "-std=c++11" "-Wno-unused-parameter" "-msse2" "-msse4.1" "-msse4.2" "-mpclmul" "-DSNAPPY=1" "-DNDEBUG=1" "-DHAVE_PCLMUL=1" "-DHAVE_SSE42=1" "-DOS_LINUX=1" "-DROCKSDB_PLATFORM_POSIX=1" "-DROCKSDB_LIB_IO_POSIX=1" "-o" "/opt/rustwide/target/debug/build/librocksdb-sys-7713e700c3efbd82/out/rocksdb/db/db_filesnapshot.o" "-c" "rocksdb/db/db_filesnapshot.cc"
[INFO] [stderr]   cargo:warning=c++: fatal error: Killed signal terminated program cc1plus
[INFO] [stderr]   cargo:warning=compilation terminated.
[INFO] [stderr]   exit status: 1
[INFO] [stderr]   running: "c++" "-O0" "-ffunction-sections" "-fdata-sections" "-fPIC" "-g" "-fno-omit-frame-pointer" "-m64" "-I" "rocksdb/include/" "-I" "rocksdb/" "-I" "rocksdb/third-party/gtest-1.8.1/fused-src/" "-I" "snappy/" "-I" "." "-Wall" "-Wextra" "-std=c++11" "-Wno-unused-parameter" "-msse2" "-msse4.1" "-msse4.2" "-mpclmul" "-DSNAPPY=1" "-DNDEBUG=1" "-DHAVE_PCLMUL=1" "-DHAVE_SSE42=1" "-DOS_LINUX=1" "-DROCKSDB_PLATFORM_POSIX=1" "-DROCKSDB_LIB_IO_POSIX=1" "-o" "/opt/rustwide/target/debug/build/librocksdb-sys-7713e700c3efbd82/out/rocksdb/db/db_impl/db_impl.o" "-c" "rocksdb/db/db_impl/db_impl.cc"
[INFO] [stderr]   cargo:warning=c++: fatal error: Killed signal terminated program cc1plus
[INFO] [stderr]   cargo:warning=compilation terminated.
[INFO] [stderr]   exit status: 1
[INFO] [stderr]   cargo:warning=c++: fatal error: Killed signal terminated program cc1plus
[INFO] [stderr]   cargo:warning=compilation terminated.
[INFO] [stderr]   exit status: 1
[INFO] [stderr]   cargo:warning=c++: fatal error: Killed signal terminated program cc1plus
[INFO] [stderr]   cargo:warning=compilation terminated.
[INFO] [stderr]   exit status: 1
[INFO] [stderr]   cargo:warning=c++: fatal error: Killed signal terminated program cc1plus
[INFO] [stderr]   cargo:warning=compilation terminated.
[INFO] [stderr]   exit status: 1
[INFO] [stderr]   cargo:warning=c++: fatal error: Killed signal terminated program cc1plus
[INFO] [stderr]   cargo:warning=compilation terminated.
[INFO] [stderr]   exit status: 1
[INFO] [stderr]   cargo:warning=c++: fatal error: Killed signal terminated program cc1plus
[INFO] [stderr]   cargo:warning=compilation terminated.
[INFO] [stderr]   exit status: 1
[INFO] [stderr]   cargo:warning=c++: fatal error: Killed signal terminated program cc1plus
[INFO] [stderr]   cargo:warning=compilation terminated.
[INFO] [stderr]   exit status: 1
[INFO] [stderr]   cargo:warning=c++: fatal error: Killed signal terminated program cc1plus
[INFO] [stderr]   cargo:warning=compilation terminated.
[INFO] [stderr]   exit status: 1
[INFO] [stderr]   cargo:warning=c++: fatal error: Killed signal terminated program cc1plus
[INFO] [stderr]   cargo:warning=compilation terminated.
[INFO] [stderr]   exit status: 1
[INFO] [stderr]   cargo:warning=c++: fatal error: Killed signal terminated program cc1plus
[INFO] [stderr]   cargo:warning=compilation terminated.
[INFO] [stderr]   exit status: 1
[INFO] [stderr]   exit status: 0
[INFO] [stderr]   exit status: 0
[INFO] [stderr]   exit status: 0
[INFO] [stderr]   exit status: 0
[INFO] [stderr] 
[INFO] [stderr]   --- stderr
[INFO] [stderr]   error: 'rustfmt' is not installed for the toolchain 'beta-2023-04-20-x86_64-unknown-linux-gnu'
[INFO] [stderr]   To install, run `rustup component add rustfmt --toolchain beta-2023-04-20-x86_64-unknown-linux-gnu`
[INFO] [stderr]   Failed to run rustfmt: Internal rustfmt error (non-fatal, continuing)
[INFO] [stderr] 
[INFO] [stderr] 
[INFO] [stderr]   error occurred: Command "c++" "-O0" "-ffunction-sections" "-fdata-sections" "-fPIC" "-g" "-fno-omit-frame-pointer" "-m64" "-I" "rocksdb/include/" "-I" "rocksdb/" "-I" "rocksdb/third-party/gtest-1.8.1/fused-src/" "-I" "snappy/" "-I" "." "-Wall" "-Wextra" "-std=c++11" "-Wno-unused-parameter" "-msse2" "-msse4.1" "-msse4.2" "-mpclmul" "-DSNAPPY=1" "-DNDEBUG=1" "-DHAVE_PCLMUL=1" "-DHAVE_SSE42=1" "-DOS_LINUX=1" "-DROCKSDB_PLATFORM_POSIX=1" "-DROCKSDB_LIB_IO_POSIX=1" "-o" "/opt/rustwide/target/debug/build/librocksdb-sys-7713e700c3efbd82/out/rocksdb/db/arena_wrapped_db_iter.o" "-c" "rocksdb/db/arena_wrapped_db_iter.cc" with args "c++" did not execute successfully (status code exit status: 1).
[INFO] [stderr] 
[INFO] [stderr] 
[INFO] running `Command { std: "docker" "inspect" "919a630926c0ef2da6ab4404338b124fd04ca4f273e6a25ffa8012cd64ef50ce", kill_on_drop: false }`
[INFO] running `Command { std: "docker" "rm" "-f" "919a630926c0ef2da6ab4404338b124fd04ca4f273e6a25ffa8012cd64ef50ce", kill_on_drop: false }`
[INFO] [stdout] 919a630926c0ef2da6ab4404338b124fd04ca4f273e6a25ffa8012cd64ef50ce
