[INFO] cloning repository https://github.com/JordiPolo/oas_proxy
[INFO] running `Command { std: "git" "-c" "credential.helper=" "-c" "credential.helper=/workspace/cargo-home/bin/git-credential-null" "clone" "--bare" "https://github.com/JordiPolo/oas_proxy" "/workspace/cache/git-repos/https%3A%2F%2Fgithub.com%2FJordiPolo%2Foas_proxy", kill_on_drop: false }`
[INFO] [stderr] Cloning into bare repository '/workspace/cache/git-repos/https%3A%2F%2Fgithub.com%2FJordiPolo%2Foas_proxy'...
[INFO] running `Command { std: "git" "rev-parse" "HEAD", kill_on_drop: false }`
[INFO] [stdout] 8e27552a01c87ad6822461489c568cc13a768028
[INFO] documenting JordiPolo/oas_proxy against beta-2023-04-20 for beta-1.70-rustdoc-1
[INFO] running `Command { std: "git" "clone" "/workspace/cache/git-repos/https%3A%2F%2Fgithub.com%2FJordiPolo%2Foas_proxy" "/workspace/builds/worker-2-tc2/source", kill_on_drop: false }`
[INFO] [stderr] Cloning into '/workspace/builds/worker-2-tc2/source'...
[INFO] [stderr] done.
[INFO] validating manifest of git repo https://github.com/JordiPolo/oas_proxy on toolchain beta-2023-04-20
[INFO] running `Command { std: CARGO_HOME="/workspace/cargo-home" RUSTUP_HOME="/workspace/rustup-home" "/workspace/cargo-home/bin/cargo" "+beta-2023-04-20" "metadata" "--manifest-path" "Cargo.toml" "--no-deps", kill_on_drop: false }`
[INFO] started tweaking git repo https://github.com/JordiPolo/oas_proxy
[INFO] finished tweaking git repo https://github.com/JordiPolo/oas_proxy
[INFO] tweaked toml for git repo https://github.com/JordiPolo/oas_proxy written to /workspace/builds/worker-2-tc2/source/Cargo.toml
[INFO] crate git repo https://github.com/JordiPolo/oas_proxy already has a lockfile, it will not be regenerated
[INFO] running `Command { std: CARGO_HOME="/workspace/cargo-home" RUSTUP_HOME="/workspace/rustup-home" "/workspace/cargo-home/bin/cargo" "+beta-2023-04-20" "fetch" "--manifest-path" "Cargo.toml", kill_on_drop: false }`
[INFO] [stderr]  Downloading crates ...
[INFO] [stderr]   Downloaded openapiv3 v1.0.1
[INFO] [stderr]   Downloaded openapiv3 v0.5.0
[INFO] running `Command { std: "docker" "create" "-v" "/var/lib/crater-agent-workspace/builds/worker-2-tc2/target:/opt/rustwide/target:rw,Z" "-v" "/var/lib/crater-agent-workspace/builds/worker-2-tc2/source:/opt/rustwide/workdir:ro,Z" "-v" "/var/lib/crater-agent-workspace/cargo-home:/opt/rustwide/cargo-home:ro,Z" "-v" "/var/lib/crater-agent-workspace/rustup-home:/opt/rustwide/rustup-home:ro,Z" "-e" "SOURCE_DIR=/opt/rustwide/workdir" "-e" "CARGO_TARGET_DIR=/opt/rustwide/target" "-e" "CARGO_HOME=/opt/rustwide/cargo-home" "-e" "RUSTUP_HOME=/opt/rustwide/rustup-home" "-w" "/opt/rustwide/workdir" "-m" "1610612736" "--user" "0:0" "--network" "none" "ghcr.io/rust-lang/crates-build-env/linux@sha256:5ff2268d62e97bff2cde7d5815dd6ed5b47097566f13b8d0ca110b04b60e07ed" "/opt/rustwide/cargo-home/bin/cargo" "+beta-2023-04-20" "metadata" "--no-deps" "--format-version=1", kill_on_drop: false }`
[INFO] [stdout] 748cdbf84749aaa584b7a485b7e855c5ec1949248bff80847889c5b17d5bcfa4
[INFO] running `Command { std: "docker" "start" "-a" "748cdbf84749aaa584b7a485b7e855c5ec1949248bff80847889c5b17d5bcfa4", kill_on_drop: false }`
[INFO] running `Command { std: "docker" "inspect" "748cdbf84749aaa584b7a485b7e855c5ec1949248bff80847889c5b17d5bcfa4", kill_on_drop: false }`
[INFO] running `Command { std: "docker" "rm" "-f" "748cdbf84749aaa584b7a485b7e855c5ec1949248bff80847889c5b17d5bcfa4", kill_on_drop: false }`
[INFO] [stdout] 748cdbf84749aaa584b7a485b7e855c5ec1949248bff80847889c5b17d5bcfa4
[INFO] running `Command { std: "docker" "create" "-v" "/var/lib/crater-agent-workspace/builds/worker-2-tc2/target:/opt/rustwide/target:rw,Z" "-v" "/var/lib/crater-agent-workspace/builds/worker-2-tc2/source:/opt/rustwide/workdir:ro,Z" "-v" "/var/lib/crater-agent-workspace/cargo-home:/opt/rustwide/cargo-home:ro,Z" "-v" "/var/lib/crater-agent-workspace/rustup-home:/opt/rustwide/rustup-home:ro,Z" "-e" "SOURCE_DIR=/opt/rustwide/workdir" "-e" "CARGO_TARGET_DIR=/opt/rustwide/target" "-e" "CARGO_INCREMENTAL=0" "-e" "RUST_BACKTRACE=full" "-e" "RUSTFLAGS=--cap-lints=warn" "-e" "RUSTDOCFLAGS=--cap-lints=warn" "-e" "CARGO_HOME=/opt/rustwide/cargo-home" "-e" "RUSTUP_HOME=/opt/rustwide/rustup-home" "-w" "/opt/rustwide/workdir" "-m" "1610612736" "--user" "0:0" "--network" "none" "ghcr.io/rust-lang/crates-build-env/linux@sha256:5ff2268d62e97bff2cde7d5815dd6ed5b47097566f13b8d0ca110b04b60e07ed" "/opt/rustwide/cargo-home/bin/cargo" "+beta-2023-04-20" "doc" "--frozen" "--no-deps" "--document-private-items" "--message-format=json", kill_on_drop: false }`
[INFO] [stdout] 770eb91fc14efb46b02ca35e7d4e87b3166d8a1d3be4925c154b82d02625b31c
[INFO] running `Command { std: "docker" "start" "-a" "770eb91fc14efb46b02ca35e7d4e87b3166d8a1d3be4925c154b82d02625b31c", kill_on_drop: false }`
[INFO] [stderr]    Compiling libc v0.2.117
[INFO] [stderr]    Compiling syn v1.0.86
[INFO] [stderr]     Checking cfg-if v0.1.10
[INFO] [stderr]     Checking futures v0.1.31
[INFO] [stderr]    Compiling semver-parser v0.7.0
[INFO] [stderr]    Compiling crossbeam-utils v0.7.2
[INFO] [stderr]     Checking lazy_static v1.4.0
[INFO] [stderr]    Compiling quote v1.0.15
[INFO] [stderr]    Compiling maybe-uninit v2.0.0
[INFO] [stderr]    Compiling log v0.4.14
[INFO] [stderr]     Checking cfg-if v1.0.0
[INFO] [stderr]    Compiling semver v0.9.0
[INFO] [stderr]    Compiling rustc_version v0.2.3
[INFO] [stderr]     Checking byteorder v1.4.3
[INFO] [stderr]     Checking either v1.6.1
[INFO] [stderr]    Compiling serde v1.0.136
[INFO] [stderr]     Checking fnv v1.0.7
[INFO] [stderr]     Checking rand_core v0.4.2
[INFO] [stderr]     Checking scopeguard v1.1.0
[INFO] [stderr]    Compiling indexmap v1.8.0
[INFO] [stderr]     Checking slab v0.4.5
[INFO] [stderr]    Compiling parking_lot_core v0.6.2
[INFO] [stderr]    Compiling memoffset v0.5.6
[INFO] [stderr]     Checking hashbrown v0.11.2
[INFO] [stderr]    Compiling num-traits v0.2.14
[INFO] [stderr]     Checking iovec v0.1.4
[INFO] [stderr]     Checking tokio-executor v0.1.10
[INFO] [stderr]     Checking bytes v0.4.12
[INFO] [stderr]     Checking num_cpus v1.13.1
[INFO] [stderr]    Compiling parking_lot v0.9.0
[INFO] [stderr]     Checking smallvec v0.6.14
[INFO] [stderr]    Compiling crossbeam-epoch v0.8.2
[INFO] [stderr]    Compiling num-integer v0.1.44
[INFO] [stderr]    Compiling version_check v0.9.4
[INFO] [stderr]     Checking tokio-io v0.1.13
[INFO] [stderr]     Checking net2 v0.2.37
[INFO] [stderr]     Checking rand_core v0.3.1
[INFO] [stderr]     Checking lock_api v0.3.4
[INFO] [stderr]     Checking ryu v1.0.9
[INFO] [stderr]     Checking itoa v1.0.1
[INFO] [stderr]    Compiling serde_json v1.0.78
[INFO] [stderr]     Checking mio v0.6.23
[INFO] [stderr]     Checking tokio-sync v0.1.8
[INFO] [stderr]     Checking itoa v0.4.8
[INFO] [stderr]    Compiling memchr v2.4.1
[INFO] [stderr]     Checking http v0.1.21
[INFO] [stderr]     Checking crossbeam-deque v0.7.4
[INFO] [stderr]    Compiling proc-macro-error-attr v1.0.4
[INFO] [stderr]     Checking crossbeam-queue v0.2.3
[INFO] [stderr]     Checking time v0.1.44
[INFO] [stderr]     Checking tokio-reactor v0.1.12
[INFO] [stderr]    Compiling rand_pcg v0.1.2
[INFO] [stderr]    Compiling rand_chacha v0.1.1
[INFO] [stderr]    Compiling num-iter v0.1.42
[INFO] [stderr]    Compiling httparse v1.5.1
[INFO] [stderr]     Checking tokio-threadpool v0.1.18
[INFO] [stderr]    Compiling proc-macro-error v1.0.4
[INFO] [stderr]     Checking string v0.2.1
[INFO] [stderr]     Checking tokio-buf v0.1.1
[INFO] [stderr]     Checking tokio-current-thread v0.1.7
[INFO] [stderr]     Checking tokio-timer v0.2.13
[INFO] [stderr]    Compiling hyper v0.12.36
[INFO] [stderr]    Compiling rand v0.6.5
[INFO] [stderr]     Checking linked-hash-map v0.5.4
[INFO] [stderr]     Checking try-lock v0.2.3
[INFO] [stderr]     Checking want v0.2.0
[INFO] [stderr]     Checking yaml-rust v0.4.5
[INFO] [stderr]     Checking tokio v0.1.22
[INFO] [stderr]     Checking http-body v0.1.0
[INFO] [stderr]     Checking aho-corasick v0.7.18
[INFO] [stderr]     Checking tokio-tcp v0.1.4
[INFO] [stderr]     Checking rand_isaac v0.1.1
[INFO] [stderr]     Checking rand_hc v0.1.0
[INFO] [stderr]     Checking rand_xorshift v0.1.1
[INFO] [stderr]     Checking futures-cpupool v0.1.8
[INFO] [stderr]     Checking rand_os v0.1.3
[INFO] [stderr]     Checking atty v0.2.14
[INFO] [stderr]     Checking rand_jitter v0.1.4
[INFO] [stderr]    Compiling anyhow v1.0.53
[INFO] [stderr]     Checking unicode-width v0.1.9
[INFO] [stderr]     Checking bytes v1.1.0
[INFO] [stderr]     Checking regex-syntax v0.6.25
[INFO] [stderr]    Compiling unicode-segmentation v1.8.0
[INFO] [stderr]     Checking textwrap v0.11.0
[INFO] [stderr]     Checking num v0.1.42
[INFO] [stderr]     Checking http v0.2.6
[INFO] [stderr]     Checking ansi_term v0.12.1
[INFO] [stderr]    Compiling heck v0.3.3
[INFO] [stderr]     Checking vec_map v0.8.2
[INFO] [stderr]     Checking strsim v0.8.0
[INFO] [stderr]     Checking bitflags v1.3.2
[INFO] [stderr]     Checking chrono v0.3.0
[INFO] [stderr]     Checking humantime v2.1.0
[INFO] [stderr]     Checking clap v2.34.0
[INFO] [stderr]     Checking uuid v0.8.2
[INFO] [stderr]     Checking termcolor v1.1.2
[INFO] [stderr]    Compiling serde_derive v1.0.136
[INFO] [stderr]    Compiling thiserror-impl v1.0.30
[INFO] [stderr]    Compiling structopt-derive v0.4.18
[INFO] [stderr]     Checking regex v1.5.4
[INFO] [stderr]     Checking env_logger v0.9.0
[INFO] [stderr]     Checking thiserror v1.0.30
[INFO] [stderr]     Checking structopt v0.3.26
[INFO] [stderr]     Checking chrono v0.4.19
[INFO] [stderr]     Checking h2 v0.1.26
[INFO] [stderr]     Checking serde_yaml v0.8.23
[INFO] [stderr]     Checking openapiv3 v1.0.1
[INFO] [stderr]     Checking openapiv3 v0.5.0
[INFO] [stderr]     Checking openapi_utils v0.4.0 (/opt/rustwide/workdir/openapi_utils)
[INFO] [stderr]     Checking simple_proxy v1.2.1 (/opt/rustwide/workdir/rs-simple-proxy)
[INFO] [stdout] warning: unnecessary braces around function argument
[INFO] [stdout]   --> rs-simple-proxy/src/lib.rs:48:22
[INFO] [stdout]    |
[INFO] [stdout] 48 |             _ => Err({ String::from("valid values: production, staging, development") }),
[INFO] [stdout]    |                      ^^                                                              ^^
[INFO] [stdout]    |
[INFO] [stdout]    = note: `#[warn(unused_braces)]` on by default
[INFO] [stdout] help: remove these braces
[INFO] [stdout]    |
[INFO] [stdout] 48 -             _ => Err({ String::from("valid values: production, staging, development") }),
[INFO] [stdout] 48 +             _ => Err(String::from("valid values: production, staging, development")),
[INFO] [stdout]    |
[INFO] [stdout] 
[INFO] [stdout] 
[INFO] [stdout] warning: trait objects without an explicit `dyn` are deprecated
[INFO] [stdout]   --> rs-simple-proxy/src/lib.rs:21:38
[INFO] [stdout]    |
[INFO] [stdout] 21 | type Middlewares = Arc<Mutex<Vec<Box<Middleware + Send + Sync>>>>;
[INFO] [stdout]    |                                      ^^^^^^^^^^^^^^^^^^^^^^^^
[INFO] [stdout]    |
[INFO] [stdout]    = warning: this is accepted in the current edition (Rust 2018) but is a hard error in Rust 2021!
[INFO] [stdout]    = note: for more information, see <https://doc.rust-lang.org/nightly/edition-guide/rust-2021/warnings-promoted-to-error.html>
[INFO] [stdout]    = note: `#[warn(bare_trait_objects)]` on by default
[INFO] [stdout] help: use `dyn`
[INFO] [stdout]    |
[INFO] [stdout] 21 | type Middlewares = Arc<Mutex<Vec<Box<dyn Middleware + Send + Sync>>>>;
[INFO] [stdout]    |                                      +++
[INFO] [stdout] 
[INFO] [stdout] 
[INFO] [stdout] warning: trait objects without an explicit `dyn` are deprecated
[INFO] [stdout]   --> rs-simple-proxy/src/lib.rs:96:54
[INFO] [stdout]    |
[INFO] [stdout] 96 |     pub fn add_middleware(&mut self, middleware: Box<Middleware + Send + Sync>) {
[INFO] [stdout]    |                                                      ^^^^^^^^^^^^^^^^^^^^^^^^
[INFO] [stdout]    |
[INFO] [stdout]    = warning: this is accepted in the current edition (Rust 2018) but is a hard error in Rust 2021!
[INFO] [stdout]    = note: for more information, see <https://doc.rust-lang.org/nightly/edition-guide/rust-2021/warnings-promoted-to-error.html>
[INFO] [stdout] help: use `dyn`
[INFO] [stdout]    |
[INFO] [stdout] 96 |     pub fn add_middleware(&mut self, middleware: Box<dyn Middleware + Send + Sync>) {
[INFO] [stdout]    |                                                      +++
[INFO] [stdout] 
[INFO] [stdout] 
[INFO] [stdout] warning: trait objects without an explicit `dyn` are deprecated
[INFO] [stdout]   --> rs-simple-proxy/src/proxy/service.rs:21:19
[INFO] [stdout]    |
[INFO] [stdout] 21 | type BoxFut = Box<Future<Item = hyper::Response<Body>, Error = hyper::Error> + Send>;
[INFO] [stdout]    |                   ^^^^^^^^^^^^^^^^^^^^^^^^^^^^^^^^^^^^^^^^^^^^^^^^^^^^^^^^^^^^^^^^^
[INFO] [stdout]    |
[INFO] [stdout]    = warning: this is accepted in the current edition (Rust 2018) but is a hard error in Rust 2021!
[INFO] [stdout]    = note: for more information, see <https://doc.rust-lang.org/nightly/edition-guide/rust-2021/warnings-promoted-to-error.html>
[INFO] [stdout] help: use `dyn`
[INFO] [stdout]    |
[INFO] [stdout] 21 | type BoxFut = Box<dyn Future<Item = hyper::Response<Body>, Error = hyper::Error> + Send>;
[INFO] [stdout]    |                   +++
[INFO] [stdout] 
[INFO] [stdout] 
[INFO] [stdout] warning: 4 warnings emitted
[INFO] [stdout] 
[INFO] [stdout] 
[INFO] [stderr]     Checking oas_middleware v0.1.0 (/opt/rustwide/workdir/oas_middleware)
[INFO] [stdout] warning: unused import: `openapi_utils::IntegerTypeExt`
[INFO] [stdout]   --> oas_middleware/src/check_type.rs:11:5
[INFO] [stdout]    |
[INFO] [stdout] 11 | use openapi_utils::IntegerTypeExt;
[INFO] [stdout]    |     ^^^^^^^^^^^^^^^^^^^^^^^^^^^^^
[INFO] [stdout]    |
[INFO] [stdout]    = note: `#[warn(unused_imports)]` on by default
[INFO] [stdout] 
[INFO] [stdout] 
[INFO] [stdout] warning: unused import: `openapi_utils::ReferenceOrExt`
[INFO] [stdout]  --> oas_middleware/src/path_finder.rs:5:5
[INFO] [stdout]   |
[INFO] [stdout] 5 | use openapi_utils::ReferenceOrExt;
[INFO] [stdout]   |     ^^^^^^^^^^^^^^^^^^^^^^^^^^^^^
[INFO] [stdout] 
[INFO] [stdout] 
[INFO] [stdout] warning: unused import: `hyper::Chunk`
[INFO] [stdout]  --> oas_middleware/src/request.rs:7:5
[INFO] [stdout]   |
[INFO] [stdout] 7 | use hyper::Chunk;
[INFO] [stdout]   |     ^^^^^^^^^^^^
[INFO] [stdout] 
[INFO] [stdout] 
[INFO] [stdout] warning: unused import: `openapi_utils::ReferenceOrExt`
[INFO] [stdout]  --> oas_middleware/src/usage_report.rs:6:5
[INFO] [stdout]   |
[INFO] [stdout] 6 | use openapi_utils::ReferenceOrExt;
[INFO] [stdout]   |     ^^^^^^^^^^^^^^^^^^^^^^^^^^^^^
[INFO] [stdout] 
[INFO] [stdout] 
[INFO] [stdout] error[E0599]: no method named `limits` found for reference `&openapiv3::IntegerType` in the current scope
[INFO] [stdout]   --> oas_middleware/src/check_type.rs:91:32
[INFO] [stdout]    |
[INFO] [stdout] 91 |     let min_max = integer_type.limits();
[INFO] [stdout]    |                                ^^^^^^ method not found in `&IntegerType`
[INFO] [stdout] 
[INFO] [stdout] 
[INFO] [stdout] error[E0599]: no method named `deref_all` found for struct `openapiv3::OpenAPI` in the current scope
[INFO] [stdout]   --> oas_middleware/src/middleware.rs:28:47
[INFO] [stdout]    |
[INFO] [stdout] 28 |         let spec = spec_utils::read(filename).deref_all();
[INFO] [stdout]    |                                               ^^^^^^^^^ method not found in `OpenAPI`
[INFO] [stdout] 
[INFO] [stdout] 
[INFO] [stdout] error[E0599]: no method named `base_path` found for struct `openapiv3::Server` in the current scope
[INFO] [stdout]   --> oas_middleware/src/path_finder.rs:53:41
[INFO] [stdout]    |
[INFO] [stdout] 53 |         let base_path = spec.servers[0].base_path();
[INFO] [stdout]    |                                         ^^^^^^^^^ method not found in `Server`
[INFO] [stdout] 
[INFO] [stdout] 
[INFO] [stdout] error[E0599]: no method named `to_item` found for enum `openapiv3::ReferenceOr` in the current scope
[INFO] [stdout]   --> oas_middleware/src/path_finder.rs:58:33
[INFO] [stdout]    |
[INFO] [stdout] 58 |                 path: path_item.to_item(),
[INFO] [stdout]    |                                 ^^^^^^^ method not found in `ReferenceOr<PathItem>`
[INFO] [stdout] 
[INFO] [stdout] 
[INFO] [stdout] error[E0599]: no method named `to_item_ref` found for reference `&openapiv3::ReferenceOr<openapiv3::Parameter>` in the current scope
[INFO] [stdout]   --> oas_middleware/src/usage_report.rs:57:39
[INFO] [stdout]    |
[INFO] [stdout] 57 |                 let param = parameter.to_item_ref();
[INFO] [stdout]    |                                       ^^^^^^^^^^^ method not found in `&ReferenceOr<Parameter>`
[INFO] [stdout] 
[INFO] [stdout] 
[INFO] [stdout] error[E0599]: no method named `to_item_mut` found for mutable reference `&mut openapiv3::ReferenceOr<openapiv3::Parameter>` in the current scope
[INFO] [stdout]   --> oas_middleware/src/validator.rs:43:31
[INFO] [stdout]    |
[INFO] [stdout] 43 |         let param = parameter.to_item_mut();
[INFO] [stdout]    |                               ^^^^^^^^^^^ method not found in `&mut ReferenceOr<Parameter>`
[INFO] [stdout] 
[INFO] [stdout] 
[INFO] [stdout] error[E0599]: no method named `get_type` found for reference `&openapiv3::ParameterData` in the current scope
[INFO] [stdout]   --> oas_middleware/src/validator.rs:59:37
[INFO] [stdout]    |
[INFO] [stdout] 59 |     Ok(check_type::check_type(param.get_type(), request_param_data)?)
[INFO] [stdout]    |                                     ^^^^^^^^ method not found in `&ParameterData`
[INFO] [stdout] 
[INFO] [stdout] 
[INFO] [stdout] warning: unused import: `openapi_utils::SpecExt`
[INFO] [stdout]   --> oas_middleware/src/middleware.rs:15:5
[INFO] [stdout]    |
[INFO] [stdout] 15 | use openapi_utils::SpecExt;
[INFO] [stdout]    |     ^^^^^^^^^^^^^^^^^^^^^^
[INFO] [stdout] 
[INFO] [stdout] 
[INFO] [stdout] warning: unused import: `openapi_utils::ServerExt`
[INFO] [stdout]  --> oas_middleware/src/path_finder.rs:6:5
[INFO] [stdout]   |
[INFO] [stdout] 6 | use openapi_utils::ServerExt;
[INFO] [stdout]   |     ^^^^^^^^^^^^^^^^^^^^^^^^
[INFO] [stdout] 
[INFO] [stdout] 
[INFO] [stdout] warning: unused import: `openapi_utils::ParameterExt`
[INFO] [stdout]  --> oas_middleware/src/usage_report.rs:7:5
[INFO] [stdout]   |
[INFO] [stdout] 7 | use openapi_utils::ParameterExt;
[INFO] [stdout]   |     ^^^^^^^^^^^^^^^^^^^^^^^^^^^
[INFO] [stdout] 
[INFO] [stdout] 
[INFO] [stdout] warning: unused import: `ParameterExt`
[INFO] [stdout]  --> oas_middleware/src/validator.rs:4:21
[INFO] [stdout]   |
[INFO] [stdout] 4 | use openapi_utils::{ParameterExt, ParameterDataExt, ReferenceOrExt};
[INFO] [stdout]   |                     ^^^^^^^^^^^^
[INFO] [stdout] 
[INFO] [stdout] 
[INFO] [stdout] warning: unused import: `ReferenceOrExt`
[INFO] [stdout]  --> oas_middleware/src/validator.rs:4:53
[INFO] [stdout]   |
[INFO] [stdout] 4 | use openapi_utils::{ParameterExt, ParameterDataExt, ReferenceOrExt};
[INFO] [stdout]   |                                                     ^^^^^^^^^^^^^^
[INFO] [stdout] 
[INFO] [stdout] 
[INFO] [stdout] warning: unused import: `ParameterDataExt`
[INFO] [stdout]  --> oas_middleware/src/validator.rs:4:35
[INFO] [stdout]   |
[INFO] [stdout] 4 | use openapi_utils::{ParameterExt, ParameterDataExt, ReferenceOrExt};
[INFO] [stdout]   |                                   ^^^^^^^^^^^^^^^^
[INFO] [stdout] 
[INFO] [stdout] 
[INFO] [stdout] error: aborting due to 7 previous errors; 10 warnings emitted
[INFO] [stdout] 
[INFO] [stdout] 
[INFO] [stdout] For more information about this error, try `rustc --explain E0599`.
[INFO] [stdout] 
[INFO] [stderr] error: could not compile `oas_middleware` (lib) due to 8 previous errors; 10 warnings emitted
[INFO] running `Command { std: "docker" "inspect" "770eb91fc14efb46b02ca35e7d4e87b3166d8a1d3be4925c154b82d02625b31c", kill_on_drop: false }`
[INFO] running `Command { std: "docker" "rm" "-f" "770eb91fc14efb46b02ca35e7d4e87b3166d8a1d3be4925c154b82d02625b31c", kill_on_drop: false }`
[INFO] [stdout] 770eb91fc14efb46b02ca35e7d4e87b3166d8a1d3be4925c154b82d02625b31c
