[INFO] cloning repository https://github.com/Jonesey13/generic_game
[INFO] running `Command { std: "git" "-c" "credential.helper=" "-c" "credential.helper=/workspace/cargo-home/bin/git-credential-null" "clone" "--bare" "https://github.com/Jonesey13/generic_game" "/workspace/cache/git-repos/https%3A%2F%2Fgithub.com%2FJonesey13%2Fgeneric_game", kill_on_drop: false }`
[INFO] [stderr] Cloning into bare repository '/workspace/cache/git-repos/https%3A%2F%2Fgithub.com%2FJonesey13%2Fgeneric_game'...
[INFO] running `Command { std: "git" "rev-parse" "HEAD", kill_on_drop: false }`
[INFO] [stdout] a31178ddb3f1f522fd85c70cbc1456fbc7299aed
[INFO] documenting Jonesey13/generic_game against beta-2023-04-20 for beta-1.70-rustdoc-1
[INFO] running `Command { std: "git" "clone" "/workspace/cache/git-repos/https%3A%2F%2Fgithub.com%2FJonesey13%2Fgeneric_game" "/workspace/builds/worker-5-tc2/source", kill_on_drop: false }`
[INFO] [stderr] Cloning into '/workspace/builds/worker-5-tc2/source'...
[INFO] [stderr] done.
[INFO] validating manifest of git repo https://github.com/Jonesey13/generic_game on toolchain beta-2023-04-20
[INFO] running `Command { std: CARGO_HOME="/workspace/cargo-home" RUSTUP_HOME="/workspace/rustup-home" "/workspace/cargo-home/bin/cargo" "+beta-2023-04-20" "metadata" "--manifest-path" "Cargo.toml" "--no-deps", kill_on_drop: false }`
[INFO] started tweaking git repo https://github.com/Jonesey13/generic_game
[INFO] finished tweaking git repo https://github.com/Jonesey13/generic_game
[INFO] tweaked toml for git repo https://github.com/Jonesey13/generic_game written to /workspace/builds/worker-5-tc2/source/Cargo.toml
[INFO] crate git repo https://github.com/Jonesey13/generic_game already has a lockfile, it will not be regenerated
[INFO] running `Command { std: CARGO_HOME="/workspace/cargo-home" RUSTUP_HOME="/workspace/rustup-home" "/workspace/cargo-home/bin/cargo" "+beta-2023-04-20" "fetch" "--manifest-path" "Cargo.toml", kill_on_drop: false }`
[INFO] [stderr]     Blocking waiting for file lock on package cache
[INFO] [stderr]     Updating crates.io index
[INFO] [stderr]     Blocking waiting for file lock on package cache
[INFO] [stderr]  Downloading crates ...
[INFO] [stderr]   Downloaded utf8-ranges v1.0.3
[INFO] [stderr]   Downloaded multiinput v0.1.0
[INFO] [stderr]   Downloaded glutin v0.20.0
[INFO] [stderr]   Downloaded nalgebra v0.18.0
[INFO] [stderr]   Downloaded backtrace v0.3.20
[INFO] [stderr]   Downloaded winit v0.19.1
[INFO] [stderr]   Downloaded gleam v0.6.17
[INFO] [stderr]   Downloaded minimp3 v0.3.3
[INFO] [stderr]   Downloaded cc v1.0.37
[INFO] [stderr]   Downloaded slice-deque v0.2.4
[INFO] [stderr]   Downloaded glium v0.24.0
[INFO] running `Command { std: "docker" "create" "-v" "/var/lib/crater-agent-workspace/builds/worker-5-tc2/target:/opt/rustwide/target:rw,Z" "-v" "/var/lib/crater-agent-workspace/builds/worker-5-tc2/source:/opt/rustwide/workdir:ro,Z" "-v" "/var/lib/crater-agent-workspace/cargo-home:/opt/rustwide/cargo-home:ro,Z" "-v" "/var/lib/crater-agent-workspace/rustup-home:/opt/rustwide/rustup-home:ro,Z" "-e" "SOURCE_DIR=/opt/rustwide/workdir" "-e" "CARGO_TARGET_DIR=/opt/rustwide/target" "-e" "CARGO_HOME=/opt/rustwide/cargo-home" "-e" "RUSTUP_HOME=/opt/rustwide/rustup-home" "-w" "/opt/rustwide/workdir" "-m" "1610612736" "--user" "0:0" "--network" "none" "ghcr.io/rust-lang/crates-build-env/linux@sha256:5ff2268d62e97bff2cde7d5815dd6ed5b47097566f13b8d0ca110b04b60e07ed" "/opt/rustwide/cargo-home/bin/cargo" "+beta-2023-04-20" "metadata" "--no-deps" "--format-version=1", kill_on_drop: false }`
[INFO] [stdout] 27cd6d3c7c4cabe5a8530b3418e8012960f9fb1bb916301b9d9931fec9f988e7
[INFO] running `Command { std: "docker" "start" "-a" "27cd6d3c7c4cabe5a8530b3418e8012960f9fb1bb916301b9d9931fec9f988e7", kill_on_drop: false }`
[INFO] running `Command { std: "docker" "inspect" "27cd6d3c7c4cabe5a8530b3418e8012960f9fb1bb916301b9d9931fec9f988e7", kill_on_drop: false }`
[INFO] running `Command { std: "docker" "rm" "-f" "27cd6d3c7c4cabe5a8530b3418e8012960f9fb1bb916301b9d9931fec9f988e7", kill_on_drop: false }`
[INFO] [stdout] 27cd6d3c7c4cabe5a8530b3418e8012960f9fb1bb916301b9d9931fec9f988e7
[INFO] running `Command { std: "docker" "create" "-v" "/var/lib/crater-agent-workspace/builds/worker-5-tc2/target:/opt/rustwide/target:rw,Z" "-v" "/var/lib/crater-agent-workspace/builds/worker-5-tc2/source:/opt/rustwide/workdir:ro,Z" "-v" "/var/lib/crater-agent-workspace/cargo-home:/opt/rustwide/cargo-home:ro,Z" "-v" "/var/lib/crater-agent-workspace/rustup-home:/opt/rustwide/rustup-home:ro,Z" "-e" "SOURCE_DIR=/opt/rustwide/workdir" "-e" "CARGO_TARGET_DIR=/opt/rustwide/target" "-e" "CARGO_INCREMENTAL=0" "-e" "RUST_BACKTRACE=full" "-e" "RUSTFLAGS=--cap-lints=warn" "-e" "RUSTDOCFLAGS=--cap-lints=warn" "-e" "CARGO_HOME=/opt/rustwide/cargo-home" "-e" "RUSTUP_HOME=/opt/rustwide/rustup-home" "-w" "/opt/rustwide/workdir" "-m" "1610612736" "--user" "0:0" "--network" "none" "ghcr.io/rust-lang/crates-build-env/linux@sha256:5ff2268d62e97bff2cde7d5815dd6ed5b47097566f13b8d0ca110b04b60e07ed" "/opt/rustwide/cargo-home/bin/cargo" "+beta-2023-04-20" "doc" "--frozen" "--no-deps" "--document-private-items" "--message-format=json", kill_on_drop: false }`
[INFO] [stdout] 06c9807701c001442d3bd60aae7d2b4a4079d8f2d186df4ff38256a25b7c97fc
[INFO] running `Command { std: "docker" "start" "-a" "06c9807701c001442d3bd60aae7d2b4a4079d8f2d186df4ff38256a25b7c97fc", kill_on_drop: false }`
[INFO] [stderr]    Compiling autocfg v0.1.4
[INFO] [stderr]    Compiling libc v0.2.55
[INFO] [stderr]     Checking lazy_static v1.3.0
[INFO] [stderr]     Checking cfg-if v0.1.9
[INFO] [stderr]    Compiling cc v1.0.37
[INFO] [stderr]    Compiling xml-rs v0.8.0
[INFO] [stderr]    Compiling byteorder v1.3.1
[INFO] [stderr]     Checking rand_core v0.4.0
[INFO] [stderr]    Compiling arrayvec v0.4.10
[INFO] [stderr]     Checking scopeguard v0.3.3
[INFO] [stderr]    Compiling quote v0.6.12
[INFO] [stderr]     Checking nodrop v0.1.13
[INFO] [stderr]     Checking memoffset v0.2.1
[INFO] [stderr]    Compiling num-traits v0.2.8
[INFO] [stderr]     Checking rand_core v0.3.1
[INFO] [stderr]     Checking bitflags v1.0.4
[INFO] [stderr]    Compiling log v0.4.6
[INFO] [stderr]    Compiling wayland-scanner v0.21.12
[INFO] [stderr]    Compiling rand_pcg v0.1.2
[INFO] [stderr]    Compiling gl_generator v0.11.0
[INFO] [stderr]    Compiling rand_chacha v0.1.1
[INFO] [stderr]     Checking num_cpus v1.10.0
[INFO] [stderr]    Compiling libloading v0.5.0
[INFO] [stderr]    Compiling rand v0.6.5
[INFO] [stderr]    Compiling nix v0.13.0
[INFO] [stderr]    Compiling semver v0.9.0
[INFO] [stderr]     Checking rand_os v0.1.3
[INFO] [stderr]     Checking rand_xorshift v0.1.1
[INFO] [stderr]     Checking rand_hc v0.1.0
[INFO] [stderr]     Checking rand_isaac v0.1.1
[INFO] [stderr]     Checking rand_jitter v0.1.4
[INFO] [stderr]     Checking crossbeam-utils v0.6.5
[INFO] [stderr]     Checking approx v0.3.2
[INFO] [stderr]     Checking dlib v0.4.1
[INFO] [stderr]     Checking smallvec v0.6.9
[INFO] [stderr]     Checking wayland-sys v0.21.12
[INFO] [stderr]    Compiling rustc_version v0.2.3
[INFO] [stderr]     Checking ordered-float v1.0.2
[INFO] [stderr]     Checking crossbeam-epoch v0.7.1
[INFO] [stderr]     Checking stb_truetype v0.2.6
[INFO] [stderr]     Checking rustc-hash v1.0.1
[INFO] [stderr]    Compiling x11-dl v2.18.3
[INFO] [stderr]    Compiling parking_lot_core v0.4.0
[INFO] [stderr]    Compiling num-integer v0.1.41
[INFO] [stderr]     Checking crossbeam-deque v0.7.1
[INFO] [stderr]     Checking crossbeam-utils v0.2.2
[INFO] [stderr]     Checking stable_deref_trait v1.1.1
[INFO] [stderr]    Compiling wayland-client v0.21.12
[INFO] [stderr]    Compiling wayland-protocols v0.21.12
[INFO] [stderr]     Checking downcast-rs v1.0.4
[INFO] [stderr]    Compiling rayon-core v1.4.1
[INFO] [stderr]     Checking same-file v1.0.4
[INFO] [stderr]     Checking walkdir v2.2.7
[INFO] [stderr]     Checking rusttype v0.7.6
[INFO] [stderr]     Checking owning_ref v0.4.0
[INFO] [stderr]     Checking crossbeam-epoch v0.3.1
[INFO] [stderr]     Checking line_drawing v0.7.0
[INFO] [stderr]    Compiling num-complex v0.2.3
[INFO] [stderr]    Compiling syn v0.15.34
[INFO] [stderr]    Compiling libm v0.1.4
[INFO] [stderr]     Checking crossbeam-deque v0.2.0
[INFO] [stderr]     Checking lock_api v0.1.5
[INFO] [stderr]    Compiling glutin_glx_sys v0.1.5
[INFO] [stderr]     Checking andrew v0.2.1
[INFO] [stderr]    Compiling glutin_egl_sys v0.1.3
[INFO] [stderr]    Compiling backtrace-sys v0.1.28
[INFO] [stderr]    Compiling minimp3-sys v0.3.1
[INFO] [stderr]     Checking wayland-commons v0.21.12
[INFO] [stderr]     Checking memmap v0.7.0
[INFO] [stderr]    Compiling alsa-sys v0.1.2
[INFO] [stderr]    Compiling num-iter v0.1.39
[INFO] [stderr]     Checking adler32 v1.0.3
[INFO] [stderr]    Compiling rayon v1.0.3
[INFO] [stderr]     Checking parking_lot v0.7.1
[INFO] [stderr]     Checking typenum v1.10.0
[INFO] [stderr]     Checking shared_library v0.1.9
[INFO] [stderr]    Compiling backtrace v0.3.20
[INFO] [stderr]     Checking either v1.5.2
[INFO] [stderr]    Compiling num-rational v0.2.1
[INFO] [stderr]     Checking rawpointer v0.1.0
[INFO] [stderr]     Checking generic-array v0.12.3
[INFO] [stderr]     Checking matrixmultiply v0.2.2
[INFO] [stderr]     Checking alga v0.9.1
[INFO] [stderr]     Checking osmesa-sys v0.1.2
[INFO] [stderr]     Checking deflate v0.7.19
[INFO] [stderr]     Checking inflate v0.4.5
[INFO] [stderr]    Compiling glium v0.24.0
[INFO] [stderr]     Checking slice-deque v0.2.4
[INFO] [stderr]     Checking ogg v0.7.0
[INFO] [stderr]     Checking rustc-demangle v0.1.14
[INFO] [stderr]    Compiling winapi v0.3.7
[INFO] [stderr]     Checking lewton v0.9.4
[INFO] [stderr]     Checking minimp3 v0.3.3
[INFO] [stderr]     Checking gif v0.10.1
[INFO] [stderr]     Checking png v0.12.0
[INFO] [stderr]     Checking jpeg-decoder v0.1.15
[INFO] [stderr]     Checking cpal v0.8.2
[INFO] [stderr]     Checking nalgebra v0.18.0
[INFO] [stderr]     Checking scoped_threadpool v0.1.9
[INFO] [stderr]     Checking unicode-normalization v0.1.8
[INFO] [stderr]     Checking rand v0.5.6
[INFO] [stderr]     Checking time v0.1.42
[INFO] [stderr]     Checking multiinput v0.1.0
[INFO] [stdout] error[E0463]: can't find crate for `winapi`
[INFO] [stdout]   --> /opt/rustwide/cargo-home/registry/src/index.crates.io-6f17d22bba15001f/multiinput-0.1.0/src/lib.rs:30:1
[INFO] [stdout]    |
[INFO] [stdout] 30 | extern crate winapi;
[INFO] [stdout]    | ^^^^^^^^^^^^^^^^^^^^ can't find crate
[INFO] [stdout] 
[INFO] [stdout] 
[INFO] [stdout] error[E0433]: failed to resolve: could not find `windows` in `os`
[INFO] [stdout]   --> /opt/rustwide/cargo-home/registry/src/index.crates.io-6f17d22bba15001f/multiinput-0.1.0/src/manager.rs:19:14
[INFO] [stdout]    |
[INFO] [stdout] 19 | use std::os::windows::ffi::OsStrExt;
[INFO] [stdout]    |              ^^^^^^^ could not find `windows` in `os`
[INFO] [stdout] 
[INFO] [stdout] 
[INFO] [stdout] error[E0433]: failed to resolve: could not find `windows` in `os`
[INFO] [stdout]   --> /opt/rustwide/cargo-home/registry/src/index.crates.io-6f17d22bba15001f/multiinput-0.1.0/src/rawinput.rs:10:14
[INFO] [stdout]    |
[INFO] [stdout] 10 | use std::os::windows::ffi::OsStrExt;
[INFO] [stdout]    |              ^^^^^^^ could not find `windows` in `os`
[INFO] [stdout] 
[INFO] [stdout] 
[INFO] [stdout] error[E0433]: failed to resolve: could not find `windows` in `os`
[INFO] [stdout]   --> /opt/rustwide/cargo-home/registry/src/index.crates.io-6f17d22bba15001f/multiinput-0.1.0/src/rawinput.rs:11:14
[INFO] [stdout]    |
[INFO] [stdout] 11 | use std::os::windows::ffi::OsStringExt;
[INFO] [stdout]    |              ^^^^^^^ could not find `windows` in `os`
[INFO] [stdout] 
[INFO] [stdout] 
[INFO] [stderr]    Compiling num-derive v0.2.5
[INFO] [stdout] error[E0412]: cannot find type `RAWKEYBOARD` in this scope
[INFO] [stdout]   --> /opt/rustwide/cargo-home/registry/src/index.crates.io-6f17d22bba15001f/multiinput-0.1.0/src/keyboard.rs:10:41
[INFO] [stdout]    |
[INFO] [stdout] 10 | pub fn process_keyboard_data(raw_data: &RAWKEYBOARD, id: usize) -> Vec<RawEvent> {
[INFO] [stdout]    |                                         ^^^^^^^^^^^ not found in this scope
[INFO] [stdout] 
[INFO] [stdout] 
[INFO] [stdout] error[E0425]: cannot find value `RI_KEY_BREAK` in this scope
[INFO] [stdout]   --> /opt/rustwide/cargo-home/registry/src/index.crates.io-6f17d22bba15001f/multiinput-0.1.0/src/keyboard.rs:17:16
[INFO] [stdout]    |
[INFO] [stdout] 17 |     if flags & RI_KEY_BREAK != 0 {
[INFO] [stdout]    |                ^^^^^^^^^^^^ not found in this scope
[INFO] [stdout] 
[INFO] [stdout] 
[INFO] [stdout] error[E0425]: cannot find value `RI_KEY_E0` in this scope
[INFO] [stdout]   --> /opt/rustwide/cargo-home/registry/src/index.crates.io-6f17d22bba15001f/multiinput-0.1.0/src/keyboard.rs:22:16
[INFO] [stdout]    |
[INFO] [stdout] 22 |     if flags & RI_KEY_E0 == 0 {
[INFO] [stdout]    |                ^^^^^^^^^ not found in this scope
[INFO] [stdout] 
[INFO] [stdout] 
[INFO] [stdout] error[E0425]: cannot find value `VK_TAB` in this scope
[INFO] [stdout]   --> /opt/rustwide/cargo-home/registry/src/index.crates.io-6f17d22bba15001f/multiinput-0.1.0/src/keyboard.rs:27:15
[INFO] [stdout]    |
[INFO] [stdout] 27 |     if key == VK_TAB {
[INFO] [stdout]    |               ^^^^^^ not found in this scope
[INFO] [stdout] 
[INFO] [stdout] 
[INFO] [stdout] error[E0425]: cannot find value `VK_SHIFT` in this scope
[INFO] [stdout]   --> /opt/rustwide/cargo-home/registry/src/index.crates.io-6f17d22bba15001f/multiinput-0.1.0/src/keyboard.rs:30:15
[INFO] [stdout]    |
[INFO] [stdout] 30 |     if key == VK_SHIFT {
[INFO] [stdout]    |               ^^^^^^^^ not found in this scope
[INFO] [stdout] 
[INFO] [stdout] 
[INFO] [stdout] error[E0425]: cannot find value `VK_CONTROL` in this scope
[INFO] [stdout]   --> /opt/rustwide/cargo-home/registry/src/index.crates.io-6f17d22bba15001f/multiinput-0.1.0/src/keyboard.rs:33:15
[INFO] [stdout]    |
[INFO] [stdout] 33 |     if key == VK_CONTROL && key_pos == KeyPos::Left {
[INFO] [stdout]    |               ^^^^^^^^^^ not found in this scope
[INFO] [stdout] 
[INFO] [stdout] 
[INFO] [stdout] error[E0425]: cannot find value `VK_CONTROL` in this scope
[INFO] [stdout]   --> /opt/rustwide/cargo-home/registry/src/index.crates.io-6f17d22bba15001f/multiinput-0.1.0/src/keyboard.rs:36:15
[INFO] [stdout]    |
[INFO] [stdout] 36 |     if key == VK_CONTROL && key_pos == KeyPos::Right {
[INFO] [stdout]    |               ^^^^^^^^^^ not found in this scope
[INFO] [stdout] 
[INFO] [stdout] 
[INFO] [stdout] error[E0425]: cannot find value `VK_MENU` in this scope
[INFO] [stdout]   --> /opt/rustwide/cargo-home/registry/src/index.crates.io-6f17d22bba15001f/multiinput-0.1.0/src/keyboard.rs:39:15
[INFO] [stdout]    |
[INFO] [stdout] 39 |     if key == VK_MENU && key_pos == KeyPos::Left {
[INFO] [stdout]    |               ^^^^^^^ not found in this scope
[INFO] [stdout] 
[INFO] [stdout] 
[INFO] [stdout] error[E0425]: cannot find value `VK_MENU` in this scope
[INFO] [stdout]   --> /opt/rustwide/cargo-home/registry/src/index.crates.io-6f17d22bba15001f/multiinput-0.1.0/src/keyboard.rs:42:15
[INFO] [stdout]    |
[INFO] [stdout] 42 |     if key == VK_MENU && key_pos == KeyPos::Right {
[INFO] [stdout]    |               ^^^^^^^ not found in this scope
[INFO] [stdout] 
[INFO] [stdout] 
[INFO] [stdout] error[E0425]: cannot find value `VK_ESCAPE` in this scope
[INFO] [stdout]   --> /opt/rustwide/cargo-home/registry/src/index.crates.io-6f17d22bba15001f/multiinput-0.1.0/src/keyboard.rs:45:15
[INFO] [stdout]    |
[INFO] [stdout] 45 |     if key == VK_ESCAPE {
[INFO] [stdout]    |               ^^^^^^^^^ not found in this scope
[INFO] [stdout] 
[INFO] [stdout] 
[INFO] [stdout] error[E0425]: cannot find value `VK_RETURN` in this scope
[INFO] [stdout]   --> /opt/rustwide/cargo-home/registry/src/index.crates.io-6f17d22bba15001f/multiinput-0.1.0/src/keyboard.rs:48:15
[INFO] [stdout]    |
[INFO] [stdout] 48 |     if key == VK_RETURN {
[INFO] [stdout]    |               ^^^^^^^^^ not found in this scope
[INFO] [stdout] 
[INFO] [stdout] 
[INFO] [stdout] error[E0425]: cannot find value `VK_BACK` in this scope
[INFO] [stdout]   --> /opt/rustwide/cargo-home/registry/src/index.crates.io-6f17d22bba15001f/multiinput-0.1.0/src/keyboard.rs:51:15
[INFO] [stdout]    |
[INFO] [stdout] 51 |     if key == VK_BACK {
[INFO] [stdout]    |               ^^^^^^^ not found in this scope
[INFO] [stdout] 
[INFO] [stdout] 
[INFO] [stdout] error[E0425]: cannot find value `VK_LEFT` in this scope
[INFO] [stdout]   --> /opt/rustwide/cargo-home/registry/src/index.crates.io-6f17d22bba15001f/multiinput-0.1.0/src/keyboard.rs:54:15
[INFO] [stdout]    |
[INFO] [stdout] 54 |     if key == VK_LEFT {
[INFO] [stdout]    |               ^^^^^^^ not found in this scope
[INFO] [stdout] 
[INFO] [stdout] 
[INFO] [stdout] error[E0425]: cannot find value `VK_RIGHT` in this scope
[INFO] [stdout]   --> /opt/rustwide/cargo-home/registry/src/index.crates.io-6f17d22bba15001f/multiinput-0.1.0/src/keyboard.rs:57:15
[INFO] [stdout]    |
[INFO] [stdout] 57 |     if key == VK_RIGHT {
[INFO] [stdout]    |               ^^^^^^^^ not found in this scope
[INFO] [stdout] 
[INFO] [stdout] 
[INFO] [stdout] error[E0425]: cannot find value `VK_UP` in this scope
[INFO] [stdout]   --> /opt/rustwide/cargo-home/registry/src/index.crates.io-6f17d22bba15001f/multiinput-0.1.0/src/keyboard.rs:60:15
[INFO] [stdout]    |
[INFO] [stdout] 60 |     if key == VK_UP {
[INFO] [stdout]    |               ^^^^^ not found in this scope
[INFO] [stdout] 
[INFO] [stdout] 
[INFO] [stdout] error[E0425]: cannot find value `VK_DOWN` in this scope
[INFO] [stdout]   --> /opt/rustwide/cargo-home/registry/src/index.crates.io-6f17d22bba15001f/multiinput-0.1.0/src/keyboard.rs:63:15
[INFO] [stdout]    |
[INFO] [stdout] 63 |     if key == VK_DOWN {
[INFO] [stdout]    |               ^^^^^^^ not found in this scope
[INFO] [stdout] 
[INFO] [stdout] 
[INFO] [stdout] error[E0425]: cannot find value `VK_SPACE` in this scope
[INFO] [stdout]   --> /opt/rustwide/cargo-home/registry/src/index.crates.io-6f17d22bba15001f/multiinput-0.1.0/src/keyboard.rs:66:15
[INFO] [stdout]    |
[INFO] [stdout] 66 |     if key == VK_SPACE {
[INFO] [stdout]    |               ^^^^^^^^ not found in this scope
[INFO] [stdout] 
[INFO] [stdout] 
[INFO] [stdout] error[E0425]: cannot find value `VK_LCONTROL` in this scope
[INFO] [stdout]   --> /opt/rustwide/cargo-home/registry/src/index.crates.io-6f17d22bba15001f/multiinput-0.1.0/src/keyboard.rs:69:15
[INFO] [stdout]    |
[INFO] [stdout] 69 |     if key == VK_LCONTROL {
[INFO] [stdout]    |               ^^^^^^^^^^^ not found in this scope
[INFO] [stdout] 
[INFO] [stdout] 
[INFO] [stdout] error[E0425]: cannot find value `VK_RCONTROL` in this scope
[INFO] [stdout]   --> /opt/rustwide/cargo-home/registry/src/index.crates.io-6f17d22bba15001f/multiinput-0.1.0/src/keyboard.rs:72:15
[INFO] [stdout]    |
[INFO] [stdout] 72 |     if key == VK_RCONTROL {
[INFO] [stdout]    |               ^^^^^^^^^^^ not found in this scope
[INFO] [stdout] 
[INFO] [stdout] 
[INFO] [stdout] error[E0425]: cannot find value `VK_LMENU` in this scope
[INFO] [stdout]   --> /opt/rustwide/cargo-home/registry/src/index.crates.io-6f17d22bba15001f/multiinput-0.1.0/src/keyboard.rs:75:15
[INFO] [stdout]    |
[INFO] [stdout] 75 |     if key == VK_LMENU {
[INFO] [stdout]    |               ^^^^^^^^ not found in this scope
[INFO] [stdout] 
[INFO] [stdout] 
[INFO] [stdout] error[E0425]: cannot find value `VK_RMENU` in this scope
[INFO] [stdout]   --> /opt/rustwide/cargo-home/registry/src/index.crates.io-6f17d22bba15001f/multiinput-0.1.0/src/keyboard.rs:78:15
[INFO] [stdout]    |
[INFO] [stdout] 78 |     if key == VK_RMENU {
[INFO] [stdout]    |               ^^^^^^^^ not found in this scope
[INFO] [stdout] 
[INFO] [stdout] 
[INFO] [stdout] error[E0425]: cannot find value `VK_CAPITAL` in this scope
[INFO] [stdout]    --> /opt/rustwide/cargo-home/registry/src/index.crates.io-6f17d22bba15001f/multiinput-0.1.0/src/keyboard.rs:189:15
[INFO] [stdout]     |
[INFO] [stdout] 189 |     if key == VK_CAPITAL {
[INFO] [stdout]     |               ^^^^^^^^^^ not found in this scope
[INFO] [stdout] 
[INFO] [stdout] 
[INFO] [stdout] error[E0425]: cannot find value `VK_PAUSE` in this scope
[INFO] [stdout]    --> /opt/rustwide/cargo-home/registry/src/index.crates.io-6f17d22bba15001f/multiinput-0.1.0/src/keyboard.rs:192:15
[INFO] [stdout]     |
[INFO] [stdout] 192 |     if key == VK_PAUSE {
[INFO] [stdout]     |               ^^^^^^^^ not found in this scope
[INFO] [stdout] 
[INFO] [stdout] 
[INFO] [stdout] error[E0425]: cannot find value `VK_NEXT` in this scope
[INFO] [stdout]    --> /opt/rustwide/cargo-home/registry/src/index.crates.io-6f17d22bba15001f/multiinput-0.1.0/src/keyboard.rs:195:15
[INFO] [stdout]     |
[INFO] [stdout] 195 |     if key == VK_NEXT {
[INFO] [stdout]     |               ^^^^^^^ not found in this scope
[INFO] [stdout] 
[INFO] [stdout] 
[INFO] [stdout] error[E0425]: cannot find value `VK_PRIOR` in this scope
[INFO] [stdout]    --> /opt/rustwide/cargo-home/registry/src/index.crates.io-6f17d22bba15001f/multiinput-0.1.0/src/keyboard.rs:198:15
[INFO] [stdout]     |
[INFO] [stdout] 198 |     if key == VK_PRIOR {
[INFO] [stdout]     |               ^^^^^^^^ not found in this scope
[INFO] [stdout] 
[INFO] [stdout] 
[INFO] [stdout] error[E0425]: cannot find value `VK_SNAPSHOT` in this scope
[INFO] [stdout]    --> /opt/rustwide/cargo-home/registry/src/index.crates.io-6f17d22bba15001f/multiinput-0.1.0/src/keyboard.rs:201:15
[INFO] [stdout]     |
[INFO] [stdout] 201 |     if key == VK_SNAPSHOT {
[INFO] [stdout]     |               ^^^^^^^^^^^ not found in this scope
[INFO] [stdout] 
[INFO] [stdout] 
[INFO] [stdout] error[E0425]: cannot find value `VK_INSERT` in this scope
[INFO] [stdout]    --> /opt/rustwide/cargo-home/registry/src/index.crates.io-6f17d22bba15001f/multiinput-0.1.0/src/keyboard.rs:204:15
[INFO] [stdout]     |
[INFO] [stdout] 204 |     if key == VK_INSERT {
[INFO] [stdout]     |               ^^^^^^^^^ not found in this scope
[INFO] [stdout] 
[INFO] [stdout] 
[INFO] [stdout] error[E0425]: cannot find value `VK_END` in this scope
[INFO] [stdout]    --> /opt/rustwide/cargo-home/registry/src/index.crates.io-6f17d22bba15001f/multiinput-0.1.0/src/keyboard.rs:207:15
[INFO] [stdout]     |
[INFO] [stdout] 207 |     if key == VK_END {
[INFO] [stdout]     |               ^^^^^^ not found in this scope
[INFO] [stdout] 
[INFO] [stdout] 
[INFO] [stdout] error[E0425]: cannot find value `VK_HOME` in this scope
[INFO] [stdout]    --> /opt/rustwide/cargo-home/registry/src/index.crates.io-6f17d22bba15001f/multiinput-0.1.0/src/keyboard.rs:210:15
[INFO] [stdout]     |
[INFO] [stdout] 210 |     if key == VK_HOME {
[INFO] [stdout]     |               ^^^^^^^ not found in this scope
[INFO] [stdout] 
[INFO] [stdout] 
[INFO] [stdout] error[E0425]: cannot find value `VK_DELETE` in this scope
[INFO] [stdout]    --> /opt/rustwide/cargo-home/registry/src/index.crates.io-6f17d22bba15001f/multiinput-0.1.0/src/keyboard.rs:213:15
[INFO] [stdout]     |
[INFO] [stdout] 213 |     if key == VK_DELETE {
[INFO] [stdout]     |               ^^^^^^^^^ not found in this scope
[INFO] [stdout] 
[INFO] [stdout] 
[INFO] [stdout] error[E0425]: cannot find value `VK_ADD` in this scope
[INFO] [stdout]    --> /opt/rustwide/cargo-home/registry/src/index.crates.io-6f17d22bba15001f/multiinput-0.1.0/src/keyboard.rs:216:15
[INFO] [stdout]     |
[INFO] [stdout] 216 |     if key == VK_ADD {
[INFO] [stdout]     |               ^^^^^^ not found in this scope
[INFO] [stdout] 
[INFO] [stdout] 
[INFO] [stdout] error[E0425]: cannot find value `VK_SUBTRACT` in this scope
[INFO] [stdout]    --> /opt/rustwide/cargo-home/registry/src/index.crates.io-6f17d22bba15001f/multiinput-0.1.0/src/keyboard.rs:219:15
[INFO] [stdout]     |
[INFO] [stdout] 219 |     if key == VK_SUBTRACT {
[INFO] [stdout]     |               ^^^^^^^^^^^ not found in this scope
[INFO] [stdout] 
[INFO] [stdout] 
[INFO] [stdout] error[E0425]: cannot find value `VK_MULTIPLY` in this scope
[INFO] [stdout]    --> /opt/rustwide/cargo-home/registry/src/index.crates.io-6f17d22bba15001f/multiinput-0.1.0/src/keyboard.rs:222:15
[INFO] [stdout]     |
[INFO] [stdout] 222 |     if key == VK_MULTIPLY {
[INFO] [stdout]     |               ^^^^^^^^^^^ not found in this scope
[INFO] [stdout] 
[INFO] [stdout] 
[INFO] [stdout] error[E0425]: cannot find value `VK_DIVIDE` in this scope
[INFO] [stdout]    --> /opt/rustwide/cargo-home/registry/src/index.crates.io-6f17d22bba15001f/multiinput-0.1.0/src/keyboard.rs:225:15
[INFO] [stdout]     |
[INFO] [stdout] 225 |     if key == VK_DIVIDE {
[INFO] [stdout]     |               ^^^^^^^^^ not found in this scope
[INFO] [stdout] 
[INFO] [stdout] 
[INFO] [stdout] error[E0425]: cannot find value `VK_SEPARATOR` in this scope
[INFO] [stdout]    --> /opt/rustwide/cargo-home/registry/src/index.crates.io-6f17d22bba15001f/multiinput-0.1.0/src/keyboard.rs:228:15
[INFO] [stdout]     |
[INFO] [stdout] 228 |     if key == VK_SEPARATOR {
[INFO] [stdout]     |               ^^^^^^^^^^^^ not found in this scope
[INFO] [stdout] 
[INFO] [stdout] 
[INFO] [stdout] error[E0425]: cannot find value `VK_DECIMAL` in this scope
[INFO] [stdout]    --> /opt/rustwide/cargo-home/registry/src/index.crates.io-6f17d22bba15001f/multiinput-0.1.0/src/keyboard.rs:231:15
[INFO] [stdout]     |
[INFO] [stdout] 231 |     if key == VK_DECIMAL {
[INFO] [stdout]     |               ^^^^^^^^^^ not found in this scope
[INFO] [stdout] 
[INFO] [stdout] 
[INFO] [stdout] error[E0425]: cannot find value `VK_F1` in this scope
[INFO] [stdout]    --> /opt/rustwide/cargo-home/registry/src/index.crates.io-6f17d22bba15001f/multiinput-0.1.0/src/keyboard.rs:234:15
[INFO] [stdout]     |
[INFO] [stdout] 234 |     if key == VK_F1 {
[INFO] [stdout]     |               ^^^^^ not found in this scope
[INFO] [stdout] 
[INFO] [stdout] 
[INFO] [stdout] error[E0425]: cannot find value `VK_F2` in this scope
[INFO] [stdout]    --> /opt/rustwide/cargo-home/registry/src/index.crates.io-6f17d22bba15001f/multiinput-0.1.0/src/keyboard.rs:237:15
[INFO] [stdout]     |
[INFO] [stdout] 237 |     if key == VK_F2 {
[INFO] [stdout]     |               ^^^^^ not found in this scope
[INFO] [stdout] 
[INFO] [stdout] 
[INFO] [stdout] error[E0425]: cannot find value `VK_F3` in this scope
[INFO] [stdout]    --> /opt/rustwide/cargo-home/registry/src/index.crates.io-6f17d22bba15001f/multiinput-0.1.0/src/keyboard.rs:240:15
[INFO] [stdout]     |
[INFO] [stdout] 240 |     if key == VK_F3 {
[INFO] [stdout]     |               ^^^^^ not found in this scope
[INFO] [stdout] 
[INFO] [stdout] 
[INFO] [stdout] error[E0425]: cannot find value `VK_F4` in this scope
[INFO] [stdout]    --> /opt/rustwide/cargo-home/registry/src/index.crates.io-6f17d22bba15001f/multiinput-0.1.0/src/keyboard.rs:243:15
[INFO] [stdout]     |
[INFO] [stdout] 243 |     if key == VK_F4 {
[INFO] [stdout]     |               ^^^^^ not found in this scope
[INFO] [stdout] 
[INFO] [stdout] 
[INFO] [stdout] error[E0425]: cannot find value `VK_F5` in this scope
[INFO] [stdout]    --> /opt/rustwide/cargo-home/registry/src/index.crates.io-6f17d22bba15001f/multiinput-0.1.0/src/keyboard.rs:246:15
[INFO] [stdout]     |
[INFO] [stdout] 246 |     if key == VK_F5 {
[INFO] [stdout]     |               ^^^^^ not found in this scope
[INFO] [stdout] 
[INFO] [stdout] 
[INFO] [stdout] error[E0425]: cannot find value `VK_F6` in this scope
[INFO] [stdout]    --> /opt/rustwide/cargo-home/registry/src/index.crates.io-6f17d22bba15001f/multiinput-0.1.0/src/keyboard.rs:249:15
[INFO] [stdout]     |
[INFO] [stdout] 249 |     if key == VK_F6 {
[INFO] [stdout]     |               ^^^^^ not found in this scope
[INFO] [stdout] 
[INFO] [stdout] 
[INFO] [stdout] error[E0425]: cannot find value `VK_F7` in this scope
[INFO] [stdout]    --> /opt/rustwide/cargo-home/registry/src/index.crates.io-6f17d22bba15001f/multiinput-0.1.0/src/keyboard.rs:252:15
[INFO] [stdout]     |
[INFO] [stdout] 252 |     if key == VK_F7 {
[INFO] [stdout]     |               ^^^^^ not found in this scope
[INFO] [stdout] 
[INFO] [stdout] 
[INFO] [stdout] error[E0425]: cannot find value `VK_F8` in this scope
[INFO] [stdout]    --> /opt/rustwide/cargo-home/registry/src/index.crates.io-6f17d22bba15001f/multiinput-0.1.0/src/keyboard.rs:255:15
[INFO] [stdout]     |
[INFO] [stdout] 255 |     if key == VK_F8 {
[INFO] [stdout]     |               ^^^^^ not found in this scope
[INFO] [stdout] 
[INFO] [stdout] 
[INFO] [stdout] error[E0425]: cannot find value `VK_F9` in this scope
[INFO] [stdout]    --> /opt/rustwide/cargo-home/registry/src/index.crates.io-6f17d22bba15001f/multiinput-0.1.0/src/keyboard.rs:258:15
[INFO] [stdout]     |
[INFO] [stdout] 258 |     if key == VK_F9 {
[INFO] [stdout]     |               ^^^^^ not found in this scope
[INFO] [stdout] 
[INFO] [stdout] 
[INFO] [stdout] error[E0425]: cannot find value `VK_F10` in this scope
[INFO] [stdout]    --> /opt/rustwide/cargo-home/registry/src/index.crates.io-6f17d22bba15001f/multiinput-0.1.0/src/keyboard.rs:261:15
[INFO] [stdout]     |
[INFO] [stdout] 261 |     if key == VK_F10 {
[INFO] [stdout]     |               ^^^^^^ not found in this scope
[INFO] [stdout] 
[INFO] [stdout] 
[INFO] [stdout] error[E0425]: cannot find value `VK_F11` in this scope
[INFO] [stdout]    --> /opt/rustwide/cargo-home/registry/src/index.crates.io-6f17d22bba15001f/multiinput-0.1.0/src/keyboard.rs:264:15
[INFO] [stdout]     |
[INFO] [stdout] 264 |     if key == VK_F11 {
[INFO] [stdout]     |               ^^^^^^ not found in this scope
[INFO] [stdout] 
[INFO] [stdout] 
[INFO] [stdout] error[E0425]: cannot find value `VK_F12` in this scope
[INFO] [stdout]    --> /opt/rustwide/cargo-home/registry/src/index.crates.io-6f17d22bba15001f/multiinput-0.1.0/src/keyboard.rs:267:15
[INFO] [stdout]     |
[INFO] [stdout] 267 |     if key == VK_F12 {
[INFO] [stdout]     |               ^^^^^^ not found in this scope
[INFO] [stdout] 
[INFO] [stdout] 
[INFO] [stdout] error[E0425]: cannot find value `VK_NUMLOCK` in this scope
[INFO] [stdout]    --> /opt/rustwide/cargo-home/registry/src/index.crates.io-6f17d22bba15001f/multiinput-0.1.0/src/keyboard.rs:270:15
[INFO] [stdout]     |
[INFO] [stdout] 270 |     if key == VK_NUMLOCK {
[INFO] [stdout]     |               ^^^^^^^^^^ not found in this scope
[INFO] [stdout] 
[INFO] [stdout] 
[INFO] [stdout] error[E0425]: cannot find value `VK_OEM_PLUS` in this scope
[INFO] [stdout]    --> /opt/rustwide/cargo-home/registry/src/index.crates.io-6f17d22bba15001f/multiinput-0.1.0/src/keyboard.rs:273:15
[INFO] [stdout]     |
[INFO] [stdout] 273 |     if key == VK_OEM_PLUS {
[INFO] [stdout]     |               ^^^^^^^^^^^ not found in this scope
[INFO] [stdout] 
[INFO] [stdout] 
[INFO] [stdout] error[E0425]: cannot find value `VK_OEM_MINUS` in this scope
[INFO] [stdout]    --> /opt/rustwide/cargo-home/registry/src/index.crates.io-6f17d22bba15001f/multiinput-0.1.0/src/keyboard.rs:276:15
[INFO] [stdout]     |
[INFO] [stdout] 276 |     if key == VK_OEM_MINUS {
[INFO] [stdout]     |               ^^^^^^^^^^^^ not found in this scope
[INFO] [stdout] 
[INFO] [stdout] 
[INFO] [stdout] error[E0425]: cannot find value `VK_OEM_COMMA` in this scope
[INFO] [stdout]    --> /opt/rustwide/cargo-home/registry/src/index.crates.io-6f17d22bba15001f/multiinput-0.1.0/src/keyboard.rs:279:15
[INFO] [stdout]     |
[INFO] [stdout] 279 |     if key == VK_OEM_COMMA {
[INFO] [stdout]     |               ^^^^^^^^^^^^ not found in this scope
[INFO] [stdout] 
[INFO] [stdout] 
[INFO] [stdout] error[E0425]: cannot find value `VK_OEM_PERIOD` in this scope
[INFO] [stdout]    --> /opt/rustwide/cargo-home/registry/src/index.crates.io-6f17d22bba15001f/multiinput-0.1.0/src/keyboard.rs:282:15
[INFO] [stdout]     |
[INFO] [stdout] 282 |     if key == VK_OEM_PERIOD {
[INFO] [stdout]     |               ^^^^^^^^^^^^^ not found in this scope
[INFO] [stdout] 
[INFO] [stdout] 
[INFO] [stdout] error[E0425]: cannot find value `VK_OEM_1` in this scope
[INFO] [stdout]    --> /opt/rustwide/cargo-home/registry/src/index.crates.io-6f17d22bba15001f/multiinput-0.1.0/src/keyboard.rs:285:15
[INFO] [stdout]     |
[INFO] [stdout] 285 |     if key == VK_OEM_1 {
[INFO] [stdout]     |               ^^^^^^^^ not found in this scope
[INFO] [stdout] 
[INFO] [stdout] 
[INFO] [stdout] error[E0425]: cannot find value `VK_OEM_2` in this scope
[INFO] [stdout]    --> /opt/rustwide/cargo-home/registry/src/index.crates.io-6f17d22bba15001f/multiinput-0.1.0/src/keyboard.rs:288:15
[INFO] [stdout]     |
[INFO] [stdout] 288 |     if key == VK_OEM_2 {
[INFO] [stdout]     |               ^^^^^^^^ not found in this scope
[INFO] [stdout] 
[INFO] [stdout] 
[INFO] [stdout] error[E0425]: cannot find value `VK_OEM_3` in this scope
[INFO] [stdout]    --> /opt/rustwide/cargo-home/registry/src/index.crates.io-6f17d22bba15001f/multiinput-0.1.0/src/keyboard.rs:291:15
[INFO] [stdout]     |
[INFO] [stdout] 291 |     if key == VK_OEM_3 {
[INFO] [stdout]     |               ^^^^^^^^ not found in this scope
[INFO] [stdout] 
[INFO] [stdout] 
[INFO] [stdout] error[E0425]: cannot find value `VK_OEM_4` in this scope
[INFO] [stdout]    --> /opt/rustwide/cargo-home/registry/src/index.crates.io-6f17d22bba15001f/multiinput-0.1.0/src/keyboard.rs:294:15
[INFO] [stdout]     |
[INFO] [stdout] 294 |     if key == VK_OEM_4 {
[INFO] [stdout]     |               ^^^^^^^^ not found in this scope
[INFO] [stdout] 
[INFO] [stdout] 
[INFO] [stdout] error[E0425]: cannot find value `VK_OEM_5` in this scope
[INFO] [stdout]    --> /opt/rustwide/cargo-home/registry/src/index.crates.io-6f17d22bba15001f/multiinput-0.1.0/src/keyboard.rs:297:15
[INFO] [stdout]     |
[INFO] [stdout] 297 |     if key == VK_OEM_5 {
[INFO] [stdout]     |               ^^^^^^^^ not found in this scope
[INFO] [stdout] 
[INFO] [stdout] 
[INFO] [stdout] error[E0425]: cannot find value `VK_OEM_6` in this scope
[INFO] [stdout]    --> /opt/rustwide/cargo-home/registry/src/index.crates.io-6f17d22bba15001f/multiinput-0.1.0/src/keyboard.rs:300:15
[INFO] [stdout]     |
[INFO] [stdout] 300 |     if key == VK_OEM_6 {
[INFO] [stdout]     |               ^^^^^^^^ not found in this scope
[INFO] [stdout] 
[INFO] [stdout] 
[INFO] [stdout] error[E0425]: cannot find value `VK_OEM_7` in this scope
[INFO] [stdout]    --> /opt/rustwide/cargo-home/registry/src/index.crates.io-6f17d22bba15001f/multiinput-0.1.0/src/keyboard.rs:303:15
[INFO] [stdout]     |
[INFO] [stdout] 303 |     if key == VK_OEM_7 {
[INFO] [stdout]     |               ^^^^^^^^ not found in this scope
[INFO] [stdout] 
[INFO] [stdout] 
[INFO] [stdout] error[E0425]: cannot find value `VK_OEM_8` in this scope
[INFO] [stdout]    --> /opt/rustwide/cargo-home/registry/src/index.crates.io-6f17d22bba15001f/multiinput-0.1.0/src/keyboard.rs:306:15
[INFO] [stdout]     |
[INFO] [stdout] 306 |     if key == VK_OEM_8 {
[INFO] [stdout]     |               ^^^^^^^^ not found in this scope
[INFO] [stdout] 
[INFO] [stdout] 
[INFO] [stdout] error[E0599]: no method named `encode_wide` found for reference `&OsStr` in the current scope
[INFO] [stdout]    --> /opt/rustwide/cargo-home/registry/src/index.crates.io-6f17d22bba15001f/multiinput-0.1.0/src/manager.rs:212:14
[INFO] [stdout]     |
[INFO] [stdout] 211 |           let classname = OsStr::new(&classname_str)
[INFO] [stdout]     |  _________________________-
[INFO] [stdout] 212 | |             .encode_wide()
[INFO] [stdout]     | |             -^^^^^^^^^^^ method not found in `&OsStr`
[INFO] [stdout]     | |_____________|
[INFO] [stdout]     | 
[INFO] [stdout] 
[INFO] [stdout] 
[INFO] [stdout] error[E0599]: no function or associated item named `from_wide` found for struct `OsString` in the current scope
[INFO] [stdout]    --> /opt/rustwide/cargo-home/registry/src/index.crates.io-6f17d22bba15001f/multiinput-0.1.0/src/rawinput.rs:207:21
[INFO] [stdout]     |
[INFO] [stdout] 207 |     match OsString::from_wide(name_slice).into_string() {
[INFO] [stdout]     |                     ^^^^^^^^^ function or associated item not found in `OsString`
[INFO] [stdout] 
[INFO] [stdout] 
[INFO] [stdout] error[E0599]: no method named `encode_wide` found for reference `&OsStr` in the current scope
[INFO] [stdout]    --> /opt/rustwide/cargo-home/registry/src/index.crates.io-6f17d22bba15001f/multiinput-0.1.0/src/rawinput.rs:216:10
[INFO] [stdout]     |
[INFO] [stdout] 215 |       let mut classname = os_name
[INFO] [stdout]     |  _________________________-
[INFO] [stdout] 216 | |         .encode_wide()
[INFO] [stdout]     | |         -^^^^^^^^^^^ method not found in `&OsStr`
[INFO] [stdout]     | |_________|
[INFO] [stdout]     | 
[INFO] [stdout] 
[INFO] [stdout] 
[INFO] [stdout] error[E0599]: no function or associated item named `from_wide` found for struct `OsString` in the current scope
[INFO] [stdout]    --> /opt/rustwide/cargo-home/registry/src/index.crates.io-6f17d22bba15001f/multiinput-0.1.0/src/rawinput.rs:354:50
[INFO] [stdout]     |
[INFO] [stdout] 354 |     let serial_string_unparsed = match OsString::from_wide(&string_buffer[0..128]).into_string() {
[INFO] [stdout]     |                                                  ^^^^^^^^^ function or associated item not found in `OsString`
[INFO] [stdout] 
[INFO] [stdout] 
[INFO] [stdout] error: aborting due to 69 previous errors
[INFO] [stdout] 
[INFO] [stdout] 
[INFO] [stdout] Some errors have detailed explanations: E0412, E0425, E0433, E0463, E0599.
[INFO] [stdout] 
[INFO] [stdout] For more information about an error, try `rustc --explain E0412`.
[INFO] [stdout] 
[INFO] [stderr] error: could not compile `multiinput` (lib) due to 70 previous errors
[INFO] [stderr] warning: build failed, waiting for other jobs to finish...
[INFO] running `Command { std: "docker" "inspect" "06c9807701c001442d3bd60aae7d2b4a4079d8f2d186df4ff38256a25b7c97fc", kill_on_drop: false }`
[INFO] running `Command { std: "docker" "rm" "-f" "06c9807701c001442d3bd60aae7d2b4a4079d8f2d186df4ff38256a25b7c97fc", kill_on_drop: false }`
[INFO] [stdout] 06c9807701c001442d3bd60aae7d2b4a4079d8f2d186df4ff38256a25b7c97fc
