[INFO] cloning repository https://github.com/JoelWaterworth/rust_game_engine
[INFO] running `Command { std: "git" "-c" "credential.helper=" "-c" "credential.helper=/workspace/cargo-home/bin/git-credential-null" "clone" "--bare" "https://github.com/JoelWaterworth/rust_game_engine" "/workspace/cache/git-repos/https%3A%2F%2Fgithub.com%2FJoelWaterworth%2Frust_game_engine", kill_on_drop: false }`
[INFO] [stderr] Cloning into bare repository '/workspace/cache/git-repos/https%3A%2F%2Fgithub.com%2FJoelWaterworth%2Frust_game_engine'...
[INFO] running `Command { std: "git" "rev-parse" "HEAD", kill_on_drop: false }`
[INFO] [stdout] 610827c2757a72eaadb31fceac3e803f833c75f7
[INFO] documenting JoelWaterworth/rust_game_engine against beta-2023-04-20 for beta-1.70-rustdoc-1
[INFO] running `Command { std: "git" "clone" "/workspace/cache/git-repos/https%3A%2F%2Fgithub.com%2FJoelWaterworth%2Frust_game_engine" "/workspace/builds/worker-4-tc2/source", kill_on_drop: false }`
[INFO] [stderr] Cloning into '/workspace/builds/worker-4-tc2/source'...
[INFO] [stderr] done.
[INFO] validating manifest of git repo https://github.com/JoelWaterworth/rust_game_engine on toolchain beta-2023-04-20
[INFO] running `Command { std: CARGO_HOME="/workspace/cargo-home" RUSTUP_HOME="/workspace/rustup-home" "/workspace/cargo-home/bin/cargo" "+beta-2023-04-20" "metadata" "--manifest-path" "Cargo.toml" "--no-deps", kill_on_drop: false }`
[INFO] started tweaking git repo https://github.com/JoelWaterworth/rust_game_engine
[INFO] finished tweaking git repo https://github.com/JoelWaterworth/rust_game_engine
[INFO] tweaked toml for git repo https://github.com/JoelWaterworth/rust_game_engine written to /workspace/builds/worker-4-tc2/source/Cargo.toml
[INFO] crate git repo https://github.com/JoelWaterworth/rust_game_engine already has a lockfile, it will not be regenerated
[INFO] running `Command { std: CARGO_HOME="/workspace/cargo-home" RUSTUP_HOME="/workspace/rustup-home" "/workspace/cargo-home/bin/cargo" "+beta-2023-04-20" "fetch" "--manifest-path" "Cargo.toml", kill_on_drop: false }`
[INFO] [stderr]     Updating crates.io index
[INFO] [stderr]  Downloading crates ...
[INFO] [stderr]   Downloaded wayland-sys v0.9.10
[INFO] [stderr]   Downloaded memmap v0.4.0
[INFO] [stderr]   Downloaded objc v0.2.2
[INFO] [stderr]   Downloaded core-foundation v0.3.0
[INFO] [stderr]   Downloaded core-foundation v0.4.4
[INFO] [stderr]   Downloaded core-foundation-sys v0.3.1
[INFO] [stderr]   Downloaded core-graphics v0.8.2
[INFO] [stderr]   Downloaded core-foundation-sys v0.4.4
[INFO] [stderr]   Downloaded scoped_threadpool v0.1.8
[INFO] [stderr]   Downloaded cocoa v0.9.2
[INFO] [stderr]   Downloaded jpeg-decoder v0.1.13
[INFO] [stderr]   Downloaded inflate v0.2.0
[INFO] [stderr]   Downloaded num_cpus v1.7.0
[INFO] [stderr]   Downloaded rayon-core v1.3.0
[INFO] [stderr]   Downloaded either v1.4.0
[INFO] [stderr]   Downloaded color_quant v1.0.0
[INFO] [stderr]   Downloaded lazy_static v0.2.10
[INFO] [stderr]   Downloaded winit v0.8.3
[INFO] [stderr]   Downloaded wayland-protocols v0.9.10
[INFO] [stderr]   Downloaded cc v1.0.3
[INFO] [stderr]   Downloaded byteorder v1.1.0
[INFO] [stderr]   Downloaded redox_syscall v0.1.31
[INFO] [stderr]   Downloaded cmake v0.1.28
[INFO] [stderr]   Downloaded png v0.7.0
[INFO] [stderr]   Downloaded shared_library v0.1.7
[INFO] [stderr]   Downloaded libc v0.2.33
[INFO] [stderr]   Downloaded glsl-to-spirv v0.1.3
[INFO] [stderr]   Downloaded ash v0.20.1
[INFO] [stderr]   Downloaded deflate v0.7.17
[INFO] [stderr]   Downloaded wayland-kbd v0.9.1
[INFO] [stderr]   Downloaded coco v0.1.1
[INFO] [stderr]   Downloaded image v0.13.0
[INFO] [stderr]   Downloaded tobj v0.1.6
[INFO] [stderr]   Downloaded wayland-window v0.8.0
[INFO] [stderr]   Downloaded x11-dl v2.16.0
[INFO] [stderr]   Downloaded wayland-client v0.9.10
[INFO] [stderr]   Downloaded rand v0.3.18
[INFO] [stderr]   Downloaded wayland-scanner v0.9.10
[INFO] [stderr]   Downloaded fuchsia-zircon-sys v0.2.0
[INFO] [stderr]   Downloaded fuchsia-zircon v0.2.1
[INFO] running `Command { std: "docker" "create" "-v" "/var/lib/crater-agent-workspace/builds/worker-4-tc2/target:/opt/rustwide/target:rw,Z" "-v" "/var/lib/crater-agent-workspace/builds/worker-4-tc2/source:/opt/rustwide/workdir:ro,Z" "-v" "/var/lib/crater-agent-workspace/cargo-home:/opt/rustwide/cargo-home:ro,Z" "-v" "/var/lib/crater-agent-workspace/rustup-home:/opt/rustwide/rustup-home:ro,Z" "-e" "SOURCE_DIR=/opt/rustwide/workdir" "-e" "CARGO_TARGET_DIR=/opt/rustwide/target" "-e" "CARGO_HOME=/opt/rustwide/cargo-home" "-e" "RUSTUP_HOME=/opt/rustwide/rustup-home" "-w" "/opt/rustwide/workdir" "-m" "1610612736" "--user" "0:0" "--network" "none" "ghcr.io/rust-lang/crates-build-env/linux@sha256:5ff2268d62e97bff2cde7d5815dd6ed5b47097566f13b8d0ca110b04b60e07ed" "/opt/rustwide/cargo-home/bin/cargo" "+beta-2023-04-20" "metadata" "--no-deps" "--format-version=1", kill_on_drop: false }`
[INFO] [stdout] cb62c408994d4c8a262d0f91b0e008dfe53f00343fa0c4bcaa5a9bf84e6e1512
[INFO] running `Command { std: "docker" "start" "-a" "cb62c408994d4c8a262d0f91b0e008dfe53f00343fa0c4bcaa5a9bf84e6e1512", kill_on_drop: false }`
[INFO] running `Command { std: "docker" "inspect" "cb62c408994d4c8a262d0f91b0e008dfe53f00343fa0c4bcaa5a9bf84e6e1512", kill_on_drop: false }`
[INFO] running `Command { std: "docker" "rm" "-f" "cb62c408994d4c8a262d0f91b0e008dfe53f00343fa0c4bcaa5a9bf84e6e1512", kill_on_drop: false }`
[INFO] [stdout] cb62c408994d4c8a262d0f91b0e008dfe53f00343fa0c4bcaa5a9bf84e6e1512
[INFO] running `Command { std: "docker" "create" "-v" "/var/lib/crater-agent-workspace/builds/worker-4-tc2/target:/opt/rustwide/target:rw,Z" "-v" "/var/lib/crater-agent-workspace/builds/worker-4-tc2/source:/opt/rustwide/workdir:ro,Z" "-v" "/var/lib/crater-agent-workspace/cargo-home:/opt/rustwide/cargo-home:ro,Z" "-v" "/var/lib/crater-agent-workspace/rustup-home:/opt/rustwide/rustup-home:ro,Z" "-e" "SOURCE_DIR=/opt/rustwide/workdir" "-e" "CARGO_TARGET_DIR=/opt/rustwide/target" "-e" "CARGO_INCREMENTAL=0" "-e" "RUST_BACKTRACE=full" "-e" "RUSTFLAGS=--cap-lints=warn" "-e" "RUSTDOCFLAGS=--cap-lints=warn" "-e" "CARGO_HOME=/opt/rustwide/cargo-home" "-e" "RUSTUP_HOME=/opt/rustwide/rustup-home" "-w" "/opt/rustwide/workdir" "-m" "1610612736" "--user" "0:0" "--network" "none" "ghcr.io/rust-lang/crates-build-env/linux@sha256:5ff2268d62e97bff2cde7d5815dd6ed5b47097566f13b8d0ca110b04b60e07ed" "/opt/rustwide/cargo-home/bin/cargo" "+beta-2023-04-20" "doc" "--frozen" "--no-deps" "--document-private-items" "--message-format=json", kill_on_drop: false }`
[INFO] [stdout] cd8e1357a9025731695a3be804ecd561beacbfc6fde6aa648a3429224a91d56c
[INFO] running `Command { std: "docker" "start" "-a" "cd8e1357a9025731695a3be804ecd561beacbfc6fde6aa648a3429224a91d56c", kill_on_drop: false }`
[INFO] [stderr]     Checking libc v0.2.33
[INFO] [stderr]    Compiling siphasher v0.2.2
[INFO] [stderr]     Checking lazy_static v0.2.10
[INFO] [stderr]    Compiling num-traits v0.1.40
[INFO] [stderr]    Compiling serde v0.9.15
[INFO] [stderr]    Compiling dtoa v0.4.2
[INFO] [stderr]    Compiling itoa v0.3.4
[INFO] [stderr]    Compiling bitflags v0.9.1
[INFO] [stderr]    Compiling winapi-build v0.1.1
[INFO] [stderr]     Checking byteorder v1.1.0
[INFO] [stderr]    Compiling rayon-core v1.3.0
[INFO] [stderr]     Checking winapi v0.2.8
[INFO] [stderr]     Checking scopeguard v0.3.3
[INFO] [stderr]     Checking either v1.4.0
[INFO] [stderr]     Checking bitflags v0.7.0
[INFO] [stderr]    Compiling cc v1.0.3
[INFO] [stderr]    Compiling xml-rs v0.6.1
[INFO] [stderr]     Checking coco v0.1.1
[INFO] [stderr]    Compiling x11-dl v2.16.0
[INFO] [stderr]    Compiling phf_shared v0.7.21
[INFO] [stderr]     Checking adler32 v1.0.2
[INFO] [stderr]    Compiling kernel32-sys v0.2.2
[INFO] [stderr]     Checking inflate v0.2.0
[INFO] [stderr]     Checking color_quant v1.0.0
[INFO] [stderr]    Compiling cgmath v0.15.0 (https://github.com/brendanzab/cgmath.git#43a6b2be)
[INFO] [stderr]     Checking approx v0.1.1
[INFO] [stderr]     Checking deflate v0.7.17
[INFO] [stderr]    Compiling phf v0.7.21
[INFO] [stderr]     Checking gif v0.9.2
[INFO] [stderr]     Checking rand v0.3.18
[INFO] [stderr]     Checking num_cpus v1.7.0
[INFO] [stderr]     Checking num-integer v0.1.35
[INFO] [stderr]     Checking enum_primitive v0.1.1
[INFO] [stderr]     Checking shared_library v0.1.7
[INFO] [stderr]     Checking memchr v1.0.2
[INFO] [stderr]     Checking scoped_threadpool v0.1.8
[INFO] [stderr]     Checking tobj v0.1.6
[INFO] [stderr]    Compiling cmake v0.1.28
[INFO] [stderr]     Checking fs2 v0.2.5
[INFO] [stderr]     Checking num-iter v0.1.34
[INFO] [stderr]     Checking num-rational v0.1.40
[INFO] [stderr]     Checking nom v3.2.1
[INFO] [stderr]     Checking ash v0.20.1
[INFO] [stderr]     Checking memmap v0.4.0
[INFO] [stderr]    Compiling wayland-scanner v0.9.10
[INFO] [stderr]    Compiling glsl-to-spirv v0.1.3
[INFO] [stderr]     Checking tempfile v2.2.0
[INFO] [stderr]     Checking tempdir v0.3.5
[INFO] [stderr]    Compiling phf_generator v0.7.21
[INFO] [stderr]    Compiling phf_codegen v0.7.21
[INFO] [stderr]     Checking png v0.7.0
[INFO] [stderr]     Checking rayon v0.8.2
[INFO] [stderr]    Compiling target_build_utils v0.3.1
[INFO] [stderr]    Compiling wayland-client v0.9.10
[INFO] [stderr]    Compiling wayland-protocols v0.9.10
[INFO] [stderr]     Checking jpeg-decoder v0.1.13
[INFO] [stderr]    Compiling serde_json v0.9.10
[INFO] [stderr]     Checking image v0.13.0
[INFO] [stderr] error: failed to run custom build command for `glsl-to-spirv v0.1.3`
[INFO] [stderr] note: To improve backtraces for build dependencies, set the CARGO_PROFILE_DEV_BUILD_OVERRIDE_DEBUG=true environment variable to enable debug information generation.
[INFO] [stderr] 
[INFO] [stderr] Caused by:
[INFO] [stderr]   process didn't exit successfully: `/opt/rustwide/target/debug/build/glsl-to-spirv-b0924d80e3153d55/build-script-build` (exit status: 101)
[INFO] [stderr]   --- stdout
[INFO] [stderr]   cargo:rerun-if-changed=build/glslangValidator.exe
[INFO] [stderr]   running: cd "/opt/rustwide/target/debug/build/glsl-to-spirv-bddb7fc0b3141aa1/out/build" && CMAKE_PREFIX_PATH="" "cmake" "/opt/rustwide/cargo-home/registry/src/index.crates.io-6f17d22bba15001f/glsl-to-spirv-0.1.3/glslang" "-DCMAKE_INSTALL_PREFIX=/opt/rustwide/target/debug/build/glsl-to-spirv-bddb7fc0b3141aa1/out" "-DCMAKE_C_FLAGS= -ffunction-sections -fdata-sections -fPIC -m64" "-DCMAKE_C_COMPILER=/usr/bin/cc" "-DCMAKE_CXX_FLAGS= -ffunction-sections -fdata-sections -fPIC -m64" "-DCMAKE_CXX_COMPILER=/usr/bin/c++" "-DCMAKE_BUILD_TYPE=Debug"
[INFO] [stderr]   -- The C compiler identification is GNU 11.3.0
[INFO] [stderr]   -- The CXX compiler identification is GNU 11.3.0
[INFO] [stderr]   -- Detecting C compiler ABI info
[INFO] [stderr]   -- Detecting C compiler ABI info - done
[INFO] [stderr]   -- Check for working C compiler: /usr/bin/cc - skipped
[INFO] [stderr]   -- Detecting C compile features
[INFO] [stderr]   -- Detecting C compile features - done
[INFO] [stderr]   -- Detecting CXX compiler ABI info
[INFO] [stderr]   -- Detecting CXX compiler ABI info - done
[INFO] [stderr]   -- Check for working CXX compiler: /usr/bin/c++ - skipped
[INFO] [stderr]   -- Detecting CXX compile features
[INFO] [stderr]   -- Detecting CXX compile features - done
[INFO] [stderr]   -- Google Mock was not found - tests based on that will not build
[INFO] [stderr]   -- Configuring done
[INFO] [stderr]   -- Generating done
[INFO] [stderr]   -- Build files have been written to: /opt/rustwide/target/debug/build/glsl-to-spirv-bddb7fc0b3141aa1/out/build
[INFO] [stderr]   running: cd "/opt/rustwide/target/debug/build/glsl-to-spirv-bddb7fc0b3141aa1/out/build" && MAKEFLAGS="-j --jobserver-fds=7,8 --jobserver-auth=7,8" "cmake" "--build" "." "--target" "install" "--config" "Debug" "--"
[INFO] [stderr]   [  1%] Building CXX object StandAlone/CMakeFiles/glslang-default-resource-limits.dir/ResourceLimits.cpp.o
[INFO] [stderr]   [  5%] Building CXX object hlsl/CMakeFiles/HLSL.dir/hlslParseHelper.cpp.o
[INFO] [stderr]   [  5%] Building CXX object glslang/OSDependent/Unix/CMakeFiles/OSDependent.dir/ossource.cpp.o
[INFO] [stderr]   [  7%] Building CXX object hlsl/CMakeFiles/HLSL.dir/hlslOpMap.cpp.o
[INFO] [stderr]   [  8%] Building CXX object hlsl/CMakeFiles/HLSL.dir/hlslAttributes.cpp.o
[INFO] [stderr]   [ 10%] Building CXX object SPIRV/CMakeFiles/SPVRemapper.dir/SPVRemapper.cpp.o
[INFO] [stderr]   [ 12%] Building CXX object hlsl/CMakeFiles/HLSL.dir/hlslScanContext.cpp.o
[INFO] [stderr]   [ 14%] Building CXX object OGLCompilersDLL/CMakeFiles/OGLCompiler.dir/InitializeDll.cpp.o
[INFO] [stderr]   [ 15%] Linking CXX static library libOSDependent.a
[INFO] [stderr]   [ 17%] Building CXX object hlsl/CMakeFiles/HLSL.dir/hlslTokenStream.cpp.o
[INFO] [stderr]   [ 17%] Built target OSDependent
[INFO] [stderr]   [ 19%] Building CXX object hlsl/CMakeFiles/HLSL.dir/hlslGrammar.cpp.o
[INFO] [stderr]   [ 21%] Building CXX object hlsl/CMakeFiles/HLSL.dir/hlslParseables.cpp.o
[INFO] [stderr]   [ 22%] Linking CXX static library libOGLCompiler.a
[INFO] [stderr]   [ 22%] Built target OGLCompiler
[INFO] [stderr]   [ 24%] Building CXX object SPIRV/CMakeFiles/SPVRemapper.dir/doc.cpp.o
[INFO] [stderr]   [ 26%] Linking CXX static library libglslang-default-resource-limits.a
[INFO] [stderr]   [ 26%] Built target glslang-default-resource-limits
[INFO] [stderr]   [ 28%] Linking CXX static library libSPVRemapper.a
[INFO] [stderr]   [ 28%] Built target SPVRemapper
[INFO] [stderr]   [ 29%] Linking CXX static library libHLSL.a
[INFO] [stderr]   [ 29%] Built target HLSL
[INFO] [stderr]   [ 42%] Building CXX object glslang/CMakeFiles/glslang.dir/MachineIndependent/Intermediate.cpp.o
[INFO] [stderr]   [ 42%] Building CXX object glslang/CMakeFiles/glslang.dir/MachineIndependent/InfoSink.cpp.o
[INFO] [stderr]   [ 42%] Building CXX object glslang/CMakeFiles/glslang.dir/MachineIndependent/Constant.cpp.o
[INFO] [stderr]   [ 42%] Building CXX object glslang/CMakeFiles/glslang.dir/MachineIndependent/Initialize.cpp.o
[INFO] [stderr]   [ 42%] Building CXX object glslang/CMakeFiles/glslang.dir/MachineIndependent/IntermTraverse.cpp.o
[INFO] [stderr]   [ 42%] Building CXX object glslang/CMakeFiles/glslang.dir/MachineIndependent/iomapper.cpp.o
[INFO] [stderr]   [ 42%] Building CXX object glslang/CMakeFiles/glslang.dir/MachineIndependent/glslang_tab.cpp.o
[INFO] [stderr]   [ 45%] Building CXX object glslang/CMakeFiles/glslang.dir/MachineIndependent/ParseContextBase.cpp.o
[INFO] [stderr]   [ 47%] Building CXX object glslang/CMakeFiles/glslang.dir/MachineIndependent/PoolAlloc.cpp.o
[INFO] [stderr]   [ 47%] Building CXX object glslang/CMakeFiles/glslang.dir/MachineIndependent/ParseHelper.cpp.o
[INFO] [stderr]   [ 49%] Building CXX object glslang/CMakeFiles/glslang.dir/MachineIndependent/RemoveTree.cpp.o
[INFO] [stderr]   [ 52%] Building CXX object glslang/CMakeFiles/glslang.dir/MachineIndependent/Scan.cpp.o
[INFO] [stderr]   [ 52%] Building CXX object glslang/CMakeFiles/glslang.dir/MachineIndependent/ShaderLang.cpp.o
[INFO] [stderr]   [ 56%] Building CXX object glslang/CMakeFiles/glslang.dir/MachineIndependent/SymbolTable.cpp.o
[INFO] [stderr]   [ 56%] Building CXX object glslang/CMakeFiles/glslang.dir/MachineIndependent/Versions.cpp.o
[INFO] [stderr]   [ 57%] Building CXX object glslang/CMakeFiles/glslang.dir/MachineIndependent/intermOut.cpp.o
[INFO] [stderr]   [ 59%] Building CXX object glslang/CMakeFiles/glslang.dir/MachineIndependent/limits.cpp.o
[INFO] [stderr]   [ 61%] Building CXX object glslang/CMakeFiles/glslang.dir/MachineIndependent/linkValidate.cpp.o
[INFO] [stderr] 
[INFO] [stderr]   --- stderr
[INFO] [stderr]   fatal: not a git repository (or any parent up to mount point /opt/rustwide)
[INFO] [stderr]   Stopping at filesystem boundary (GIT_DISCOVERY_ACROSS_FILESYSTEM not set).
[INFO] [stderr]   CMake Warning (dev) at /usr/share/cmake-3.22/Modules/GNUInstallDirs.cmake:239 (message):
[INFO] [stderr]     Unable to determine default CMAKE_INSTALL_LIBDIR directory because no
[INFO] [stderr]     target architecture is known.  Please enable at least one language before
[INFO] [stderr]     including GNUInstallDirs.
[INFO] [stderr]   Call Stack (most recent call first):
[INFO] [stderr]     CMakeLists.txt:7 (include)
[INFO] [stderr]   This warning is for project developers.  Use -Wno-dev to suppress it.
[INFO] [stderr] 
[INFO] [stderr]   c++: fatal error: Killed signal terminated program cc1plus
[INFO] [stderr]   compilation terminated.
[INFO] [stderr]   gmake[2]: *** [glslang/CMakeFiles/glslang.dir/build.make:174: glslang/CMakeFiles/glslang.dir/MachineIndependent/ParseContextBase.cpp.o] Error 1
[INFO] [stderr]   gmake[2]: *** Waiting for unfinished jobs....
[INFO] [stderr]   c++: fatal error: Killed signal terminated program cc1plus
[INFO] [stderr]   compilation terminated.
[INFO] [stderr]   gmake[2]: *** [glslang/CMakeFiles/glslang.dir/build.make:230: glslang/CMakeFiles/glslang.dir/MachineIndependent/Scan.cpp.o] Error 1
[INFO] [stderr]   c++: fatal error: Killed signal terminated program cc1plus
[INFO] [stderr]   compilation terminated.
[INFO] [stderr]   gmake[2]: *** [glslang/CMakeFiles/glslang.dir/build.make:244: glslang/CMakeFiles/glslang.dir/MachineIndependent/ShaderLang.cpp.o] Error 1
[INFO] [stderr]   gmake[1]: *** [CMakeFiles/Makefile2:987: glslang/CMakeFiles/glslang.dir/all] Error 2
[INFO] [stderr]   gmake: *** [Makefile:146: all] Error 2
[INFO] [stderr]   thread 'main' panicked at '
[INFO] [stderr]   command did not execute successfully, got: exit status: 2
[INFO] [stderr] 
[INFO] [stderr]   build script failed, must exit now', /opt/rustwide/cargo-home/registry/src/index.crates.io-6f17d22bba15001f/cmake-0.1.28/src/lib.rs:631:5
[INFO] [stderr]   stack backtrace:
[INFO] [stderr]      0:     0x5586bcae997a - std::backtrace_rs::backtrace::libunwind::trace::h2f05d0192276a8f6
[INFO] [stderr]                                  at /rustc/1b7dd2252b99671ce5d1cb9664c5f8636329436d/library/std/src/../../backtrace/src/backtrace/libunwind.rs:93:5
[INFO] [stderr]      1:     0x5586bcae997a - std::backtrace_rs::backtrace::trace_unsynchronized::hedc23dff7a1af150
[INFO] [stderr]                                  at /rustc/1b7dd2252b99671ce5d1cb9664c5f8636329436d/library/std/src/../../backtrace/src/backtrace/mod.rs:66:5
[INFO] [stderr]      2:     0x5586bcae997a - std::sys_common::backtrace::_print_fmt::h17541ef7592f3ce2
[INFO] [stderr]                                  at /rustc/1b7dd2252b99671ce5d1cb9664c5f8636329436d/library/std/src/sys_common/backtrace.rs:65:5
[INFO] [stderr]      3:     0x5586bcae997a - <std::sys_common::backtrace::_print::DisplayBacktrace as core::fmt::Display>::fmt::h20f75df5ab0c0792
[INFO] [stderr]                                  at /rustc/1b7dd2252b99671ce5d1cb9664c5f8636329436d/library/std/src/sys_common/backtrace.rs:44:22
[INFO] [stderr]      4:     0x5586bcb09b3f - core::fmt::write::h78109e6f466b3af6
[INFO] [stderr]                                  at /rustc/1b7dd2252b99671ce5d1cb9664c5f8636329436d/library/core/src/fmt/mod.rs:1254:17
[INFO] [stderr]      5:     0x5586bcae6cb5 - std::io::Write::write_fmt::hc59e1b02dd273c8a
[INFO] [stderr]                                  at /rustc/1b7dd2252b99671ce5d1cb9664c5f8636329436d/library/std/src/io/mod.rs:1698:15
[INFO] [stderr]      6:     0x5586bcae9745 - std::sys_common::backtrace::_print::h8dac57a9f8fbf9a5
[INFO] [stderr]                                  at /rustc/1b7dd2252b99671ce5d1cb9664c5f8636329436d/library/std/src/sys_common/backtrace.rs:47:5
[INFO] [stderr]      7:     0x5586bcae9745 - std::sys_common::backtrace::print::hf9ecbf41d1aa712f
[INFO] [stderr]                                  at /rustc/1b7dd2252b99671ce5d1cb9664c5f8636329436d/library/std/src/sys_common/backtrace.rs:34:9
[INFO] [stderr]      8:     0x5586bcaeaeee - std::panicking::default_hook::{{closure}}::h04c07acfc84ca028
[INFO] [stderr]                                  at /rustc/1b7dd2252b99671ce5d1cb9664c5f8636329436d/library/std/src/panicking.rs:269:22
[INFO] [stderr]      9:     0x5586bcaeac95 - std::panicking::default_hook::h01f6bb23e1eceb2c
[INFO] [stderr]                                  at /rustc/1b7dd2252b99671ce5d1cb9664c5f8636329436d/library/std/src/panicking.rs:288:9
[INFO] [stderr]     10:     0x5586bcaeb44e - std::panicking::rust_panic_with_hook::h2bb3722bbaf2f6df
[INFO] [stderr]                                  at /rustc/1b7dd2252b99671ce5d1cb9664c5f8636329436d/library/std/src/panicking.rs:691:13
[INFO] [stderr]     11:     0x5586bcaeb349 - std::panicking::begin_panic_handler::{{closure}}::h91bc7f36a4be011b
[INFO] [stderr]                                  at /rustc/1b7dd2252b99671ce5d1cb9664c5f8636329436d/library/std/src/panicking.rs:582:13
[INFO] [stderr]     12:     0x5586bcae9de6 - std::sys_common::backtrace::__rust_end_short_backtrace::h8b3d3717114f9e59
[INFO] [stderr]                                  at /rustc/1b7dd2252b99671ce5d1cb9664c5f8636329436d/library/std/src/sys_common/backtrace.rs:150:18
[INFO] [stderr]     13:     0x5586bcaeb0a2 - rust_begin_unwind
[INFO] [stderr]                                  at /rustc/1b7dd2252b99671ce5d1cb9664c5f8636329436d/library/std/src/panicking.rs:578:5
[INFO] [stderr]     14:     0x5586bca9c913 - core::panicking::panic_fmt::hfd368e3fbdabea26
[INFO] [stderr]                                  at /rustc/1b7dd2252b99671ce5d1cb9664c5f8636329436d/library/core/src/panicking.rs:67:14
[INFO] [stderr]     15:     0x5586bcaa399f - cmake::fail::ha7c2dc0a3b7ed6e5
[INFO] [stderr]     16:     0x5586bcaa3403 - cmake::run::hc9b73f6a96f535bf
[INFO] [stderr]     17:     0x5586bcaa132b - cmake::Config::build::h174394dd815c44c1
[INFO] [stderr]     18:     0x5586bca9d653 - cmake::build::h9497a14af520a639
[INFO] [stderr]     19:     0x5586bca9e0b1 - build_script_build::main::h0a532f6966248bd3
[INFO] [stderr]     20:     0x5586bca9cf63 - core::ops::function::FnOnce::call_once::hfc65cc04aa1a79ae
[INFO] [stderr]     21:     0x5586bca9e3d6 - std::sys_common::backtrace::__rust_begin_short_backtrace::h5a2d8a541854cfcc
[INFO] [stderr]     22:     0x5586bca9d5a9 - std::rt::lang_start::{{closure}}::h8832865840846655
[INFO] [stderr]     23:     0x5586bcae37ce - core::ops::function::impls::<impl core::ops::function::FnOnce<A> for &F>::call_once::h2eb19b8ce4148df4
[INFO] [stderr]                                  at /rustc/1b7dd2252b99671ce5d1cb9664c5f8636329436d/library/core/src/ops/function.rs:287:13
[INFO] [stderr]     24:     0x5586bcae37ce - std::panicking::try::do_call::h2e900feff5d504c5
[INFO] [stderr]                                  at /rustc/1b7dd2252b99671ce5d1cb9664c5f8636329436d/library/std/src/panicking.rs:485:40
[INFO] [stderr]     25:     0x5586bcae37ce - std::panicking::try::h8854836cb85aa9f2
[INFO] [stderr]                                  at /rustc/1b7dd2252b99671ce5d1cb9664c5f8636329436d/library/std/src/panicking.rs:449:19
[INFO] [stderr]     26:     0x5586bcae37ce - std::panic::catch_unwind::h706025dd4c48f64b
[INFO] [stderr]                                  at /rustc/1b7dd2252b99671ce5d1cb9664c5f8636329436d/library/std/src/panic.rs:140:14
[INFO] [stderr]     27:     0x5586bcae37ce - std::rt::lang_start_internal::{{closure}}::h7be5b97f4a07a91a
[INFO] [stderr]                                  at /rustc/1b7dd2252b99671ce5d1cb9664c5f8636329436d/library/std/src/rt.rs:148:48
[INFO] [stderr]     28:     0x5586bcae37ce - std::panicking::try::do_call::h59847e9d0a176965
[INFO] [stderr]                                  at /rustc/1b7dd2252b99671ce5d1cb9664c5f8636329436d/library/std/src/panicking.rs:485:40
[INFO] [stderr]     29:     0x5586bcae37ce - std::panicking::try::h399a918ba8522823
[INFO] [stderr]                                  at /rustc/1b7dd2252b99671ce5d1cb9664c5f8636329436d/library/std/src/panicking.rs:449:19
[INFO] [stderr]     30:     0x5586bcae37ce - std::panic::catch_unwind::hca7ca6c55b2a2e26
[INFO] [stderr]                                  at /rustc/1b7dd2252b99671ce5d1cb9664c5f8636329436d/library/std/src/panic.rs:140:14
[INFO] [stderr]     31:     0x5586bcae37ce - std::rt::lang_start_internal::h2c807a81560459eb
[INFO] [stderr]                                  at /rustc/1b7dd2252b99671ce5d1cb9664c5f8636329436d/library/std/src/rt.rs:148:20
[INFO] [stderr]     32:     0x5586bca9d587 - std::rt::lang_start::h85d9f35a2fc6dad8
[INFO] [stderr]     33:     0x5586bca9e3c5 - main
[INFO] [stderr]     34:     0x7f35ed19dd90 - <unknown>
[INFO] [stderr]     35:     0x7f35ed19de40 - __libc_start_main
[INFO] [stderr]     36:     0x5586bca9ce45 - _start
[INFO] [stderr]     37:                0x0 - <unknown>
[INFO] [stderr] warning: build failed, waiting for other jobs to finish...
[INFO] running `Command { std: "docker" "inspect" "cd8e1357a9025731695a3be804ecd561beacbfc6fde6aa648a3429224a91d56c", kill_on_drop: false }`
[INFO] running `Command { std: "docker" "rm" "-f" "cd8e1357a9025731695a3be804ecd561beacbfc6fde6aa648a3429224a91d56c", kill_on_drop: false }`
[INFO] [stdout] cd8e1357a9025731695a3be804ecd561beacbfc6fde6aa648a3429224a91d56c
