[INFO] cloning repository https://github.com/Jkillelea/hn-reader-rs
[INFO] running `Command { std: "git" "-c" "credential.helper=" "-c" "credential.helper=/workspace/cargo-home/bin/git-credential-null" "clone" "--bare" "https://github.com/Jkillelea/hn-reader-rs" "/workspace/cache/git-repos/https%3A%2F%2Fgithub.com%2FJkillelea%2Fhn-reader-rs", kill_on_drop: false }`
[INFO] [stderr] Cloning into bare repository '/workspace/cache/git-repos/https%3A%2F%2Fgithub.com%2FJkillelea%2Fhn-reader-rs'...
[INFO] running `Command { std: "git" "rev-parse" "HEAD", kill_on_drop: false }`
[INFO] [stdout] b2f5b6b19d87779076d22e847b55965f267e1b86
[INFO] documenting Jkillelea/hn-reader-rs against 1.69.0 for beta-1.70-rustdoc-1
[INFO] running `Command { std: "git" "clone" "/workspace/cache/git-repos/https%3A%2F%2Fgithub.com%2FJkillelea%2Fhn-reader-rs" "/workspace/builds/worker-4-tc1/source", kill_on_drop: false }`
[INFO] [stderr] Cloning into '/workspace/builds/worker-4-tc1/source'...
[INFO] [stderr] done.
[INFO] validating manifest of git repo https://github.com/Jkillelea/hn-reader-rs on toolchain 1.69.0
[INFO] running `Command { std: CARGO_HOME="/workspace/cargo-home" RUSTUP_HOME="/workspace/rustup-home" "/workspace/cargo-home/bin/cargo" "+1.69.0" "metadata" "--manifest-path" "Cargo.toml" "--no-deps", kill_on_drop: false }`
[INFO] started tweaking git repo https://github.com/Jkillelea/hn-reader-rs
[INFO] finished tweaking git repo https://github.com/Jkillelea/hn-reader-rs
[INFO] tweaked toml for git repo https://github.com/Jkillelea/hn-reader-rs written to /workspace/builds/worker-4-tc1/source/Cargo.toml
[INFO] crate git repo https://github.com/Jkillelea/hn-reader-rs already has a lockfile, it will not be regenerated
[INFO] running `Command { std: CARGO_HOME="/workspace/cargo-home" RUSTUP_HOME="/workspace/rustup-home" "/workspace/cargo-home/bin/cargo" "+1.69.0" "fetch" "--manifest-path" "Cargo.toml", kill_on_drop: false }`
[INFO] [stderr]  Downloading crates ...
[INFO] [stderr]   Downloaded serde_urlencoded v0.5.1
[INFO] [stderr]   Downloaded tokio-io v0.1.2
[INFO] [stderr]   Downloaded adler32 v1.0.1
[INFO] [stderr]   Downloaded libflate v0.1.10
[INFO] [stderr]   Downloaded hyper v0.11.2
[INFO] [stderr]   Downloaded pango-sys v0.3.4
[INFO] [stderr]   Downloaded cairo-sys-rs v0.3.4
[INFO] [stderr]   Downloaded gdk-pixbuf-sys v0.3.4
[INFO] [stderr]   Downloaded gio-sys v0.3.4
[INFO] [stderr]   Downloaded c_vec v1.2.1
[INFO] [stderr]   Downloaded gdk-pixbuf v0.1.3
[INFO] [stderr]   Downloaded gobject-sys v0.3.4
[INFO] [stderr]   Downloaded gdk-sys v0.3.4
[INFO] [stderr]   Downloaded atk-sys v0.3.4
[INFO] [stderr]   Downloaded gio v0.1.3
[INFO] [stderr]   Downloaded cairo-rs v0.1.3
[INFO] [stderr]   Downloaded gdk v0.5.3
[INFO] [stderr]   Downloaded openssl v0.9.15
[INFO] [stderr]   Downloaded security-framework-sys v0.1.15
[INFO] [stderr]   Downloaded hyper-tls v0.1.2
[INFO] [stderr]   Downloaded security-framework v0.1.15
[INFO] [stderr]   Downloaded unicase v2.0.0
[INFO] [stderr]   Downloaded reqwest v0.7.2
[INFO] [stderr]   Downloaded net2 v0.2.30
[INFO] [stderr]   Downloaded bytes v0.4.4
[INFO] [stderr]   Downloaded tokio-tls v0.1.3
[INFO] [stderr]   Downloaded glib-sys v0.3.4
[INFO] [stderr]   Downloaded mime v0.3.2
[INFO] [stderr]   Downloaded gtk-sys v0.3.4
[INFO] [stderr]   Downloaded openssl-sys v0.9.15
[INFO] [stderr]   Downloaded gtk v0.1.3
[INFO] [stderr]   Downloaded glib v0.1.3
[INFO] [stderr]   Downloaded pango v0.1.3
[INFO] running `Command { std: "docker" "create" "-v" "/var/lib/crater-agent-workspace/builds/worker-4-tc1/target:/opt/rustwide/target:rw,Z" "-v" "/var/lib/crater-agent-workspace/builds/worker-4-tc1/source:/opt/rustwide/workdir:ro,Z" "-v" "/var/lib/crater-agent-workspace/cargo-home:/opt/rustwide/cargo-home:ro,Z" "-v" "/var/lib/crater-agent-workspace/rustup-home:/opt/rustwide/rustup-home:ro,Z" "-e" "SOURCE_DIR=/opt/rustwide/workdir" "-e" "CARGO_TARGET_DIR=/opt/rustwide/target" "-e" "CARGO_HOME=/opt/rustwide/cargo-home" "-e" "RUSTUP_HOME=/opt/rustwide/rustup-home" "-w" "/opt/rustwide/workdir" "-m" "1610612736" "--user" "0:0" "--network" "none" "ghcr.io/rust-lang/crates-build-env/linux@sha256:5ff2268d62e97bff2cde7d5815dd6ed5b47097566f13b8d0ca110b04b60e07ed" "/opt/rustwide/cargo-home/bin/cargo" "+1.69.0" "metadata" "--no-deps" "--format-version=1", kill_on_drop: false }`
[INFO] [stdout] de85634defd9217c88dfe71ce4208659ca93e94ca12689af037681a6caecbe7e
[INFO] running `Command { std: "docker" "start" "-a" "de85634defd9217c88dfe71ce4208659ca93e94ca12689af037681a6caecbe7e", kill_on_drop: false }`
[INFO] running `Command { std: "docker" "inspect" "de85634defd9217c88dfe71ce4208659ca93e94ca12689af037681a6caecbe7e", kill_on_drop: false }`
[INFO] running `Command { std: "docker" "rm" "-f" "de85634defd9217c88dfe71ce4208659ca93e94ca12689af037681a6caecbe7e", kill_on_drop: false }`
[INFO] [stdout] de85634defd9217c88dfe71ce4208659ca93e94ca12689af037681a6caecbe7e
[INFO] running `Command { std: "docker" "create" "-v" "/var/lib/crater-agent-workspace/builds/worker-4-tc1/target:/opt/rustwide/target:rw,Z" "-v" "/var/lib/crater-agent-workspace/builds/worker-4-tc1/source:/opt/rustwide/workdir:ro,Z" "-v" "/var/lib/crater-agent-workspace/cargo-home:/opt/rustwide/cargo-home:ro,Z" "-v" "/var/lib/crater-agent-workspace/rustup-home:/opt/rustwide/rustup-home:ro,Z" "-e" "SOURCE_DIR=/opt/rustwide/workdir" "-e" "CARGO_TARGET_DIR=/opt/rustwide/target" "-e" "CARGO_INCREMENTAL=0" "-e" "RUST_BACKTRACE=full" "-e" "RUSTFLAGS=--cap-lints=warn" "-e" "RUSTDOCFLAGS=--cap-lints=warn" "-e" "CARGO_HOME=/opt/rustwide/cargo-home" "-e" "RUSTUP_HOME=/opt/rustwide/rustup-home" "-w" "/opt/rustwide/workdir" "-m" "1610612736" "--user" "0:0" "--network" "none" "ghcr.io/rust-lang/crates-build-env/linux@sha256:5ff2268d62e97bff2cde7d5815dd6ed5b47097566f13b8d0ca110b04b60e07ed" "/opt/rustwide/cargo-home/bin/cargo" "+1.69.0" "doc" "--frozen" "--no-deps" "--document-private-items" "--message-format=json", kill_on_drop: false }`
[INFO] [stdout] 131c3faadfa94a6b5ca91271dba758c81538e6aef6f0b240b43f0ad6985c2881
[INFO] running `Command { std: "docker" "start" "-a" "131c3faadfa94a6b5ca91271dba758c81538e6aef6f0b240b43f0ad6985c2881", kill_on_drop: false }`
[INFO] [stderr]     Checking libc v0.2.29
[INFO] [stderr]    Compiling glib-sys v0.3.4
[INFO] [stderr]    Compiling gobject-sys v0.3.4
[INFO] [stderr]    Compiling gio-sys v0.3.4
[INFO] [stderr]     Checking bitflags v0.8.2
[INFO] [stderr]    Compiling gdk-pixbuf-sys v0.3.4
[INFO] [stderr]    Compiling cairo-sys-rs v0.3.4
[INFO] [stderr]     Checking lazy_static v0.2.8
[INFO] [stderr]    Compiling pango-sys v0.3.4
[INFO] [stderr]     Checking futures v0.1.14
[INFO] [stderr]    Compiling gcc v0.3.51
[INFO] [stderr]    Compiling gdk-sys v0.3.4
[INFO] [stderr]     Checking log v0.3.8
[INFO] [stderr]    Compiling semver v0.1.20
[INFO] [stderr]     Checking cfg-if v0.1.2
[INFO] [stderr]     Checking iovec v0.1.0
[INFO] [stderr]     Checking net2 v0.2.30
[INFO] [stderr]     Checking slab v0.3.0
[INFO] [stderr]     Checking bytes v0.4.4
[INFO] [stderr]    Compiling rustc_version v0.1.7
[INFO] [stderr]     Checking lazycell v0.5.1
[INFO] [stderr]     Checking bitflags v0.5.0
[INFO] [stderr]    Compiling atk-sys v0.3.4
[INFO] [stderr]     Checking scoped-tls v0.1.0
[INFO] [stderr]     Checking mio v0.6.10
[INFO] [stderr]    Compiling openssl v0.9.15
[INFO] [stderr]    Compiling unicase v2.0.0
[INFO] [stderr]     Checking matches v0.1.6
[INFO] [stderr]     Checking percent-encoding v1.0.0
[INFO] [stderr]    Compiling openssl-sys v0.9.15
[INFO] [stderr]     Checking tokio-io v0.1.2
[INFO] [stderr]     Checking foreign-types v0.2.0
[INFO] [stderr]     Checking unicode-bidi v0.3.4
[INFO] [stderr]     Checking tokio-service v0.1.0
[INFO] [stderr]     Checking rand v0.3.16
[INFO] [stderr]     Checking num_cpus v1.6.2
[INFO] [stderr]    Compiling gtk-sys v0.3.4
[INFO] [stderr]     Checking tokio-core v0.1.9
[INFO] [stderr]    Compiling gio v0.1.3
[INFO] [stderr]     Checking smallvec v0.2.1
[INFO] [stderr]     Checking glib v0.1.3
[INFO] [stderr]     Checking take v0.1.0
[INFO] [stderr]    Compiling cairo-rs v0.1.3
[INFO] [stderr]    Compiling gdk-pixbuf v0.1.3
[INFO] [stderr]     Checking unicode-normalization v0.1.5
[INFO] [stdout] error[E0119]: conflicting implementations of trait `SetValue` for type `&_`
[INFO] [stdout]    --> /opt/rustwide/cargo-home/registry/src/github.com-1ecc6299db9ec823/glib-0.1.3/src/value.rs:503:1
[INFO] [stdout]     |
[INFO] [stdout] 472 | impl<'a, T: ?Sized + SetValue> SetValue for &'a T {
[INFO] [stdout]     | ------------------------------------------------- first implementation here
[INFO] [stdout] ...
[INFO] [stdout] 503 | impl<T: IsA<Object>> SetValue for T {
[INFO] [stdout]     | ^^^^^^^^^^^^^^^^^^^^^^^^^^^^^^^^^^^ conflicting implementation for `&_`
[INFO] [stdout]     |
[INFO] [stdout]     = note: downstream crates may implement trait `object::IsA<object::Object>` for type `&_`
[INFO] [stdout] 
[INFO] [stdout] 
[INFO] [stdout] error[E0119]: conflicting implementations of trait `SetValueOptional` for type `&_`
[INFO] [stdout]    --> /opt/rustwide/cargo-home/registry/src/github.com-1ecc6299db9ec823/glib-0.1.3/src/value.rs:509:1
[INFO] [stdout]     |
[INFO] [stdout] 478 | impl<'a, T: ?Sized + SetValueOptional> SetValueOptional for &'a T {
[INFO] [stdout]     | ----------------------------------------------------------------- first implementation here
[INFO] [stdout] ...
[INFO] [stdout] 509 | impl<T: IsA<Object>> SetValueOptional for T {
[INFO] [stdout]     | ^^^^^^^^^^^^^^^^^^^^^^^^^^^^^^^^^^^^^^^^^^^ conflicting implementation for `&_`
[INFO] [stdout]     |
[INFO] [stdout]     = note: downstream crates may implement trait `object::IsA<object::Object>` for type `&_`
[INFO] [stdout] 
[INFO] [stdout] 
[INFO] [stdout] error: aborting due to 2 previous errors
[INFO] [stdout] 
[INFO] [stdout] 
[INFO] [stdout] For more information about this error, try `rustc --explain E0119`.
[INFO] [stdout] 
[INFO] [stderr] error: could not compile `glib` due to 3 previous errors
[INFO] [stderr] warning: build failed, waiting for other jobs to finish...
[INFO] [stderr] error: failed to run custom build command for `openssl-sys v0.9.15`
[INFO] [stderr] note: To improve backtraces for build dependencies, set the CARGO_PROFILE_DEV_BUILD_OVERRIDE_DEBUG=true environment variable to enable debug information generation.
[INFO] [stderr] 
[INFO] [stderr] Caused by:
[INFO] [stderr]   process didn't exit successfully: `/opt/rustwide/target/debug/build/openssl-sys-c7be15e390ea0b0b/build-script-build` (exit status: 101)
[INFO] [stderr]   --- stdout
[INFO] [stderr]   cargo:rerun-if-env-changed=OPENSSL_LIB_DIR
[INFO] [stderr]   cargo:rerun-if-env-changed=OPENSSL_INCLUDE_DIR
[INFO] [stderr]   cargo:rerun-if-env-changed=OPENSSL_DIR
[INFO] [stderr]   cargo:rustc-link-lib=ssl
[INFO] [stderr]   cargo:rustc-link-lib=crypto
[INFO] [stderr]   OPT_LEVEL = Some("0")
[INFO] [stderr]   TARGET = Some("x86_64-unknown-linux-gnu")
[INFO] [stderr]   HOST = Some("x86_64-unknown-linux-gnu")
[INFO] [stderr]   TARGET = Some("x86_64-unknown-linux-gnu")
[INFO] [stderr]   TARGET = Some("x86_64-unknown-linux-gnu")
[INFO] [stderr]   HOST = Some("x86_64-unknown-linux-gnu")
[INFO] [stderr]   CC_x86_64-unknown-linux-gnu = None
[INFO] [stderr]   CC_x86_64_unknown_linux_gnu = None
[INFO] [stderr]   HOST_CC = None
[INFO] [stderr]   CC = None
[INFO] [stderr]   HOST = Some("x86_64-unknown-linux-gnu")
[INFO] [stderr]   TARGET = Some("x86_64-unknown-linux-gnu")
[INFO] [stderr]   HOST = Some("x86_64-unknown-linux-gnu")
[INFO] [stderr]   CFLAGS_x86_64-unknown-linux-gnu = None
[INFO] [stderr]   CFLAGS_x86_64_unknown_linux_gnu = None
[INFO] [stderr]   HOST_CFLAGS = None
[INFO] [stderr]   CFLAGS = None
[INFO] [stderr]   PROFILE = Some("debug")
[INFO] [stderr]   running: "cc" "-O0" "-ffunction-sections" "-fdata-sections" "-fPIC" "-g" "-m64" "-E" "/opt/rustwide/target/debug/build/openssl-sys-8f7400aa6d0832ea/out/expando.c"
[INFO] [stderr]   exit status: 0
[INFO] [stderr]   cargo:rustc-cfg=osslconf="OPENSSL_NO_SSL3_METHOD"
[INFO] [stderr]   cargo:conf=OPENSSL_NO_SSL3_METHOD
[INFO] [stderr] 
[INFO] [stderr]   --- stderr
[INFO] [stderr]   thread 'main' panicked at '
[INFO] [stderr] 
[INFO] [stderr]   This crate is only compatible with OpenSSL 1.0.1, 1.0.2, and 1.1.0, or LibreSSL
[INFO] [stderr]   2.5 and 2.6.0, but a different version of OpenSSL was found. The build is now
[INFO] [stderr]   aborting due to this version mismatch.
[INFO] [stderr] 
[INFO] [stderr]   ', /opt/rustwide/cargo-home/registry/src/github.com-1ecc6299db9ec823/openssl-sys-0.9.15/build.rs:416:9
[INFO] [stderr]   stack backtrace:
[INFO] [stderr]      0:     0x560503ba940a - std::backtrace_rs::backtrace::libunwind::trace::ha9053a9a07ca49cb
[INFO] [stderr]                                  at /rustc/84c898d65adf2f39a5a98507f1fe0ce10a2b8dbc/library/std/src/../../backtrace/src/backtrace/libunwind.rs:93:5
[INFO] [stderr]      1:     0x560503ba940a - std::backtrace_rs::backtrace::trace_unsynchronized::h9c2852a457ad564e
[INFO] [stderr]                                  at /rustc/84c898d65adf2f39a5a98507f1fe0ce10a2b8dbc/library/std/src/../../backtrace/src/backtrace/mod.rs:66:5
[INFO] [stderr]      2:     0x560503ba940a - std::sys_common::backtrace::_print_fmt::h457936fbfaa0070f
[INFO] [stderr]                                  at /rustc/84c898d65adf2f39a5a98507f1fe0ce10a2b8dbc/library/std/src/sys_common/backtrace.rs:65:5
[INFO] [stderr]      3:     0x560503ba940a - <std::sys_common::backtrace::_print::DisplayBacktrace as core::fmt::Display>::fmt::h5779d7bf7f70cb0c
[INFO] [stderr]                                  at /rustc/84c898d65adf2f39a5a98507f1fe0ce10a2b8dbc/library/std/src/sys_common/backtrace.rs:44:22
[INFO] [stderr]      4:     0x560503bc8e8e - core::fmt::write::h5a4baaff1bcd3eb5
[INFO] [stderr]                                  at /rustc/84c898d65adf2f39a5a98507f1fe0ce10a2b8dbc/library/core/src/fmt/mod.rs:1232:17
[INFO] [stderr]      5:     0x560503ba69e5 - std::io::Write::write_fmt::h4bc1f301cb9e9cce
[INFO] [stderr]                                  at /rustc/84c898d65adf2f39a5a98507f1fe0ce10a2b8dbc/library/std/src/io/mod.rs:1684:15
[INFO] [stderr]      6:     0x560503ba91d5 - std::sys_common::backtrace::_print::h5fcdc36060f177e8
[INFO] [stderr]                                  at /rustc/84c898d65adf2f39a5a98507f1fe0ce10a2b8dbc/library/std/src/sys_common/backtrace.rs:47:5
[INFO] [stderr]      7:     0x560503ba91d5 - std::sys_common::backtrace::print::h54ca9458b876c8bf
[INFO] [stderr]                                  at /rustc/84c898d65adf2f39a5a98507f1fe0ce10a2b8dbc/library/std/src/sys_common/backtrace.rs:34:9
[INFO] [stderr]      8:     0x560503baabaf - std::panicking::default_hook::{{closure}}::hbe471161c7664ed6
[INFO] [stderr]                                  at /rustc/84c898d65adf2f39a5a98507f1fe0ce10a2b8dbc/library/std/src/panicking.rs:271:22
[INFO] [stderr]      9:     0x560503baa8eb - std::panicking::default_hook::ha3500da57aa4ac4f
[INFO] [stderr]                                  at /rustc/84c898d65adf2f39a5a98507f1fe0ce10a2b8dbc/library/std/src/panicking.rs:290:9
[INFO] [stderr]     10:     0x560503bab158 - std::panicking::rust_panic_with_hook::h50c09d000dc561d2
[INFO] [stderr]                                  at /rustc/84c898d65adf2f39a5a98507f1fe0ce10a2b8dbc/library/std/src/panicking.rs:692:13
[INFO] [stderr]     11:     0x560503b7c0ea - std::panicking::begin_panic::{{closure}}::h25359d1671f2c010
[INFO] [stderr]     12:     0x560503b7d01a - std::sys_common::backtrace::__rust_end_short_backtrace::hee27abc48349e694
[INFO] [stderr]     13:     0x560503b7c043 - std::panicking::begin_panic::hecd58bd0a1cc0017
[INFO] [stderr]     14:     0x560503b48bbc - build_script_build::validate_headers::h339df03a96fc8c5c
[INFO] [stderr]     15:     0x560503b471e0 - build_script_build::try_pkg_config::h4e17e993312f7813
[INFO] [stderr]     16:     0x560503b462c5 - build_script_build::find_openssl_dir::h3e198a00bacc8fa6
[INFO] [stderr]     17:     0x560503b460d8 - build_script_build::main::{{closure}}::h64b9e4d6f144fe73
[INFO] [stderr]     18:     0x560503b4a02a - core::option::Option<T>::unwrap_or_else::h93dda8b7d2901bcc
[INFO] [stderr]     19:     0x560503b45118 - build_script_build::main::h105e5402107b8c7c
[INFO] [stderr]     20:     0x560503b4c543 - core::ops::function::FnOnce::call_once::h6f8dbab6593e2fa3
[INFO] [stderr]     21:     0x560503b499a9 - std::sys_common::backtrace::__rust_begin_short_backtrace::hba59d8deb7aadda4
[INFO] [stderr]     22:     0x560503b50eb9 - std::rt::lang_start::{{closure}}::h693f3848a3e3cba1
[INFO] [stderr]     23:     0x560503ba34cc - core::ops::function::impls::<impl core::ops::function::FnOnce<A> for &F>::call_once::hd6efcd3bec896f2c
[INFO] [stderr]                                  at /rustc/84c898d65adf2f39a5a98507f1fe0ce10a2b8dbc/library/core/src/ops/function.rs:287:13
[INFO] [stderr]     24:     0x560503ba34cc - std::panicking::try::do_call::hce04e543bb1f4cbb
[INFO] [stderr]                                  at /rustc/84c898d65adf2f39a5a98507f1fe0ce10a2b8dbc/library/std/src/panicking.rs:487:40
[INFO] [stderr]     25:     0x560503ba34cc - std::panicking::try::h3342dd4e1f680968
[INFO] [stderr]                                  at /rustc/84c898d65adf2f39a5a98507f1fe0ce10a2b8dbc/library/std/src/panicking.rs:451:19
[INFO] [stderr]     26:     0x560503ba34cc - std::panic::catch_unwind::h148ce1e59ac0cee7
[INFO] [stderr]                                  at /rustc/84c898d65adf2f39a5a98507f1fe0ce10a2b8dbc/library/std/src/panic.rs:140:14
[INFO] [stderr]     27:     0x560503ba34cc - std::rt::lang_start_internal::{{closure}}::h25f9dda2057a67fe
[INFO] [stderr]                                  at /rustc/84c898d65adf2f39a5a98507f1fe0ce10a2b8dbc/library/std/src/rt.rs:148:48
[INFO] [stderr]     28:     0x560503ba34cc - std::panicking::try::do_call::h7caaaeaf9401650b
[INFO] [stderr]                                  at /rustc/84c898d65adf2f39a5a98507f1fe0ce10a2b8dbc/library/std/src/panicking.rs:487:40
[INFO] [stderr]     29:     0x560503ba34cc - std::panicking::try::he7d15285746cbbc2
[INFO] [stderr]                                  at /rustc/84c898d65adf2f39a5a98507f1fe0ce10a2b8dbc/library/std/src/panicking.rs:451:19
[INFO] [stderr]     30:     0x560503ba34cc - std::panic::catch_unwind::h89fb4f50c0301fe0
[INFO] [stderr]                                  at /rustc/84c898d65adf2f39a5a98507f1fe0ce10a2b8dbc/library/std/src/panic.rs:140:14
[INFO] [stderr]     31:     0x560503ba34cc - std::rt::lang_start_internal::h078acd489417d3c1
[INFO] [stderr]                                  at /rustc/84c898d65adf2f39a5a98507f1fe0ce10a2b8dbc/library/std/src/rt.rs:148:20
[INFO] [stderr]     32:     0x560503b50e97 - std::rt::lang_start::ha959a3ac549fe688
[INFO] [stderr]     33:     0x560503b49825 - main
[INFO] [stderr]     34:     0x7fef2400dd90 - <unknown>
[INFO] [stderr]     35:     0x7fef2400de40 - __libc_start_main
[INFO] [stderr]     36:     0x560503b41d25 - _start
[INFO] [stderr]     37:                0x0 - <unknown>
[INFO] running `Command { std: "docker" "inspect" "131c3faadfa94a6b5ca91271dba758c81538e6aef6f0b240b43f0ad6985c2881", kill_on_drop: false }`
[INFO] running `Command { std: "docker" "rm" "-f" "131c3faadfa94a6b5ca91271dba758c81538e6aef6f0b240b43f0ad6985c2881", kill_on_drop: false }`
[INFO] [stdout] 131c3faadfa94a6b5ca91271dba758c81538e6aef6f0b240b43f0ad6985c2881
