[INFO] cloning repository https://github.com/Jiuhong-casperlabs/upgradecontract
[INFO] running `Command { std: "git" "-c" "credential.helper=" "-c" "credential.helper=/workspace/cargo-home/bin/git-credential-null" "clone" "--bare" "https://github.com/Jiuhong-casperlabs/upgradecontract" "/workspace/cache/git-repos/https%3A%2F%2Fgithub.com%2FJiuhong-casperlabs%2Fupgradecontract", kill_on_drop: false }`
[INFO] [stderr] Cloning into bare repository '/workspace/cache/git-repos/https%3A%2F%2Fgithub.com%2FJiuhong-casperlabs%2Fupgradecontract'...
[INFO] running `Command { std: "git" "rev-parse" "HEAD", kill_on_drop: false }`
[INFO] [stdout] 8dbe3d8a12cf312c09c997bba0f3d23a6e174b42
[INFO] documenting Jiuhong-casperlabs/upgradecontract against beta-2023-04-20 for beta-1.70-rustdoc-1
[INFO] running `Command { std: "git" "clone" "/workspace/cache/git-repos/https%3A%2F%2Fgithub.com%2FJiuhong-casperlabs%2Fupgradecontract" "/workspace/builds/worker-4-tc2/source", kill_on_drop: false }`
[INFO] [stderr] Cloning into '/workspace/builds/worker-4-tc2/source'...
[INFO] [stderr] done.
[INFO] validating manifest of git repo https://github.com/Jiuhong-casperlabs/upgradecontract on toolchain beta-2023-04-20
[INFO] running `Command { std: CARGO_HOME="/workspace/cargo-home" RUSTUP_HOME="/workspace/rustup-home" "/workspace/cargo-home/bin/cargo" "+beta-2023-04-20" "metadata" "--manifest-path" "Cargo.toml" "--no-deps", kill_on_drop: false }`
[INFO] removed /workspace/builds/worker-4-tc2/source/rust-toolchain
[INFO] started tweaking git repo https://github.com/Jiuhong-casperlabs/upgradecontract
[INFO] finished tweaking git repo https://github.com/Jiuhong-casperlabs/upgradecontract
[INFO] tweaked toml for git repo https://github.com/Jiuhong-casperlabs/upgradecontract written to /workspace/builds/worker-4-tc2/source/Cargo.toml
[INFO] crate git repo https://github.com/Jiuhong-casperlabs/upgradecontract already has a lockfile, it will not be regenerated
[INFO] running `Command { std: CARGO_HOME="/workspace/cargo-home" RUSTUP_HOME="/workspace/rustup-home" "/workspace/cargo-home/bin/cargo" "+beta-2023-04-20" "fetch" "--manifest-path" "Cargo.toml", kill_on_drop: false }`
[INFO] [stderr] warning: profiles for the non root package will be ignored, specify profiles at the workspace root:
[INFO] [stderr] package:   /workspace/builds/worker-4-tc2/source/messenger/Cargo.toml
[INFO] [stderr] workspace: /workspace/builds/worker-4-tc2/source/Cargo.toml
[INFO] [stderr]     Updating crates.io index
[INFO] [stderr]  Downloading crates ...
[INFO] [stderr]   Downloaded casper-types v1.4.4
[INFO] [stderr]   Downloaded hex-buffer-serde v0.2.2
[INFO] [stderr]   Downloaded lmdb v0.8.0
[INFO] [stderr]   Downloaded group v0.8.0
[INFO] [stderr]   Downloaded schemars_derive v0.8.5
[INFO] [stderr]   Downloaded pwasm-utils v0.16.0
[INFO] [stderr]   Downloaded wee_alloc v0.4.5
[INFO] [stderr]   Downloaded k256 v0.7.3
[INFO] [stderr]   Downloaded datasize_derive v0.2.9
[INFO] [stderr]   Downloaded datasize v0.2.9
[INFO] [stderr]   Downloaded signature v1.2.2
[INFO] [stderr]   Downloaded ecdsa v0.10.2
[INFO] [stderr]   Downloaded bitvec v0.18.5
[INFO] [stderr]   Downloaded lmdb-sys v0.8.0
[INFO] [stderr]   Downloaded casper-contract v1.4.2
[INFO] [stderr]   Downloaded casper-engine-test-support v2.0.2
[INFO] [stderr]   Downloaded parity-wasm v0.41.0
[INFO] [stderr]   Downloaded elliptic-curve v0.8.5
[INFO] [stderr]   Downloaded casper-hashing v1.4.2
[INFO] [stderr]   Downloaded ff v0.8.0
[INFO] [stderr]   Downloaded schemars v0.8.5
[INFO] [stderr]   Downloaded hex-buffer-serde v0.3.0
[INFO] [stderr]   Downloaded pkg-config v0.3.23
[INFO] [stderr]   Downloaded wasmi-validation v0.3.0
[INFO] [stderr]   Downloaded wasmi v0.8.0
[INFO] [stderr]   Downloaded casper-execution-engine v1.4.2
[INFO] running `Command { std: "docker" "create" "-v" "/var/lib/crater-agent-workspace/builds/worker-4-tc2/target:/opt/rustwide/target:rw,Z" "-v" "/var/lib/crater-agent-workspace/builds/worker-4-tc2/source:/opt/rustwide/workdir:ro,Z" "-v" "/var/lib/crater-agent-workspace/cargo-home:/opt/rustwide/cargo-home:ro,Z" "-v" "/var/lib/crater-agent-workspace/rustup-home:/opt/rustwide/rustup-home:ro,Z" "-e" "SOURCE_DIR=/opt/rustwide/workdir" "-e" "CARGO_TARGET_DIR=/opt/rustwide/target" "-e" "CARGO_HOME=/opt/rustwide/cargo-home" "-e" "RUSTUP_HOME=/opt/rustwide/rustup-home" "-w" "/opt/rustwide/workdir" "-m" "1610612736" "--user" "0:0" "--network" "none" "ghcr.io/rust-lang/crates-build-env/linux@sha256:5ff2268d62e97bff2cde7d5815dd6ed5b47097566f13b8d0ca110b04b60e07ed" "/opt/rustwide/cargo-home/bin/cargo" "+beta-2023-04-20" "metadata" "--no-deps" "--format-version=1", kill_on_drop: false }`
[INFO] [stdout] 474afe9b655a213a5b63b99dcaaff29ac80d59519ffecdf596df6ada6bcc7776
[INFO] running `Command { std: "docker" "start" "-a" "474afe9b655a213a5b63b99dcaaff29ac80d59519ffecdf596df6ada6bcc7776", kill_on_drop: false }`
[INFO] running `Command { std: "docker" "inspect" "474afe9b655a213a5b63b99dcaaff29ac80d59519ffecdf596df6ada6bcc7776", kill_on_drop: false }`
[INFO] running `Command { std: "docker" "rm" "-f" "474afe9b655a213a5b63b99dcaaff29ac80d59519ffecdf596df6ada6bcc7776", kill_on_drop: false }`
[INFO] [stdout] 474afe9b655a213a5b63b99dcaaff29ac80d59519ffecdf596df6ada6bcc7776
[INFO] running `Command { std: "docker" "create" "-v" "/var/lib/crater-agent-workspace/builds/worker-4-tc2/target:/opt/rustwide/target:rw,Z" "-v" "/var/lib/crater-agent-workspace/builds/worker-4-tc2/source:/opt/rustwide/workdir:ro,Z" "-v" "/var/lib/crater-agent-workspace/cargo-home:/opt/rustwide/cargo-home:ro,Z" "-v" "/var/lib/crater-agent-workspace/rustup-home:/opt/rustwide/rustup-home:ro,Z" "-e" "SOURCE_DIR=/opt/rustwide/workdir" "-e" "CARGO_TARGET_DIR=/opt/rustwide/target" "-e" "CARGO_INCREMENTAL=0" "-e" "RUST_BACKTRACE=full" "-e" "RUSTFLAGS=--cap-lints=warn" "-e" "RUSTDOCFLAGS=--cap-lints=warn" "-e" "CARGO_HOME=/opt/rustwide/cargo-home" "-e" "RUSTUP_HOME=/opt/rustwide/rustup-home" "-w" "/opt/rustwide/workdir" "-m" "1610612736" "--user" "0:0" "--network" "none" "ghcr.io/rust-lang/crates-build-env/linux@sha256:5ff2268d62e97bff2cde7d5815dd6ed5b47097566f13b8d0ca110b04b60e07ed" "/opt/rustwide/cargo-home/bin/cargo" "+beta-2023-04-20" "doc" "--frozen" "--no-deps" "--document-private-items" "--message-format=json", kill_on_drop: false }`
[INFO] [stdout] b2f572486dd1c599c0349f043eff5484b984ce7b21d865c67ce1c23828c8c02d
[INFO] running `Command { std: "docker" "start" "-a" "b2f572486dd1c599c0349f043eff5484b984ce7b21d865c67ce1c23828c8c02d", kill_on_drop: false }`
[INFO] [stderr] warning: profiles for the non root package will be ignored, specify profiles at the workspace root:
[INFO] [stderr] package:   /opt/rustwide/workdir/messenger/Cargo.toml
[INFO] [stderr] workspace: /opt/rustwide/workdir/Cargo.toml
[INFO] [stderr]    Compiling libc v0.2.109
[INFO] [stderr]     Checking subtle v2.4.1
[INFO] [stderr]     Checking rand_core v0.5.1
[INFO] [stderr]    Compiling serde v1.0.131
[INFO] [stderr]     Checking wyz v0.2.0
[INFO] [stderr]     Checking radium v0.3.0
[INFO] [stderr]     Checking funty v1.1.0
[INFO] [stderr]    Compiling num-bigint v0.4.3
[INFO] [stderr]    Compiling ryu v1.0.6
[INFO] [stderr]     Checking byteorder v1.4.3
[INFO] [stderr]    Compiling num-iter v0.1.42
[INFO] [stderr]    Compiling num-rational v0.4.0
[INFO] [stderr]    Compiling indexmap v1.7.0
[INFO] [stderr]    Compiling synstructure v0.12.6
[INFO] [stderr]    Compiling crunchy v0.2.2
[INFO] [stderr]    Compiling serde_json v1.0.72
[INFO] [stderr]     Checking crypto-mac v0.10.1
[INFO] [stderr]    Compiling serde_derive_internals v0.25.0
[INFO] [stderr]     Checking signature v1.2.2
[INFO] [stderr]     Checking rand_chacha v0.2.2
[INFO] [stderr]     Checking itoa v0.4.8
[INFO] [stderr]     Checking hmac v0.10.1
[INFO] [stderr]    Compiling schemars v0.8.5
[INFO] [stderr]     Checking ed25519 v1.2.0
[INFO] [stderr]     Checking rand v0.7.3
[INFO] [stderr]     Checking sha2 v0.9.8
[INFO] [stderr]     Checking crypto-mac v0.8.0
[INFO] [stderr]     Checking num-complex v0.4.0
[INFO] [stderr]    Compiling datasize_derive v0.2.9
[INFO] [stderr]     Checking regex-syntax v0.6.25
[INFO] [stderr]     Checking dyn-clone v1.0.4
[INFO] [stderr]     Checking bitvec v0.18.5
[INFO] [stderr]    Compiling wee_alloc v0.4.5
[INFO] [stderr]     Checking blake2 v0.9.2
[INFO] [stderr]    Compiling num-derive v0.3.3
[INFO] [stderr]     Checking base64 v0.13.0
[INFO] [stderr]     Checking hex_fmt v0.3.0
[INFO] [stderr]     Checking memory_units v0.4.0
[INFO] [stderr]     Checking base16 v0.2.1
[INFO] [stderr]  Documenting tests v0.1.0 (/opt/rustwide/workdir/tests)
[INFO] [stderr]    Compiling zeroize_derive v1.2.2
[INFO] [stderr]    Compiling schemars_derive v0.8.5
[INFO] [stderr]     Checking getrandom v0.2.3
[INFO] [stderr]     Checking wait-timeout v0.2.0
[INFO] [stderr]     Checking rand_core v0.6.3
[INFO] [stderr]     Checking datasize v0.2.9
[INFO] [stderr]     Checking rand_chacha v0.3.1
[INFO] [stderr]     Checking rand_xorshift v0.3.0
[INFO] [stderr]     Checking zeroize v1.4.3
[INFO] [stderr]     Checking rand v0.8.4
[INFO] [stderr]     Checking curve25519-dalek v3.2.0
[INFO] [stderr]     Checking ff v0.8.0
[INFO] [stderr]     Checking tempfile v3.2.0
[INFO] [stderr]     Checking group v0.8.0
[INFO] [stderr]     Checking ed25519-dalek v1.0.1
[INFO] [stderr]     Checking elliptic-curve v0.8.5
[INFO] [stderr]     Checking rusty-fork v0.3.0
[INFO] [stderr]     Checking proptest v1.0.0
[INFO] [stderr]     Checking ecdsa v0.10.2
[INFO] [stderr]     Checking k256 v0.7.3
[INFO] [stderr]     Checking hex v0.4.3
[INFO] [stderr]     Checking serde_bytes v0.11.5
[INFO] [stderr]     Checking uint v0.9.1
[INFO] [stderr]     Checking num v0.4.0
[INFO] [stderr]     Checking casper-types v1.4.4
[INFO] [stderr]     Checking casper-contract v1.4.2
[INFO] [stdout] error[E0554]: `#![feature]` may not be used on the beta release channel
[INFO] [stdout]   --> /opt/rustwide/cargo-home/registry/src/index.crates.io-6f17d22bba15001f/casper-contract-1.4.2/src/lib.rs:51:5
[INFO] [stdout]    |
[INFO] [stdout] 51 |     feature(alloc_error_handler, core_intrinsics, lang_items)
[INFO] [stdout]    |     ^^^^^^^^^^^^^^^^^^^^^^^^^^^^^^^^^^^^^^^^^^^^^^^^^^^^^^^^^
[INFO] [stdout] 
[INFO] [stdout] 
[INFO] [stdout] error[E0554]: `#![feature]` may not be used on the beta release channel
[INFO] [stdout]   --> /opt/rustwide/cargo-home/registry/src/index.crates.io-6f17d22bba15001f/casper-contract-1.4.2/src/lib.rs:51:34
[INFO] [stdout]    |
[INFO] [stdout] 51 |     feature(alloc_error_handler, core_intrinsics, lang_items)
[INFO] [stdout]    |                                  ^^^^^^^^^^^^^^^
[INFO] [stdout] 
[INFO] [stdout] 
[INFO] [stdout] error[E0152]: found duplicate lang item `panic_impl`
[INFO] [stdout]  --> /opt/rustwide/cargo-home/registry/src/index.crates.io-6f17d22bba15001f/casper-contract-1.4.2/src/no_std_handlers.rs:6:1
[INFO] [stdout]   |
[INFO] [stdout] 6 | pub fn panic(_info: &core::panic::PanicInfo) -> ! {
[INFO] [stdout]   | ^^^^^^^^^^^^^^^^^^^^^^^^^^^^^^^^^^^^^^^^^^^^^^^^^
[INFO] [stdout]   |
[INFO] [stdout]   = note: the lang item is first defined in crate `std` (which `casper_types` depends on)
[INFO] [stdout]   = note: first definition in `std` loaded from /opt/rustwide/rustup-home/toolchains/beta-2023-04-20-x86_64-unknown-linux-gnu/lib/rustlib/x86_64-unknown-linux-gnu/lib/libstd-0e29cc23c5e02021.rlib
[INFO] [stdout]   = note: second definition in the local crate (`casper_contract`)
[INFO] [stdout] 
[INFO] [stdout] 
[INFO] [stdout] error[E0152]: found duplicate lang item `eh_personality`
[INFO] [stdout]   --> /opt/rustwide/cargo-home/registry/src/index.crates.io-6f17d22bba15001f/casper-contract-1.4.2/src/no_std_handlers.rs:19:1
[INFO] [stdout]    |
[INFO] [stdout] 19 | extern "C" fn eh_personality() {}
[INFO] [stdout]    | ^^^^^^^^^^^^^^^^^^^^^^^^^^^^^^
[INFO] [stdout]    |
[INFO] [stdout]    = note: the lang item is first defined in crate `std` (which `casper_types` depends on)
[INFO] [stdout]    = note: first definition in `std` loaded from /opt/rustwide/rustup-home/toolchains/beta-2023-04-20-x86_64-unknown-linux-gnu/lib/rustlib/x86_64-unknown-linux-gnu/lib/libstd-0e29cc23c5e02021.rlib
[INFO] [stdout]    = note: second definition in the local crate (`casper_contract`)
[INFO] [stdout] 
[INFO] [stdout] 
[INFO] [stdout] error: aborting due to 4 previous errors
[INFO] [stdout] 
[INFO] [stdout] 
[INFO] [stdout] Some errors have detailed explanations: E0152, E0554.
[INFO] [stdout] 
[INFO] [stdout] For more information about an error, try `rustc --explain E0152`.
[INFO] [stdout] 
[INFO] [stderr] error: could not compile `casper-contract` (lib) due to 5 previous errors
[INFO] running `Command { std: "docker" "inspect" "b2f572486dd1c599c0349f043eff5484b984ce7b21d865c67ce1c23828c8c02d", kill_on_drop: false }`
[INFO] running `Command { std: "docker" "rm" "-f" "b2f572486dd1c599c0349f043eff5484b984ce7b21d865c67ce1c23828c8c02d", kill_on_drop: false }`
[INFO] [stdout] b2f572486dd1c599c0349f043eff5484b984ce7b21d865c67ce1c23828c8c02d
