[INFO] cloning repository https://github.com/JesseChing/substrate_advance_homework4
[INFO] running `Command { std: "git" "-c" "credential.helper=" "-c" "credential.helper=/workspace/cargo-home/bin/git-credential-null" "clone" "--bare" "https://github.com/JesseChing/substrate_advance_homework4" "/workspace/cache/git-repos/https%3A%2F%2Fgithub.com%2FJesseChing%2Fsubstrate_advance_homework4", kill_on_drop: false }`
[INFO] [stderr] Cloning into bare repository '/workspace/cache/git-repos/https%3A%2F%2Fgithub.com%2FJesseChing%2Fsubstrate_advance_homework4'...
[INFO] running `Command { std: "git" "rev-parse" "HEAD", kill_on_drop: false }`
[INFO] [stdout] c29ba197807423ba4e6523646c694c3c89046b2c
[INFO] documenting JesseChing/substrate_advance_homework4 against beta-2023-04-20 for beta-1.70-rustdoc-1
[INFO] running `Command { std: "git" "clone" "/workspace/cache/git-repos/https%3A%2F%2Fgithub.com%2FJesseChing%2Fsubstrate_advance_homework4" "/workspace/builds/worker-4-tc2/source", kill_on_drop: false }`
[INFO] [stderr] Cloning into '/workspace/builds/worker-4-tc2/source'...
[INFO] [stderr] done.
[INFO] validating manifest of git repo https://github.com/JesseChing/substrate_advance_homework4 on toolchain beta-2023-04-20
[INFO] running `Command { std: CARGO_HOME="/workspace/cargo-home" RUSTUP_HOME="/workspace/rustup-home" "/workspace/cargo-home/bin/cargo" "+beta-2023-04-20" "metadata" "--manifest-path" "Cargo.toml" "--no-deps", kill_on_drop: false }`
[INFO] started tweaking git repo https://github.com/JesseChing/substrate_advance_homework4
[INFO] finished tweaking git repo https://github.com/JesseChing/substrate_advance_homework4
[INFO] tweaked toml for git repo https://github.com/JesseChing/substrate_advance_homework4 written to /workspace/builds/worker-4-tc2/source/Cargo.toml
[INFO] crate git repo https://github.com/JesseChing/substrate_advance_homework4 already has a lockfile, it will not be regenerated
[INFO] running `Command { std: CARGO_HOME="/workspace/cargo-home" RUSTUP_HOME="/workspace/rustup-home" "/workspace/cargo-home/bin/cargo" "+beta-2023-04-20" "fetch" "--manifest-path" "Cargo.toml", kill_on_drop: false }`
[INFO] [stderr]     Updating crates.io index
[INFO] [stderr]  Downloading crates ...
[INFO] [stderr]   Downloaded parity-multiaddr v0.11.2
[INFO] [stderr]   Downloaded security-framework-sys v1.0.0
[INFO] [stderr]   Downloaded retain_mut v0.1.3
[INFO] [stderr]   Downloaded libp2p-ping v0.29.0
[INFO] [stderr]   Downloaded ip_network v0.3.4
[INFO] [stderr]   Downloaded parity-scale-codec v2.2.0
[INFO] [stderr]   Downloaded security-framework v1.0.0
[INFO] [stderr]   Downloaded aes v0.5.0
[INFO] [stderr]   Downloaded curve25519-dalek v3.1.0
[INFO] [stderr]   Downloaded cranelift-bforest v0.74.0
[INFO] [stderr]   Downloaded libp2p-swarm v0.29.0
[INFO] [stderr]   Downloaded zstd-safe v3.0.1+zstd.1.4.9
[INFO] [stderr]   Downloaded jsonrpc-derive v15.1.0
[INFO] [stderr]   Downloaded wasmtime-cranelift v0.27.0
[INFO] [stderr]   Downloaded cranelift-entity v0.74.0
[INFO] [stderr]   Downloaded wasmtime-jit v0.27.0
[INFO] [stderr]   Downloaded ct-logs v0.7.0
[INFO] [stderr]   Downloaded libp2p-dns v0.28.1
[INFO] [stderr]   Downloaded jsonrpc-client-transports v15.1.0
[INFO] [stderr]   Downloaded wasmtime-debug v0.27.0
[INFO] [stderr]   Downloaded jsonrpc-core-client v15.1.0
[INFO] [stderr]   Downloaded tokio-named-pipes v0.1.0
[INFO] [stderr]   Downloaded parity-ws v0.10.1
[INFO] [stderr]   Downloaded cranelift-codegen v0.74.0
[INFO] [stderr]   Downloaded libp2p-gossipsub v0.30.1
[INFO] [stderr]   Downloaded parity-db v0.2.4
[INFO] [stderr]   Downloaded names v0.11.0
[INFO] [stderr]   Downloaded kvdb-rocksdb v0.12.1
[INFO] [stderr]   Downloaded wasmtime-runtime v0.27.0
[INFO] [stderr]   Downloaded rustls-native-certs v0.4.0
[INFO] [stderr]   Downloaded wasmtime-cache v0.27.0
[INFO] [stderr]   Downloaded libp2p-mplex v0.28.0
[INFO] [stderr]   Downloaded aes-gcm v0.7.0
[INFO] [stderr]   Downloaded libp2p-request-response v0.11.0
[INFO] [stderr]   Downloaded blake2 v0.9.1
[INFO] [stderr]   Downloaded cranelift-wasm v0.74.0
[INFO] [stderr]   Downloaded aes-soft v0.5.0
[INFO] [stderr]   Downloaded libp2p-kad v0.30.0
[INFO] [stderr]   Downloaded parity-tokio-ipc v0.4.0
[INFO] [stderr]   Downloaded tracing-subscriber v0.2.19
[INFO] [stderr]   Downloaded rand_distr v0.4.1
[INFO] [stderr]   Downloaded chacha20 v0.5.0
[INFO] [stderr]   Downloaded jsonrpc-core v15.1.0
[INFO] [stderr]   Downloaded pwasm-utils v0.18.1
[INFO] [stderr]   Downloaded cranelift-codegen-meta v0.74.0
[INFO] [stderr]   Downloaded snow v0.7.2
[INFO] [stderr]   Downloaded zstd-sys v1.4.20+zstd.1.4.9
[INFO] [stderr]   Downloaded wasmtime-profiling v0.27.0
[INFO] [stderr]   Downloaded target-lexicon v0.12.1
[INFO] [stderr]   Downloaded libp2p-tcp v0.28.0
[INFO] [stderr]   Downloaded libp2p-uds v0.28.0
[INFO] [stderr]   Downloaded finality-grandpa v0.14.3
[INFO] [stderr]   Downloaded libp2p-floodsub v0.29.0
[INFO] [stderr]   Downloaded stream-cipher v0.7.1
[INFO] [stderr]   Downloaded libp2p-swarm-derive v0.23.0
[INFO] [stderr]   Downloaded cranelift-native v0.74.0
[INFO] [stderr]   Downloaded wasmparser v0.78.2
[INFO] [stderr]   Downloaded chacha20poly1305 v0.6.0
[INFO] [stderr]   Downloaded cargo-platform v0.1.1
[INFO] [stderr]   Downloaded substrate-bip39 v0.4.2
[INFO] [stderr]   Downloaded byte-slice-cast v1.0.0
[INFO] [stderr]   Downloaded jsonrpc-ipc-server v15.1.0
[INFO] [stderr]   Downloaded jsonrpc-pubsub v15.1.0
[INFO] [stderr]   Downloaded psm v0.1.14
[INFO] [stderr]   Downloaded wasmtime-obj v0.27.0
[INFO] [stderr]   Downloaded libp2p-deflate v0.28.0
[INFO] [stderr]   Downloaded libp2p-mdns v0.30.2
[INFO] [stderr]   Downloaded libp2p-websocket v0.29.0
[INFO] [stderr]   Downloaded jsonrpc-http-server v15.1.0
[INFO] [stderr]   Downloaded jsonrpc-server-utils v15.1.0
[INFO] [stderr]   Downloaded cranelift-codegen-shared v0.74.0
[INFO] [stderr]   Downloaded libp2p-core v0.28.3
[INFO] [stderr]   Downloaded libp2p-yamux v0.32.0
[INFO] [stderr]   Downloaded scale-info v0.10.0
[INFO] [stderr]   Downloaded libp2p-relay v0.2.0
[INFO] [stderr]   Downloaded parity-scale-codec-derive v2.2.0
[INFO] [stderr]   Downloaded wasmtime-environ v0.27.0
[INFO] [stderr]   Downloaded libp2p-noise v0.30.0
[INFO] [stderr]   Downloaded libp2p-pnet v0.20.0
[INFO] [stderr]   Downloaded scale-info-derive v0.7.0
[INFO] [stderr]   Downloaded jsonrpc-ws-server v15.1.0
[INFO] [stderr]   Downloaded block-cipher v0.8.0
[INFO] [stderr]   Downloaded libp2p-plaintext v0.28.0
[INFO] [stderr]   Downloaded parity-util-mem v0.10.0
[INFO] [stderr]   Downloaded wasmtime v0.27.0
[INFO] [stderr]   Downloaded libp2p-identify v0.29.0
[INFO] [stderr]   Downloaded libp2p-wasm-ext v0.28.2
[INFO] [stderr]   Downloaded tiny-bip39 v0.8.0
[INFO] [stderr]   Downloaded wasmi v0.9.0
[INFO] [stderr]   Downloaded aesni v0.8.0
[INFO] [stderr]   Downloaded libp2p v0.37.1
[INFO] [stderr]   Downloaded linregress v0.4.3
[INFO] [stderr]   Downloaded sha-1 v0.9.7
[INFO] [stderr]   Downloaded wasmi-validation v0.4.0
[INFO] [stderr]   Downloaded cranelift-frontend v0.74.0
[INFO] [stderr]   Downloaded zstd v0.6.1+zstd.1.4.9
[INFO] running `Command { std: "docker" "create" "-v" "/var/lib/crater-agent-workspace/builds/worker-4-tc2/target:/opt/rustwide/target:rw,Z" "-v" "/var/lib/crater-agent-workspace/builds/worker-4-tc2/source:/opt/rustwide/workdir:ro,Z" "-v" "/var/lib/crater-agent-workspace/cargo-home:/opt/rustwide/cargo-home:ro,Z" "-v" "/var/lib/crater-agent-workspace/rustup-home:/opt/rustwide/rustup-home:ro,Z" "-e" "SOURCE_DIR=/opt/rustwide/workdir" "-e" "CARGO_TARGET_DIR=/opt/rustwide/target" "-e" "CARGO_HOME=/opt/rustwide/cargo-home" "-e" "RUSTUP_HOME=/opt/rustwide/rustup-home" "-w" "/opt/rustwide/workdir" "-m" "1610612736" "--user" "0:0" "--network" "none" "ghcr.io/rust-lang/crates-build-env/linux@sha256:5ff2268d62e97bff2cde7d5815dd6ed5b47097566f13b8d0ca110b04b60e07ed" "/opt/rustwide/cargo-home/bin/cargo" "+beta-2023-04-20" "metadata" "--no-deps" "--format-version=1", kill_on_drop: false }`
[INFO] [stdout] 714afdd075d01d761bab371fc209dd6611f824b5c497d67d7470dc520732384d
[INFO] running `Command { std: "docker" "start" "-a" "714afdd075d01d761bab371fc209dd6611f824b5c497d67d7470dc520732384d", kill_on_drop: false }`
[INFO] running `Command { std: "docker" "inspect" "714afdd075d01d761bab371fc209dd6611f824b5c497d67d7470dc520732384d", kill_on_drop: false }`
[INFO] running `Command { std: "docker" "rm" "-f" "714afdd075d01d761bab371fc209dd6611f824b5c497d67d7470dc520732384d", kill_on_drop: false }`
[INFO] [stdout] 714afdd075d01d761bab371fc209dd6611f824b5c497d67d7470dc520732384d
[INFO] running `Command { std: "docker" "create" "-v" "/var/lib/crater-agent-workspace/builds/worker-4-tc2/target:/opt/rustwide/target:rw,Z" "-v" "/var/lib/crater-agent-workspace/builds/worker-4-tc2/source:/opt/rustwide/workdir:ro,Z" "-v" "/var/lib/crater-agent-workspace/cargo-home:/opt/rustwide/cargo-home:ro,Z" "-v" "/var/lib/crater-agent-workspace/rustup-home:/opt/rustwide/rustup-home:ro,Z" "-e" "SOURCE_DIR=/opt/rustwide/workdir" "-e" "CARGO_TARGET_DIR=/opt/rustwide/target" "-e" "CARGO_INCREMENTAL=0" "-e" "RUST_BACKTRACE=full" "-e" "RUSTFLAGS=--cap-lints=warn" "-e" "RUSTDOCFLAGS=--cap-lints=warn" "-e" "CARGO_HOME=/opt/rustwide/cargo-home" "-e" "RUSTUP_HOME=/opt/rustwide/rustup-home" "-w" "/opt/rustwide/workdir" "-m" "1610612736" "--user" "0:0" "--network" "none" "ghcr.io/rust-lang/crates-build-env/linux@sha256:5ff2268d62e97bff2cde7d5815dd6ed5b47097566f13b8d0ca110b04b60e07ed" "/opt/rustwide/cargo-home/bin/cargo" "+beta-2023-04-20" "doc" "--frozen" "--no-deps" "--document-private-items" "--message-format=json", kill_on_drop: false }`
[INFO] [stdout] 5e59ce4fef0ad1690f1528b337b5959b85c13c8030829b9f03e92d302f16736a
[INFO] running `Command { std: "docker" "start" "-a" "5e59ce4fef0ad1690f1528b337b5959b85c13c8030829b9f03e92d302f16736a", kill_on_drop: false }`
[INFO] [stderr]    Compiling proc-macro2 v1.0.28
[INFO] [stderr]    Compiling libc v0.2.98
[INFO] [stderr]    Compiling syn v1.0.74
[INFO] [stderr]    Compiling memchr v2.4.0
[INFO] [stderr]    Compiling typenum v1.13.0
[INFO] [stderr]     Checking instant v0.1.10
[INFO] [stderr]     Checking lock_api v0.4.4
[INFO] [stderr]     Checking slab v0.4.3
[INFO] [stderr]    Compiling futures-core v0.3.16
[INFO] [stderr]     Checking futures-io v0.3.16
[INFO] [stderr]    Compiling anyhow v1.0.42
[INFO] [stderr]     Checking futures-sink v0.3.16
[INFO] [stderr]    Compiling futures-macro v0.3.16
[INFO] [stderr]    Compiling futures-channel v0.3.16
[INFO] [stderr]    Compiling futures-task v0.3.16
[INFO] [stderr]    Compiling futures-util v0.3.16
[INFO] [stderr]    Compiling getrandom v0.1.16
[INFO] [stderr]     Checking tinyvec v1.3.1
[INFO] [stderr]     Checking subtle v1.0.0
[INFO] [stderr]     Checking itoa v0.4.7
[INFO] [stderr]    Compiling serde_json v1.0.67
[INFO] [stderr]     Checking byte-slice-cast v1.0.0
[INFO] [stderr]     Checking tracing-core v0.1.18
[INFO] [stderr]    Compiling parity-util-mem v0.10.0
[INFO] [stderr]    Compiling num-bigint v0.2.6
[INFO] [stderr]     Checking sp-std v4.0.0-dev (https://github.com/paritytech/substrate.git?tag=monthly-2021-08#4d28ebeb)
[INFO] [stderr]    Compiling num-rational v0.2.4
[INFO] [stderr]    Compiling zstd-safe v3.0.1+zstd.1.4.9
[INFO] [stderr]     Checking wasmi-validation v0.4.0
[INFO] [stderr]     Checking sharded-slab v0.1.1
[INFO] [stderr]     Checking environmental v1.1.3
[INFO] [stderr]     Checking gimli v0.25.0
[INFO] [stderr]     Checking aho-corasick v0.7.18
[INFO] [stderr]     Checking object v0.26.0
[INFO] [stderr]     Checking rustc-demangle v0.1.20
[INFO] [stderr]     Checking unicode-normalization v0.1.19
[INFO] [stderr]     Checking bytes v1.0.1
[INFO] [stderr]    Compiling scopeguard v1.1.0
[INFO] [stderr]    Compiling itertools v0.9.0
[INFO] [stderr]    Compiling quote v1.0.9
[INFO] [stderr]     Checking parking_lot_core v0.8.3
[INFO] [stderr]    Compiling jobserver v0.1.22
[INFO] [stderr]     Checking num_cpus v1.13.0
[INFO] [stderr]     Checking getrandom v0.2.3
[INFO] [stderr]     Checking parking_lot_core v0.7.2
[INFO] [stderr]     Checking time v0.1.44
[INFO] [stderr]     Checking rand_core v0.6.3
[INFO] [stderr]     Checking parking_lot v0.11.1
[INFO] [stderr]    Compiling cc v1.0.69
[INFO] [stderr]     Checking rand_core v0.5.1
[INFO] [stderr]     Checking generic-array v0.14.4
[INFO] [stderr]     Checking generic-array v0.12.4
[INFO] [stderr]     Checking rand_chacha v0.3.1
[INFO] [stderr]     Checking once_cell v1.8.0
[INFO] [stderr]     Checking regex v1.5.4
[INFO] [stderr]     Checking parking_lot v0.10.2
[INFO] [stderr]     Checking chrono v0.4.19
[INFO] [stderr]     Checking rand_chacha v0.2.2
[INFO] [stderr]     Checking rand_pcg v0.2.1
[INFO] [stderr]     Checking ahash v0.7.4
[INFO] [stderr]     Checking digest v0.8.1
[INFO] [stderr]     Checking block-buffer v0.7.3
[INFO] [stderr]     Checking rand v0.8.4
[INFO] [stderr]     Checking crypto-mac v0.7.0
[INFO] [stderr]     Checking rand v0.7.3
[INFO] [stderr]     Checking digest v0.9.0
[INFO] [stderr]     Checking block-buffer v0.9.0
[INFO] [stderr]     Checking crypto-mac v0.8.0
[INFO] [stderr]     Checking sha2 v0.8.2
[INFO] [stderr]     Checking hmac v0.7.1
[INFO] [stderr]     Checking sha2 v0.9.5
[INFO] [stderr]     Checking hashbrown v0.11.2
[INFO] [stderr]     Checking thread_local v1.1.3
[INFO] [stderr]     Checking hmac-drbg v0.2.0
[INFO] [stderr]     Checking pbkdf2 v0.4.0
[INFO] [stderr]     Checking hmac v0.8.1
[INFO] [stderr]     Checking pbkdf2 v0.3.0
[INFO] [stderr]     Checking iovec v0.1.4
[INFO] [stderr]    Compiling bitflags v1.2.1
[INFO] [stderr]     Checking fixed-hash v0.7.0
[INFO] [stderr]    Compiling which v4.2.2
[INFO] [stderr]     Checking net2 v0.2.37
[INFO] [stderr]     Checking libsecp256k1 v0.3.5
[INFO] [stderr]     Checking twox-hash v1.6.0
[INFO] [stderr]     Checking addr2line v0.16.0
[INFO] [stderr]    Compiling zstd-sys v1.4.20+zstd.1.4.9
[INFO] [stderr]    Compiling backtrace v0.3.61
[INFO] [stderr]     Checking matches v0.1.8
[INFO] [stderr]    Compiling ring v0.16.20
[INFO] [stderr]     Checking wasmi v0.9.0
[INFO] [stderr]     Checking unicode-bidi v0.3.5
[INFO] [stderr]    Compiling prost-build v0.7.0
[INFO] [stderr]    Compiling semver-parser v0.7.0
[INFO] [stderr]     Checking futures-lite v1.12.0
[INFO] [stderr]     Checking signal-hook-registry v1.4.0
[INFO] [stderr]    Compiling Inflector v0.11.4
[INFO] [stderr]     Checking socket2 v0.4.1
[INFO] [stderr]    Compiling httparse v1.4.1
[INFO] [stderr]     Checking form_urlencoded v1.0.1
[INFO] [stderr]     Checking idna v0.2.3
[INFO] [stderr]    Compiling proc-macro-error-attr v1.0.4
[INFO] [stderr]    Compiling semver v0.9.0
[INFO] [stderr]    Compiling signal-hook v0.3.9
[INFO] [stderr]     Checking async-channel v1.6.1
[INFO] [stderr]    Compiling blake3 v0.3.8
[INFO] [stderr]    Compiling rustc_version v0.2.3
[INFO] [stderr]     Checking sha3 v0.9.1
[INFO] [stderr]     Checking async-executor v1.4.1
[INFO] [stderr]     Checking sp-panic-handler v3.0.0 (https://github.com/paritytech/substrate.git?tag=monthly-2021-08#4d28ebeb)
[INFO] [stderr]     Checking url v2.2.2
[INFO] [stderr]    Compiling tempfile v3.2.0
[INFO] [stderr]     Checking blocking v1.0.2
[INFO] [stderr]     Checking http v0.2.4
[INFO] [stderr]    Compiling target-lexicon v0.12.1
[INFO] [stderr]     Checking socket2 v0.3.19
[INFO] [stderr]     Checking httpdate v0.3.2
[INFO] [stderr]     Checking wasmparser v0.78.2
[INFO] [stderr]     Checking atty v0.2.14
[INFO] [stderr]    Compiling wasmtime-runtime v0.27.0
[INFO] [stderr]     Checking lru v0.6.6
[INFO] [stderr]     Checking region v2.2.0
[INFO] [stderr]     Checking rayon-core v1.9.1
[INFO] [stderr]    Compiling psm v0.1.14
[INFO] [stderr]     Checking dirs-sys-next v0.1.2
[INFO] [stderr]    Compiling wasmtime-cache v0.27.0
[INFO] [stderr]    Compiling wasm-bindgen-shared v0.2.74
[INFO] [stderr]     Checking directories-next v2.0.0
[INFO] [stderr]     Checking block-cipher v0.8.0
[INFO] [stderr]     Checking errno v0.2.7
[INFO] [stderr]     Checking universal-hash v0.4.1
[INFO] [stderr]    Compiling bumpalo v3.7.0
[INFO] [stderr]     Checking cpuid-bool v0.2.0
[INFO] [stderr]    Compiling libz-sys v1.1.3
[INFO] [stderr]    Compiling crossbeam-utils v0.7.2
[INFO] [stderr]    Compiling maybe-uninit v2.0.0
[INFO] [stderr]     Checking rayon v1.5.1
[INFO] [stderr]     Checking bytes v0.4.12
[INFO] [stderr]    Compiling wasm-bindgen v0.2.74
[INFO] [stderr]     Checking hostname v0.3.1
[INFO] [stderr]     Checking polyval v0.4.5
[INFO] [stderr]     Checking stream-cipher v0.7.1
[INFO] [stderr]     Checking aes-soft v0.5.0
[INFO] [stderr]     Checking aead v0.3.2
[INFO] [stderr]     Checking resolv-conf v0.7.0
[INFO] [stderr]     Checking poly1305 v0.6.2
[INFO] [stderr]     Checking ghash v0.3.1
[INFO] [stderr]    Compiling snow v0.7.2
[INFO] [stderr]     Checking blake2 v0.9.1
[INFO] [stderr]     Checking aes v0.5.0
[INFO] [stderr]     Checking flate2 v1.0.20
[INFO] [stderr]     Checking sha-1 v0.9.7
[INFO] [stderr]     Checking cipher v0.2.5
[INFO] [stderr]     Checking quicksink v0.1.2
[INFO] [stderr]     Checking aes-gcm v0.7.0
[INFO] [stderr]     Checking cuckoofilter v0.5.0
[INFO] [stderr]     Checking salsa20 v0.7.2
[INFO] [stderr]    Compiling parking_lot_core v0.6.2
[INFO] [stderr]     Checking smallvec v0.6.14
[INFO] [stderr]    Compiling parking_lot v0.9.0
[INFO] [stderr]    Compiling memoffset v0.5.6
[INFO] [stderr]    Compiling crossbeam-epoch v0.8.2
[INFO] [stderr]     Checking tokio-sync v0.1.8
[INFO] [stderr]     Checking simba v0.5.1
[INFO] [stderr]     Checking rand_distr v0.4.1
[INFO] [stderr]     Checking take_mut v0.2.2
[INFO] [stderr]    Compiling clang-sys v1.2.0
[INFO] [stderr]     Checking http-body v0.3.1
[INFO] [stderr]    Compiling failure_derive v0.1.8
[INFO] [stderr]     Checking ip_network v0.3.4
[INFO] [stderr]     Checking tokio-executor v0.1.10
[INFO] [stderr]     Checking crossbeam-queue v0.2.3
[INFO] [stderr]    Compiling nom v6.1.2
[INFO] [stderr]     Checking tokio-current-thread v0.1.7
[INFO] [stderr]     Checking tokio-timer v0.2.13
[INFO] [stderr]     Checking bstr v0.2.16
[INFO] [stderr]    Compiling winapi v0.3.9
[INFO] [stderr]    Compiling sc-consensus-slots v0.10.0-dev (https://github.com/paritytech/substrate.git?tag=monthly-2021-08#4d28ebeb)
[INFO] [stderr]     Checking http v0.1.21
[INFO] [stderr]    Compiling synstructure v0.12.5
[INFO] [stderr]    Compiling proc-macro-error v1.0.4
[INFO] [stderr]    Compiling bindgen v0.59.1
[INFO] [stderr]     Checking idna v0.1.5
[INFO] [stderr]     Checking sct v0.6.1
[INFO] [stderr]     Checking webpki v0.21.4
[INFO] [stderr]     Checking crossbeam-deque v0.7.4
[INFO] [stderr]     Checking string v0.2.1
[INFO] [stderr]     Checking tokio-buf v0.1.1
[INFO] [stderr]    Compiling hyper v0.12.36
[INFO] [stderr]     Checking mio-named-pipes v0.1.7
[INFO] [stderr]     Checking lazycell v1.3.0
[INFO] [stderr]     Checking webpki-roots v0.21.1
[INFO] [stderr]     Checking retain_mut v0.1.3
[INFO] [stderr]     Checking sha-1 v0.8.2
[INFO] [stderr]     Checking futures-cpupool v0.1.8
[INFO] [stderr]    Compiling camino v1.0.5
[INFO] [stderr]     Checking pdqselect v0.1.0
[INFO] [stderr]    Compiling ryu v1.0.5
[INFO] [stderr]     Checking miow v0.3.7
[INFO] [stderr]     Checking url v1.7.2
[INFO] [stderr]     Checking tokio-service v0.1.0
[INFO] [stderr]    Compiling byteorder v1.4.3
[INFO] [stderr]    Compiling semver v0.6.0
[INFO] [stderr]    Compiling same-file v1.0.6
[INFO] [stderr]     Checking openssl-probe v0.1.4
[INFO] [stderr]     Checking ct-logs v0.7.0
[INFO] [stderr]     Checking owning_ref v0.4.1
[INFO] [stderr]     Checking memmap2 v0.2.3
[INFO] [stderr]    Compiling walkdir v2.3.2
[INFO] [stderr]     Checking fs2 v0.4.3
[INFO] [stderr]    Compiling parity-wasm v0.32.0
[INFO] [stderr]    Compiling build-helper v0.1.1
[INFO] [stderr]     Checking fs-swap v0.2.6
[INFO] [stderr]    Compiling maplit v1.0.2
[INFO] [stderr]    Compiling ansi_term v0.12.1
[INFO] [stderr]     Checking unicode-width v0.1.8
[INFO] [stderr]     Checking futures-timer v2.0.2
[INFO] [stderr]    Compiling platforms v1.1.0
[INFO] [stderr]    Compiling pest_meta v2.1.3
[INFO] [stderr]     Checking threadpool v1.8.1
[INFO] [stderr]     Checking rand v0.4.6
[INFO] [stderr]     Checking textwrap v0.11.0
[INFO] [stderr]     Checking dirs-sys v0.3.6
[INFO] [stderr]     Checking ansi_term v0.11.0
[INFO] [stderr]     Checking vec_map v0.8.2
[INFO] [stderr]     Checking strsim v0.8.0
[INFO] [stderr]     Checking remove_dir_all v0.5.3
[INFO] [stderr]    Compiling names v0.11.0
[INFO] [stderr]     Checking directories v3.0.2
[INFO] [stderr]     Checking http-body v0.1.0
[INFO] [stderr]     Checking ucd-trie v0.1.3
[INFO] [stderr]     Checking safe-mix v1.0.1
[INFO] [stderr]     Checking rpassword v5.0.1
[INFO] [stderr]     Checking clap v2.33.3
[INFO] [stderr]     Checking fdlimit v0.2.1
[INFO] [stderr]     Checking quick-error v2.0.1
[INFO] [stderr]     Checking pest v2.1.3
[INFO] [stderr]    Compiling substrate-build-script-utils v3.0.0 (https://github.com/paritytech/substrate.git?tag=monthly-2021-08#4d28ebeb)
[INFO] [stderr]     Checking rand v0.3.23
[INFO] [stderr]    Compiling cexpr v0.5.0
[INFO] [stderr]    Compiling pest_generator v2.1.3
[INFO] [stderr]    Compiling ocw-example v3.0.0-monthly-2021-08 (/opt/rustwide/workdir/node)
[INFO] [stderr]    Compiling serde_derive v1.0.130
[INFO] [stderr]    Compiling ctor v0.1.20
[INFO] [stderr]    Compiling thiserror-impl v1.0.26
[INFO] [stderr]    Compiling zeroize_derive v1.1.0
[INFO] [stderr]    Compiling impl-trait-for-tuples v0.2.1
[INFO] [stderr]    Compiling tracing-attributes v0.1.15
[INFO] [stderr]    Compiling parity-util-mem-derive v0.1.0
[INFO] [stderr]    Compiling sp-debug-derive v3.0.0 (https://github.com/paritytech/substrate.git?tag=monthly-2021-08#4d28ebeb)
[INFO] [stderr]    Compiling ref-cast-impl v1.0.6
[INFO] [stderr]    Compiling dyn-clonable-impl v0.9.0
[INFO] [stderr]     Checking zeroize v1.4.1
[INFO] [stderr]     Checking value-bag v1.0.0-alpha.7
[INFO] [stderr]     Checking curve25519-dalek v3.1.0
[INFO] [stderr]     Checking merlin v2.0.1
[INFO] [stderr]     Checking log v0.4.14
[INFO] [stderr]     Checking curve25519-dalek v2.1.3
[INFO] [stderr]     Checking tracing-log v0.1.2
[INFO] [stderr]     Checking secrecy v0.7.0
[INFO] [stderr]    Compiling thiserror v1.0.26
[INFO] [stderr]     Checking ref-cast v1.0.6
[INFO] [stderr]    Compiling async-trait v0.1.51
[INFO] [stderr]    Compiling derive_more v0.99.16
[INFO] [stderr]     Checking trie-db v0.22.6
[INFO] [stderr]     Checking dyn-clonable v0.9.0
[INFO] [stderr]     Checking tiny-bip39 v0.8.0
[INFO] [stderr]    Compiling pin-project-internal v1.0.8
[INFO] [stderr]    Compiling prost-derive v0.7.0
[INFO] [stderr]     Checking tracing v0.1.26
[INFO] [stderr]     Checking schnorrkel v0.9.1
[INFO] [stderr]     Checking mio v0.6.23
[INFO] [stderr]     Checking polling v2.1.0
[INFO] [stderr]     Checking kv-log-macro v1.0.7
[INFO] [stderr]     Checking substrate-bip39 v0.4.2
[INFO] [stderr]    Compiling pin-project-internal v0.4.28
[INFO] [stderr]     Checking mio-uds v0.6.8
[INFO] [stderr]     Checking prometheus v0.11.0
[INFO] [stderr]     Checking want v0.3.0
[INFO] [stderr]     Checking async-io v1.6.0
[INFO] [stderr]     Checking tokio v0.2.25
[INFO] [stderr]     Checking env_logger v0.7.1
[INFO] [stderr]     Checking file-per-thread-logger v0.1.4
[INFO] [stderr]     Checking async-process v1.1.0
[INFO] [stderr]     Checking async-global-executor v2.0.2
[INFO] [stderr]     Checking pwasm-utils v0.18.1
[INFO] [stderr]    Compiling wasm-bindgen-backend v0.2.74
[INFO] [stderr]    Compiling enum-as-inner v0.3.3
[INFO] [stderr]     Checking async-std v1.9.0
[INFO] [stderr]     Checking futures-executor v0.3.16
[INFO] [stderr]     Checking pin-project v1.0.8
[INFO] [stderr]     Checking asynchronous-codec v0.6.0
[INFO] [stderr]     Checking futures v0.3.16
[INFO] [stderr]     Checking wasm-timer v0.2.5
[INFO] [stderr]     Checking tracing-futures v0.2.5
[INFO] [stderr]     Checking unsigned-varint v0.7.0
[INFO] [stderr]     Checking sp-utils v4.0.0-dev (https://github.com/paritytech/substrate.git?tag=monthly-2021-08#4d28ebeb)
[INFO] [stderr]     Checking chacha20 v0.5.0
[INFO] [stderr]    Compiling prost v0.7.0
[INFO] [stderr]     Checking multistream-select v0.10.2
[INFO] [stderr]     Checking chacha20poly1305 v0.6.0
[INFO] [stderr]     Checking trust-dns-proto v0.20.3
[INFO] [stderr]     Checking if-watch v0.2.2
[INFO] [stderr]    Compiling wasm-bindgen-macro-support v0.2.74
[INFO] [stderr]     Checking x25519-dalek v1.1.1
[INFO] [stderr]     Checking rustls v0.19.1
[INFO] [stderr]    Compiling serde v1.0.130
[INFO] [stderr]    Compiling prost-types v0.7.0
[INFO] [stderr]     Checking pin-project v0.4.28
[INFO] [stderr]    Compiling minicbor-derive v0.6.4
[INFO] [stderr]     Checking rw-stream-sink v0.2.1
[INFO] [stderr]    Compiling frame-support-procedural-tools-derive v3.0.0 (https://github.com/paritytech/substrate.git?tag=monthly-2021-08#4d28ebeb)
[INFO] [stderr]     Checking tokio-util v0.3.1
[INFO] [stderr]     Checking soketto v0.4.2
[INFO] [stderr]     Checking yamux v0.9.0
[INFO] [stderr]     Checking libp2p-pnet v0.20.0
[INFO] [stderr]    Compiling libp2p-swarm-derive v0.23.0
[INFO] [stderr]     Checking tokio-io v0.1.13
[INFO] [stderr]     Checking tokio-threadpool v0.1.18
[INFO] [stderr]    Compiling wasm-bindgen-macro v0.2.74
[INFO] [stderr]    Compiling data-encoding-macro-internal v0.1.10
[INFO] [stderr]    Compiling nalgebra-macros v0.1.0
[INFO] [stderr]     Checking asynchronous-codec v0.5.0
[INFO] [stderr]     Checking trust-dns-resolver v0.20.3
[INFO] [stderr]     Checking tokio-reactor v0.1.12
[INFO] [stderr]     Checking tokio-codec v0.1.2
[INFO] [stderr]     Checking unsigned-varint v0.6.0
[INFO] [stderr]     Checking globset v0.4.8
[INFO] [stderr]     Checking tokio-fs v0.1.7
[INFO] [stderr]    Compiling librocksdb-sys v6.20.3
[INFO] [stderr]     Checking futures-rustls v0.21.1
[INFO] [stderr]     Checking tokio-udp v0.1.6
[INFO] [stderr]     Checking tokio-uds v0.2.7
[INFO] [stderr]     Checking tokio-tcp v0.1.4
[INFO] [stderr]     Checking mio-extras v2.0.6
[INFO] [stderr]     Checking want v0.2.0
[INFO] [stderr]     Checking rustls v0.18.1
[INFO] [stderr]    Compiling wasm-gc-api v0.1.11
[INFO] [stderr]     Checking intervalier v0.4.0
[INFO] [stderr]     Checking tokio v0.1.22
[INFO] [stderr]     Checking parity-ws v0.10.1
[INFO] [stderr]     Checking parity-db v0.2.4
[INFO] [stderr]     Checking async-std-resolver v0.20.3
[INFO] [stderr]    Compiling strum_macros v0.20.1
[INFO] [stderr]     Checking data-encoding-macro v0.1.12
[INFO] [stderr]     Checking nalgebra v0.27.1
[INFO] [stderr]     Checking multibase v0.8.0
[INFO] [stderr]     Checking exit-future v0.2.0
[INFO] [stderr]     Checking tokio-named-pipes v0.1.0
[INFO] [stderr]     Checking parity-tokio-ipc v0.4.0
[INFO] [stderr]    Compiling structopt-derive v0.4.15
[INFO] [stderr]    Compiling pest_derive v2.1.0
[INFO] [stderr]     Checking minicbor v0.8.1
[INFO] [stderr]     Checking failure v0.1.8
[INFO] [stderr]     Checking js-sys v0.3.51
[INFO] [stderr]     Checking ed25519-dalek v1.0.1
[INFO] [stderr]     Checking impl-serde v0.3.1
[INFO] [stderr]     Checking erased-serde v0.3.16
[INFO] [stderr]     Checking tracing-serde v0.1.2
[INFO] [stderr]     Checking indexmap v1.7.0
[INFO] [stderr]     Checking cranelift-entity v0.74.0
[INFO] [stderr]     Checking cranelift-codegen-shared v0.74.0
[INFO] [stderr]     Checking regalloc v0.0.31
[INFO] [stderr]     Checking toml v0.5.8
[INFO] [stderr]     Checking gimli v0.24.0
[INFO] [stderr]     Checking slog v2.7.0
[INFO] [stderr]     Checking cranelift-bforest v0.74.0
[INFO] [stderr]     Checking tracing-subscriber v0.2.19
[INFO] [stderr]     Checking h2 v0.2.7
[INFO] [stderr]     Checking object v0.24.0
[INFO] [stderr]     Checking sp-serializer v3.0.0 (https://github.com/paritytech/substrate.git?tag=monthly-2021-08#4d28ebeb)
[INFO] [stderr]     Checking bincode v1.3.3
[INFO] [stderr]    Compiling cranelift-codegen-meta v0.74.0
[INFO] [stderr]    Compiling petgraph v0.5.1
[INFO] [stderr]     Checking jsonrpc-core v15.1.0
[INFO] [stderr]     Checking h2 v0.1.26
[INFO] [stderr]     Checking wasm-bindgen-futures v0.4.24
[INFO] [stderr]    Compiling cargo-platform v0.1.1
[INFO] [stderr]    Compiling proc-macro-crate v1.0.0
[INFO] [stderr]     Checking jsonrpc-pubsub v15.1.0
[INFO] [stderr]     Checking jsonrpc-server-utils v15.1.0
[INFO] [stderr]    Compiling frame-support-procedural-tools v4.0.0-dev (https://github.com/paritytech/substrate.git?tag=monthly-2021-08#4d28ebeb)
[INFO] [stderr]    Compiling proc-macro-crate v0.1.5
[INFO] [stderr]     Checking jsonrpc-client-transports v15.1.0
[INFO] [stderr]     Checking jsonrpc-ws-server v15.1.0
[INFO] [stderr]     Checking jsonrpc-core-client v15.1.0
[INFO] [stderr]     Checking jsonrpc-ipc-server v15.1.0
[INFO] [stderr]    Compiling semver v0.11.0
[INFO] [stderr]    Compiling parity-scale-codec-derive v2.2.0
[INFO] [stderr]    Compiling sp-runtime-interface-proc-macro v4.0.0-dev (https://github.com/paritytech/substrate.git?tag=monthly-2021-08#4d28ebeb)
[INFO] [stderr]    Compiling sp-api-proc-macro v4.0.0-dev (https://github.com/paritytech/substrate.git?tag=monthly-2021-08#4d28ebeb)
[INFO] [stderr]    Compiling multihash-derive v0.7.2
[INFO] [stderr]    Compiling frame-support-procedural v4.0.0-dev (https://github.com/paritytech/substrate.git?tag=monthly-2021-08#4d28ebeb)
[INFO] [stderr]    Compiling scale-info-derive v0.7.0
[INFO] [stderr]    Compiling libp2p-core v0.28.3
[INFO] [stderr]    Compiling libp2p-identify v0.29.0
[INFO] [stderr]     Checking addr2line v0.15.2
[INFO] [stderr]    Compiling libp2p-gossipsub v0.30.1
[INFO] [stderr]    Compiling libp2p-plaintext v0.28.0
[INFO] [stderr]     Checking hyper v0.13.10
[INFO] [stderr]     Checking multihash v0.13.2
[INFO] [stderr] error: could not compile `cranelift-codegen-meta` (lib)
[INFO] [stderr] 
[INFO] [stderr] Caused by:
[INFO] [stderr]   process didn't exit successfully: `rustc --crate-name cranelift_codegen_meta --edition=2018 /opt/rustwide/cargo-home/registry/src/index.crates.io-6f17d22bba15001f/cranelift-codegen-meta-0.74.0/src/lib.rs --error-format=json --json=diagnostic-rendered-ansi,artifacts,future-incompat --crate-type lib --emit=dep-info,metadata,link -C embed-bitcode=no -C metadata=e411ac23ef280881 -C extra-filename=-e411ac23ef280881 --out-dir /opt/rustwide/target/debug/deps -L dependency=/opt/rustwide/target/debug/deps --extern cranelift_codegen_shared=/opt/rustwide/target/debug/deps/libcranelift_codegen_shared-a19695329100ab95.rmeta --extern cranelift_entity=/opt/rustwide/target/debug/deps/libcranelift_entity-2af25c8c71f51b4a.rmeta --cap-lints allow --cap-lints=warn` (signal: 9, SIGKILL: kill)
[INFO] [stderr] warning: build failed, waiting for other jobs to finish...
[INFO] [stderr] error: could not compile `sp-api-proc-macro` (lib)
[INFO] [stderr] 
[INFO] [stderr] Caused by:
[INFO] [stderr]   process didn't exit successfully: `rustc --crate-name sp_api_proc_macro --edition=2018 /opt/rustwide/cargo-home/git/checkouts/substrate-7e08433d4c370a21/4d28ebe/primitives/api/proc-macro/src/lib.rs --error-format=json --json=diagnostic-rendered-ansi,artifacts,future-incompat --crate-type proc-macro --emit=dep-info,link -C prefer-dynamic -C embed-bitcode=no --cfg 'feature="default"' --cfg 'feature="std"' -C metadata=318bc9833debc430 -C extra-filename=-318bc9833debc430 --out-dir /opt/rustwide/target/debug/deps -L dependency=/opt/rustwide/target/debug/deps --extern blake2_rfc=/opt/rustwide/target/debug/deps/libblake2_rfc-6427807ff79677c9.rlib --extern proc_macro_crate=/opt/rustwide/target/debug/deps/libproc_macro_crate-cd535018b3daa8af.rlib --extern proc_macro2=/opt/rustwide/target/debug/deps/libproc_macro2-eafd18767b8e4402.rlib --extern quote=/opt/rustwide/target/debug/deps/libquote-bf96f0d3443ebd88.rlib --extern syn=/opt/rustwide/target/debug/deps/libsyn-0bead66ac4d32f36.rlib --extern proc_macro --cap-lints allow --cap-lints=warn` (signal: 9, SIGKILL: kill)
[INFO] [stderr] error: could not compile `nalgebra` (lib)
[INFO] [stderr] 
[INFO] [stderr] Caused by:
[INFO] [stderr]   process didn't exit successfully: `rustc --crate-name nalgebra --edition=2018 /opt/rustwide/cargo-home/registry/src/index.crates.io-6f17d22bba15001f/nalgebra-0.27.1/src/lib.rs --error-format=json --json=diagnostic-rendered-ansi,artifacts,future-incompat --crate-type lib --emit=dep-info,metadata -C embed-bitcode=no -C debuginfo=2 --cfg 'feature="default"' --cfg 'feature="macros"' --cfg 'feature="matrixmultiply"' --cfg 'feature="nalgebra-macros"' --cfg 'feature="rand"' --cfg 'feature="rand-no-std"' --cfg 'feature="rand-package"' --cfg 'feature="rand_distr"' --cfg 'feature="std"' -C metadata=6a465737c3d8d195 -C extra-filename=-6a465737c3d8d195 --out-dir /opt/rustwide/target/debug/deps -L dependency=/opt/rustwide/target/debug/deps --extern approx=/opt/rustwide/target/debug/deps/libapprox-f9eaa0390d55ceea.rmeta --extern matrixmultiply=/opt/rustwide/target/debug/deps/libmatrixmultiply-4fadda5291034e66.rmeta --extern nalgebra_macros=/opt/rustwide/target/debug/deps/libnalgebra_macros-7441d268e9b4f183.so --extern num_complex=/opt/rustwide/target/debug/deps/libnum_complex-cef0fda38b4e94f4.rmeta --extern num_rational=/opt/rustwide/target/debug/deps/libnum_rational-25e8915906d156c4.rmeta --extern num_traits=/opt/rustwide/target/debug/deps/libnum_traits-7190a114b0b2d5f2.rmeta --extern rand_package=/opt/rustwide/target/debug/deps/librand-541ca7ee13317885.rmeta --extern rand_distr=/opt/rustwide/target/debug/deps/librand_distr-423d09f5a54e470f.rmeta --extern simba=/opt/rustwide/target/debug/deps/libsimba-bdf1810250c84545.rmeta --extern typenum=/opt/rustwide/target/debug/deps/libtypenum-af4d5a77daa150a2.rmeta --cap-lints allow --cap-lints=warn` (signal: 9, SIGKILL: kill)
[INFO] [stderr] error: could not compile `frame-support-procedural` (lib)
[INFO] [stderr] 
[INFO] [stderr] Caused by:
[INFO] [stderr]   process didn't exit successfully: `rustc --crate-name frame_support_procedural --edition=2018 /opt/rustwide/cargo-home/git/checkouts/substrate-7e08433d4c370a21/4d28ebe/frame/support/procedural/src/lib.rs --error-format=json --json=diagnostic-rendered-ansi,artifacts,future-incompat --crate-type proc-macro --emit=dep-info,link -C prefer-dynamic -C embed-bitcode=no --cfg 'feature="std"' -C metadata=66e463d730757f9d -C extra-filename=-66e463d730757f9d --out-dir /opt/rustwide/target/debug/deps -L dependency=/opt/rustwide/target/debug/deps --extern inflector=/opt/rustwide/target/debug/deps/libinflector-bf3e07d5ae7c1fb7.rlib --extern frame_support_procedural_tools=/opt/rustwide/target/debug/deps/libframe_support_procedural_tools-2dc3e80795444c6d.rlib --extern proc_macro2=/opt/rustwide/target/debug/deps/libproc_macro2-eafd18767b8e4402.rlib --extern quote=/opt/rustwide/target/debug/deps/libquote-bf96f0d3443ebd88.rlib --extern syn=/opt/rustwide/target/debug/deps/libsyn-0bead66ac4d32f36.rlib --extern proc_macro --cap-lints allow --cap-lints=warn` (signal: 9, SIGKILL: kill)
[INFO] [stderr] The following warnings were emitted during compilation:
[INFO] [stderr] 
[INFO] [stderr] warning: cc: fatal error: Killed signal terminated program cc1
[INFO] [stderr] warning: compilation terminated.
[INFO] [stderr] 
[INFO] [stderr] error: failed to run custom build command for `zstd-sys v1.4.20+zstd.1.4.9`
[INFO] [stderr] note: To improve backtraces for build dependencies, set the CARGO_PROFILE_DEV_BUILD_OVERRIDE_DEBUG=true environment variable to enable debug information generation.
[INFO] [stderr] 
[INFO] [stderr] Caused by:
[INFO] [stderr]   process didn't exit successfully: `/opt/rustwide/target/debug/build/zstd-sys-274e38543a15369d/build-script-build` (exit status: 1)
[INFO] [stderr]   --- stdout
[INFO] [stderr]   TARGET = Some("x86_64-unknown-linux-gnu")
[INFO] [stderr]   HOST = Some("x86_64-unknown-linux-gnu")
[INFO] [stderr]   CC_x86_64-unknown-linux-gnu = None
[INFO] [stderr]   CC_x86_64_unknown_linux_gnu = None
[INFO] [stderr]   HOST_CC = None
[INFO] [stderr]   CC = None
[INFO] [stderr]   CFLAGS_x86_64-unknown-linux-gnu = None
[INFO] [stderr]   CFLAGS_x86_64_unknown_linux_gnu = None
[INFO] [stderr]   HOST_CFLAGS = None
[INFO] [stderr]   CFLAGS = None
[INFO] [stderr]   CRATE_CC_NO_DEFAULTS = None
[INFO] [stderr]   DEBUG = Some("true")
[INFO] [stderr]   CARGO_CFG_TARGET_FEATURE = Some("fxsr,sse,sse2")
[INFO] [stderr]   running: "cc" "-O3" "-ffunction-sections" "-fdata-sections" "-fPIC" "-g" "-fno-omit-frame-pointer" "-m64" "-I" "zstd/lib/" "-I" "zstd/lib/common" "-I" "zstd/lib/legacy" "-fvisibility=hidden" "-DZSTD_LIB_DEPRECATED=0" "-DZSTDLIB_VISIBILITY=" "-DZDICTLIB_VISIBILITY=" "-DZSTDERRORLIB_VISIBILITY=" "-o" "/opt/rustwide/target/debug/build/zstd-sys-ecb97a97a492b4ae/out/zstd/lib/common/threading.o" "-c" "zstd/lib/common/threading.c"
[INFO] [stderr]   exit status: 0
[INFO] [stderr]   running: "cc" "-O3" "-ffunction-sections" "-fdata-sections" "-fPIC" "-g" "-fno-omit-frame-pointer" "-m64" "-I" "zstd/lib/" "-I" "zstd/lib/common" "-I" "zstd/lib/legacy" "-fvisibility=hidden" "-DZSTD_LIB_DEPRECATED=0" "-DZSTDLIB_VISIBILITY=" "-DZDICTLIB_VISIBILITY=" "-DZSTDERRORLIB_VISIBILITY=" "-o" "/opt/rustwide/target/debug/build/zstd-sys-ecb97a97a492b4ae/out/zstd/lib/common/zstd_common.o" "-c" "zstd/lib/common/zstd_common.c"
[INFO] [stderr]   exit status: 0
[INFO] [stderr]   running: "cc" "-O3" "-ffunction-sections" "-fdata-sections" "-fPIC" "-g" "-fno-omit-frame-pointer" "-m64" "-I" "zstd/lib/" "-I" "zstd/lib/common" "-I" "zstd/lib/legacy" "-fvisibility=hidden" "-DZSTD_LIB_DEPRECATED=0" "-DZSTDLIB_VISIBILITY=" "-DZDICTLIB_VISIBILITY=" "-DZSTDERRORLIB_VISIBILITY=" "-o" "/opt/rustwide/target/debug/build/zstd-sys-ecb97a97a492b4ae/out/zstd/lib/common/fse_decompress.o" "-c" "zstd/lib/common/fse_decompress.c"
[INFO] [stderr]   exit status: 0
[INFO] [stderr]   running: "cc" "-O3" "-ffunction-sections" "-fdata-sections" "-fPIC" "-g" "-fno-omit-frame-pointer" "-m64" "-I" "zstd/lib/" "-I" "zstd/lib/common" "-I" "zstd/lib/legacy" "-fvisibility=hidden" "-DZSTD_LIB_DEPRECATED=0" "-DZSTDLIB_VISIBILITY=" "-DZDICTLIB_VISIBILITY=" "-DZSTDERRORLIB_VISIBILITY=" "-o" "/opt/rustwide/target/debug/build/zstd-sys-ecb97a97a492b4ae/out/zstd/lib/common/entropy_common.o" "-c" "zstd/lib/common/entropy_common.c"
[INFO] [stderr]   running: "cc" "-O3" "-ffunction-sections" "-fdata-sections" "-fPIC" "-g" "-fno-omit-frame-pointer" "-m64" "-I" "zstd/lib/" "-I" "zstd/lib/common" "-I" "zstd/lib/legacy" "-fvisibility=hidden" "-DZSTD_LIB_DEPRECATED=0" "-DZSTDLIB_VISIBILITY=" "-DZDICTLIB_VISIBILITY=" "-DZSTDERRORLIB_VISIBILITY=" "-o" "/opt/rustwide/target/debug/build/zstd-sys-ecb97a97a492b4ae/out/zstd/lib/common/xxhash.o" "-c" "zstd/lib/common/xxhash.c"
[INFO] [stderr]   exit status: 0
[INFO] [stderr]   running: "cc" "-O3" "-ffunction-sections" "-fdata-sections" "-fPIC" "-g" "-fno-omit-frame-pointer" "-m64" "-I" "zstd/lib/" "-I" "zstd/lib/common" "-I" "zstd/lib/legacy" "-fvisibility=hidden" "-DZSTD_LIB_DEPRECATED=0" "-DZSTDLIB_VISIBILITY=" "-DZDICTLIB_VISIBILITY=" "-DZSTDERRORLIB_VISIBILITY=" "-o" "/opt/rustwide/target/debug/build/zstd-sys-ecb97a97a492b4ae/out/zstd/lib/common/debug.o" "-c" "zstd/lib/common/debug.c"
[INFO] [stderr]   exit status: 0
[INFO] [stderr]   exit status: 0
[INFO] [stderr]   running: "cc" "-O3" "-ffunction-sections" "-fdata-sections" "-fPIC" "-g" "-fno-omit-frame-pointer" "-m64" "-I" "zstd/lib/" "-I" "zstd/lib/common" "-I" "zstd/lib/legacy" "-fvisibility=hidden" "-DZSTD_LIB_DEPRECATED=0" "-DZSTDLIB_VISIBILITY=" "-DZDICTLIB_VISIBILITY=" "-DZSTDERRORLIB_VISIBILITY=" "-o" "/opt/rustwide/target/debug/build/zstd-sys-ecb97a97a492b4ae/out/zstd/lib/common/pool.o" "-c" "zstd/lib/common/pool.c"
[INFO] [stderr]   exit status: 0
[INFO] [stderr]   running: "cc" "-O3" "-ffunction-sections" "-fdata-sections" "-fPIC" "-g" "-fno-omit-frame-pointer" "-m64" "-I" "zstd/lib/" "-I" "zstd/lib/common" "-I" "zstd/lib/legacy" "-fvisibility=hidden" "-DZSTD_LIB_DEPRECATED=0" "-DZSTDLIB_VISIBILITY=" "-DZDICTLIB_VISIBILITY=" "-DZSTDERRORLIB_VISIBILITY=" "-o" "/opt/rustwide/target/debug/build/zstd-sys-ecb97a97a492b4ae/out/zstd/lib/common/error_private.o" "-c" "zstd/lib/common/error_private.c"
[INFO] [stderr]   running: "cc" "-O3" "-ffunction-sections" "-fdata-sections" "-fPIC" "-g" "-fno-omit-frame-pointer" "-m64" "-I" "zstd/lib/" "-I" "zstd/lib/common" "-I" "zstd/lib/legacy" "-fvisibility=hidden" "-DZSTD_LIB_DEPRECATED=0" "-DZSTDLIB_VISIBILITY=" "-DZDICTLIB_VISIBILITY=" "-DZSTDERRORLIB_VISIBILITY=" "-o" "/opt/rustwide/target/debug/build/zstd-sys-ecb97a97a492b4ae/out/zstd/lib/common/zstd_trace.o" "-c" "zstd/lib/common/zstd_trace.c"
[INFO] [stderr]   exit status: 0
[INFO] [stderr]   running: "cc" "-O3" "-ffunction-sections" "-fdata-sections" "-fPIC" "-g" "-fno-omit-frame-pointer" "-m64" "-I" "zstd/lib/" "-I" "zstd/lib/common" "-I" "zstd/lib/legacy" "-fvisibility=hidden" "-DZSTD_LIB_DEPRECATED=0" "-DZSTDLIB_VISIBILITY=" "-DZDICTLIB_VISIBILITY=" "-DZSTDERRORLIB_VISIBILITY=" "-o" "/opt/rustwide/target/debug/build/zstd-sys-ecb97a97a492b4ae/out/zstd/lib/compress/zstd_ldm.o" "-c" "zstd/lib/compress/zstd_ldm.c"
[INFO] [stderr]   exit status: 0
[INFO] [stderr]   running: "cc" "-O3" "-ffunction-sections" "-fdata-sections" "-fPIC" "-g" "-fno-omit-frame-pointer" "-m64" "-I" "zstd/lib/" "-I" "zstd/lib/common" "-I" "zstd/lib/legacy" "-fvisibility=hidden" "-DZSTD_LIB_DEPRECATED=0" "-DZSTDLIB_VISIBILITY=" "-DZDICTLIB_VISIBILITY=" "-DZSTDERRORLIB_VISIBILITY=" "-o" "/opt/rustwide/target/debug/build/zstd-sys-ecb97a97a492b4ae/out/zstd/lib/compress/zstd_lazy.o" "-c" "zstd/lib/compress/zstd_lazy.c"
[INFO] [stderr]   running: "cc" "-O3" "-ffunction-sections" "-fdata-sections" "-fPIC" "-g" "-fno-omit-frame-pointer" "-m64" "-I" "zstd/lib/" "-I" "zstd/lib/common" "-I" "zstd/lib/legacy" "-fvisibility=hidden" "-DZSTD_LIB_DEPRECATED=0" "-DZSTDLIB_VISIBILITY=" "-DZDICTLIB_VISIBILITY=" "-DZSTDERRORLIB_VISIBILITY=" "-o" "/opt/rustwide/target/debug/build/zstd-sys-ecb97a97a492b4ae/out/zstd/lib/compress/zstd_compress.o" "-c" "zstd/lib/compress/zstd_compress.c"
[INFO] [stderr]   exit status: 0
[INFO] [stderr]   running: "cc" "-O3" "-ffunction-sections" "-fdata-sections" "-fPIC" "-g" "-fno-omit-frame-pointer" "-m64" "-I" "zstd/lib/" "-I" "zstd/lib/common" "-I" "zstd/lib/legacy" "-fvisibility=hidden" "-DZSTD_LIB_DEPRECATED=0" "-DZSTDLIB_VISIBILITY=" "-DZDICTLIB_VISIBILITY=" "-DZSTDERRORLIB_VISIBILITY=" "-o" "/opt/rustwide/target/debug/build/zstd-sys-ecb97a97a492b4ae/out/zstd/lib/compress/zstd_double_fast.o" "-c" "zstd/lib/compress/zstd_double_fast.c"
[INFO] [stderr]   exit status: 0
[INFO] [stderr]   running: "cc" "-O3" "-ffunction-sections" "-fdata-sections" "-fPIC" "-g" "-fno-omit-frame-pointer" "-m64" "-I" "zstd/lib/" "-I" "zstd/lib/common" "-I" "zstd/lib/legacy" "-fvisibility=hidden" "-DZSTD_LIB_DEPRECATED=0" "-DZSTDLIB_VISIBILITY=" "-DZDICTLIB_VISIBILITY=" "-DZSTDERRORLIB_VISIBILITY=" "-o" "/opt/rustwide/target/debug/build/zstd-sys-ecb97a97a492b4ae/out/zstd/lib/compress/zstd_fast.o" "-c" "zstd/lib/compress/zstd_fast.c"
[INFO] [stderr]   exit status: 0
[INFO] [stderr]   exit status: 0
[INFO] [stderr]   running: "cc" "-O3" "-ffunction-sections" "-fdata-sections" "-fPIC" "-g" "-fno-omit-frame-pointer" "-m64" "-I" "zstd/lib/" "-I" "zstd/lib/common" "-I" "zstd/lib/legacy" "-fvisibility=hidden" "-DZSTD_LIB_DEPRECATED=0" "-DZSTDLIB_VISIBILITY=" "-DZDICTLIB_VISIBILITY=" "-DZSTDERRORLIB_VISIBILITY=" "-o" "/opt/rustwide/target/debug/build/zstd-sys-ecb97a97a492b4ae/out/zstd/lib/compress/huf_compress.o" "-c" "zstd/lib/compress/huf_compress.c"
[INFO] [stderr]   exit status: 0
[INFO] [stderr]   exit status: 0
[INFO] [stderr]   running: "cc" "-O3" "-ffunction-sections" "-fdata-sections" "-fPIC" "-g" "-fno-omit-frame-pointer" "-m64" "-I" "zstd/lib/" "-I" "zstd/lib/common" "-I" "zstd/lib/legacy" "-fvisibility=hidden" "-DZSTD_LIB_DEPRECATED=0" "-DZSTDLIB_VISIBILITY=" "-DZDICTLIB_VISIBILITY=" "-DZSTDERRORLIB_VISIBILITY=" "-o" "/opt/rustwide/target/debug/build/zstd-sys-ecb97a97a492b4ae/out/zstd/lib/compress/zstdmt_compress.o" "-c" "zstd/lib/compress/zstdmt_compress.c"
[INFO] [stderr]   exit status: 0
[INFO] [stderr]   running: "cc" "-O3" "-ffunction-sections" "-fdata-sections" "-fPIC" "-g" "-fno-omit-frame-pointer" "-m64" "-I" "zstd/lib/" "-I" "zstd/lib/common" "-I" "zstd/lib/legacy" "-fvisibility=hidden" "-DZSTD_LIB_DEPRECATED=0" "-DZSTDLIB_VISIBILITY=" "-DZDICTLIB_VISIBILITY=" "-DZSTDERRORLIB_VISIBILITY=" "-o" "/opt/rustwide/target/debug/build/zstd-sys-ecb97a97a492b4ae/out/zstd/lib/compress/hist.o" "-c" "zstd/lib/compress/hist.c"
[INFO] [stderr]   exit status: 0
[INFO] [stderr]   running: "cc" "-O3" "-ffunction-sections" "-fdata-sections" "-fPIC" "-g" "-fno-omit-frame-pointer" "-m64" "-I" "zstd/lib/" "-I" "zstd/lib/common" "-I" "zstd/lib/legacy" "-fvisibility=hidden" "-DZSTD_LIB_DEPRECATED=0" "-DZSTDLIB_VISIBILITY=" "-DZDICTLIB_VISIBILITY=" "-DZSTDERRORLIB_VISIBILITY=" "-o" "/opt/rustwide/target/debug/build/zstd-sys-ecb97a97a492b4ae/out/zstd/lib/compress/zstd_compress_literals.o" "-c" "zstd/lib/compress/zstd_compress_literals.c"
[INFO] [stderr]   running: "cc" "-O3" "-ffunction-sections" "-fdata-sections" "-fPIC" "-g" "-fno-omit-frame-pointer" "-m64" "-I" "zstd/lib/" "-I" "zstd/lib/common" "-I" "zstd/lib/legacy" "-fvisibility=hidden" "-DZSTD_LIB_DEPRECATED=0" "-DZSTDLIB_VISIBILITY=" "-DZDICTLIB_VISIBILITY=" "-DZSTDERRORLIB_VISIBILITY=" "-o" "/opt/rustwide/target/debug/build/zstd-sys-ecb97a97a492b4ae/out/zstd/lib/compress/zstd_opt.o" "-c" "zstd/lib/compress/zstd_opt.c"
[INFO] [stderr]   exit status: 0
[INFO] [stderr]   running: "cc" "-O3" "-ffunction-sections" "-fdata-sections" "-fPIC" "-g" "-fno-omit-frame-pointer" "-m64" "-I" "zstd/lib/" "-I" "zstd/lib/common" "-I" "zstd/lib/legacy" "-fvisibility=hidden" "-DZSTD_LIB_DEPRECATED=0" "-DZSTDLIB_VISIBILITY=" "-DZDICTLIB_VISIBILITY=" "-DZSTDERRORLIB_VISIBILITY=" "-o" "/opt/rustwide/target/debug/build/zstd-sys-ecb97a97a492b4ae/out/zstd/lib/compress/fse_compress.o" "-c" "zstd/lib/compress/fse_compress.c"
[INFO] [stderr]   running: "cc" "-O3" "-ffunction-sections" "-fdata-sections" "-fPIC" "-g" "-fno-omit-frame-pointer" "-m64" "-I" "zstd/lib/" "-I" "zstd/lib/common" "-I" "zstd/lib/legacy" "-fvisibility=hidden" "-DZSTD_LIB_DEPRECATED=0" "-DZSTDLIB_VISIBILITY=" "-DZDICTLIB_VISIBILITY=" "-DZSTDERRORLIB_VISIBILITY=" "-o" "/opt/rustwide/target/debug/build/zstd-sys-ecb97a97a492b4ae/out/zstd/lib/compress/zstd_compress_sequences.o" "-c" "zstd/lib/compress/zstd_compress_sequences.c"
[INFO] [stderr]   running: "cc" "-O3" "-ffunction-sections" "-fdata-sections" "-fPIC" "-g" "-fno-omit-frame-pointer" "-m64" "-I" "zstd/lib/" "-I" "zstd/lib/common" "-I" "zstd/lib/legacy" "-fvisibility=hidden" "-DZSTD_LIB_DEPRECATED=0" "-DZSTDLIB_VISIBILITY=" "-DZDICTLIB_VISIBILITY=" "-DZSTDERRORLIB_VISIBILITY=" "-o" "/opt/rustwide/target/debug/build/zstd-sys-ecb97a97a492b4ae/out/zstd/lib/compress/zstd_compress_superblock.o" "-c" "zstd/lib/compress/zstd_compress_superblock.c"
[INFO] [stderr]   exit status: 0
[INFO] [stderr]   exit status: 0
[INFO] [stderr]   running: "cc" "-O3" "-ffunction-sections" "-fdata-sections" "-fPIC" "-g" "-fno-omit-frame-pointer" "-m64" "-I" "zstd/lib/" "-I" "zstd/lib/common" "-I" "zstd/lib/legacy" "-fvisibility=hidden" "-DZSTD_LIB_DEPRECATED=0" "-DZSTDLIB_VISIBILITY=" "-DZDICTLIB_VISIBILITY=" "-DZSTDERRORLIB_VISIBILITY=" "-o" "/opt/rustwide/target/debug/build/zstd-sys-ecb97a97a492b4ae/out/zstd/lib/decompress/huf_decompress.o" "-c" "zstd/lib/decompress/huf_decompress.c"
[INFO] [stderr]   running: "cc" "-O3" "-ffunction-sections" "-fdata-sections" "-fPIC" "-g" "-fno-omit-frame-pointer" "-m64" "-I" "zstd/lib/" "-I" "zstd/lib/common" "-I" "zstd/lib/legacy" "-fvisibility=hidden" "-DZSTD_LIB_DEPRECATED=0" "-DZSTDLIB_VISIBILITY=" "-DZDICTLIB_VISIBILITY=" "-DZSTDERRORLIB_VISIBILITY=" "-o" "/opt/rustwide/target/debug/build/zstd-sys-ecb97a97a492b4ae/out/zstd/lib/decompress/zstd_decompress_block.o" "-c" "zstd/lib/decompress/zstd_decompress_block.c"
[INFO] [stderr]   exit status: 0
[INFO] [stderr]   exit status: 0
[INFO] [stderr]   running: "cc" "-O3" "-ffunction-sections" "-fdata-sections" "-fPIC" "-g" "-fno-omit-frame-pointer" "-m64" "-I" "zstd/lib/" "-I" "zstd/lib/common" "-I" "zstd/lib/legacy" "-fvisibility=hidden" "-DZSTD_LIB_DEPRECATED=0" "-DZSTDLIB_VISIBILITY=" "-DZDICTLIB_VISIBILITY=" "-DZSTDERRORLIB_VISIBILITY=" "-o" "/opt/rustwide/target/debug/build/zstd-sys-ecb97a97a492b4ae/out/zstd/lib/decompress/zstd_decompress.o" "-c" "zstd/lib/decompress/zstd_decompress.c"
[INFO] [stderr]   exit status: 0
[INFO] [stderr]   exit status: 0
[INFO] [stderr]   running: "cc" "-O3" "-ffunction-sections" "-fdata-sections" "-fPIC" "-g" "-fno-omit-frame-pointer" "-m64" "-I" "zstd/lib/" "-I" "zstd/lib/common" "-I" "zstd/lib/legacy" "-fvisibility=hidden" "-DZSTD_LIB_DEPRECATED=0" "-DZSTDLIB_VISIBILITY=" "-DZDICTLIB_VISIBILITY=" "-DZSTDERRORLIB_VISIBILITY=" "-o" "/opt/rustwide/target/debug/build/zstd-sys-ecb97a97a492b4ae/out/zstd/lib/decompress/zstd_ddict.o" "-c" "zstd/lib/decompress/zstd_ddict.c"
[INFO] [stderr]   exit status: 0
[INFO] [stderr]   running: "cc" "-O3" "-ffunction-sections" "-fdata-sections" "-fPIC" "-g" "-fno-omit-frame-pointer" "-m64" "-I" "zstd/lib/" "-I" "zstd/lib/common" "-I" "zstd/lib/legacy" "-fvisibility=hidden" "-DZSTD_LIB_DEPRECATED=0" "-DZSTDLIB_VISIBILITY=" "-DZDICTLIB_VISIBILITY=" "-DZSTDERRORLIB_VISIBILITY=" "-o" "/opt/rustwide/target/debug/build/zstd-sys-ecb97a97a492b4ae/out/zstd/lib/legacy/zstd_v01.o" "-c" "zstd/lib/legacy/zstd_v01.c"
[INFO] [stderr]   running: "cc" "-O3" "-ffunction-sections" "-fdata-sections" "-fPIC" "-g" "-fno-omit-frame-pointer" "-m64" "-I" "zstd/lib/" "-I" "zstd/lib/common" "-I" "zstd/lib/legacy" "-fvisibility=hidden" "-DZSTD_LIB_DEPRECATED=0" "-DZSTDLIB_VISIBILITY=" "-DZDICTLIB_VISIBILITY=" "-DZSTDERRORLIB_VISIBILITY=" "-o" "/opt/rustwide/target/debug/build/zstd-sys-ecb97a97a492b4ae/out/zstd/lib/legacy/zstd_v06.o" "-c" "zstd/lib/legacy/zstd_v06.c"
[INFO] [stderr]   running: "cc" "-O3" "-ffunction-sections" "-fdata-sections" "-fPIC" "-g" "-fno-omit-frame-pointer" "-m64" "-I" "zstd/lib/" "-I" "zstd/lib/common" "-I" "zstd/lib/legacy" "-fvisibility=hidden" "-DZSTD_LIB_DEPRECATED=0" "-DZSTDLIB_VISIBILITY=" "-DZDICTLIB_VISIBILITY=" "-DZSTDERRORLIB_VISIBILITY=" "-o" "/opt/rustwide/target/debug/build/zstd-sys-ecb97a97a492b4ae/out/zstd/lib/legacy/zstd_v02.o" "-c" "zstd/lib/legacy/zstd_v02.c"
[INFO] [stderr]   running: "cc" "-O3" "-ffunction-sections" "-fdata-sections" "-fPIC" "-g" "-fno-omit-frame-pointer" "-m64" "-I" "zstd/lib/" "-I" "zstd/lib/common" "-I" "zstd/lib/legacy" "-fvisibility=hidden" "-DZSTD_LIB_DEPRECATED=0" "-DZSTDLIB_VISIBILITY=" "-DZDICTLIB_VISIBILITY=" "-DZSTDERRORLIB_VISIBILITY=" "-o" "/opt/rustwide/target/debug/build/zstd-sys-ecb97a97a492b4ae/out/zstd/lib/legacy/zstd_v07.o" "-c" "zstd/lib/legacy/zstd_v07.c"
[INFO] [stderr]   exit status: 0
[INFO] [stderr]   running: "cc" "-O3" "-ffunction-sections" "-fdata-sections" "-fPIC" "-g" "-fno-omit-frame-pointer" "-m64" "-I" "zstd/lib/" "-I" "zstd/lib/common" "-I" "zstd/lib/legacy" "-fvisibility=hidden" "-DZSTD_LIB_DEPRECATED=0" "-DZSTDLIB_VISIBILITY=" "-DZDICTLIB_VISIBILITY=" "-DZSTDERRORLIB_VISIBILITY=" "-o" "/opt/rustwide/target/debug/build/zstd-sys-ecb97a97a492b4ae/out/zstd/lib/legacy/zstd_v03.o" "-c" "zstd/lib/legacy/zstd_v03.c"
[INFO] [stderr]   running: "cc" "-O3" "-ffunction-sections" "-fdata-sections" "-fPIC" "-g" "-fno-omit-frame-pointer" "-m64" "-I" "zstd/lib/" "-I" "zstd/lib/common" "-I" "zstd/lib/legacy" "-fvisibility=hidden" "-DZSTD_LIB_DEPRECATED=0" "-DZSTDLIB_VISIBILITY=" "-DZDICTLIB_VISIBILITY=" "-DZSTDERRORLIB_VISIBILITY=" "-o" "/opt/rustwide/target/debug/build/zstd-sys-ecb97a97a492b4ae/out/zstd/lib/legacy/zstd_v04.o" "-c" "zstd/lib/legacy/zstd_v04.c"
[INFO] [stderr]   running: "cc" "-O3" "-ffunction-sections" "-fdata-sections" "-fPIC" "-g" "-fno-omit-frame-pointer" "-m64" "-I" "zstd/lib/" "-I" "zstd/lib/common" "-I" "zstd/lib/legacy" "-fvisibility=hidden" "-DZSTD_LIB_DEPRECATED=0" "-DZSTDLIB_VISIBILITY=" "-DZDICTLIB_VISIBILITY=" "-DZSTDERRORLIB_VISIBILITY=" "-o" "/opt/rustwide/target/debug/build/zstd-sys-ecb97a97a492b4ae/out/zstd/lib/legacy/zstd_v05.o" "-c" "zstd/lib/legacy/zstd_v05.c"
[INFO] [stderr]   running: "cc" "-O3" "-ffunction-sections" "-fdata-sections" "-fPIC" "-g" "-fno-omit-frame-pointer" "-m64" "-I" "zstd/lib/" "-I" "zstd/lib/common" "-I" "zstd/lib/legacy" "-fvisibility=hidden" "-DZSTD_LIB_DEPRECATED=0" "-DZSTDLIB_VISIBILITY=" "-DZDICTLIB_VISIBILITY=" "-DZSTDERRORLIB_VISIBILITY=" "-o" "/opt/rustwide/target/debug/build/zstd-sys-ecb97a97a492b4ae/out/zstd/lib/dictBuilder/fastcover.o" "-c" "zstd/lib/dictBuilder/fastcover.c"
[INFO] [stderr]   exit status: 0
[INFO] [stderr]   exit status: 0
[INFO] [stderr]   running: "cc" "-O3" "-ffunction-sections" "-fdata-sections" "-fPIC" "-g" "-fno-omit-frame-pointer" "-m64" "-I" "zstd/lib/" "-I" "zstd/lib/common" "-I" "zstd/lib/legacy" "-fvisibility=hidden" "-DZSTD_LIB_DEPRECATED=0" "-DZSTDLIB_VISIBILITY=" "-DZDICTLIB_VISIBILITY=" "-DZSTDERRORLIB_VISIBILITY=" "-o" "/opt/rustwide/target/debug/build/zstd-sys-ecb97a97a492b4ae/out/zstd/lib/dictBuilder/divsufsort.o" "-c" "zstd/lib/dictBuilder/divsufsort.c"
[INFO] [stderr]   exit status: 0
[INFO] [stderr]   running: "cc" "-O3" "-ffunction-sections" "-fdata-sections" "-fPIC" "-g" "-fno-omit-frame-pointer" "-m64" "-I" "zstd/lib/" "-I" "zstd/lib/common" "-I" "zstd/lib/legacy" "-fvisibility=hidden" "-DZSTD_LIB_DEPRECATED=0" "-DZSTDLIB_VISIBILITY=" "-DZDICTLIB_VISIBILITY=" "-DZSTDERRORLIB_VISIBILITY=" "-o" "/opt/rustwide/target/debug/build/zstd-sys-ecb97a97a492b4ae/out/zstd/lib/dictBuilder/zdict.o" "-c" "zstd/lib/dictBuilder/zdict.c"
[INFO] [stderr]   exit status: 0
[INFO] [stderr]   exit status: 0
[INFO] [stderr]   running: "cc" "-O3" "-ffunction-sections" "-fdata-sections" "-fPIC" "-g" "-fno-omit-frame-pointer" "-m64" "-I" "zstd/lib/" "-I" "zstd/lib/common" "-I" "zstd/lib/legacy" "-fvisibility=hidden" "-DZSTD_LIB_DEPRECATED=0" "-DZSTDLIB_VISIBILITY=" "-DZDICTLIB_VISIBILITY=" "-DZSTDERRORLIB_VISIBILITY=" "-o" "/opt/rustwide/target/debug/build/zstd-sys-ecb97a97a492b4ae/out/zstd/lib/dictBuilder/cover.o" "-c" "zstd/lib/dictBuilder/cover.c"
[INFO] [stderr]   exit status: 0
[INFO] [stderr]   exit status: 0
[INFO] [stderr]   exit status: 0
[INFO] [stderr]   exit status: 0
[INFO] [stderr]   exit status: 0
[INFO] [stderr]   cargo:warning=cc: fatal error: Killed signal terminated program cc1
[INFO] [stderr]   cargo:warning=compilation terminated.
[INFO] [stderr]   exit status: 1
[INFO] [stderr] 
[INFO] [stderr]   --- stderr
[INFO] [stderr] 
[INFO] [stderr] 
[INFO] [stderr]   error occurred: Command "cc" "-O3" "-ffunction-sections" "-fdata-sections" "-fPIC" "-g" "-fno-omit-frame-pointer" "-m64" "-I" "zstd/lib/" "-I" "zstd/lib/common" "-I" "zstd/lib/legacy" "-fvisibility=hidden" "-DZSTD_LIB_DEPRECATED=0" "-DZSTDLIB_VISIBILITY=" "-DZDICTLIB_VISIBILITY=" "-DZSTDERRORLIB_VISIBILITY=" "-o" "/opt/rustwide/target/debug/build/zstd-sys-ecb97a97a492b4ae/out/zstd/lib/compress/zstd_opt.o" "-c" "zstd/lib/compress/zstd_opt.c" with args "cc" did not execute successfully (status code exit status: 1).
[INFO] [stderr] 
[INFO] [stderr] 
[ERROR] error running command: no output for 300 seconds
[INFO] running `Command { std: "docker" "inspect" "5e59ce4fef0ad1690f1528b337b5959b85c13c8030829b9f03e92d302f16736a", kill_on_drop: false }`
[INFO] running `Command { std: "docker" "rm" "-f" "5e59ce4fef0ad1690f1528b337b5959b85c13c8030829b9f03e92d302f16736a", kill_on_drop: false }`
[INFO] [stdout] 5e59ce4fef0ad1690f1528b337b5959b85c13c8030829b9f03e92d302f16736a
