[INFO] cloning repository https://github.com/Ibexian/char_predictor
[INFO] running `Command { std: "git" "-c" "credential.helper=" "-c" "credential.helper=/workspace/cargo-home/bin/git-credential-null" "clone" "--bare" "https://github.com/Ibexian/char_predictor" "/workspace/cache/git-repos/https%3A%2F%2Fgithub.com%2FIbexian%2Fchar_predictor", kill_on_drop: false }`
[INFO] [stderr] Cloning into bare repository '/workspace/cache/git-repos/https%3A%2F%2Fgithub.com%2FIbexian%2Fchar_predictor'...
[INFO] running `Command { std: "git" "rev-parse" "HEAD", kill_on_drop: false }`
[INFO] [stdout] 4a75007895fc1f57326754287a21332c038fdf0f
[INFO] documenting Ibexian/char_predictor against beta-2023-04-20 for beta-1.70-rustdoc-1
[INFO] running `Command { std: "git" "clone" "/workspace/cache/git-repos/https%3A%2F%2Fgithub.com%2FIbexian%2Fchar_predictor" "/workspace/builds/worker-6-tc2/source", kill_on_drop: false }`
[INFO] [stderr] Cloning into '/workspace/builds/worker-6-tc2/source'...
[INFO] [stderr] done.
[INFO] validating manifest of git repo https://github.com/Ibexian/char_predictor on toolchain beta-2023-04-20
[INFO] running `Command { std: CARGO_HOME="/workspace/cargo-home" RUSTUP_HOME="/workspace/rustup-home" "/workspace/cargo-home/bin/cargo" "+beta-2023-04-20" "metadata" "--manifest-path" "Cargo.toml" "--no-deps", kill_on_drop: false }`
[INFO] started tweaking git repo https://github.com/Ibexian/char_predictor
[INFO] finished tweaking git repo https://github.com/Ibexian/char_predictor
[INFO] tweaked toml for git repo https://github.com/Ibexian/char_predictor written to /workspace/builds/worker-6-tc2/source/Cargo.toml
[INFO] crate git repo https://github.com/Ibexian/char_predictor already has a lockfile, it will not be regenerated
[INFO] running `Command { std: CARGO_HOME="/workspace/cargo-home" RUSTUP_HOME="/workspace/rustup-home" "/workspace/cargo-home/bin/cargo" "+beta-2023-04-20" "fetch" "--manifest-path" "Cargo.toml", kill_on_drop: false }`
[INFO] [stderr]     Updating crates.io index
[INFO] [stderr]  Downloading crates ...
[INFO] [stderr]   Downloaded proc-macro2 v0.4.13
[INFO] [stderr]   Downloaded log v0.4.4
[INFO] [stderr]   Downloaded miniz-sys v0.1.10
[INFO] [stderr]   Downloaded socket2 v0.3.7
[INFO] [stderr]   Downloaded wasm-bindgen-macro-support v0.2.17
[INFO] [stderr]   Downloaded wasm-bindgen v0.2.17
[INFO] [stderr]   Downloaded serde_derive v1.0.74
[INFO] [stderr]   Downloaded wasm-bindgen-backend v0.2.17
[INFO] [stderr]   Downloaded serde v1.0.74
[INFO] [stderr]   Downloaded ryu v0.2.5
[INFO] [stderr]   Downloaded curl v0.4.14
[INFO] [stderr]   Downloaded aligned_alloc v0.1.3
[INFO] [stderr]   Downloaded tensorflow-sys v0.13.0
[INFO] [stderr]   Downloaded libz-sys v1.0.20
[INFO] [stderr]   Downloaded tensorflow v0.10.0
[INFO] [stderr]   Downloaded wasm-bindgen-shared v0.2.17
[INFO] [stderr]   Downloaded curl-sys v0.4.8
[INFO] [stderr]   Downloaded wasm-bindgen-macro v0.2.17
[INFO] [stderr]   Downloaded cc v1.0.20
[INFO] [stderr]   Downloaded flate2 v1.0.2
[INFO] [stderr]   Downloaded pkg-config v0.3.13
[INFO] [stderr]   Downloaded filetime v0.2.1
[INFO] [stderr]   Downloaded tar v0.4.16
[INFO] [stderr]   Downloaded serde_json v1.0.26
[INFO] running `Command { std: "docker" "create" "-v" "/var/lib/crater-agent-workspace/builds/worker-6-tc2/target:/opt/rustwide/target:rw,Z" "-v" "/var/lib/crater-agent-workspace/builds/worker-6-tc2/source:/opt/rustwide/workdir:ro,Z" "-v" "/var/lib/crater-agent-workspace/cargo-home:/opt/rustwide/cargo-home:ro,Z" "-v" "/var/lib/crater-agent-workspace/rustup-home:/opt/rustwide/rustup-home:ro,Z" "-e" "SOURCE_DIR=/opt/rustwide/workdir" "-e" "CARGO_TARGET_DIR=/opt/rustwide/target" "-e" "CARGO_HOME=/opt/rustwide/cargo-home" "-e" "RUSTUP_HOME=/opt/rustwide/rustup-home" "-w" "/opt/rustwide/workdir" "-m" "1610612736" "--user" "0:0" "--network" "none" "ghcr.io/rust-lang/crates-build-env/linux@sha256:5ff2268d62e97bff2cde7d5815dd6ed5b47097566f13b8d0ca110b04b60e07ed" "/opt/rustwide/cargo-home/bin/cargo" "+beta-2023-04-20" "metadata" "--no-deps" "--format-version=1", kill_on_drop: false }`
[INFO] [stdout] 52350933e49c7428c7ecfe01f13ed44776d90bfd28dac9190409c105fd20aed2
[INFO] running `Command { std: "docker" "start" "-a" "52350933e49c7428c7ecfe01f13ed44776d90bfd28dac9190409c105fd20aed2", kill_on_drop: false }`
[INFO] running `Command { std: "docker" "inspect" "52350933e49c7428c7ecfe01f13ed44776d90bfd28dac9190409c105fd20aed2", kill_on_drop: false }`
[INFO] running `Command { std: "docker" "rm" "-f" "52350933e49c7428c7ecfe01f13ed44776d90bfd28dac9190409c105fd20aed2", kill_on_drop: false }`
[INFO] [stdout] 52350933e49c7428c7ecfe01f13ed44776d90bfd28dac9190409c105fd20aed2
[INFO] running `Command { std: "docker" "create" "-v" "/var/lib/crater-agent-workspace/builds/worker-6-tc2/target:/opt/rustwide/target:rw,Z" "-v" "/var/lib/crater-agent-workspace/builds/worker-6-tc2/source:/opt/rustwide/workdir:ro,Z" "-v" "/var/lib/crater-agent-workspace/cargo-home:/opt/rustwide/cargo-home:ro,Z" "-v" "/var/lib/crater-agent-workspace/rustup-home:/opt/rustwide/rustup-home:ro,Z" "-e" "SOURCE_DIR=/opt/rustwide/workdir" "-e" "CARGO_TARGET_DIR=/opt/rustwide/target" "-e" "CARGO_INCREMENTAL=0" "-e" "RUST_BACKTRACE=full" "-e" "RUSTFLAGS=--cap-lints=warn" "-e" "RUSTDOCFLAGS=--cap-lints=warn" "-e" "CARGO_HOME=/opt/rustwide/cargo-home" "-e" "RUSTUP_HOME=/opt/rustwide/rustup-home" "-w" "/opt/rustwide/workdir" "-m" "1610612736" "--user" "0:0" "--network" "none" "ghcr.io/rust-lang/crates-build-env/linux@sha256:5ff2268d62e97bff2cde7d5815dd6ed5b47097566f13b8d0ca110b04b60e07ed" "/opt/rustwide/cargo-home/bin/cargo" "+beta-2023-04-20" "doc" "--frozen" "--no-deps" "--document-private-items" "--message-format=json", kill_on_drop: false }`
[INFO] [stdout] 5988d5e57ac75055b223690707e3007dfc08e58bb8f1762afce215df1583271d
[INFO] running `Command { std: "docker" "start" "-a" "5988d5e57ac75055b223690707e3007dfc08e58bb8f1762afce215df1583271d", kill_on_drop: false }`
[INFO] [stderr]    Compiling cc v1.0.20
[INFO] [stderr]    Compiling libc v0.2.43
[INFO] [stderr]    Compiling pkg-config v0.3.13
[INFO] [stderr]    Compiling cfg-if v0.1.5
[INFO] [stderr]    Compiling proc-macro2 v0.4.13
[INFO] [stderr]    Compiling serde v1.0.74
[INFO] [stderr]    Compiling ryu v0.2.5
[INFO] [stderr]    Compiling wasm-bindgen-shared v0.2.17
[INFO] [stderr]    Compiling openssl-probe v0.1.2
[INFO] [stderr]    Compiling itoa v0.4.2
[INFO] [stderr]    Compiling build_const v0.2.1
[INFO] [stderr]    Compiling num-traits v0.2.5
[INFO] [stderr]    Compiling kernel32-sys v0.2.2
[INFO] [stderr]    Compiling lazy_static v1.1.0
[INFO] [stderr]     Checking winapi v0.2.8
[INFO] [stderr]     Checking byteorder v1.2.4
[INFO] [stderr]    Compiling log v0.4.4
[INFO] [stderr]    Compiling crc v1.8.1
[INFO] [stderr]     Checking aligned_alloc v0.1.3
[INFO] [stderr]    Compiling socket2 v0.3.7
[INFO] [stderr]    Compiling xattr v0.2.2
[INFO] [stderr]    Compiling filetime v0.2.1
[INFO] [stdout] error[E0554]: `#![feature]` may not be used on the beta release channel
[INFO] [stdout]   --> /opt/rustwide/cargo-home/registry/src/index.crates.io-6f17d22bba15001f/proc-macro2-0.4.13/src/lib.rs:49:13
[INFO] [stdout]    |
[INFO] [stdout] 49 |     feature(proc_macro_raw_ident, proc_macro_span)
[INFO] [stdout]    |             ^^^^^^^^^^^^^^^^^^^^
[INFO] [stdout] 
[INFO] [stdout] 
[INFO] [stdout] error[E0554]: `#![feature]` may not be used on the beta release channel
[INFO] [stdout]   --> /opt/rustwide/cargo-home/registry/src/index.crates.io-6f17d22bba15001f/proc-macro2-0.4.13/src/lib.rs:49:35
[INFO] [stdout]    |
[INFO] [stdout] 49 |     feature(proc_macro_raw_ident, proc_macro_span)
[INFO] [stdout]    |                                   ^^^^^^^^^^^^^^^
[INFO] [stdout] 
[INFO] [stdout] 
[INFO] [stdout] error[E0658]: use of unstable library feature 'proc_macro_def_site'
[INFO] [stdout]    --> /opt/rustwide/cargo-home/registry/src/index.crates.io-6f17d22bba15001f/proc-macro2-0.4.13/src/unstable.rs:359:27
[INFO] [stdout]     |
[INFO] [stdout] 359 |             Span::Nightly(proc_macro::Span::def_site())
[INFO] [stdout]     |                           ^^^^^^^^^^^^^^^^^^^^^^^^^^
[INFO] [stdout]     |
[INFO] [stdout]     = note: see issue #54724 <https://github.com/rust-lang/rust/issues/54724> for more information
[INFO] [stdout] 
[INFO] [stdout] 
[INFO] [stdout] error[E0512]: cannot transmute between types of different sizes, or dependently-sized types
[INFO] [stdout]    --> /opt/rustwide/cargo-home/registry/src/index.crates.io-6f17d22bba15001f/socket2-0.3.7/src/sockaddr.rs:153:9
[INFO] [stdout]     |
[INFO] [stdout] 153 |         mem::transmute::<SocketAddrV4, sockaddr_in>(v4);
[INFO] [stdout]     |         ^^^^^^^^^^^^^^^^^^^^^^^^^^^^^^^^^^^^^^^^^^^
[INFO] [stdout]     |
[INFO] [stdout]     = note: source type: `SocketAddrV4` (48 bits)
[INFO] [stdout]     = note: target type: `sockaddr_in` (128 bits)
[INFO] [stdout] 
[INFO] [stdout] 
[INFO] [stdout] error: aborting due to 3 previous errors
[INFO] [stdout] 
[INFO] [stdout] 
[INFO] [stdout] Some errors have detailed explanations: E0554, E0658.
[INFO] [stdout] 
[INFO] [stdout] For more information about an error, try `rustc --explain E0554`.
[INFO] [stdout] 
[INFO] [stderr] error: could not compile `proc-macro2` (lib) due to 4 previous errors
[INFO] [stderr] warning: build failed, waiting for other jobs to finish...
[INFO] [stdout] error: aborting due to previous error
[INFO] [stdout] 
[INFO] [stdout] 
[INFO] [stdout] For more information about this error, try `rustc --explain E0512`.
[INFO] [stdout] 
[INFO] [stderr] error: could not compile `socket2` (lib) due to 2 previous errors
[INFO] running `Command { std: "docker" "inspect" "5988d5e57ac75055b223690707e3007dfc08e58bb8f1762afce215df1583271d", kill_on_drop: false }`
[INFO] running `Command { std: "docker" "rm" "-f" "5988d5e57ac75055b223690707e3007dfc08e58bb8f1762afce215df1583271d", kill_on_drop: false }`
[INFO] [stdout] 5988d5e57ac75055b223690707e3007dfc08e58bb8f1762afce215df1583271d
