[INFO] cloning repository https://github.com/Hither1/bulletproof-cli
[INFO] running `Command { std: "git" "-c" "credential.helper=" "-c" "credential.helper=/workspace/cargo-home/bin/git-credential-null" "clone" "--bare" "https://github.com/Hither1/bulletproof-cli" "/workspace/cache/git-repos/https%3A%2F%2Fgithub.com%2FHither1%2Fbulletproof-cli", kill_on_drop: false }`
[INFO] [stderr] Cloning into bare repository '/workspace/cache/git-repos/https%3A%2F%2Fgithub.com%2FHither1%2Fbulletproof-cli'...
[INFO] running `Command { std: "git" "rev-parse" "HEAD", kill_on_drop: false }`
[INFO] [stdout] fec7934dcc865d950907bbc7042c67087286be25
[INFO] documenting Hither1/bulletproof-cli against beta-2023-04-20 for beta-1.70-rustdoc-1
[INFO] running `Command { std: "git" "clone" "/workspace/cache/git-repos/https%3A%2F%2Fgithub.com%2FHither1%2Fbulletproof-cli" "/workspace/builds/worker-7-tc2/source", kill_on_drop: false }`
[INFO] [stderr] Cloning into '/workspace/builds/worker-7-tc2/source'...
[INFO] [stderr] done.
[INFO] [stderr] Updating files:  49% (607/1222)
Updating files:  50% (611/1222)
Updating files:  51% (624/1222)
Updating files:  52% (636/1222)
Updating files:  53% (648/1222)
Updating files:  54% (660/1222)
Updating files:  55% (673/1222)
Updating files:  56% (685/1222)
Updating files:  57% (697/1222)
Updating files:  58% (709/1222)
Updating files:  59% (721/1222)
Updating files:  60% (734/1222)
Updating files:  61% (746/1222)
Updating files:  62% (758/1222)
Updating files:  63% (770/1222)
Updating files:  64% (783/1222)
Updating files:  65% (795/1222)
Updating files:  66% (807/1222)
Updating files:  67% (819/1222)
Updating files:  68% (831/1222)
Updating files:  69% (844/1222)
Updating files:  70% (856/1222)
Updating files:  71% (868/1222)
Updating files:  72% (880/1222)
Updating files:  73% (893/1222)
Updating files:  74% (905/1222)
Updating files:  75% (917/1222)
Updating files:  76% (929/1222)
Updating files:  77% (941/1222)
Updating files:  78% (954/1222)
Updating files:  79% (966/1222)
Updating files:  80% (978/1222)
Updating files:  81% (990/1222)
Updating files:  82% (1003/1222)
Updating files:  83% (1015/1222)
Updating files:  84% (1027/1222)
Updating files:  85% (1039/1222)
Updating files:  86% (1051/1222)
Updating files:  87% (1064/1222)
Updating files:  88% (1076/1222)
Updating files:  89% (1088/1222)
Updating files:  90% (1100/1222)
Updating files:  91% (1113/1222)
Updating files:  92% (1125/1222)
Updating files:  93% (1137/1222)
Updating files:  94% (1149/1222)
Updating files:  95% (1161/1222)
Updating files:  96% (1174/1222)
Updating files:  97% (1186/1222)
Updating files:  98% (1198/1222)
Updating files:  99% (1210/1222)
Updating files: 100% (1222/1222)
Updating files: 100% (1222/1222), done.
[INFO] validating manifest of git repo https://github.com/Hither1/bulletproof-cli on toolchain beta-2023-04-20
[INFO] running `Command { std: CARGO_HOME="/workspace/cargo-home" RUSTUP_HOME="/workspace/rustup-home" "/workspace/cargo-home/bin/cargo" "+beta-2023-04-20" "metadata" "--manifest-path" "Cargo.toml" "--no-deps", kill_on_drop: false }`
[INFO] removed /workspace/builds/worker-7-tc2/source/rust-toolchain
[INFO] started tweaking git repo https://github.com/Hither1/bulletproof-cli
[INFO] removed 0 missing tests
[INFO] finished tweaking git repo https://github.com/Hither1/bulletproof-cli
[INFO] tweaked toml for git repo https://github.com/Hither1/bulletproof-cli written to /workspace/builds/worker-7-tc2/source/Cargo.toml
[INFO] crate git repo https://github.com/Hither1/bulletproof-cli already has a lockfile, it will not be regenerated
[INFO] running `Command { std: CARGO_HOME="/workspace/cargo-home" RUSTUP_HOME="/workspace/rustup-home" "/workspace/cargo-home/bin/cargo" "+beta-2023-04-20" "fetch" "--manifest-path" "Cargo.toml", kill_on_drop: false }`
[INFO] [stderr]     Updating crates.io index
[INFO] [stderr]  Downloading crates ...
[INFO] [stderr]   Downloaded merlin v1.3.0
[INFO] [stderr]   Downloaded packed_simd v0.3.3
[INFO] [stderr]   Downloaded proc-macro2 v1.0.7
[INFO] [stderr]   Downloaded tinytemplate v1.0.3
[INFO] [stderr]   Downloaded subtle v2.2.2
[INFO] [stderr]   Downloaded csv v1.1.1
[INFO] running `Command { std: "docker" "create" "-v" "/var/lib/crater-agent-workspace/builds/worker-7-tc2/target:/opt/rustwide/target:rw,Z" "-v" "/var/lib/crater-agent-workspace/builds/worker-7-tc2/source:/opt/rustwide/workdir:ro,Z" "-v" "/var/lib/crater-agent-workspace/cargo-home:/opt/rustwide/cargo-home:ro,Z" "-v" "/var/lib/crater-agent-workspace/rustup-home:/opt/rustwide/rustup-home:ro,Z" "-e" "SOURCE_DIR=/opt/rustwide/workdir" "-e" "CARGO_TARGET_DIR=/opt/rustwide/target" "-e" "CARGO_HOME=/opt/rustwide/cargo-home" "-e" "RUSTUP_HOME=/opt/rustwide/rustup-home" "-w" "/opt/rustwide/workdir" "-m" "1610612736" "--user" "0:0" "--network" "none" "ghcr.io/rust-lang/crates-build-env/linux@sha256:5ff2268d62e97bff2cde7d5815dd6ed5b47097566f13b8d0ca110b04b60e07ed" "/opt/rustwide/cargo-home/bin/cargo" "+beta-2023-04-20" "metadata" "--no-deps" "--format-version=1", kill_on_drop: false }`
[INFO] [stdout] 02154573dc180cbb1fdeffdc7d03d70f05402cdff1a66c88fb4f90068fef02ca
[INFO] running `Command { std: "docker" "start" "-a" "02154573dc180cbb1fdeffdc7d03d70f05402cdff1a66c88fb4f90068fef02ca", kill_on_drop: false }`
[INFO] running `Command { std: "docker" "inspect" "02154573dc180cbb1fdeffdc7d03d70f05402cdff1a66c88fb4f90068fef02ca", kill_on_drop: false }`
[INFO] running `Command { std: "docker" "rm" "-f" "02154573dc180cbb1fdeffdc7d03d70f05402cdff1a66c88fb4f90068fef02ca", kill_on_drop: false }`
[INFO] [stdout] 02154573dc180cbb1fdeffdc7d03d70f05402cdff1a66c88fb4f90068fef02ca
[INFO] running `Command { std: "docker" "create" "-v" "/var/lib/crater-agent-workspace/builds/worker-7-tc2/target:/opt/rustwide/target:rw,Z" "-v" "/var/lib/crater-agent-workspace/builds/worker-7-tc2/source:/opt/rustwide/workdir:ro,Z" "-v" "/var/lib/crater-agent-workspace/cargo-home:/opt/rustwide/cargo-home:ro,Z" "-v" "/var/lib/crater-agent-workspace/rustup-home:/opt/rustwide/rustup-home:ro,Z" "-e" "SOURCE_DIR=/opt/rustwide/workdir" "-e" "CARGO_TARGET_DIR=/opt/rustwide/target" "-e" "CARGO_INCREMENTAL=0" "-e" "RUST_BACKTRACE=full" "-e" "RUSTFLAGS=--cap-lints=warn" "-e" "RUSTDOCFLAGS=--cap-lints=warn" "-e" "CARGO_HOME=/opt/rustwide/cargo-home" "-e" "RUSTUP_HOME=/opt/rustwide/rustup-home" "-w" "/opt/rustwide/workdir" "-m" "1610612736" "--user" "0:0" "--network" "none" "ghcr.io/rust-lang/crates-build-env/linux@sha256:5ff2268d62e97bff2cde7d5815dd6ed5b47097566f13b8d0ca110b04b60e07ed" "/opt/rustwide/cargo-home/bin/cargo" "+beta-2023-04-20" "doc" "--frozen" "--no-deps" "--document-private-items" "--message-format=json", kill_on_drop: false }`
[INFO] [stdout] caf9fe646a77b2e3ca3ddb6a911147b843293dd5172b98e244f63ea392b0cf64
[INFO] running `Command { std: "docker" "start" "-a" "caf9fe646a77b2e3ca3ddb6a911147b843293dd5172b98e244f63ea392b0cf64", kill_on_drop: false }`
[INFO] [stderr]    Compiling cc v1.0.48
[INFO] [stderr]    Compiling typenum v1.11.2
[INFO] [stderr]     Checking rand_core v0.4.2
[INFO] [stderr]    Compiling proc-macro2 v1.0.7
[INFO] [stderr]    Compiling unicode-xid v0.2.0
[INFO] [stderr]    Compiling byteorder v1.3.2
[INFO] [stderr]    Compiling libc v0.2.66
[INFO] [stderr]    Compiling autocfg v0.1.7
[INFO] [stderr]    Compiling syn v1.0.13
[INFO] [stderr]     Checking rand_core v0.3.1
[INFO] [stderr]    Compiling serde v1.0.104
[INFO] [stderr]    Compiling rand_pcg v0.1.2
[INFO] [stderr]    Compiling quote v1.0.2
[INFO] [stderr]    Compiling rand_chacha v0.1.1
[INFO] [stderr]    Compiling bitflags v1.2.1
[INFO] [stderr]    Compiling clear_on_drop v0.2.3
[INFO] [stderr]     Checking generic-array v0.12.3
[INFO] [stderr]    Compiling backtrace-sys v0.1.32
[INFO] [stderr]    Compiling subtle v2.2.2
[INFO] [stderr]    Compiling failure_derive v0.1.6
[INFO] [stderr]     Checking digest v0.8.1
[INFO] [stderr]    Compiling rand v0.6.5
[INFO] [stderr]     Checking unicode-width v0.1.7
[INFO] [stderr]     Checking rustc-demangle v0.1.16
[INFO] [stderr]     Checking textwrap v0.11.0
[INFO] [stderr]     Checking block-buffer v0.7.3
[INFO] [stderr]     Checking rand_os v0.1.3
[INFO] [stderr]     Checking atty v0.2.13
[INFO] [stderr]     Checking rand_hc v0.1.0
[INFO] [stderr]     Checking rand_isaac v0.1.1
[INFO] [stderr]     Checking rand_xorshift v0.1.1
[INFO] [stderr]     Checking rand_jitter v0.1.4
[INFO] [stderr]     Checking ansi_term v0.11.0
[INFO] [stderr]     Checking strsim v0.8.0
[INFO] [stderr]     Checking vec_map v0.8.1
[INFO] [stderr]     Checking sha3 v0.8.2
[INFO] [stderr]     Checking backtrace v0.3.40
[INFO] [stderr]     Checking clap v2.33.0
[INFO] [stderr]    Compiling synstructure v0.12.3
[INFO] [stderr]    Compiling serde_derive v1.0.104
[INFO] [stderr]    Compiling zeroize_derive v1.0.0
[INFO] [stderr]    Compiling curve25519-dalek v1.2.3
[INFO] [stderr]     Checking failure v0.1.6
[INFO] [stderr]     Checking zeroize v1.1.0
[INFO] [stderr]     Checking merlin v1.3.0
[INFO] [stderr]     Checking bulletproofs v1.0.4 (/opt/rustwide/workdir)
[INFO] [stderr]  Documenting bulletproofs v1.0.4 (/opt/rustwide/workdir)
[INFO] [stdout] error[E0557]: feature has been removed
[INFO] [stdout]  --> src/lib.rs:2:12
[INFO] [stdout]   |
[INFO] [stdout] 2 | #![feature(external_doc)]
[INFO] [stdout]   |            ^^^^^^^^^^^^ feature has been removed
[INFO] [stdout]   |
[INFO] [stdout]   = note: use #[doc = include_str!("filename")] instead, which handles macro invocations
[INFO] [stdout] 
[INFO] [stdout] 
[INFO] [stdout] error: Compilation failed, aborting rustdoc
[INFO] [stdout] 
[INFO] [stdout] 
[INFO] [stdout] error: aborting due to 2 previous errors
[INFO] [stdout] 
[INFO] [stdout] 
[INFO] [stdout] For more information about this error, try `rustc --explain E0557`.
[INFO] [stdout] 
[INFO] [stderr] error: could not document `bulletproofs`
[INFO] [stderr] 
[INFO] [stderr] Caused by:
[INFO] [stderr]   process didn't exit successfully: `rustdoc --crate-type lib --crate-name bulletproofs src/lib.rs -o /opt/rustwide/target/doc --error-format=json --json=diagnostic-rendered-ansi,artifacts,future-incompat --document-private-items -C metadata=2deeeaf946c4012e -L dependency=/opt/rustwide/target/debug/deps --extern byteorder=/opt/rustwide/target/debug/deps/libbyteorder-16c3c6a2b5a774e8.rmeta --extern clap=/opt/rustwide/target/debug/deps/libclap-ee49c74ecd86c6b3.rmeta --extern clear_on_drop=/opt/rustwide/target/debug/deps/libclear_on_drop-594a656c4510ff3e.rmeta --extern curve25519_dalek=/opt/rustwide/target/debug/deps/libcurve25519_dalek-f55e382349abe73c.rmeta --extern digest=/opt/rustwide/target/debug/deps/libdigest-c8b25c2b552056ea.rmeta --extern failure=/opt/rustwide/target/debug/deps/libfailure-bb1da377b7507abd.rmeta --extern merlin=/opt/rustwide/target/debug/deps/libmerlin-5cc348132a2254e1.rmeta --extern rand=/opt/rustwide/target/debug/deps/librand-2d1aba3cdbd8cf8e.rmeta --extern serde=/opt/rustwide/target/debug/deps/libserde-71b08c48a1968a33.rmeta --extern serde_derive=/opt/rustwide/target/debug/deps/libserde_derive-bc7e25ec614cfa32.so --extern sha3=/opt/rustwide/target/debug/deps/libsha3-c504141910d0b7ab.rmeta --extern subtle=/opt/rustwide/target/debug/deps/libsubtle-7f4ec3400a5ee1fd.rmeta --cap-lints=warn --crate-version 1.0.4` (exit status: 1)
[INFO] [stderr] warning: build failed, waiting for other jobs to finish...
[INFO] [stdout] error[E0557]: feature has been removed
[INFO] [stdout]  --> src/lib.rs:2:12
[INFO] [stdout]   |
[INFO] [stdout] 2 | #![feature(external_doc)]
[INFO] [stdout]   |            ^^^^^^^^^^^^ feature has been removed
[INFO] [stdout]   |
[INFO] [stdout]   = note: use #[doc = include_str!("filename")] instead, which handles macro invocations
[INFO] [stdout] 
[INFO] [stdout] 
[INFO] [stdout] error[E0554]: `#![feature]` may not be used on the beta release channel
[INFO] [stdout]  --> src/lib.rs:1:1
[INFO] [stdout]   |
[INFO] [stdout] 1 | #![feature(nll)]
[INFO] [stdout]   | ^^^^^^^^^^^^^^^^ help: remove the attribute
[INFO] [stdout]   |
[INFO] [stdout]   = help: the feature `nll` has been stable since `1.63.0` and no longer requires an attribute to enable
[INFO] [stdout] 
[INFO] [stdout] 
[INFO] [stdout] error[E0554]: `#![feature]` may not be used on the beta release channel
[INFO] [stdout]  --> src/lib.rs:2:1
[INFO] [stdout]   |
[INFO] [stdout] 2 | #![feature(external_doc)]
[INFO] [stdout]   | ^^^^^^^^^^^^^^^^^^^^^^^^^
[INFO] [stdout] 
[INFO] [stdout] 
[INFO] [stdout] error[E0554]: `#![feature]` may not be used on the beta release channel
[INFO] [stdout]  --> src/lib.rs:3:1
[INFO] [stdout]   |
[INFO] [stdout] 3 | #![feature(try_trait)]
[INFO] [stdout]   | ^^^^^^^^^^^^^^^^^^^^^^
[INFO] [stdout] 
[INFO] [stdout] 
[INFO] [stdout] warning: unknown `doc` attribute `include`
[INFO] [stdout]   --> src/lib.rs:30:7
[INFO] [stdout]    |
[INFO] [stdout] 30 | #[doc(include = "../docs/notes-intro.md")]
[INFO] [stdout]    | ------^^^^^^^^^^^^^^^^^^^^^^^^^^^^^^^^^^-- help: use `doc = include_str!` instead: `#[doc = include_str!("../docs/notes-intro.md")]`
[INFO] [stdout]    |
[INFO] [stdout]    = warning: this was previously accepted by the compiler but is being phased out; it will become a hard error in a future release!
[INFO] [stdout]    = note: for more information, see issue #82730 <https://github.com/rust-lang/rust/issues/82730>
[INFO] [stdout]    = note: `#[warn(invalid_doc_attributes)]` on by default
[INFO] [stdout] 
[INFO] [stdout] 
[INFO] [stdout] warning: unknown `doc` attribute `include`
[INFO] [stdout]  --> src/inner_product_proof.rs:2:8
[INFO] [stdout]   |
[INFO] [stdout] 2 | #![doc(include = "../docs/inner-product-protocol.md")]
[INFO] [stdout]   | -------^^^^^^^^^^^^^^^^^^^^^^^^^^^^^^^^^^^^^^^^^^^^^-- help: use `doc = include_str!` instead: `#![doc = include_str!("../docs/inner-product-protocol.md")]`
[INFO] [stdout]   |
[INFO] [stdout]   = warning: this was previously accepted by the compiler but is being phased out; it will become a hard error in a future release!
[INFO] [stdout]   = note: for more information, see issue #82730 <https://github.com/rust-lang/rust/issues/82730>
[INFO] [stdout] 
[INFO] [stdout] 
[INFO] [stdout] warning: unknown `doc` attribute `include`
[INFO] [stdout]  --> src/range_proof/mod.rs:2:8
[INFO] [stdout]   |
[INFO] [stdout] 2 | #![doc(include = "../../docs/range-proof-protocol.md")]
[INFO] [stdout]   | -------^^^^^^^^^^^^^^^^^^^^^^^^^^^^^^^^^^^^^^^^^^^^^^-- help: use `doc = include_str!` instead: `#![doc = include_str!("../../docs/range-proof-protocol.md")]`
[INFO] [stdout]   |
[INFO] [stdout]   = warning: this was previously accepted by the compiler but is being phased out; it will become a hard error in a future release!
[INFO] [stdout]   = note: for more information, see issue #82730 <https://github.com/rust-lang/rust/issues/82730>
[INFO] [stdout] 
[INFO] [stdout] 
[INFO] [stdout] warning: unknown `doc` attribute `include`
[INFO] [stdout]   --> src/lib.rs:50:7
[INFO] [stdout]    |
[INFO] [stdout] 50 | #[doc(include = "../docs/aggregation-api.md")]
[INFO] [stdout]    | ------^^^^^^^^^^^^^^^^^^^^^^^^^^^^^^^^^^^^^^-- help: use `doc = include_str!` instead: `#[doc = include_str!("../docs/aggregation-api.md")]`
[INFO] [stdout]    |
[INFO] [stdout]    = warning: this was previously accepted by the compiler but is being phased out; it will become a hard error in a future release!
[INFO] [stdout]    = note: for more information, see issue #82730 <https://github.com/rust-lang/rust/issues/82730>
[INFO] [stdout] 
[INFO] [stdout] 
[INFO] [stdout] warning: unknown `doc` attribute `include`
[INFO] [stdout]  --> src/lib.rs:5:8
[INFO] [stdout]   |
[INFO] [stdout] 5 | #![doc(include = "../README.md")]
[INFO] [stdout]   | -------^^^^^^^^^^^^^^^^^^^^^^^^-- help: use `doc = include_str!` instead: `#![doc = include_str!("../README.md")]`
[INFO] [stdout]   |
[INFO] [stdout]   = warning: this was previously accepted by the compiler but is being phased out; it will become a hard error in a future release!
[INFO] [stdout]   = note: for more information, see issue #82730 <https://github.com/rust-lang/rust/issues/82730>
[INFO] [stdout] 
[INFO] [stdout] 
[INFO] [stdout] warning: unknown `doc` attribute `include`
[INFO] [stdout]   --> src/lib.rs:32:11
[INFO] [stdout]    |
[INFO] [stdout] 32 |     #[doc(include = "../docs/notes-ipp.md")]
[INFO] [stdout]    |     ------^^^^^^^^^^^^^^^^^^^^^^^^^^^^^^^^-- help: use `doc = include_str!` instead: `#[doc = include_str!("../docs/notes-ipp.md")]`
[INFO] [stdout]    |
[INFO] [stdout]    = warning: this was previously accepted by the compiler but is being phased out; it will become a hard error in a future release!
[INFO] [stdout]    = note: for more information, see issue #82730 <https://github.com/rust-lang/rust/issues/82730>
[INFO] [stdout] 
[INFO] [stdout] 
[INFO] [stdout] warning: unknown `doc` attribute `include`
[INFO] [stdout]   --> src/lib.rs:34:11
[INFO] [stdout]    |
[INFO] [stdout] 34 |     #[doc(include = "../docs/notes-rp.md")]
[INFO] [stdout]    |     ------^^^^^^^^^^^^^^^^^^^^^^^^^^^^^^^-- help: use `doc = include_str!` instead: `#[doc = include_str!("../docs/notes-rp.md")]`
[INFO] [stdout]    |
[INFO] [stdout]    = warning: this was previously accepted by the compiler but is being phased out; it will become a hard error in a future release!
[INFO] [stdout]    = note: for more information, see issue #82730 <https://github.com/rust-lang/rust/issues/82730>
[INFO] [stdout] 
[INFO] [stdout] 
[INFO] [stdout] warning: unknown `doc` attribute `include`
[INFO] [stdout]   --> src/lib.rs:36:11
[INFO] [stdout]    |
[INFO] [stdout] 36 |     #[doc(include = "../docs/notes-r1cs.md")]
[INFO] [stdout]    |     ------^^^^^^^^^^^^^^^^^^^^^^^^^^^^^^^^^-- help: use `doc = include_str!` instead: `#[doc = include_str!("../docs/notes-r1cs.md")]`
[INFO] [stdout]    |
[INFO] [stdout]    = warning: this was previously accepted by the compiler but is being phased out; it will become a hard error in a future release!
[INFO] [stdout]    = note: for more information, see issue #82730 <https://github.com/rust-lang/rust/issues/82730>
[INFO] [stdout] 
[INFO] [stdout] 
[INFO] [stdout] warning: the feature `nll` has been stable since 1.63.0 and no longer requires an attribute to enable
[INFO] [stdout]  --> src/lib.rs:1:12
[INFO] [stdout]   |
[INFO] [stdout] 1 | #![feature(nll)]
[INFO] [stdout]   |            ^^^
[INFO] [stdout]   |
[INFO] [stdout]   = note: `#[warn(stable_features)]` on by default
[INFO] [stdout] 
[INFO] [stdout] 
[INFO] [stdout] error[E0554]: `#![feature]` may not be used on the beta release channel
[INFO] [stdout]  --> src/lib.rs:3:12
[INFO] [stdout]   |
[INFO] [stdout] 3 | #![feature(try_trait)]
[INFO] [stdout]   |            ^^^^^^^^^
[INFO] [stdout] 
[INFO] [stdout] 
[INFO] [stdout] error[E0635]: unknown feature `try_trait`
[INFO] [stdout]  --> src/lib.rs:3:12
[INFO] [stdout]   |
[INFO] [stdout] 3 | #![feature(try_trait)]
[INFO] [stdout]   |            ^^^^^^^^^
[INFO] [stdout] 
[INFO] [stdout] 
[INFO] [stdout] error: aborting due to 6 previous errors; 9 warnings emitted
[INFO] [stdout] 
[INFO] [stdout] 
[INFO] [stdout] Some errors have detailed explanations: E0554, E0557, E0635.
[INFO] [stdout] 
[INFO] [stdout] For more information about an error, try `rustc --explain E0554`.
[INFO] [stdout] 
[INFO] [stderr] error: could not compile `bulletproofs` (lib) due to 7 previous errors; 9 warnings emitted
[INFO] running `Command { std: "docker" "inspect" "caf9fe646a77b2e3ca3ddb6a911147b843293dd5172b98e244f63ea392b0cf64", kill_on_drop: false }`
[INFO] running `Command { std: "docker" "rm" "-f" "caf9fe646a77b2e3ca3ddb6a911147b843293dd5172b98e244f63ea392b0cf64", kill_on_drop: false }`
[INFO] [stdout] caf9fe646a77b2e3ca3ddb6a911147b843293dd5172b98e244f63ea392b0cf64
