[INFO] cloning repository https://github.com/Herasoft/CSPR-721-DEVXDAO-GRANT-RUST-BASE
[INFO] running `Command { std: "git" "-c" "credential.helper=" "-c" "credential.helper=/workspace/cargo-home/bin/git-credential-null" "clone" "--bare" "https://github.com/Herasoft/CSPR-721-DEVXDAO-GRANT-RUST-BASE" "/workspace/cache/git-repos/https%3A%2F%2Fgithub.com%2FHerasoft%2FCSPR-721-DEVXDAO-GRANT-RUST-BASE", kill_on_drop: false }`
[INFO] [stderr] Cloning into bare repository '/workspace/cache/git-repos/https%3A%2F%2Fgithub.com%2FHerasoft%2FCSPR-721-DEVXDAO-GRANT-RUST-BASE'...
[INFO] running `Command { std: "git" "rev-parse" "HEAD", kill_on_drop: false }`
[INFO] [stdout] 23535c39bc345bf7568e7aca1adec59680c55a62
[INFO] documenting Herasoft/CSPR-721-DEVXDAO-GRANT-RUST-BASE against 1.69.0 for beta-1.70-rustdoc-1
[INFO] running `Command { std: "git" "clone" "/workspace/cache/git-repos/https%3A%2F%2Fgithub.com%2FHerasoft%2FCSPR-721-DEVXDAO-GRANT-RUST-BASE" "/workspace/builds/worker-3-tc1/source", kill_on_drop: false }`
[INFO] [stderr] Cloning into '/workspace/builds/worker-3-tc1/source'...
[INFO] [stderr] done.
[INFO] validating manifest of git repo https://github.com/Herasoft/CSPR-721-DEVXDAO-GRANT-RUST-BASE on toolchain 1.69.0
[INFO] running `Command { std: CARGO_HOME="/workspace/cargo-home" RUSTUP_HOME="/workspace/rustup-home" "/workspace/cargo-home/bin/cargo" "+1.69.0" "metadata" "--manifest-path" "Cargo.toml" "--no-deps", kill_on_drop: false }`
[INFO] removed /workspace/builds/worker-3-tc1/source/rust-toolchain
[INFO] started tweaking git repo https://github.com/Herasoft/CSPR-721-DEVXDAO-GRANT-RUST-BASE
[INFO] finished tweaking git repo https://github.com/Herasoft/CSPR-721-DEVXDAO-GRANT-RUST-BASE
[INFO] tweaked toml for git repo https://github.com/Herasoft/CSPR-721-DEVXDAO-GRANT-RUST-BASE written to /workspace/builds/worker-3-tc1/source/Cargo.toml
[INFO] crate git repo https://github.com/Herasoft/CSPR-721-DEVXDAO-GRANT-RUST-BASE already has a lockfile, it will not be regenerated
[INFO] running `Command { std: CARGO_HOME="/workspace/cargo-home" RUSTUP_HOME="/workspace/rustup-home" "/workspace/cargo-home/bin/cargo" "+1.69.0" "fetch" "--manifest-path" "Cargo.toml", kill_on_drop: false }`
[INFO] [stderr]     Blocking waiting for file lock on package cache
[INFO] [stderr]  Downloading crates ...
[INFO] [stderr]   Downloaded pwasm-utils v0.16.0
[INFO] [stderr]   Downloaded lmdb v0.8.0
[INFO] [stderr]   Downloaded wasmi v0.8.0
[INFO] [stderr]   Downloaded lmdb-sys v0.8.0
[INFO] [stderr]   Downloaded version-sync v0.9.2
[INFO] [stderr]   Downloaded datasize_derive v0.2.9
[INFO] [stderr]   Downloaded datasize v0.2.9
[INFO] [stderr]   Downloaded uint v0.9.0
[INFO] [stderr]   Downloaded casper-contract v1.2.0
[INFO] [stderr]   Downloaded hex-buffer-serde v0.2.2
[INFO] [stderr]   Downloaded casper-engine-test-support v1.2.0
[INFO] [stderr]   Downloaded casper-types v1.2.0
[INFO] [stderr]   Downloaded casper-execution-engine v1.2.0
[INFO] running `Command { std: "docker" "create" "-v" "/var/lib/crater-agent-workspace/builds/worker-3-tc1/target:/opt/rustwide/target:rw,Z" "-v" "/var/lib/crater-agent-workspace/builds/worker-3-tc1/source:/opt/rustwide/workdir:ro,Z" "-v" "/var/lib/crater-agent-workspace/cargo-home:/opt/rustwide/cargo-home:ro,Z" "-v" "/var/lib/crater-agent-workspace/rustup-home:/opt/rustwide/rustup-home:ro,Z" "-e" "SOURCE_DIR=/opt/rustwide/workdir" "-e" "CARGO_TARGET_DIR=/opt/rustwide/target" "-e" "CARGO_HOME=/opt/rustwide/cargo-home" "-e" "RUSTUP_HOME=/opt/rustwide/rustup-home" "-w" "/opt/rustwide/workdir" "-m" "1610612736" "--user" "0:0" "--network" "none" "ghcr.io/rust-lang/crates-build-env/linux@sha256:5ff2268d62e97bff2cde7d5815dd6ed5b47097566f13b8d0ca110b04b60e07ed" "/opt/rustwide/cargo-home/bin/cargo" "+1.69.0" "metadata" "--no-deps" "--format-version=1", kill_on_drop: false }`
[INFO] [stdout] a794a3f76673b0b4cfb2bf2f6b958cbd0c1b1704e2869d0e17cabe5264c52fa0
[INFO] running `Command { std: "docker" "start" "-a" "a794a3f76673b0b4cfb2bf2f6b958cbd0c1b1704e2869d0e17cabe5264c52fa0", kill_on_drop: false }`
[INFO] running `Command { std: "docker" "inspect" "a794a3f76673b0b4cfb2bf2f6b958cbd0c1b1704e2869d0e17cabe5264c52fa0", kill_on_drop: false }`
[INFO] running `Command { std: "docker" "rm" "-f" "a794a3f76673b0b4cfb2bf2f6b958cbd0c1b1704e2869d0e17cabe5264c52fa0", kill_on_drop: false }`
[INFO] [stdout] a794a3f76673b0b4cfb2bf2f6b958cbd0c1b1704e2869d0e17cabe5264c52fa0
[INFO] running `Command { std: "docker" "create" "-v" "/var/lib/crater-agent-workspace/builds/worker-3-tc1/target:/opt/rustwide/target:rw,Z" "-v" "/var/lib/crater-agent-workspace/builds/worker-3-tc1/source:/opt/rustwide/workdir:ro,Z" "-v" "/var/lib/crater-agent-workspace/cargo-home:/opt/rustwide/cargo-home:ro,Z" "-v" "/var/lib/crater-agent-workspace/rustup-home:/opt/rustwide/rustup-home:ro,Z" "-e" "SOURCE_DIR=/opt/rustwide/workdir" "-e" "CARGO_TARGET_DIR=/opt/rustwide/target" "-e" "CARGO_INCREMENTAL=0" "-e" "RUST_BACKTRACE=full" "-e" "RUSTFLAGS=--cap-lints=warn" "-e" "RUSTDOCFLAGS=--cap-lints=warn" "-e" "CARGO_HOME=/opt/rustwide/cargo-home" "-e" "RUSTUP_HOME=/opt/rustwide/rustup-home" "-w" "/opt/rustwide/workdir" "-m" "1610612736" "--user" "0:0" "--network" "none" "ghcr.io/rust-lang/crates-build-env/linux@sha256:5ff2268d62e97bff2cde7d5815dd6ed5b47097566f13b8d0ca110b04b60e07ed" "/opt/rustwide/cargo-home/bin/cargo" "+1.69.0" "doc" "--frozen" "--no-deps" "--document-private-items" "--message-format=json", kill_on_drop: false }`
[INFO] [stdout] d31ae9240593bb09796992e463d56e2517938058ed4a6c3b9edde13cf6355b1e
[INFO] running `Command { std: "docker" "start" "-a" "d31ae9240593bb09796992e463d56e2517938058ed4a6c3b9edde13cf6355b1e", kill_on_drop: false }`
[INFO] [stderr]    Compiling proc-macro2 v1.0.27
[INFO] [stderr]    Compiling syn v1.0.73
[INFO] [stderr]    Compiling libc v0.2.97
[INFO] [stderr]    Compiling serde_derive v1.0.126
[INFO] [stderr]    Compiling typenum v1.13.0
[INFO] [stderr]    Compiling serde v1.0.126
[INFO] [stderr]     Checking subtle v2.4.0
[INFO] [stderr]     Checking radium v0.3.0
[INFO] [stderr]     Checking wyz v0.2.0
[INFO] [stderr]     Checking funty v1.1.0
[INFO] [stderr]     Checking byteorder v1.4.3
[INFO] [stderr]    Compiling num-bigint v0.4.0
[INFO] [stderr]    Compiling num-rational v0.4.0
[INFO] [stderr]    Compiling indexmap v1.6.2
[INFO] [stderr]    Compiling crunchy v0.2.2
[INFO] [stderr]     Checking remove_dir_all v0.5.3
[INFO] [stderr]    Compiling serde_json v1.0.64
[INFO] [stderr]     Checking tinyvec_macros v0.1.0
[INFO] [stderr]    Compiling unicase v2.6.0
[INFO] [stderr]     Checking hashbrown v0.9.1
[INFO] [stderr]     Checking tinyvec v1.2.0
[INFO] [stderr]     Checking unicode-xid v0.2.2
[INFO] [stderr]     Checking hex v0.4.3
[INFO] [stderr]     Checking bitvec v0.18.5
[INFO] [stderr]     Checking itoa v0.4.7
[INFO] [stderr]     Checking cpufeatures v0.1.5
[INFO] [stderr]     Checking fnv v1.0.7
[INFO] [stderr]    Compiling memchr v2.4.0
[INFO] [stderr]     Checking bit-vec v0.6.3
[INFO] [stderr]    Compiling schemars v0.8.3
[INFO] [stderr]     Checking unicode-bidi v0.3.5
[INFO] [stderr]    Compiling value-bag v1.0.0-alpha.7
[INFO] [stderr]    Compiling num-bigint v0.2.6
[INFO] [stderr]     Checking static_assertions v1.1.0
[INFO] [stderr]    Compiling cc v1.0.68
[INFO] [stderr]     Checking bit-set v0.5.2
[INFO] [stderr]    Compiling pulldown-cmark v0.8.0
[INFO] [stderr]     Checking quick-error v2.0.1
[INFO] [stderr]     Checking dyn-clone v1.0.4
[INFO] [stderr]    Compiling pkg-config v0.3.19
[INFO] [stderr]     Checking form_urlencoded v1.0.1
[INFO] [stderr]     Checking quote v1.0.9
[INFO] [stderr]     Checking uint v0.9.0
[INFO] [stderr]    Compiling num-iter v0.1.42
[INFO] [stderr]    Compiling num-rational v0.2.4
[INFO] [stderr]     Checking getrandom v0.1.16
[INFO] [stderr]     Checking getrandom v0.2.3
[INFO] [stderr]     Checking wait-timeout v0.2.0
[INFO] [stderr]     Checking base64 v0.13.0
[INFO] [stderr]    Compiling wee_alloc v0.4.5
[INFO] [stderr]     Checking rand_core v0.6.3
[INFO] [stderr]     Checking rand_core v0.5.1
[INFO] [stderr]    Compiling log v0.4.14
[INFO] [stderr]     Checking hex_fmt v0.3.0
[INFO] [stderr]     Checking unicode-normalization v0.1.19
[INFO] [stderr]     Checking parity-wasm v0.41.0
[INFO] [stderr]     Checking base16 v0.2.1
[INFO] [stderr]     Checking rand_chacha v0.3.1
[INFO] [stderr]     Checking rand_xorshift v0.3.0
[INFO] [stderr]     Checking rand_chacha v0.2.2
[INFO] [stderr]     Checking generic-array v0.14.4
[INFO] [stderr]     Checking regex v1.5.4
[INFO] [stderr]    Compiling anyhow v1.0.41
[INFO] [stderr]     Checking semver-parser v0.9.0
[INFO] [stderr]     Checking rand v0.7.3
[INFO] [stderr]     Checking rand v0.8.4
[INFO] [stderr]     Checking memory_units v0.4.0
[INFO] [stderr]     Checking digest v0.9.0
[INFO] [stderr]     Checking crypto-mac v0.10.0
[INFO] [stderr]     Checking block-buffer v0.9.0
[INFO] [stderr]     Checking crypto-mac v0.8.0
[INFO] [stderr]    Compiling lmdb-sys v0.8.0
[INFO] [stderr]     Checking idna v0.2.3
[INFO] [stderr]     Checking signature v1.2.2
[INFO] [stderr]     Checking hmac v0.10.1
[INFO] [stderr]     Checking sha2 v0.9.5
[INFO] [stderr]     Checking blake2 v0.9.1
[INFO] [stderr]     Checking time v0.1.43
[INFO] [stderr]     Checking tracing-core v0.1.18
[INFO] [stderr]     Checking num-complex v0.4.0
[INFO] [stderr]     Checking memory_units v0.3.0
[INFO] [stderr]     Checking match_cfg v0.1.0
[INFO] [stderr]     Checking pin-project-lite v0.2.6
[INFO] [stderr]     Checking downcast-rs v1.2.0
[INFO] [stderr]     Checking hostname v0.3.1
[INFO] [stderr]     Checking linked-hash-map v0.5.4
[INFO] [stderr]     Checking url v2.2.2
[INFO] [stderr]     Checking chrono v0.4.19
[INFO] [stderr]     Checking ff v0.8.0
[INFO] [stderr]    Compiling tests v0.2.1 (/opt/rustwide/workdir/tests)
[INFO] [stderr]     Checking group v0.8.0
[INFO] [stderr]     Checking wasmi-validation v0.3.0
[INFO] [stderr]     Checking tempfile v3.2.0
[INFO] [stderr]     Checking rusty-fork v0.3.0
[INFO] [stderr]     Checking wasmi v0.8.0
[INFO] [stderr]     Checking proptest v1.0.0
[INFO] [stderr] error: failed to run custom build command for `tests v0.2.1 (/opt/rustwide/workdir/tests)`
[INFO] [stderr] note: To improve backtraces for build dependencies, set the CARGO_PROFILE_DEV_BUILD_OVERRIDE_DEBUG=true environment variable to enable debug information generation.
[INFO] [stderr] 
[INFO] [stderr] Caused by:
[INFO] [stderr]   process didn't exit successfully: `/opt/rustwide/target/debug/build/tests-37b40d6f16cc12f6/build-script-build` (exit status: 101)
[INFO] [stderr]   --- stdout
[INFO] [stderr]   cargo:rerun-if-changed=../contract/Cargo.toml
[INFO] [stderr]   cargo:rerun-if-changed=../contract/src/lib.rs
[INFO] [stderr] 
[INFO] [stderr]   --- stderr
[INFO] [stderr]   thread 'main' panicked at 'Failed to build Wasm contracts:
[INFO] [stderr]   Output { status: ExitStatus(unix_wait_status(25856)), stdout: "", stderr: "   Compiling proc-macro2 v1.0.27\n   Compiling syn v1.0.73\n   Compiling unicode-xid v0.2.2\n   Compiling version_check v0.9.3\n   Compiling typenum v1.13.0\n   Compiling cfg-if v1.0.0\n   Compiling getrandom v0.1.16\n   Compiling autocfg v1.0.1\n   Compiling serde_derive v1.0.126\n   Compiling subtle v2.4.0\n   Compiling serde v1.0.126\nerror[E0463]: can't find crate for `core`\n  |\n  = note: the `wasm32-unknown-unknown` target may not be installed\n  = help: consider downloading the target with `rustup target add wasm32-unknown-unknown`\n\nerror[E0463]: can't find crate for `compiler_builtins`\n\nFor more information about this error, try `rustc --explain E0463`.\nerror: could not compile `cfg-if` due to 2 previous errors\nwarning: build failed, waiting for other jobs to finish...\nerror[E0463]: can't find crate for `std`\n  --> /opt/rustwide/cargo-home/registry/src/github.com-1ecc6299db9ec823/subtle-2.4.0/src/lib.rs:23:1\n   |\n23 | extern crate std;\n   | ^^^^^^^^^^^^^^^^^ can't find crate\n   |\n   = note: the `wasm32-unknown-unknown` target may not be installed\n   = help: consider downloading the target with `rustup target add wasm32-unknown-unknown`\n\nerror: cannot find attribute `derive` in this scope\n  --> /opt/rustwide/cargo-home/registry/src/github.com-1ecc6299db9ec823/subtle-2.4.0/src/lib.rs:48:3\n   |\n48 | #[derive(Copy, Clone, Debug)]\n   |   ^^^^^^\n\nerror: cannot find macro `debug_assert` in this scope\n  --> /opt/rustwide/cargo-home/registry/src/github.com-1ecc6299db9ec823/subtle-2.4.0/src/lib.rs:83:9\n   |\n83 |         debug_assert!((source.0 == 0u8) | (source.0 == 1u8));\n   |         ^^^^^^^^^^^^\n\nerror: cannot find macro `debug_assert` in this scope\n   --> /opt/rustwide/cargo-home/registry/src/github.com-1ecc6299db9ec823/subtle-2.4.0/src/lib.rs:153:5\n    |\n153 |     debug_assert!((input == 0u8) | (input == 1u8));\n    |     ^^^^^^^^^^^^\n\nerror: cannot find attribute `derive` in this scope\n   --> /opt/rustwide/cargo-home/registry/src/github.com-1ecc6299db9ec823/subtle-2.4.0/src/lib.rs:507:3\n    |\n507 | #[derive(Clone, Copy, Debug)]\n    |   ^^^^^^\n\nerror: cannot find macro `assert_eq` in this scope\n   --> /opt/rustwide/cargo-home/registry/src/github.com-1ecc6299db9ec823/subtle-2.4.0/src/lib.rs:550:9\n    |\n550 |         assert_eq!(self.is_some.unwrap_u8(), 1);\n    |         ^^^^^^^^^\n\nerror[E0405]: cannot find trait `From` in this scope\n  --> /opt/rustwide/cargo-home/registry/src/github.com-1ecc6299db9ec823/subtle-2.4.0/src/lib.rs:67:6\n   |\n67 | impl From<Choice> for bool {\n   |      ^^^^ not found in this scope\n\nerror[E0405]: cannot find trait `From` in this scope\n   --> /opt/rustwide/cargo-home/registry/src/github.com-1ecc6299db9ec823/subtle-2.4.0/src/lib.rs:168:6\n    |\n168 | impl From<u8> for Choice {\n    |      ^^^^ not found in this scope\n\nerror[E0405]: cannot find trait `Copy` in this scope\n   --> /opt/rustwide/cargo-home/registry/src/github.com-1ecc6299db9ec823/subtle-2.4.0/src/lib.rs:295:36\n    |\n295 | pub trait ConditionallySelectable: Copy {\n    |                                    ^^^^ not found in this scope\n\nerror[E0405]: cannot find trait `From` in this scope\n   --> /opt/rustwide/cargo-home/registry/src/github.com-1ecc6299db9ec823/subtle-2.4.0/src/lib.rs:513:9\n    |\n513 | impl<T> From<CtOption<T>> for Option<T> {\n    |         ^^^^ not found in this scope\n\nerror[E0425]: cannot find value `None` in this scope\n   --> /opt/rustwide/cargo-home/registry/src/github.com-1ecc6299db9ec823/subtle-2.4.0/src/lib.rs:527:13\n    |\n527 |             None\n    |             ^^^^ not found in this scope\n\nerror[E0405]: cannot find trait `FnOnce` in this scope\n   --> /opt/rustwide/cargo-home/registry/src/github.com-1ecc6299db9ec823/subtle-2.4.0/src/lib.rs:571:12\n    |\n571 |         F: FnOnce() -> T,\n    |            ^^^^^^ not found in this scope\n\nerror[E0405]: cannot find trait `Default` in this scope\n   --> /opt/rustwide/cargo-home/registry/src/github.com-1ecc6299db9ec823/subtle-2.4.0/src/lib.rs:599:12\n    |\n599 |         T: Default + ConditionallySelectable,\n    |            ^^^^^^^ not found in this scope\n\nerror[E0405]: cannot find trait `FnOnce` in this scope\n   --> /opt/rustwide/cargo-home/registry/src/github.com-1ecc6299db9ec823/subtle-2.4.0/src/lib.rs:600:12\n    |\n600 |         F: FnOnce(T) -> U,\n    |            ^^^^^^ not found in this scope\n\nerror[E0405]: cannot find trait `Default` in this scope\n   --> /opt/rustwide/cargo-home/registry/src/github.com-1ecc6299db9ec823/subtle-2.4.0/src/lib.rs:622:12\n    |\n622 |         T: Default + ConditionallySelectable,\n    |            ^^^^^^^ not found in this scope\n\nerror[E0405]: cannot find trait `FnOnce` in this scope\n   --> /opt/rustwide/cargo-home/registry/src/github.com-1ecc6299db9ec823/subtle-2.4.0/src/lib.rs:623:12\n    |\n623 |         F: FnOnce(T) -> CtOption<U>,\n    |            ^^^^^^ not found in this scope\n\nerror[E0405]: cannot find trait `FnOnce` in this scope\n   --> /opt/rustwide/cargo-home/registry/src/github.com-1ecc6299db9ec823/subtle-2.4.0/src/lib.rs:641:12\n    |\n641 |         F: FnOnce() -> CtOption<T>,\n    |            ^^^^^^ not found in this scope\n\nSome errors have detailed explanations: E0405, E0425, E0463.\nFor more information about an error, try `rustc --explain E0405`.\nerror: could not compile `subtle` due to 19 previous errors\n" }', tests/build.rs:23:5
[INFO] [stderr]   stack backtrace:
[INFO] [stderr]      0:     0x5583b364fc0a - std::backtrace_rs::backtrace::libunwind::trace::ha9053a9a07ca49cb
[INFO] [stderr]                                  at /rustc/84c898d65adf2f39a5a98507f1fe0ce10a2b8dbc/library/std/src/../../backtrace/src/backtrace/libunwind.rs:93:5
[INFO] [stderr]      1:     0x5583b364fc0a - std::backtrace_rs::backtrace::trace_unsynchronized::h9c2852a457ad564e
[INFO] [stderr]                                  at /rustc/84c898d65adf2f39a5a98507f1fe0ce10a2b8dbc/library/std/src/../../backtrace/src/backtrace/mod.rs:66:5
[INFO] [stderr]      2:     0x5583b364fc0a - std::sys_common::backtrace::_print_fmt::h457936fbfaa0070f
[INFO] [stderr]                                  at /rustc/84c898d65adf2f39a5a98507f1fe0ce10a2b8dbc/library/std/src/sys_common/backtrace.rs:65:5
[INFO] [stderr]      3:     0x5583b364fc0a - <std::sys_common::backtrace::_print::DisplayBacktrace as core::fmt::Display>::fmt::h5779d7bf7f70cb0c
[INFO] [stderr]                                  at /rustc/84c898d65adf2f39a5a98507f1fe0ce10a2b8dbc/library/std/src/sys_common/backtrace.rs:44:22
[INFO] [stderr]      4:     0x5583b366d52e - core::fmt::write::h5a4baaff1bcd3eb5
[INFO] [stderr]                                  at /rustc/84c898d65adf2f39a5a98507f1fe0ce10a2b8dbc/library/core/src/fmt/mod.rs:1232:17
[INFO] [stderr]      5:     0x5583b364d655 - std::io::Write::write_fmt::h4bc1f301cb9e9cce
[INFO] [stderr]                                  at /rustc/84c898d65adf2f39a5a98507f1fe0ce10a2b8dbc/library/std/src/io/mod.rs:1684:15
[INFO] [stderr]      6:     0x5583b364f9d5 - std::sys_common::backtrace::_print::h5fcdc36060f177e8
[INFO] [stderr]                                  at /rustc/84c898d65adf2f39a5a98507f1fe0ce10a2b8dbc/library/std/src/sys_common/backtrace.rs:47:5
[INFO] [stderr]      7:     0x5583b364f9d5 - std::sys_common::backtrace::print::h54ca9458b876c8bf
[INFO] [stderr]                                  at /rustc/84c898d65adf2f39a5a98507f1fe0ce10a2b8dbc/library/std/src/sys_common/backtrace.rs:34:9
[INFO] [stderr]      8:     0x5583b365102f - std::panicking::default_hook::{{closure}}::hbe471161c7664ed6
[INFO] [stderr]                                  at /rustc/84c898d65adf2f39a5a98507f1fe0ce10a2b8dbc/library/std/src/panicking.rs:271:22
[INFO] [stderr]      9:     0x5583b3650d6b - std::panicking::default_hook::ha3500da57aa4ac4f
[INFO] [stderr]                                  at /rustc/84c898d65adf2f39a5a98507f1fe0ce10a2b8dbc/library/std/src/panicking.rs:290:9
[INFO] [stderr]     10:     0x5583b36515d8 - std::panicking::rust_panic_with_hook::h50c09d000dc561d2
[INFO] [stderr]                                  at /rustc/84c898d65adf2f39a5a98507f1fe0ce10a2b8dbc/library/std/src/panicking.rs:692:13
[INFO] [stderr]     11:     0x5583b36514d9 - std::panicking::begin_panic_handler::{{closure}}::h9e2b2176e00e0d9c
[INFO] [stderr]                                  at /rustc/84c898d65adf2f39a5a98507f1fe0ce10a2b8dbc/library/std/src/panicking.rs:583:13
[INFO] [stderr]     12:     0x5583b3650076 - std::sys_common::backtrace::__rust_end_short_backtrace::h5739b8e512c09d02
[INFO] [stderr]                                  at /rustc/84c898d65adf2f39a5a98507f1fe0ce10a2b8dbc/library/std/src/sys_common/backtrace.rs:150:18
[INFO] [stderr]     13:     0x5583b36511e2 - rust_begin_unwind
[INFO] [stderr]                                  at /rustc/84c898d65adf2f39a5a98507f1fe0ce10a2b8dbc/library/std/src/panicking.rs:579:5
[INFO] [stderr]     14:     0x5583b362e3d3 - core::panicking::panic_fmt::hf33a1475b4dc5c3e
[INFO] [stderr]                                  at /rustc/84c898d65adf2f39a5a98507f1fe0ce10a2b8dbc/library/core/src/panicking.rs:64:14
[INFO] [stderr]     15:     0x5583b3630bf3 - build_script_build::main::h6ebbbb0f6ecea2d7
[INFO] [stderr]     16:     0x5583b3631df3 - core::ops::function::FnOnce::call_once::h10d8331b4c8f77c4
[INFO] [stderr]     17:     0x5583b36308e9 - std::sys_common::backtrace::__rust_begin_short_backtrace::hed179581910b4670
[INFO] [stderr]     18:     0x5583b362fcc9 - std::rt::lang_start::{{closure}}::h3c1c6ae588a2562a
[INFO] [stderr]     19:     0x5583b364a53c - core::ops::function::impls::<impl core::ops::function::FnOnce<A> for &F>::call_once::hd6efcd3bec896f2c
[INFO] [stderr]                                  at /rustc/84c898d65adf2f39a5a98507f1fe0ce10a2b8dbc/library/core/src/ops/function.rs:287:13
[INFO] [stderr]     20:     0x5583b364a53c - std::panicking::try::do_call::hce04e543bb1f4cbb
[INFO] [stderr]                                  at /rustc/84c898d65adf2f39a5a98507f1fe0ce10a2b8dbc/library/std/src/panicking.rs:487:40
[INFO] [stderr]     21:     0x5583b364a53c - std::panicking::try::h3342dd4e1f680968
[INFO] [stderr]                                  at /rustc/84c898d65adf2f39a5a98507f1fe0ce10a2b8dbc/library/std/src/panicking.rs:451:19
[INFO] [stderr]     22:     0x5583b364a53c - std::panic::catch_unwind::h148ce1e59ac0cee7
[INFO] [stderr]                                  at /rustc/84c898d65adf2f39a5a98507f1fe0ce10a2b8dbc/library/std/src/panic.rs:140:14
[INFO] [stderr]     23:     0x5583b364a53c - std::rt::lang_start_internal::{{closure}}::h25f9dda2057a67fe
[INFO] [stderr]                                  at /rustc/84c898d65adf2f39a5a98507f1fe0ce10a2b8dbc/library/std/src/rt.rs:148:48
[INFO] [stderr]     24:     0x5583b364a53c - std::panicking::try::do_call::h7caaaeaf9401650b
[INFO] [stderr]                                  at /rustc/84c898d65adf2f39a5a98507f1fe0ce10a2b8dbc/library/std/src/panicking.rs:487:40
[INFO] [stderr]     25:     0x5583b364a53c - std::panicking::try::he7d15285746cbbc2
[INFO] [stderr]                                  at /rustc/84c898d65adf2f39a5a98507f1fe0ce10a2b8dbc/library/std/src/panicking.rs:451:19
[INFO] [stderr]     26:     0x5583b364a53c - std::panic::catch_unwind::h89fb4f50c0301fe0
[INFO] [stderr]                                  at /rustc/84c898d65adf2f39a5a98507f1fe0ce10a2b8dbc/library/std/src/panic.rs:140:14
[INFO] [stderr]     27:     0x5583b364a53c - std::rt::lang_start_internal::h078acd489417d3c1
[INFO] [stderr]                                  at /rustc/84c898d65adf2f39a5a98507f1fe0ce10a2b8dbc/library/std/src/rt.rs:148:20
[INFO] [stderr]     28:     0x5583b362fca7 - std::rt::lang_start::hc544a4584749d819
[INFO] [stderr]     29:     0x5583b3630eb5 - main
[INFO] [stderr]     30:     0x7f15c343bd90 - <unknown>
[INFO] [stderr]     31:     0x7f15c343be40 - __libc_start_main
[INFO] [stderr]     32:     0x5583b362e905 - _start
[INFO] [stderr]     33:                0x0 - <unknown>
[INFO] [stderr] warning: build failed, waiting for other jobs to finish...
[INFO] running `Command { std: "docker" "inspect" "d31ae9240593bb09796992e463d56e2517938058ed4a6c3b9edde13cf6355b1e", kill_on_drop: false }`
[INFO] running `Command { std: "docker" "rm" "-f" "d31ae9240593bb09796992e463d56e2517938058ed4a6c3b9edde13cf6355b1e", kill_on_drop: false }`
[INFO] [stdout] d31ae9240593bb09796992e463d56e2517938058ed4a6c3b9edde13cf6355b1e
