[INFO] cloning repository https://github.com/Haider-Ali-Dev/bookit
[INFO] running `Command { std: "git" "-c" "credential.helper=" "-c" "credential.helper=/workspace/cargo-home/bin/git-credential-null" "clone" "--bare" "https://github.com/Haider-Ali-Dev/bookit" "/workspace/cache/git-repos/https%3A%2F%2Fgithub.com%2FHaider-Ali-Dev%2Fbookit", kill_on_drop: false }`
[INFO] [stderr] Cloning into bare repository '/workspace/cache/git-repos/https%3A%2F%2Fgithub.com%2FHaider-Ali-Dev%2Fbookit'...
[INFO] running `Command { std: "git" "rev-parse" "HEAD", kill_on_drop: false }`
[INFO] [stdout] 7fc833f781570ea049fa463c816935882dedecfd
[INFO] documenting Haider-Ali-Dev/bookit against 1.69.0 for beta-1.70-rustdoc-1
[INFO] running `Command { std: "git" "clone" "/workspace/cache/git-repos/https%3A%2F%2Fgithub.com%2FHaider-Ali-Dev%2Fbookit" "/workspace/builds/worker-7-tc1/source", kill_on_drop: false }`
[INFO] [stderr] Cloning into '/workspace/builds/worker-7-tc1/source'...
[INFO] [stderr] done.
[INFO] validating manifest of git repo https://github.com/Haider-Ali-Dev/bookit on toolchain 1.69.0
[INFO] running `Command { std: CARGO_HOME="/workspace/cargo-home" RUSTUP_HOME="/workspace/rustup-home" "/workspace/cargo-home/bin/cargo" "+1.69.0" "metadata" "--manifest-path" "Cargo.toml" "--no-deps", kill_on_drop: false }`
[INFO] started tweaking git repo https://github.com/Haider-Ali-Dev/bookit
[INFO] finished tweaking git repo https://github.com/Haider-Ali-Dev/bookit
[INFO] tweaked toml for git repo https://github.com/Haider-Ali-Dev/bookit written to /workspace/builds/worker-7-tc1/source/Cargo.toml
[INFO] crate git repo https://github.com/Haider-Ali-Dev/bookit already has a lockfile, it will not be regenerated
[INFO] running `Command { std: CARGO_HOME="/workspace/cargo-home" RUSTUP_HOME="/workspace/rustup-home" "/workspace/cargo-home/bin/cargo" "+1.69.0" "fetch" "--manifest-path" "Cargo.toml", kill_on_drop: false }`
[INFO] [stderr]  Downloading crates ...
[INFO] [stderr]   Downloaded sqlx-rt v0.5.10
[INFO] [stderr]   Downloaded sqlx v0.5.10
[INFO] [stderr]   Downloaded sqlx-macros v0.5.10
[INFO] [stderr]   Downloaded async-stream-impl v0.3.2
[INFO] [stderr]   Downloaded figment v0.10.6
[INFO] [stderr]   Downloaded sqlx-core v0.5.10
[INFO] [stderr]   Downloaded blowfish v0.8.0
[INFO] [stderr]   Downloaded generator v0.7.0
[INFO] [stderr]   Downloaded loom v0.5.4
[INFO] [stderr]   Downloaded bcrypt v0.10.1
[INFO] [stderr]   Downloaded async-stream v0.3.2
[INFO] [stderr]   Downloaded multer v2.0.2
[INFO] [stderr]   Downloaded inlinable_string v0.1.15
[INFO] [stderr]   Downloaded sqlformat v0.1.8
[INFO] [stderr]   Downloaded futures-intrusive v0.4.0
[INFO] [stderr]   Downloaded devise_codegen v0.3.1
[INFO] [stderr]   Downloaded devise_core v0.3.1
[INFO] [stderr]   Downloaded devise v0.3.1
[INFO] [stderr]   Downloaded rocket_codegen v0.5.0-rc.1
[INFO] [stderr]   Downloaded cookie v0.15.1
[INFO] [stderr]   Downloaded pear_codegen v0.2.3
[INFO] [stderr]   Downloaded pear v0.2.3
[INFO] [stderr]   Downloaded rocket_http v0.5.0-rc.1
[INFO] [stderr]   Downloaded state v0.5.2
[INFO] [stderr]   Downloaded rocket v0.5.0-rc.1
[INFO] running `Command { std: "docker" "create" "-v" "/var/lib/crater-agent-workspace/builds/worker-7-tc1/target:/opt/rustwide/target:rw,Z" "-v" "/var/lib/crater-agent-workspace/builds/worker-7-tc1/source:/opt/rustwide/workdir:ro,Z" "-v" "/var/lib/crater-agent-workspace/cargo-home:/opt/rustwide/cargo-home:ro,Z" "-v" "/var/lib/crater-agent-workspace/rustup-home:/opt/rustwide/rustup-home:ro,Z" "-e" "SOURCE_DIR=/opt/rustwide/workdir" "-e" "CARGO_TARGET_DIR=/opt/rustwide/target" "-e" "CARGO_HOME=/opt/rustwide/cargo-home" "-e" "RUSTUP_HOME=/opt/rustwide/rustup-home" "-w" "/opt/rustwide/workdir" "-m" "1610612736" "--user" "0:0" "--network" "none" "ghcr.io/rust-lang/crates-build-env/linux@sha256:5ff2268d62e97bff2cde7d5815dd6ed5b47097566f13b8d0ca110b04b60e07ed" "/opt/rustwide/cargo-home/bin/cargo" "+1.69.0" "metadata" "--no-deps" "--format-version=1", kill_on_drop: false }`
[INFO] [stdout] 9644225573e98f418ffcb5a10f476d39431b284a306b3274dc98f19e9713bb20
[INFO] running `Command { std: "docker" "start" "-a" "9644225573e98f418ffcb5a10f476d39431b284a306b3274dc98f19e9713bb20", kill_on_drop: false }`
[INFO] running `Command { std: "docker" "inspect" "9644225573e98f418ffcb5a10f476d39431b284a306b3274dc98f19e9713bb20", kill_on_drop: false }`
[INFO] running `Command { std: "docker" "rm" "-f" "9644225573e98f418ffcb5a10f476d39431b284a306b3274dc98f19e9713bb20", kill_on_drop: false }`
[INFO] [stdout] 9644225573e98f418ffcb5a10f476d39431b284a306b3274dc98f19e9713bb20
[INFO] running `Command { std: "docker" "create" "-v" "/var/lib/crater-agent-workspace/builds/worker-7-tc1/target:/opt/rustwide/target:rw,Z" "-v" "/var/lib/crater-agent-workspace/builds/worker-7-tc1/source:/opt/rustwide/workdir:ro,Z" "-v" "/var/lib/crater-agent-workspace/cargo-home:/opt/rustwide/cargo-home:ro,Z" "-v" "/var/lib/crater-agent-workspace/rustup-home:/opt/rustwide/rustup-home:ro,Z" "-e" "SOURCE_DIR=/opt/rustwide/workdir" "-e" "CARGO_TARGET_DIR=/opt/rustwide/target" "-e" "CARGO_INCREMENTAL=0" "-e" "RUST_BACKTRACE=full" "-e" "RUSTFLAGS=--cap-lints=warn" "-e" "RUSTDOCFLAGS=--cap-lints=warn" "-e" "CARGO_HOME=/opt/rustwide/cargo-home" "-e" "RUSTUP_HOME=/opt/rustwide/rustup-home" "-w" "/opt/rustwide/workdir" "-m" "1610612736" "--user" "0:0" "--network" "none" "ghcr.io/rust-lang/crates-build-env/linux@sha256:5ff2268d62e97bff2cde7d5815dd6ed5b47097566f13b8d0ca110b04b60e07ed" "/opt/rustwide/cargo-home/bin/cargo" "+1.69.0" "doc" "--frozen" "--no-deps" "--document-private-items" "--message-format=json", kill_on_drop: false }`
[INFO] [stdout] ad5114dcb95072f83e7754078efe680b3c8c711ea981970dc6396747c1702a8b
[INFO] running `Command { std: "docker" "start" "-a" "ad5114dcb95072f83e7754078efe680b3c8c711ea981970dc6396747c1702a8b", kill_on_drop: false }`
[INFO] [stderr]    Compiling version_check v0.9.4
[INFO] [stderr]    Compiling libc v0.2.112
[INFO] [stderr]    Compiling proc-macro2 v1.0.36
[INFO] [stderr]    Compiling syn v1.0.85
[INFO] [stderr]    Compiling memchr v2.4.1
[INFO] [stderr]    Compiling futures-core v0.3.19
[INFO] [stderr]    Compiling typenum v1.15.0
[INFO] [stderr]     Checking once_cell v1.9.0
[INFO] [stderr]    Compiling cc v1.0.72
[INFO] [stderr]    Compiling serde_derive v1.0.133
[INFO] [stderr]    Compiling futures-channel v0.3.19
[INFO] [stderr]    Compiling log v0.4.14
[INFO] [stderr]     Checking pin-project-lite v0.2.8
[INFO] [stderr]    Compiling bytes v1.1.0
[INFO] [stderr]    Compiling parking_lot_core v0.8.5
[INFO] [stderr]    Compiling yansi v0.5.0
[INFO] [stderr]    Compiling serde v1.0.133
[INFO] [stderr]     Checking futures-sink v0.3.19
[INFO] [stderr]    Compiling generic-array v0.14.5
[INFO] [stderr]    Compiling ahash v0.7.6
[INFO] [stderr]    Compiling standback v0.2.17
[INFO] [stderr]    Compiling proc-macro2-diagnostics v0.9.1
[INFO] [stderr]    Compiling futures-task v0.3.19
[INFO] [stderr]    Compiling futures-util v0.3.19
[INFO] [stderr]    Compiling itoa v1.0.1
[INFO] [stderr]    Compiling crossbeam-utils v0.8.5
[INFO] [stderr]    Compiling indexmap v1.7.0
[INFO] [stderr]    Compiling httparse v1.5.1
[INFO] [stderr]    Compiling spin v0.5.2
[INFO] [stderr]     Checking slab v0.4.5
[INFO] [stderr]    Compiling quote v1.0.14
[INFO] [stderr]     Checking getrandom v0.2.3
[INFO] [stderr]     Checking num_cpus v1.13.1
[INFO] [stderr]     Checking mio v0.7.14
[INFO] [stderr]     Checking signal-hook-registry v1.4.0
[INFO] [stderr]    Compiling untrusted v0.7.1
[INFO] [stderr]    Compiling const_fn v0.4.9
[INFO] [stderr]     Checking futures-io v0.3.19
[INFO] [stderr]    Compiling ring v0.16.20
[INFO] [stderr]    Compiling time v0.2.27
[INFO] [stderr]    Compiling nom v7.1.0
[INFO] [stderr]    Compiling instant v0.1.12
[INFO] [stderr]    Compiling num-integer v0.1.44
[INFO] [stderr]    Compiling smallvec v1.7.0
[INFO] [stderr]    Compiling pin-utils v0.1.0
[INFO] [stderr]    Compiling percent-encoding v2.1.0
[INFO] [stderr]    Compiling hashbrown v0.11.2
[INFO] [stderr]    Compiling lock_api v0.4.5
[INFO] [stderr]    Compiling tokio v1.15.0
[INFO] [stderr]    Compiling either v1.6.1
[INFO] [stderr]    Compiling tinyvec_macros v0.1.0
[INFO] [stderr]    Compiling bitflags v1.3.2
[INFO] [stderr]    Compiling serde_json v1.0.74
[INFO] [stderr]    Compiling digest v0.9.0
[INFO] [stderr]    Compiling tinyvec v1.5.1
[INFO] [stderr]    Compiling parking_lot v0.11.2
[INFO] [stderr]    Compiling cookie v0.15.1
[INFO] [stderr]    Compiling crossbeam-queue v0.3.2
[INFO] [stderr]    Compiling fnv v1.0.7
[INFO] [stderr]    Compiling ref-cast v1.0.6
[INFO] [stderr]    Compiling http v0.2.6
[INFO] [stderr]    Compiling block-buffer v0.9.0
[INFO] [stderr]     Checking rand_core v0.6.3
[INFO] [stderr]    Compiling num-traits v0.2.14
[INFO] [stderr]    Compiling tracing-core v0.1.21
[INFO] [stderr]    Compiling base64 v0.13.0
[INFO] [stderr]    Compiling opaque-debug v0.3.0
[INFO] [stderr]    Compiling matches v0.1.9
[INFO] [stderr]    Compiling unicode-bidi v0.3.7
[INFO] [stderr]     Checking rand_chacha v0.3.1
[INFO] [stderr]    Compiling tracing v0.1.29
[INFO] [stderr]    Compiling unicode-normalization v0.1.19
[INFO] [stderr]    Compiling uncased v0.9.6
[INFO] [stderr]    Compiling proc-macro-error-attr v1.0.4
[INFO] [stderr]    Compiling try-lock v0.2.3
[INFO] [stderr]    Compiling ppv-lite86 v0.2.16
[INFO] [stderr]    Compiling cpufeatures v0.2.1
[INFO] [stderr]    Compiling minimal-lexical v0.2.1
[INFO] [stderr]    Compiling subtle v2.4.1
[INFO] [stderr]    Compiling want v0.3.0
[INFO] [stderr]     Checking rand v0.8.4
[INFO] [stderr]    Compiling form_urlencoded v1.0.1
[INFO] [stderr]    Compiling crypto-mac v0.11.1
[INFO] [stderr]    Compiling itertools v0.10.3
[INFO] [stderr]    Compiling socket2 v0.4.2
[INFO] [stderr]    Compiling idna v0.2.3
[INFO] [stderr]    Compiling dirs-sys v0.3.6
[INFO] [stderr]    Compiling http-body v0.4.4
[INFO] [stderr]    Compiling proc-macro-error v1.0.4
[INFO] [stderr]     Checking ryu v1.0.9
[INFO] [stderr]    Compiling encoding_rs v0.8.30
[INFO] [stderr]    Compiling inlinable_string v0.1.15
[INFO] [stderr]    Compiling itoa v0.4.8
[INFO] [stderr]    Compiling httpdate v1.0.2
[INFO] [stderr]    Compiling crc-catalog v1.1.1
[INFO] [stderr]    Compiling tower-service v0.3.1
[INFO] [stderr]     Checking byteorder v1.4.3
[INFO] [stderr]    Compiling unicode_categories v0.1.1
[INFO] [stderr]    Compiling crc v2.1.0
[INFO] [stderr]    Compiling url v2.2.2
[INFO] [stderr]    Compiling dirs v4.0.0
[INFO] [stderr]    Compiling hmac v0.11.0
[INFO] [stderr]    Compiling stringprep v0.1.2
[INFO] [stderr]    Compiling chrono v0.4.19
[INFO] [stderr]    Compiling sha-1 v0.9.8
[INFO] [stderr]     Checking webpki v0.21.4
[INFO] [stderr]     Checking sct v0.6.1
[INFO] [stderr]    Compiling tokio-util v0.6.9
[INFO] [stderr]    Compiling devise_core v0.3.1
[INFO] [stderr]     Checking rustls v0.19.1
[INFO] [stderr]    Compiling webpki-roots v0.21.1
[INFO] [stderr]    Compiling tokio-stream v0.1.8
[INFO] [stderr]    Compiling sqlformat v0.1.8
[INFO] [stderr]    Compiling sha2 v0.9.9
[INFO] [stderr]    Compiling crossbeam-channel v0.5.1
[INFO] [stderr]    Compiling h2 v0.3.9
[INFO] [stderr]    Compiling atoi v0.4.0
[INFO] [stderr]    Compiling md-5 v0.9.1
[INFO] [stderr]    Compiling futures-intrusive v0.4.0
[INFO] [stderr]    Compiling hashlink v0.7.0
[INFO] [stderr]     Checking atty v0.2.14
[INFO] [stderr]     Checking time v0.1.43
[INFO] [stderr]    Compiling stable-pattern v0.1.0
[INFO] [stderr]    Compiling figment v0.10.6
[INFO] [stderr]    Compiling multer v2.0.2
[INFO] [stderr]    Compiling atomic v0.5.1
[INFO] [stderr]    Compiling hex v0.4.3
[INFO] [stderr]    Compiling state v0.5.2
[INFO] [stderr]    Compiling mime v0.3.16
[INFO] [stderr]    Compiling whoami v1.2.1
[INFO] [stderr]    Compiling async-trait v0.1.52
[INFO] [stderr]     Checking unicode-width v0.1.9
[INFO] [stderr]    Compiling uuid v0.8.2
[INFO] [stderr]     Checking textwrap v0.11.0
[INFO] [stderr]     Checking cipher v0.3.0
[INFO] [stderr]    Compiling rocket v0.5.0-rc.1
[INFO] [stderr]     Checking spin v0.9.2
[INFO] [stderr]    Compiling glob v0.3.0
[INFO] [stderr]    Compiling tokio-rustls v0.22.0
[INFO] [stderr]     Checking ansi_term v0.12.1
[INFO] [stderr]    Compiling dotenv v0.15.0
[INFO] [stderr]     Checking vec_map v0.8.2
[INFO] [stderr]    Compiling sqlx-rt v0.5.10
[INFO] [stderr]     Checking strsim v0.8.0
[INFO] [stderr]     Checking blowfish v0.8.0
[INFO] [stderr]     Checking tempfile v3.2.0
[INFO] [stderr]     Checking binascii v0.1.4
[INFO] [stderr]     Checking clap v2.34.0
[INFO] [stderr]     Checking bcrypt v0.10.1
[INFO] [stderr]    Compiling tokio-macros v1.7.0
[INFO] [stderr]    Compiling time-macros-impl v0.1.2
[INFO] [stderr]    Compiling futures-macro v0.3.19
[INFO] [stderr]    Compiling pear_codegen v0.2.3
[INFO] [stderr]    Compiling thiserror-impl v1.0.30
[INFO] [stderr]    Compiling ref-cast-impl v1.0.6
[INFO] [stderr]    Compiling devise_codegen v0.3.1
[INFO] [stderr]    Compiling async-stream-impl v0.3.2
[INFO] [stderr]    Compiling structopt-derive v0.4.18
[INFO] [stderr]    Compiling time-macros v0.1.1
[INFO] [stderr]     Checking async-stream v0.3.2
[INFO] [stderr]    Compiling devise v0.3.1
[INFO] [stderr]    Compiling pear v0.2.3
[INFO] [stderr]    Compiling hyper v0.14.16
[INFO] [stderr]    Compiling thiserror v1.0.30
[INFO] [stderr]     Checking structopt v0.3.25
[INFO] [stderr]    Compiling rocket_http v0.5.0-rc.1
[INFO] [stderr]     Checking futures-executor v0.3.19
[INFO] [stderr]     Checking futures v0.3.19
[INFO] [stderr]     Checking toml v0.5.8
[INFO] [stderr]     Checking ubyte v0.10.1
[INFO] [stderr]    Compiling rocket_codegen v0.5.0-rc.1
[INFO] [stderr]     Checking sqlx-core v0.5.10
[INFO] [stderr]    Compiling sqlx-macros v0.5.10
[INFO] [stderr]     Checking sqlx v0.5.10
[INFO] [stderr]     Checking book_it_backend v0.1.0 (/opt/rustwide/workdir)
[INFO] [stderr]  Documenting book_it_backend v0.1.0 (/opt/rustwide/workdir)
[INFO] [stdout] error: error communicating with database: Cannot assign requested address (os error 99)
[INFO] [stdout]   --> src/lib/http/routes.rs:28:5
[INFO] [stdout]    |
[INFO] [stdout] 28 | /     sqlx::query!(
[INFO] [stdout] 29 | |         "INSERT INTO users (name, email, password) values($1, $2, $3)",
[INFO] [stdout] 30 | |         user.name.clone(),
[INFO] [stdout] 31 | |         user.email.clone(),
[INFO] [stdout] 32 | |         hashed_password.clone()
[INFO] [stdout] 33 | |     )
[INFO] [stdout]    | |_____^
[INFO] [stdout]    |
[INFO] [stdout]    = note: this error originates in the macro `$crate::sqlx_macros::expand_query` which comes from the expansion of the macro `sqlx::query` (in Nightly builds, run with -Z macro-backtrace for more info)
[INFO] [stdout] 
[INFO] [stdout] 
[INFO] [stdout] error: error communicating with database: Cannot assign requested address (os error 99)
[INFO] [stdout]   --> src/lib/http/routes.rs:28:5
[INFO] [stdout]    |
[INFO] [stdout] 28 | /     sqlx::query!(
[INFO] [stdout] 29 | |         "INSERT INTO users (name, email, password) values($1, $2, $3)",
[INFO] [stdout] 30 | |         user.name.clone(),
[INFO] [stdout] 31 | |         user.email.clone(),
[INFO] [stdout] 32 | |         hashed_password.clone()
[INFO] [stdout] 33 | |     )
[INFO] [stdout]    | |_____^
[INFO] [stdout]    |
[INFO] [stdout]    = note: this error originates in the macro `$crate::sqlx_macros::expand_query` which comes from the expansion of the macro `sqlx::query` (in Nightly builds, run with -Z macro-backtrace for more info)
[INFO] [stdout] 
[INFO] [stdout] 
[INFO] [stdout] error: error communicating with database: Cannot assign requested address (os error 99)
[INFO] [stdout]   --> src/lib/http/routes.rs:37:21
[INFO] [stdout]    |
[INFO] [stdout] 37 |       let user_data = sqlx::query_as!(
[INFO] [stdout]    |  _____________________^
[INFO] [stdout] 38 | |         SRegister,
[INFO] [stdout] 39 | |         "SELECT name, email, id FROM users where email = $1",
[INFO] [stdout] 40 | |         user.email.clone()
[INFO] [stdout] 41 | |     )
[INFO] [stdout]    | |_____^
[INFO] [stdout]    |
[INFO] [stdout]    = note: this error originates in the macro `$crate::sqlx_macros::expand_query` which comes from the expansion of the macro `sqlx::query_as` (in Nightly builds, run with -Z macro-backtrace for more info)
[INFO] [stdout] 
[INFO] [stdout] 
[INFO] [stdout] error: error communicating with database: Cannot assign requested address (os error 99)
[INFO] [stdout]   --> src/lib/http/routes.rs:37:21
[INFO] [stdout]    |
[INFO] [stdout] 37 |       let user_data = sqlx::query_as!(
[INFO] [stdout]    |  _____________________^
[INFO] [stdout] 38 | |         SRegister,
[INFO] [stdout] 39 | |         "SELECT name, email, id FROM users where email = $1",
[INFO] [stdout] 40 | |         user.email.clone()
[INFO] [stdout] 41 | |     )
[INFO] [stdout]    | |_____^
[INFO] [stdout]    |
[INFO] [stdout]    = note: this error originates in the macro `$crate::sqlx_macros::expand_query` which comes from the expansion of the macro `sqlx::query_as` (in Nightly builds, run with -Z macro-backtrace for more info)
[INFO] [stdout] 
[INFO] [stdout] 
[INFO] [stdout] error: error communicating with database: Cannot assign requested address (os error 99)
[INFO] [stdout]   --> src/lib/http/routes.rs:56:27
[INFO] [stdout]    |
[INFO] [stdout] 56 |       let hashed_password = sqlx::query_as!(
[INFO] [stdout]    |  ___________________________^
[INFO] [stdout] 57 | |         Password,
[INFO] [stdout] 58 | |         "SELECT password from users where email = $1",
[INFO] [stdout] 59 | |         user.email.clone()
[INFO] [stdout] 60 | |     )
[INFO] [stdout]    | |_____^
[INFO] [stdout]    |
[INFO] [stdout]    = note: this error originates in the macro `$crate::sqlx_macros::expand_query` which comes from the expansion of the macro `sqlx::query_as` (in Nightly builds, run with -Z macro-backtrace for more info)
[INFO] [stdout] 
[INFO] [stdout] 
[INFO] [stdout] error: error communicating with database: Cannot assign requested address (os error 99)
[INFO] [stdout]   --> src/lib/http/routes.rs:56:27
[INFO] [stdout]    |
[INFO] [stdout] 56 |       let hashed_password = sqlx::query_as!(
[INFO] [stdout]    |  ___________________________^
[INFO] [stdout] 57 | |         Password,
[INFO] [stdout] 58 | |         "SELECT password from users where email = $1",
[INFO] [stdout] 59 | |         user.email.clone()
[INFO] [stdout] 60 | |     )
[INFO] [stdout]    | |_____^
[INFO] [stdout]    |
[INFO] [stdout]    = note: this error originates in the macro `$crate::sqlx_macros::expand_query` which comes from the expansion of the macro `sqlx::query_as` (in Nightly builds, run with -Z macro-backtrace for more info)
[INFO] [stdout] 
[INFO] [stdout] 
[INFO] [stdout] error: error communicating with database: Cannot assign requested address (os error 99)
[INFO] [stdout]   --> src/lib/http/routes.rs:69:37
[INFO] [stdout]    |
[INFO] [stdout] 69 |                       let user_data = sqlx::query_as!(
[INFO] [stdout]    |  _____________________________________^
[INFO] [stdout] 70 | |                         User,
[INFO] [stdout] 71 | |                         "SELECT id, name, email from users where email = $1 ",
[INFO] [stdout] 72 | |                         user.email.clone()
[INFO] [stdout] 73 | |                     )
[INFO] [stdout]    | |_____________________^
[INFO] [stdout]    |
[INFO] [stdout]    = note: this error originates in the macro `$crate::sqlx_macros::expand_query` which comes from the expansion of the macro `sqlx::query_as` (in Nightly builds, run with -Z macro-backtrace for more info)
[INFO] [stdout] 
[INFO] [stdout] 
[INFO] [stdout] error: error communicating with database: Cannot assign requested address (os error 99)
[INFO] [stdout]   --> src/lib/http/routes.rs:69:37
[INFO] [stdout]    |
[INFO] [stdout] 69 |                       let user_data = sqlx::query_as!(
[INFO] [stdout]    |  _____________________________________^
[INFO] [stdout] 70 | |                         User,
[INFO] [stdout] 71 | |                         "SELECT id, name, email from users where email = $1 ",
[INFO] [stdout] 72 | |                         user.email.clone()
[INFO] [stdout] 73 | |                     )
[INFO] [stdout]    | |_____________________^
[INFO] [stdout]    |
[INFO] [stdout]    = note: this error originates in the macro `$crate::sqlx_macros::expand_query` which comes from the expansion of the macro `sqlx::query_as` (in Nightly builds, run with -Z macro-backtrace for more info)
[INFO] [stdout] 
[INFO] [stdout] 
[INFO] [stdout] error: error communicating with database: Cannot assign requested address (os error 99)
[INFO] [stdout]   --> src/lib/http/routes.rs:95:14
[INFO] [stdout]    |
[INFO] [stdout] 95 |       let id = sqlx::query_as!(
[INFO] [stdout]    |  ______________^
[INFO] [stdout] 96 | |         Id,
[INFO] [stdout] 97 | |         "SELECT id from users where email = $1",
[INFO] [stdout] 98 | |         bookmark.email.clone()
[INFO] [stdout] 99 | |     )
[INFO] [stdout]    | |_____^
[INFO] [stdout]    |
[INFO] [stdout]    = note: this error originates in the macro `$crate::sqlx_macros::expand_query` which comes from the expansion of the macro `sqlx::query_as` (in Nightly builds, run with -Z macro-backtrace for more info)
[INFO] [stdout] 
[INFO] [stdout] 
[INFO] [stdout] error: error communicating with database: Cannot assign requested address (os error 99)
[INFO] [stdout]   --> src/lib/http/routes.rs:95:14
[INFO] [stdout]    |
[INFO] [stdout] 95 |       let id = sqlx::query_as!(
[INFO] [stdout]    |  ______________^
[INFO] [stdout] 96 | |         Id,
[INFO] [stdout] 97 | |         "SELECT id from users where email = $1",
[INFO] [stdout] 98 | |         bookmark.email.clone()
[INFO] [stdout] 99 | |     )
[INFO] [stdout]    | |_____^
[INFO] [stdout]    |
[INFO] [stdout]    = note: this error originates in the macro `$crate::sqlx_macros::expand_query` which comes from the expansion of the macro `sqlx::query_as` (in Nightly builds, run with -Z macro-backtrace for more info)
[INFO] [stdout] 
[INFO] [stdout] 
[INFO] [stdout] error: error communicating with database: Cannot assign requested address (os error 99)
[INFO] [stdout]    --> src/lib/http/routes.rs:105:24
[INFO] [stdout]     |
[INFO] [stdout] 105 |               let query= sqlx::query!(
[INFO] [stdout]     |  ________________________^
[INFO] [stdout] 106 | |                 "INSERT into bookmark (bookmark_url, bookmark_name, email, date) values($1, $2, $3, $4)",
[INFO] [stdout] 107 | |                 bookmark.bookmark_url.clone(),
[INFO] [stdout] 108 | |                 bookmark.bookmark_name.clone(),
[INFO] [stdout] 109 | |                 bookmark.email.clone(),
[INFO] [stdout] 110 | |                 date()
[INFO] [stdout] 111 | |             ).execute(&db_clone).await;
[INFO] [stdout]     | |_____________^
[INFO] [stdout]     |
[INFO] [stdout]     = note: this error originates in the macro `$crate::sqlx_macros::expand_query` which comes from the expansion of the macro `sqlx::query` (in Nightly builds, run with -Z macro-backtrace for more info)
[INFO] [stdout] 
[INFO] [stdout] 
[INFO] [stdout] error: error communicating with database: Cannot assign requested address (os error 99)
[INFO] [stdout]    --> src/lib/http/routes.rs:105:24
[INFO] [stdout]     |
[INFO] [stdout] 105 |               let query= sqlx::query!(
[INFO] [stdout]     |  ________________________^
[INFO] [stdout] 106 | |                 "INSERT into bookmark (bookmark_url, bookmark_name, email, date) values($1, $2, $3, $4)",
[INFO] [stdout] 107 | |                 bookmark.bookmark_url.clone(),
[INFO] [stdout] 108 | |                 bookmark.bookmark_name.clone(),
[INFO] [stdout] 109 | |                 bookmark.email.clone(),
[INFO] [stdout] 110 | |                 date()
[INFO] [stdout] 111 | |             ).execute(&db_clone).await;
[INFO] [stdout]     | |_____________^
[INFO] [stdout]     |
[INFO] [stdout]     = note: this error originates in the macro `$crate::sqlx_macros::expand_query` which comes from the expansion of the macro `sqlx::query` (in Nightly builds, run with -Z macro-backtrace for more info)
[INFO] [stdout] 
[INFO] [stdout] 
[INFO] [stdout] error: error communicating with database: Cannot assign requested address (os error 99)
[INFO] [stdout]    --> src/lib/http/routes.rs:129:28
[INFO] [stdout]     |
[INFO] [stdout] 129 |       let db_bookmark_data = sqlx::query_as!(
[INFO] [stdout]     |  ____________________________^
[INFO] [stdout] 130 | |         Email,
[INFO] [stdout] 131 | |         "SELECT email, bookmark_name from bookmark where email = $1 and bookmark_url = $2",
[INFO] [stdout] 132 | |         bookmark.email.clone(),
[INFO] [stdout] 133 | |         bookmark.bookmark_url.clone()
[INFO] [stdout] 134 | |     )
[INFO] [stdout]     | |_____^
[INFO] [stdout]     |
[INFO] [stdout]     = note: this error originates in the macro `$crate::sqlx_macros::expand_query` which comes from the expansion of the macro `sqlx::query_as` (in Nightly builds, run with -Z macro-backtrace for more info)
[INFO] [stdout] 
[INFO] [stdout] 
[INFO] [stdout] error: error communicating with database: Cannot assign requested address (os error 99)
[INFO] [stdout]    --> src/lib/http/routes.rs:129:28
[INFO] [stdout]     |
[INFO] [stdout] 129 |       let db_bookmark_data = sqlx::query_as!(
[INFO] [stdout]     |  ____________________________^
[INFO] [stdout] 130 | |         Email,
[INFO] [stdout] 131 | |         "SELECT email, bookmark_name from bookmark where email = $1 and bookmark_url = $2",
[INFO] [stdout] 132 | |         bookmark.email.clone(),
[INFO] [stdout] 133 | |         bookmark.bookmark_url.clone()
[INFO] [stdout] 134 | |     )
[INFO] [stdout]     | |_____^
[INFO] [stdout]     |
[INFO] [stdout]     = note: this error originates in the macro `$crate::sqlx_macros::expand_query` which comes from the expansion of the macro `sqlx::query_as` (in Nightly builds, run with -Z macro-backtrace for more info)
[INFO] [stdout] 
[INFO] [stdout] 
[INFO] [stdout] error: error communicating with database: Cannot assign requested address (os error 99)
[INFO] [stdout]    --> src/lib/http/routes.rs:140:23
[INFO] [stdout]     |
[INFO] [stdout] 140 |               let del = sqlx::query!(
[INFO] [stdout]     |  _______________________^
[INFO] [stdout] 141 | |                 "DELETE FROM bookmark WHERE bookmark_url = $1",
[INFO] [stdout] 142 | |                 bookmark.bookmark_url.clone()
[INFO] [stdout] 143 | |             )
[INFO] [stdout]     | |_____________^
[INFO] [stdout]     |
[INFO] [stdout]     = note: this error originates in the macro `$crate::sqlx_macros::expand_query` which comes from the expansion of the macro `sqlx::query` (in Nightly builds, run with -Z macro-backtrace for more info)
[INFO] [stdout] 
[INFO] [stdout] 
[INFO] [stdout] error: error communicating with database: Cannot assign requested address (os error 99)
[INFO] [stdout]    --> src/lib/http/routes.rs:140:23
[INFO] [stdout]     |
[INFO] [stdout] 140 |               let del = sqlx::query!(
[INFO] [stdout]     |  _______________________^
[INFO] [stdout] 141 | |                 "DELETE FROM bookmark WHERE bookmark_url = $1",
[INFO] [stdout] 142 | |                 bookmark.bookmark_url.clone()
[INFO] [stdout] 143 | |             )
[INFO] [stdout]     | |_____________^
[INFO] [stdout]     |
[INFO] [stdout]     = note: this error originates in the macro `$crate::sqlx_macros::expand_query` which comes from the expansion of the macro `sqlx::query` (in Nightly builds, run with -Z macro-backtrace for more info)
[INFO] [stdout] 
[INFO] [stdout] 
[INFO] [stdout] error: error communicating with database: Cannot assign requested address (os error 99)
[INFO] [stdout]    --> src/lib/http/routes.rs:163:21
[INFO] [stdout]     |
[INFO] [stdout] 163 |       let bookmarks = sqlx::query_as!(
[INFO] [stdout]     |  _____________________^
[INFO] [stdout] 164 | |         BookmarkFromDB,
[INFO] [stdout] 165 | |         "SELECT date,bookmark_name,bookmark_url from bookmark where email = $1",
[INFO] [stdout] 166 | |         bookmark.email.clone()
[INFO] [stdout] 167 | |     )
[INFO] [stdout]     | |_____^
[INFO] [stdout]     |
[INFO] [stdout]     = note: this error originates in the macro `$crate::sqlx_macros::expand_query` which comes from the expansion of the macro `sqlx::query_as` (in Nightly builds, run with -Z macro-backtrace for more info)
[INFO] [stdout] 
[INFO] [stdout] 
[INFO] [stdout] error: error communicating with database: Cannot assign requested address (os error 99)
[INFO] [stdout]    --> src/lib/http/routes.rs:163:21
[INFO] [stdout]     |
[INFO] [stdout] 163 |       let bookmarks = sqlx::query_as!(
[INFO] [stdout]     |  _____________________^
[INFO] [stdout] 164 | |         BookmarkFromDB,
[INFO] [stdout] 165 | |         "SELECT date,bookmark_name,bookmark_url from bookmark where email = $1",
[INFO] [stdout] 166 | |         bookmark.email.clone()
[INFO] [stdout] 167 | |     )
[INFO] [stdout]     | |_____^
[INFO] [stdout]     |
[INFO] [stdout]     = note: this error originates in the macro `$crate::sqlx_macros::expand_query` which comes from the expansion of the macro `sqlx::query_as` (in Nightly builds, run with -Z macro-backtrace for more info)
[INFO] [stdout] 
[INFO] [stdout] 
[INFO] [stdout] warning: unused import: `super::date`
[INFO] [stdout]  --> src/lib/http/routes.rs:2:5
[INFO] [stdout]   |
[INFO] [stdout] 2 | use super::date;
[INFO] [stdout]   |     ^^^^^^^^^^^
[INFO] [stdout]   |
[INFO] [stdout]   = note: `#[warn(unused_imports)]` on by default
[INFO] [stdout] 
[INFO] [stdout] 
[INFO] [stdout] warning: unused imports: `Email`, `Password`
[INFO] [stdout]  --> src/lib/http/routes.rs:4:31
[INFO] [stdout]   |
[INFO] [stdout] 4 | use crate::database::models::{Email, Password};
[INFO] [stdout]   |                               ^^^^^  ^^^^^^^^
[INFO] [stdout] 
[INFO] [stdout] 
[INFO] [stdout] warning: unused import: `models::Id`
[INFO] [stdout]  --> src/lib/http/routes.rs:6:16
[INFO] [stdout]   |
[INFO] [stdout] 6 |     database::{models::Id, Database},
[INFO] [stdout]   |                ^^^^^^^^^^
[INFO] [stdout] 
[INFO] [stdout] 
[INFO] [stdout] error: aborting due to 9 previous errors
[INFO] [stdout] 
[INFO] [stdout] 
[INFO] [stderr] error: could not document `book_it_backend`
[INFO] [stderr] 
[INFO] [stderr] Caused by:
[INFO] [stderr]   process didn't exit successfully: `rustdoc --edition=2021 --crate-type lib --crate-name api src/lib/mod.rs -o /opt/rustwide/target/doc --error-format=json --json=diagnostic-rendered-ansi,artifacts,future-incompat --document-private-items -C metadata=be4242df80941d34 -L dependency=/opt/rustwide/target/debug/deps --extern bcrypt=/opt/rustwide/target/debug/deps/libbcrypt-d6d9a9ac0a4159d1.rmeta --extern chrono=/opt/rustwide/target/debug/deps/libchrono-d4522d03a1f024b4.rmeta --extern dotenv=/opt/rustwide/target/debug/deps/libdotenv-cd86dd85a907a92e.rmeta --extern rocket=/opt/rustwide/target/debug/deps/librocket-d3fdd284112917d5.rmeta --extern serde=/opt/rustwide/target/debug/deps/libserde-f7bc5e89f1861f9b.rmeta --extern serde_json=/opt/rustwide/target/debug/deps/libserde_json-a85d002586c60fcb.rmeta --extern sqlx=/opt/rustwide/target/debug/deps/libsqlx-7b7576ca47d28085.rmeta --extern structopt=/opt/rustwide/target/debug/deps/libstructopt-debed6f966e19f2e.rmeta --extern thiserror=/opt/rustwide/target/debug/deps/libthiserror-cf015e05a8bb050b.rmeta --extern tokio=/opt/rustwide/target/debug/deps/libtokio-6f4c514f6d3fe8fd.rmeta --cap-lints=warn --crate-version 0.1.0` (exit status: 1)
[INFO] [stderr] warning: build failed, waiting for other jobs to finish...
[INFO] [stdout] error: aborting due to 9 previous errors; 3 warnings emitted
[INFO] [stdout] 
[INFO] [stdout] 
[INFO] [stderr] error: could not compile `book_it_backend` due to 10 previous errors; 3 warnings emitted
[INFO] running `Command { std: "docker" "inspect" "ad5114dcb95072f83e7754078efe680b3c8c711ea981970dc6396747c1702a8b", kill_on_drop: false }`
[INFO] running `Command { std: "docker" "rm" "-f" "ad5114dcb95072f83e7754078efe680b3c8c711ea981970dc6396747c1702a8b", kill_on_drop: false }`
[INFO] [stdout] ad5114dcb95072f83e7754078efe680b3c8c711ea981970dc6396747c1702a8b
