[INFO] cloning repository https://github.com/Gui-Yom/shadertoy
[INFO] running `Command { std: "git" "-c" "credential.helper=" "-c" "credential.helper=/workspace/cargo-home/bin/git-credential-null" "clone" "--bare" "https://github.com/Gui-Yom/shadertoy" "/workspace/cache/git-repos/https%3A%2F%2Fgithub.com%2FGui-Yom%2Fshadertoy", kill_on_drop: false }`
[INFO] [stderr] Cloning into bare repository '/workspace/cache/git-repos/https%3A%2F%2Fgithub.com%2FGui-Yom%2Fshadertoy'...
[INFO] running `Command { std: "git" "rev-parse" "HEAD", kill_on_drop: false }`
[INFO] [stdout] dd6a7c5314c0a7c043c9e17cef4369a2558b6bd1
[INFO] documenting Gui-Yom/shadertoy against beta-2023-04-20 for beta-1.70-rustdoc-1
[INFO] running `Command { std: "git" "clone" "/workspace/cache/git-repos/https%3A%2F%2Fgithub.com%2FGui-Yom%2Fshadertoy" "/workspace/builds/worker-0-tc2/source", kill_on_drop: false }`
[INFO] [stderr] Cloning into '/workspace/builds/worker-0-tc2/source'...
[INFO] [stderr] done.
[INFO] validating manifest of git repo https://github.com/Gui-Yom/shadertoy on toolchain beta-2023-04-20
[INFO] running `Command { std: CARGO_HOME="/workspace/cargo-home" RUSTUP_HOME="/workspace/rustup-home" "/workspace/cargo-home/bin/cargo" "+beta-2023-04-20" "metadata" "--manifest-path" "Cargo.toml" "--no-deps", kill_on_drop: false }`
[INFO] started tweaking git repo https://github.com/Gui-Yom/shadertoy
[INFO] finished tweaking git repo https://github.com/Gui-Yom/shadertoy
[INFO] tweaked toml for git repo https://github.com/Gui-Yom/shadertoy written to /workspace/builds/worker-0-tc2/source/Cargo.toml
[INFO] crate git repo https://github.com/Gui-Yom/shadertoy already has a lockfile, it will not be regenerated
[INFO] running `Command { std: CARGO_HOME="/workspace/cargo-home" RUSTUP_HOME="/workspace/rustup-home" "/workspace/cargo-home/bin/cargo" "+beta-2023-04-20" "fetch" "--manifest-path" "Cargo.toml", kill_on_drop: false }`
[INFO] [stderr]     Updating crates.io index
[INFO] [stderr]  Downloading crates ...
[INFO] [stderr]   Downloaded egui v0.16.1
[INFO] [stderr]   Downloaded zvariant_derive v3.1.2
[INFO] [stderr]   Downloaded emath v0.17.0
[INFO] [stderr]   Downloaded lexical-core v0.8.2
[INFO] [stderr]   Downloaded lexical-parse-integer v0.8.0
[INFO] [stderr]   Downloaded line-span v0.1.3
[INFO] [stderr]   Downloaded cfg-expr v0.10.2
[INFO] [stderr]   Downloaded rfd v0.8.1
[INFO] [stderr]   Downloaded egui v0.17.0
[INFO] [stderr]   Downloaded crevice-derive v0.8.0
[INFO] [stderr]   Downloaded crevice v0.8.0
[INFO] [stderr]   Downloaded glsl-lang v0.2.0
[INFO] [stderr]   Downloaded zvariant v3.1.2
[INFO] [stderr]   Downloaded async-broadcast v0.3.4
[INFO] [stderr]   Downloaded emath v0.16.0
[INFO] [stderr]   Downloaded lexical-write-integer v0.8.0
[INFO] [stderr]   Downloaded winreg v0.8.0
[INFO] [stderr]   Downloaded dlv-list v0.2.3
[INFO] [stderr]   Downloaded shaderc v0.7.4
[INFO] [stderr]   Downloaded dconf_rs v0.3.0
[INFO] [stderr]   Downloaded glib-sys v0.15.7
[INFO] [stderr]   Downloaded detect-desktop-environment v0.2.0
[INFO] [stderr]   Downloaded glsl-lang-pp v0.2.0
[INFO] [stderr]   Downloaded zbus_macros v2.1.1
[INFO] [stderr]   Downloaded dark-light v0.2.1
[INFO] [stderr]   Downloaded gdk-pixbuf-sys v0.15.1
[INFO] [stderr]   Downloaded enumflags2 v0.7.3
[INFO] [stderr]   Downloaded puffin_egui v0.13.0
[INFO] [stderr]   Downloaded enumflags2_derive v0.7.3
[INFO] [stderr]   Downloaded rust-ini v0.17.0
[INFO] [stderr]   Downloaded zbus v2.1.1
[INFO] [stderr]   Downloaded pango-sys v0.15.1
[INFO] [stderr]   Downloaded lexical v6.0.1
[INFO] [stderr]   Downloaded lexical-util v0.8.1
[INFO] [stderr]   Downloaded gio-sys v0.15.7
[INFO] [stderr]   Downloaded epaint v0.16.0
[INFO] [stderr]   Downloaded lexical-parse-float v0.8.2
[INFO] [stderr]   Downloaded lalrpop v0.19.7
[INFO] [stderr]   Downloaded vec1 v1.8.0
[INFO] [stderr]   Downloaded egui_wgpu_backend v0.17.0
[INFO] [stderr]   Downloaded puffin v0.13.1
[INFO] [stderr]   Downloaded egui-winit v0.17.0
[INFO] [stderr]   Downloaded glsl-lang-lexer v0.2.0
[INFO] [stderr]   Downloaded lalrpop-util v0.19.7
[INFO] [stderr]   Downloaded lang-util v0.2.0
[INFO] [stderr]   Downloaded lang-util-derive v0.2.0
[INFO] [stderr]   Downloaded glsl-lang-types v0.2.0
[INFO] [stderr]   Downloaded gobject-sys v0.15.9
[INFO] [stderr]   Downloaded epaint v0.17.0
[INFO] [stderr]   Downloaded lexical-write-float v0.8.2
[INFO] [stderr]   Downloaded shaderc-sys v0.7.4
[INFO] running `Command { std: "docker" "create" "-v" "/var/lib/crater-agent-workspace/builds/worker-0-tc2/target:/opt/rustwide/target:rw,Z" "-v" "/var/lib/crater-agent-workspace/builds/worker-0-tc2/source:/opt/rustwide/workdir:ro,Z" "-v" "/var/lib/crater-agent-workspace/cargo-home:/opt/rustwide/cargo-home:ro,Z" "-v" "/var/lib/crater-agent-workspace/rustup-home:/opt/rustwide/rustup-home:ro,Z" "-e" "SOURCE_DIR=/opt/rustwide/workdir" "-e" "CARGO_TARGET_DIR=/opt/rustwide/target" "-e" "CARGO_HOME=/opt/rustwide/cargo-home" "-e" "RUSTUP_HOME=/opt/rustwide/rustup-home" "-w" "/opt/rustwide/workdir" "-m" "1610612736" "--user" "0:0" "--network" "none" "ghcr.io/rust-lang/crates-build-env/linux@sha256:5ff2268d62e97bff2cde7d5815dd6ed5b47097566f13b8d0ca110b04b60e07ed" "/opt/rustwide/cargo-home/bin/cargo" "+beta-2023-04-20" "metadata" "--no-deps" "--format-version=1", kill_on_drop: false }`
[INFO] [stdout] b1964f0554940d46849b53e8b51b3be2adf6e37de76e269f24fadd37e7557a55
[INFO] running `Command { std: "docker" "start" "-a" "b1964f0554940d46849b53e8b51b3be2adf6e37de76e269f24fadd37e7557a55", kill_on_drop: false }`
[INFO] running `Command { std: "docker" "inspect" "b1964f0554940d46849b53e8b51b3be2adf6e37de76e269f24fadd37e7557a55", kill_on_drop: false }`
[INFO] running `Command { std: "docker" "rm" "-f" "b1964f0554940d46849b53e8b51b3be2adf6e37de76e269f24fadd37e7557a55", kill_on_drop: false }`
[INFO] [stdout] b1964f0554940d46849b53e8b51b3be2adf6e37de76e269f24fadd37e7557a55
[INFO] running `Command { std: "docker" "create" "-v" "/var/lib/crater-agent-workspace/builds/worker-0-tc2/target:/opt/rustwide/target:rw,Z" "-v" "/var/lib/crater-agent-workspace/builds/worker-0-tc2/source:/opt/rustwide/workdir:ro,Z" "-v" "/var/lib/crater-agent-workspace/cargo-home:/opt/rustwide/cargo-home:ro,Z" "-v" "/var/lib/crater-agent-workspace/rustup-home:/opt/rustwide/rustup-home:ro,Z" "-e" "SOURCE_DIR=/opt/rustwide/workdir" "-e" "CARGO_TARGET_DIR=/opt/rustwide/target" "-e" "CARGO_INCREMENTAL=0" "-e" "RUST_BACKTRACE=full" "-e" "RUSTFLAGS=--cap-lints=warn" "-e" "RUSTDOCFLAGS=--cap-lints=warn" "-e" "CARGO_HOME=/opt/rustwide/cargo-home" "-e" "RUSTUP_HOME=/opt/rustwide/rustup-home" "-w" "/opt/rustwide/workdir" "-m" "1610612736" "--user" "0:0" "--network" "none" "ghcr.io/rust-lang/crates-build-env/linux@sha256:5ff2268d62e97bff2cde7d5815dd6ed5b47097566f13b8d0ca110b04b60e07ed" "/opt/rustwide/cargo-home/bin/cargo" "+beta-2023-04-20" "doc" "--frozen" "--no-deps" "--document-private-items" "--message-format=json", kill_on_drop: false }`
[INFO] [stdout] c5c2135ad326604ca1a3cefa1aed008767fb722850d5f2295c7e8ab264ac387e
[INFO] running `Command { std: "docker" "start" "-a" "c5c2135ad326604ca1a3cefa1aed008767fb722850d5f2295c7e8ab264ac387e", kill_on_drop: false }`
[INFO] [stderr]    Compiling libc v0.2.119
[INFO] [stderr]    Compiling proc-macro2 v1.0.36
[INFO] [stderr]    Compiling syn v1.0.86
[INFO] [stderr]    Compiling pkg-config v0.3.24
[INFO] [stderr]    Compiling serde v1.0.136
[INFO] [stderr]    Compiling smallvec v1.8.0
[INFO] [stderr]    Compiling version-compare v0.1.0
[INFO] [stderr]    Compiling log v0.4.14
[INFO] [stderr]     Checking libloading v0.7.3
[INFO] [stderr]    Compiling memchr v2.4.1
[INFO] [stderr]    Compiling serde_derive v1.0.136
[INFO] [stderr]    Compiling ahash v0.7.6
[INFO] [stderr]    Compiling indexmap v1.8.0
[INFO] [stderr]    Compiling xml-rs v0.8.4
[INFO] [stderr]    Compiling futures-core v0.3.21
[INFO] [stderr]    Compiling cfg-expr v0.10.2
[INFO] [stderr]    Compiling getrandom v0.1.16
[INFO] [stderr]    Compiling siphasher v0.3.10
[INFO] [stderr]     Checking instant v0.1.12
[INFO] [stderr]    Compiling num-traits v0.2.14
[INFO] [stderr]     Checking byteorder v1.4.3
[INFO] [stderr]     Checking lock_api v0.4.6
[INFO] [stderr]    Compiling aho-corasick v0.7.18
[INFO] [stderr]    Compiling wayland-sys v0.29.4
[INFO] [stderr]     Checking dlib v0.5.0
[INFO] [stderr]     Checking lexical-util v0.8.1
[INFO] [stderr]    Compiling nom v7.1.0
[INFO] [stderr]    Compiling strsim v0.10.0
[INFO] [stderr]    Compiling ident_case v1.0.1
[INFO] [stderr]    Compiling ppv-lite86 v0.2.16
[INFO] [stderr]    Compiling fnv v1.0.7
[INFO] [stderr]     Checking cty v0.2.2
[INFO] [stderr]     Checking downcast-rs v1.2.0
[INFO] [stderr]    Compiling quote v1.0.15
[INFO] [stderr]     Checking raw-window-handle v0.4.2
[INFO] [stderr]    Compiling phf_shared v0.8.0
[INFO] [stderr]     Checking cache-padded v1.2.0
[INFO] [stderr]    Compiling wayland-scanner v0.29.4
[INFO] [stderr]    Compiling dirs-sys-next v0.1.2
[INFO] [stderr]    Compiling crunchy v0.2.2
[INFO] [stderr]     Checking arrayvec v0.7.2
[INFO] [stderr]     Checking mint v0.5.9
[INFO] [stderr]    Compiling scopeguard v1.1.0
[INFO] [stderr]     Checking lexical-parse-integer v0.8.0
[INFO] [stderr]     Checking lexical-write-integer v0.8.0
[INFO] [stderr]    Compiling rand_core v0.5.1
[INFO] [stderr]    Compiling regex v1.5.5
[INFO] [stderr]    Compiling dirs-next v2.0.0
[INFO] [stderr]     Checking concurrent-queue v1.2.2
[INFO] [stderr]    Compiling rand_pcg v0.2.1
[INFO] [stderr]    Compiling rand_chacha v0.2.2
[INFO] [stderr]    Compiling parking_lot_core v0.8.5
[INFO] [stderr]    Compiling smithay-client-toolkit v0.15.3
[INFO] [stderr]    Compiling quick-xml v0.22.0
[INFO] [stderr]     Checking bit-vec v0.6.3
[INFO] [stderr]    Compiling hashbrown v0.11.2
[INFO] [stderr]    Compiling ash v0.34.0+1.2.203
[INFO] [stderr]     Checking getrandom v0.2.5
[INFO] [stderr]     Checking nix v0.22.3
[INFO] [stderr]    Compiling rand v0.7.3
[INFO] [stderr]    Compiling khronos-egl v4.1.0
[INFO] [stderr]     Checking rand_core v0.6.3
[INFO] [stderr]     Checking parking_lot v0.11.2
[INFO] [stderr]     Checking fastrand v1.7.0
[INFO] [stderr]    Compiling futures-util v0.3.21
[INFO] [stderr]     Checking rand_chacha v0.3.1
[INFO] [stderr]     Checking event-listener v2.5.2
[INFO] [stderr]     Checking futures-io v0.3.21
[INFO] [stderr]     Checking fixedbitset v0.4.1
[INFO] [stderr]     Checking ttf-parser v0.15.0
[INFO] [stderr]    Compiling tiny-keccak v2.0.2
[INFO] [stderr]     Checking codespan-reporting v0.11.1
[INFO] [stderr]     Checking futures-lite v1.12.0
[INFO] [stderr]     Checking tinyvec v1.5.1
[INFO] [stderr]    Compiling xcb v0.10.1
[INFO] [stderr]     Checking rand v0.8.5
[INFO] [stderr]     Checking bit-set v0.5.2
[INFO] [stderr]     Checking spirv v0.2.0+1.5.4
[INFO] [stderr]    Compiling wayland-client v0.29.4
[INFO] [stderr]    Compiling wayland-protocols v0.29.4
[INFO] [stderr]     Checking xcursor v0.3.4
[INFO] [stderr]    Compiling phf_generator v0.8.0
[INFO] [stderr]     Checking memmap2 v0.3.1
[INFO] [stderr]    Compiling string_cache_codegen v0.5.1
[INFO] [stderr]     Checking petgraph v0.6.0
[INFO] [stderr]    Compiling term v0.7.0
[INFO] [stderr]     Checking lexical-write-float v0.8.2
[INFO] [stderr]     Checking lexical-parse-float v0.8.2
[INFO] [stderr]    Compiling phf_shared v0.10.0
[INFO] [stderr]     Checking gpu-alloc-types v0.2.0
[INFO] [stderr]     Checking gpu-descriptor-types v0.1.1
[INFO] [stderr]    Compiling num-integer v0.1.44
[INFO] [stderr]     Checking line-span v0.1.3
[INFO] [stderr]    Compiling cfg_aliases v0.1.1
[INFO] [stderr]     Checking ahash v0.4.7
[INFO] [stderr]    Compiling precomputed-hash v0.1.1
[INFO] [stderr]     Checking lalrpop-util v0.19.7
[INFO] [stderr]     Checking hexf-parse v0.2.1
[INFO] [stderr]    Compiling cc v1.0.73
[INFO] [stderr]    Compiling async-trait v0.1.52
[INFO] [stderr]     Checking futures-sink v0.3.21
[INFO] [stderr]    Compiling new_debug_unreachable v1.0.4
[INFO] [stderr]     Checking text-size v1.1.0
[INFO] [stderr]    Compiling either v1.6.1
[INFO] [stderr]     Checking ab_glyph_rasterizer v0.1.5
[INFO] [stderr]    Compiling fixedbitset v0.2.0
[INFO] [stderr]     Checking owned_ttf_parser v0.15.0
[INFO] [stderr]    Compiling itertools v0.10.3
[INFO] [stderr]    Compiling string_cache v0.8.3
[INFO] [stderr]     Checking ab_glyph v0.2.15
[INFO] [stderr]    Compiling petgraph v0.5.1
[INFO] [stderr]    Compiling toml v0.5.8
[INFO] [stderr]    Compiling cmake v0.1.48
[INFO] [stderr]     Checking hashbrown v0.9.1
[INFO] [stderr]     Checking lexical-core v0.8.2
[INFO] [stderr]    Compiling glsl-lang-pp v0.2.0
[INFO] [stderr]    Compiling wgpu-core v0.12.2
[INFO] [stderr]     Checking gpu-alloc v0.5.3
[INFO] [stderr]     Checking gpu-descriptor v0.2.2
[INFO] [stderr]    Compiling ascii-canvas v3.0.0
[INFO] [stderr]     Checking wayland-commons v0.29.4
[INFO] [stderr]     Checking calloop v0.9.3
[INFO] [stderr]    Compiling ena v0.14.0
[INFO] [stderr]     Checking unicode-normalization v0.1.19
[INFO] [stderr]     Checking dlv-list v0.2.3
[INFO] [stderr]     Checking polling v2.2.0
[INFO] [stderr]     Checking socket2 v0.4.4
[INFO] [stderr]    Compiling atty v0.2.14
[INFO] [stderr]     Checking fxhash v0.2.1
[INFO] [stderr]    Compiling x11-dl v2.19.1
[INFO] [stderr]     Checking tracing-core v0.1.23
[INFO] [stderr]    Compiling system-deps v6.0.2
[INFO] [stderr]     Checking wgpu-types v0.12.0
[INFO] [stderr]     Checking async-task v4.2.0
[INFO] [stderr]    Compiling pico-args v0.4.2
[INFO] [stderr]     Checking easy-parallel v3.2.0
[INFO] [stderr]     Checking inplace_it v0.3.3
[INFO] [stderr]     Checking sha1_smol v1.0.0
[INFO] [stderr]    Compiling diff v0.1.12
[INFO] [stderr]     Checking renderdoc-sys v0.7.1
[INFO] [stderr]     Checking glow v0.11.2
[INFO] [stderr]     Checking profiling v1.0.5
[INFO] [stderr]     Checking atomic_refcell v0.1.8
[INFO] [stderr]     Checking sha1 v0.6.1
[INFO] [stderr]    Compiling lalrpop v0.19.7
[INFO] [stderr]     Checking net2 v0.2.37
[INFO] [stderr]     Checking idna v0.2.3
[INFO] [stderr]     Checking async-broadcast v0.3.4
[INFO] [stderr]     Checking async-executor v1.4.1
[INFO] [stderr]    Compiling darling_core v0.13.1
[INFO] [stderr]     Checking async-io v1.6.0
[INFO] [stderr]     Checking ordered-multimap v0.3.1
[INFO] [stderr]    Compiling shaderc-sys v0.7.4
[INFO] [stderr]     Checking lexical v6.0.1
[INFO] [stderr]    Compiling glib-sys v0.15.7
[INFO] [stderr]    Compiling gobject-sys v0.15.9
[INFO] [stderr]    Compiling gdk-sys v0.15.1
[INFO] [stderr]    Compiling gio-sys v0.15.7
[INFO] [stderr]    Compiling atk-sys v0.15.1
[INFO] [stderr]     Checking wayland-cursor v0.29.4
[INFO] [stderr]    Compiling gdk-pixbuf-sys v0.15.1
[INFO] [stderr]    Compiling pango-sys v0.15.1
[INFO] [stderr]    Compiling cairo-sys-rs v0.15.1
[INFO] [stderr]    Compiling gtk-sys v0.15.3
[INFO] [stderr]     Checking async-lock v2.5.0
[INFO] [stderr]     Checking async-channel v1.6.1
[INFO] [stderr]     Checking dirs-sys v0.3.6
[INFO] [stderr]     Checking iovec v0.1.4
[INFO] [stderr]     Checking nix v0.23.1
[INFO] [stderr]     Checking ordered-stream v0.0.1
[INFO] [stderr]    Compiling num-rational v0.4.0
[INFO] [stderr]    Compiling num-iter v0.1.42
[INFO] [stderr]     Checking copyless v0.1.5
[INFO] [stderr]    Compiling dark-light v0.2.1
[INFO] [stderr]     Checking adler32 v1.2.0
[INFO] [stderr]    Compiling winit v0.26.1
[INFO] [stderr]     Checking miniz_oxide v0.5.1
[INFO] [stderr]     Checking deflate v1.0.0
[INFO] [stderr]     Checking mio v0.6.23
[INFO] [stderr]     Checking dirs v4.0.0
[INFO] [stderr]     Checking url v2.2.2
[INFO] [stderr]     Checking rust-ini v0.17.0
[INFO] [stderr]     Checking inotify-sys v0.1.5
[INFO] [stderr]     Checking mio v0.8.0
[INFO] [stderr]     Checking x11-clipboard v0.5.3
[INFO] [stderr]     Checking regex-syntax v0.6.25
[INFO] [stderr]    Compiling rfd v0.8.1
[INFO] [stderr]     Checking weezl v0.1.5
[INFO] [stderr]     Checking dconf_rs v0.3.0
[INFO] [stderr]    Compiling anyhow v1.0.56
[INFO] [stderr]     Checking detect-desktop-environment v0.2.0
[INFO] [stderr]     Checking color_quant v1.1.0
[INFO] [stderr]     Checking mio-extras v2.0.6
[INFO] [stderr]     Checking webbrowser v0.6.0
[INFO] [stderr]     Checking gif v0.11.3
[INFO] [stderr]     Checking inotify v0.7.1
[INFO] [stderr]     Checking png v0.17.5
[INFO] [stderr]     Checking filetime v0.2.15
[INFO] [stderr]     Checking humantime v2.1.0
[INFO] [stderr]     Checking jpeg-decoder v0.2.2
[INFO] [stderr]     Checking notify v4.0.17
[INFO] [stderr]     Checking futures-executor v0.3.21
[INFO] [stderr]     Checking puffin v0.13.1
[INFO] [stderr]    Compiling thiserror-impl v1.0.30
[INFO] [stderr]    Compiling bytemuck_derive v1.0.1
[INFO] [stderr]    Compiling darling_macro v0.13.1
[INFO] [stderr]    Compiling enumflags2_derive v0.7.3
[INFO] [stderr]    Compiling derive_more v0.99.17
[INFO] [stderr]    Compiling tracing-attributes v0.1.20
[INFO] [stderr]    Compiling serde_repr v0.1.7
[INFO] [stderr] error: could not compile `ash` (lib)
[INFO] [stderr] 
[INFO] [stderr] Caused by:
[INFO] [stderr]   process didn't exit successfully: `rustc --crate-name ash --edition=2018 /opt/rustwide/cargo-home/registry/src/index.crates.io-6f17d22bba15001f/ash-0.34.0+1.2.203/src/lib.rs --error-format=json --json=diagnostic-rendered-ansi,artifacts,future-incompat --crate-type lib --emit=dep-info,metadata -C embed-bitcode=no -C debuginfo=2 --cfg 'feature="debug"' --cfg 'feature="libloading"' --cfg 'feature="loaded"' -C metadata=121222ac40bd4a20 -C extra-filename=-121222ac40bd4a20 --out-dir /opt/rustwide/target/debug/deps -L dependency=/opt/rustwide/target/debug/deps --extern libloading=/opt/rustwide/target/debug/deps/liblibloading-4574604c6c6ffcc6.rmeta --cap-lints allow --cap-lints=warn` (signal: 9, SIGKILL: kill)
[INFO] [stderr] warning: build failed, waiting for other jobs to finish...
[INFO] [stderr] error: could not compile `lalrpop` (lib)
[INFO] [stderr] 
[INFO] [stderr] Caused by:
[INFO] [stderr]   process didn't exit successfully: `rustc --crate-name lalrpop /opt/rustwide/cargo-home/registry/src/index.crates.io-6f17d22bba15001f/lalrpop-0.19.7/src/lib.rs --error-format=json --json=diagnostic-rendered-ansi,artifacts,future-incompat --crate-type lib --emit=dep-info,metadata,link -C embed-bitcode=no --cfg 'feature="default"' --cfg 'feature="lexer"' --cfg 'feature="pico-args"' -C metadata=b2447be885a3b429 -C extra-filename=-b2447be885a3b429 --out-dir /opt/rustwide/target/debug/deps -L dependency=/opt/rustwide/target/debug/deps --extern ascii_canvas=/opt/rustwide/target/debug/deps/libascii_canvas-48b9666335491204.rmeta --extern atty=/opt/rustwide/target/debug/deps/libatty-99e990283c7f29f1.rmeta --extern bit_set=/opt/rustwide/target/debug/deps/libbit_set-14448731ae06178f.rmeta --extern diff=/opt/rustwide/target/debug/deps/libdiff-bf76718bce51bb3e.rmeta --extern ena=/opt/rustwide/target/debug/deps/libena-4c9458d2ceb5c42b.rmeta --extern itertools=/opt/rustwide/target/debug/deps/libitertools-3ab1bcb95bb6b755.rmeta --extern lalrpop_util=/opt/rustwide/target/debug/deps/liblalrpop_util-80f32f2247750fd3.rmeta --extern petgraph=/opt/rustwide/target/debug/deps/libpetgraph-9a20d69e0a9982ae.rmeta --extern pico_args=/opt/rustwide/target/debug/deps/libpico_args-f74eb7982ba38cfd.rmeta --extern regex=/opt/rustwide/target/debug/deps/libregex-26603ce093538787.rmeta --extern regex_syntax=/opt/rustwide/target/debug/deps/libregex_syntax-16f0245058dba409.rmeta --extern string_cache=/opt/rustwide/target/debug/deps/libstring_cache-0106243cc95217cd.rmeta --extern term=/opt/rustwide/target/debug/deps/libterm-cf6759b329d7a202.rmeta --extern tiny_keccak=/opt/rustwide/target/debug/deps/libtiny_keccak-5c2b025218842496.rmeta --extern unicode_xid=/opt/rustwide/target/debug/deps/libunicode_xid-fb78da16da33d955.rmeta --cap-lints allow --cap-lints=warn` (signal: 9, SIGKILL: kill)
[INFO] [stderr] error: could not compile `nix` (lib)
[INFO] [stderr] 
[INFO] [stderr] Caused by:
[INFO] [stderr]   process didn't exit successfully: `rustc --crate-name nix --edition=2018 /opt/rustwide/cargo-home/registry/src/index.crates.io-6f17d22bba15001f/nix-0.23.1/src/lib.rs --error-format=json --json=diagnostic-rendered-ansi,artifacts,future-incompat --crate-type lib --emit=dep-info,metadata -C embed-bitcode=no -C debuginfo=2 -C metadata=4b8db093a86289bb -C extra-filename=-4b8db093a86289bb --out-dir /opt/rustwide/target/debug/deps -L dependency=/opt/rustwide/target/debug/deps --extern bitflags=/opt/rustwide/target/debug/deps/libbitflags-885ae3214f28c119.rmeta --extern cfg_if=/opt/rustwide/target/debug/deps/libcfg_if-483f5a2788925099.rmeta --extern libc=/opt/rustwide/target/debug/deps/liblibc-9a9897cf44200997.rmeta --extern memoffset=/opt/rustwide/target/debug/deps/libmemoffset-a747d21398b7056c.rmeta --cap-lints allow --cap-lints=warn` (signal: 9, SIGKILL: kill)
[INFO] [stderr] error: could not compile `async-trait` (lib)
[INFO] [stderr] 
[INFO] [stderr] Caused by:
[INFO] [stderr]   process didn't exit successfully: `rustc --crate-name async_trait --edition=2018 /opt/rustwide/cargo-home/registry/src/index.crates.io-6f17d22bba15001f/async-trait-0.1.52/src/lib.rs --error-format=json --json=diagnostic-rendered-ansi,artifacts,future-incompat --crate-type proc-macro --emit=dep-info,link -C prefer-dynamic -C embed-bitcode=no -C metadata=1a048b63dbdfedfc -C extra-filename=-1a048b63dbdfedfc --out-dir /opt/rustwide/target/debug/deps -L dependency=/opt/rustwide/target/debug/deps --extern proc_macro2=/opt/rustwide/target/debug/deps/libproc_macro2-f2b138f024bb4610.rlib --extern quote=/opt/rustwide/target/debug/deps/libquote-4911c6ec16c542f6.rlib --extern syn=/opt/rustwide/target/debug/deps/libsyn-16c5c981dd2aad54.rlib --extern proc_macro --cap-lints allow --cap-lints=warn` (signal: 9, SIGKILL: kill)
[INFO] [stderr] error: could not compile `tracing-attributes` (lib)
[INFO] [stderr] 
[INFO] [stderr] Caused by:
[INFO] [stderr]   process didn't exit successfully: `rustc --crate-name tracing_attributes --edition=2018 /opt/rustwide/cargo-home/registry/src/index.crates.io-6f17d22bba15001f/tracing-attributes-0.1.20/src/lib.rs --error-format=json --json=diagnostic-rendered-ansi,artifacts,future-incompat --crate-type proc-macro --emit=dep-info,link -C prefer-dynamic -C embed-bitcode=no -C metadata=02f95f65ea0721bd -C extra-filename=-02f95f65ea0721bd --out-dir /opt/rustwide/target/debug/deps -L dependency=/opt/rustwide/target/debug/deps --extern proc_macro2=/opt/rustwide/target/debug/deps/libproc_macro2-f2b138f024bb4610.rlib --extern quote=/opt/rustwide/target/debug/deps/libquote-4911c6ec16c542f6.rlib --extern syn=/opt/rustwide/target/debug/deps/libsyn-16c5c981dd2aad54.rlib --extern proc_macro --cap-lints allow --cap-lints=warn` (signal: 9, SIGKILL: kill)
[INFO] [stderr] error: could not compile `thiserror-impl` (lib)
[INFO] [stderr] 
[INFO] [stderr] Caused by:
[INFO] [stderr]   process didn't exit successfully: `rustc --crate-name thiserror_impl --edition=2018 /opt/rustwide/cargo-home/registry/src/index.crates.io-6f17d22bba15001f/thiserror-impl-1.0.30/src/lib.rs --error-format=json --json=diagnostic-rendered-ansi,artifacts,future-incompat --crate-type proc-macro --emit=dep-info,link -C prefer-dynamic -C embed-bitcode=no -C metadata=cb750706434be323 -C extra-filename=-cb750706434be323 --out-dir /opt/rustwide/target/debug/deps -L dependency=/opt/rustwide/target/debug/deps --extern proc_macro2=/opt/rustwide/target/debug/deps/libproc_macro2-f2b138f024bb4610.rlib --extern quote=/opt/rustwide/target/debug/deps/libquote-4911c6ec16c542f6.rlib --extern syn=/opt/rustwide/target/debug/deps/libsyn-16c5c981dd2aad54.rlib --extern proc_macro --cap-lints allow --cap-lints=warn` (signal: 9, SIGKILL: kill)
[INFO] [stderr] error: could not compile `regex` (lib)
[INFO] [stderr] 
[INFO] [stderr] Caused by:
[INFO] [stderr]   process didn't exit successfully: `rustc --crate-name regex --edition=2018 /opt/rustwide/cargo-home/registry/src/index.crates.io-6f17d22bba15001f/regex-1.5.5/src/lib.rs --error-format=json --json=diagnostic-rendered-ansi,artifacts,future-incompat --crate-type lib --emit=dep-info,metadata -C embed-bitcode=no -C debuginfo=2 --cfg 'feature="aho-corasick"' --cfg 'feature="memchr"' --cfg 'feature="perf"' --cfg 'feature="perf-cache"' --cfg 'feature="perf-dfa"' --cfg 'feature="perf-inline"' --cfg 'feature="perf-literal"' --cfg 'feature="std"' -C metadata=d2cb8a3e915b53b9 -C extra-filename=-d2cb8a3e915b53b9 --out-dir /opt/rustwide/target/debug/deps -L dependency=/opt/rustwide/target/debug/deps --extern aho_corasick=/opt/rustwide/target/debug/deps/libaho_corasick-ee2dc3584c2f3026.rmeta --extern memchr=/opt/rustwide/target/debug/deps/libmemchr-5d1c88b89c59de25.rmeta --extern regex_syntax=/opt/rustwide/target/debug/deps/libregex_syntax-fdbcf2f0bb3ea923.rmeta --cap-lints allow --cap-lints=warn` (signal: 9, SIGKILL: kill)
[INFO] [stderr] error: could not compile `derive_more` (lib)
[INFO] [stderr] 
[INFO] [stderr] Caused by:
[INFO] [stderr]   process didn't exit successfully: `rustc --crate-name derive_more --edition=2018 /opt/rustwide/cargo-home/registry/src/index.crates.io-6f17d22bba15001f/derive_more-0.99.17/src/lib.rs --error-format=json --json=diagnostic-rendered-ansi,artifacts,future-incompat --crate-type proc-macro --emit=dep-info,link -C prefer-dynamic -C embed-bitcode=no --cfg 'feature="add"' --cfg 'feature="add_assign"' --cfg 'feature="as_mut"' --cfg 'feature="as_ref"' --cfg 'feature="constructor"' --cfg 'feature="convert_case"' --cfg 'feature="default"' --cfg 'feature="deref"' --cfg 'feature="deref_mut"' --cfg 'feature="display"' --cfg 'feature="error"' --cfg 'feature="from"' --cfg 'feature="from_str"' --cfg 'feature="index"' --cfg 'feature="index_mut"' --cfg 'feature="into"' --cfg 'feature="into_iterator"' --cfg 'feature="is_variant"' --cfg 'feature="iterator"' --cfg 'feature="mul"' --cfg 'feature="mul_assign"' --cfg 'feature="not"' --cfg 'feature="rustc_version"' --cfg 'feature="sum"' --cfg 'feature="try_into"' --cfg 'feature="unwrap"' -C metadata=5ee4446471eef6d8 -C extra-filename=-5ee4446471eef6d8 --out-dir /opt/rustwide/target/debug/deps -L dependency=/opt/rustwide/target/debug/deps --extern convert_case=/opt/rustwide/target/debug/deps/libconvert_case-e11a3ad37e8fb9a1.rlib --extern proc_macro2=/opt/rustwide/target/debug/deps/libproc_macro2-f2b138f024bb4610.rlib --extern quote=/opt/rustwide/target/debug/deps/libquote-4911c6ec16c542f6.rlib --extern syn=/opt/rustwide/target/debug/deps/libsyn-16c5c981dd2aad54.rlib --extern proc_macro --cap-lints allow --cap-lints=warn` (signal: 9, SIGKILL: kill)
[INFO] [stderr] error: could not compile `gtk-sys` (lib)
[INFO] [stderr] 
[INFO] [stderr] Caused by:
[INFO] [stderr]   process didn't exit successfully: `rustc --crate-name gtk_sys --edition=2021 /opt/rustwide/cargo-home/registry/src/index.crates.io-6f17d22bba15001f/gtk-sys-0.15.3/src/lib.rs --error-format=json --json=diagnostic-rendered-ansi,artifacts,future-incompat --crate-type lib --emit=dep-info,metadata -C embed-bitcode=no -C debuginfo=2 --cfg 'feature="v3_20"' -C metadata=9080876284c25683 -C extra-filename=-9080876284c25683 --out-dir /opt/rustwide/target/debug/deps -L dependency=/opt/rustwide/target/debug/deps --extern atk=/opt/rustwide/target/debug/deps/libatk_sys-7e1e8fd3eb010309.rmeta --extern cairo=/opt/rustwide/target/debug/deps/libcairo_sys-99356d3ec7d31f72.rmeta --extern gdk_pixbuf=/opt/rustwide/target/debug/deps/libgdk_pixbuf_sys-488ef923c9b0bf88.rmeta --extern gdk=/opt/rustwide/target/debug/deps/libgdk_sys-2d0b81671242a253.rmeta --extern gio=/opt/rustwide/target/debug/deps/libgio_sys-2f24af238a9fa039.rmeta --extern glib=/opt/rustwide/target/debug/deps/libglib_sys-14ea7a1df70ac933.rmeta --extern gobject=/opt/rustwide/target/debug/deps/libgobject_sys-20a9a83802211c83.rmeta --extern libc=/opt/rustwide/target/debug/deps/liblibc-9a9897cf44200997.rmeta --extern pango=/opt/rustwide/target/debug/deps/libpango_sys-49fed7170396576b.rmeta --cap-lints allow --cap-lints=warn -l gtk-3 -l gdk-3 -l pangocairo-1.0 -l pango-1.0 -l harfbuzz -l atk-1.0 -l cairo-gobject -l cairo -l gdk_pixbuf-2.0 -l gio-2.0 -l gobject-2.0 -l glib-2.0 --cfg system_deps_have_gtk_3_0` (signal: 9, SIGKILL: kill)
[INFO] [stderr] error: could not compile `serde_derive` (lib)
[INFO] [stderr] 
[INFO] [stderr] Caused by:
[INFO] [stderr]   process didn't exit successfully: `rustc --crate-name serde_derive /opt/rustwide/cargo-home/registry/src/index.crates.io-6f17d22bba15001f/serde_derive-1.0.136/src/lib.rs --error-format=json --json=diagnostic-rendered-ansi,artifacts,future-incompat --crate-type proc-macro --emit=dep-info,link -C prefer-dynamic -C embed-bitcode=no --cfg 'feature="default"' -C metadata=e4d6cf40fef6720e -C extra-filename=-e4d6cf40fef6720e --out-dir /opt/rustwide/target/debug/deps -L dependency=/opt/rustwide/target/debug/deps --extern proc_macro2=/opt/rustwide/target/debug/deps/libproc_macro2-f2b138f024bb4610.rlib --extern quote=/opt/rustwide/target/debug/deps/libquote-4911c6ec16c542f6.rlib --extern syn=/opt/rustwide/target/debug/deps/libsyn-16c5c981dd2aad54.rlib --extern proc_macro --cap-lints allow --cap-lints=warn --cfg underscore_consts --cfg ptr_addr_of` (signal: 9, SIGKILL: kill)
[INFO] [stderr] The following warnings were emitted during compilation:
[INFO] [stderr] 
[INFO] [stderr] warning: shaderc: searching for native shaderc libraries on system;  use '--features build-from-source' to force building from source code
[INFO] [stderr] warning: shaderc: cannot find native shaderc library on system; falling back to build from source
[INFO] [stderr] 
[INFO] [stderr] error: failed to run custom build command for `shaderc-sys v0.7.4`
[INFO] [stderr] note: To improve backtraces for build dependencies, set the CARGO_PROFILE_DEV_BUILD_OVERRIDE_DEBUG=true environment variable to enable debug information generation.
[INFO] [stderr] 
[INFO] [stderr] Caused by:
[INFO] [stderr]   process didn't exit successfully: `/opt/rustwide/target/debug/build/shaderc-sys-65fca9ed452f49a2/build-script-build` (exit status: 101)
[INFO] [stderr]   --- stdout
[INFO] [stderr]   cargo:warning=shaderc: searching for native shaderc libraries on system;  use '--features build-from-source' to force building from source code
[INFO] [stderr]   cargo:warning=shaderc: cannot find native shaderc library on system; falling back to build from source
[INFO] [stderr]   CMAKE_TOOLCHAIN_FILE_x86_64-unknown-linux-gnu = None
[INFO] [stderr]   CMAKE_TOOLCHAIN_FILE_x86_64_unknown_linux_gnu = None
[INFO] [stderr]   HOST_CMAKE_TOOLCHAIN_FILE = None
[INFO] [stderr]   CMAKE_TOOLCHAIN_FILE = None
[INFO] [stderr]   CMAKE_PREFIX_PATH_x86_64-unknown-linux-gnu = None
[INFO] [stderr]   CMAKE_PREFIX_PATH_x86_64_unknown_linux_gnu = None
[INFO] [stderr]   HOST_CMAKE_PREFIX_PATH = None
[INFO] [stderr]   CMAKE_PREFIX_PATH = None
[INFO] [stderr]   CMAKE_x86_64-unknown-linux-gnu = None
[INFO] [stderr]   CMAKE_x86_64_unknown_linux_gnu = None
[INFO] [stderr]   HOST_CMAKE = None
[INFO] [stderr]   CMAKE = None
[INFO] [stderr]   running: cd "/opt/rustwide/target/debug/build/shaderc-sys-6cfb8c3cd0ae7c27/out/build" && CMAKE_PREFIX_PATH="" "cmake" "/opt/rustwide/cargo-home/registry/src/index.crates.io-6f17d22bba15001f/shaderc-sys-0.7.4/build" "-G" "Ninja" "-DCMAKE_INSTALL_LIBDIR=lib" "-DCMAKE_POSITION_INDEPENDENT_CODE=ON" "-DENABLE_SPVREMAPPER=OFF" "-DENABLE_GLSLANG_BINARIES=OFF" "-DSHADERC_SKIP_TESTS=ON" "-DSPIRV_SKIP_EXECUTABLES=ON" "-DSPIRV_WERROR=OFF" "-DCMAKE_INSTALL_PREFIX=/opt/rustwide/target/debug/build/shaderc-sys-6cfb8c3cd0ae7c27/out" "-DCMAKE_C_FLAGS= -ffunction-sections -fdata-sections -fPIC -m64" "-DCMAKE_C_COMPILER=/usr/bin/cc" "-DCMAKE_CXX_FLAGS= -ffunction-sections -fdata-sections -fPIC -m64" "-DCMAKE_CXX_COMPILER=/usr/bin/c++" "-DCMAKE_ASM_FLAGS= -ffunction-sections -fdata-sections -fPIC -m64" "-DCMAKE_ASM_COMPILER=/usr/bin/cc" "-DCMAKE_BUILD_TYPE=Release"
[INFO] [stderr]   -- The C compiler identification is GNU 11.3.0
[INFO] [stderr]   -- The CXX compiler identification is GNU 11.3.0
[INFO] [stderr]   -- Detecting C compiler ABI info
[INFO] [stderr]   -- Detecting C compiler ABI info - done
[INFO] [stderr]   -- Check for working C compiler: /usr/bin/cc - skipped
[INFO] [stderr]   -- Detecting C compile features
[INFO] [stderr]   -- Detecting C compile features - done
[INFO] [stderr]   -- Detecting CXX compiler ABI info
[INFO] [stderr]   -- Detecting CXX compiler ABI info - done
[INFO] [stderr]   -- Check for working CXX compiler: /usr/bin/c++ - skipped
[INFO] [stderr]   -- Detecting CXX compile features
[INFO] [stderr]   -- Detecting CXX compile features - done
[INFO] [stderr]   -- Building SPIRV-Header examples
[INFO] [stderr]   -- Installing SPIRV-Header
[INFO] [stderr]   -- Found PythonInterp: /usr/bin/python3 (found suitable version "3.10.6", minimum required is "3") 
[INFO] [stderr]   -- Google Mock was not found - tests based on that will not build
[INFO] [stderr]   -- optimizer enabled
[INFO] [stderr]   -- Looking for pthread.h
[INFO] [stderr]   -- Looking for pthread.h - found
[INFO] [stderr]   -- Performing Test CMAKE_HAVE_LIBC_PTHREAD
[INFO] [stderr]   -- Performing Test CMAKE_HAVE_LIBC_PTHREAD - Success
[INFO] [stderr]   -- Found Threads: TRUE  
[INFO] [stderr]   -- Shaderc: build type is "Release".
[INFO] [stderr]   -- Configuring Shaderc to avoid building tests.
[INFO] [stderr]   -- Configuring Shaderc to build examples.
[INFO] [stderr]   -- Configuring Shaderc to check copyrights.
[INFO] [stderr]   -- asciidoctor was not found - no documentation will be generated
[INFO] [stderr]   -- Performing Test COMPILER_SUPPORTS_FALLTHROUGH_WARNING
[INFO] [stderr]   -- Performing Test COMPILER_SUPPORTS_FALLTHROUGH_WARNING - Success
[INFO] [stderr]   -- Performing Test COMPILER_SUPPORTS_EXTRA_SEMI_WARNING
[INFO] [stderr]   -- Performing Test COMPILER_SUPPORTS_EXTRA_SEMI_WARNING - Success
[INFO] [stderr]   -- Performing Test COMPILER_SUPPORTS_PIC
[INFO] [stderr]   -- Performing Test COMPILER_SUPPORTS_PIC - Success
[INFO] [stderr]   -- Configuring done
[INFO] [stderr]   -- Generating done
[INFO] [stderr]   -- Build files have been written to: /opt/rustwide/target/debug/build/shaderc-sys-6cfb8c3cd0ae7c27/out/build
[INFO] [stderr]   running: cd "/opt/rustwide/target/debug/build/shaderc-sys-6cfb8c3cd0ae7c27/out/build" && "cmake" "--build" "." "--target" "install" "--config" "Release" "--parallel" "16"
[INFO] [stderr]   [1/391] Building CXX object spirv-headers/example/CMakeFiles/SPIRV-Headers-example.dir/example.cpp.o
[INFO] [stderr]   [2/391] cd /opt/rustwide/target/debug/build/shaderc-sys-6cfb8c3cd0ae7c27/out/build/spirv-tools && /usr/bin/cmake -DCHANGES_FILE=/opt/rustwide/cargo-home/registry/src/index.crates.io-6f17d22bba15001f/shaderc-sys-0.7.4/build/spirv-tools/CHANGES -DTEMPLATE_FILE=/opt/rustwide/cargo-home/registry/src/index.crates.io-6f17d22bba15001f/shaderc-sys-0.7.4/build/spirv-tools/cmake/SPIRV-Tools.pc.in -DOUT_FILE=/opt/rustwide/target/debug/build/shaderc-sys-6cfb8c3cd0ae7c27/out/build/spirv-tools/SPIRV-Tools.pc -DCMAKE_INSTALL_PREFIX=/opt/rustwide/target/debug/build/shaderc-sys-6cfb8c3cd0ae7c27/out -DCMAKE_INSTALL_LIBDIR=lib -DCMAKE_INSTALL_INCLUDEDIR=include -DSPIRV_LIBRARIES=-lSPIRV-Tools-opt\ -lSPIRV-Tools\ -lSPIRV-Tools-link -P /opt/rustwide/cargo-home/registry/src/index.crates.io-6f17d22bba15001f/shaderc-sys-0.7.4/build/spirv-tools/cmake/write_pkg_config.cmake
[INFO] [stderr]   [3/391] cd /opt/rustwide/target/debug/build/shaderc-sys-6cfb8c3cd0ae7c27/out/build/spirv-tools && /usr/bin/cmake -DCHANGES_FILE=/opt/rustwide/cargo-home/registry/src/index.crates.io-6f17d22bba15001f/shaderc-sys-0.7.4/build/spirv-tools/CHANGES -DTEMPLATE_FILE=/opt/rustwide/cargo-home/registry/src/index.crates.io-6f17d22bba15001f/shaderc-sys-0.7.4/build/spirv-tools/cmake/SPIRV-Tools-shared.pc.in -DOUT_FILE=/opt/rustwide/target/debug/build/shaderc-sys-6cfb8c3cd0ae7c27/out/build/spirv-tools/SPIRV-Tools-shared.pc -DCMAKE_INSTALL_PREFIX=/opt/rustwide/target/debug/build/shaderc-sys-6cfb8c3cd0ae7c27/out -DCMAKE_INSTALL_LIBDIR=lib -DCMAKE_INSTALL_INCLUDEDIR=include -DSPIRV_SHARED_LIBRARIES=-lSPIRV-Tools-shared -P /opt/rustwide/cargo-home/registry/src/index.crates.io-6f17d22bba15001f/shaderc-sys-0.7.4/build/spirv-tools/cmake/write_pkg_config.cmake
[INFO] [stderr]   [4/391] Generate enum-string mapping for SPIR-V vunified1.
[INFO] [stderr]   [5/391] Generate extended instruction tables for spv-amd-shader-explicit-vertex-parameter.
[INFO] [stderr]   [6/391] Generate extended instruction tables for spv-amd-shader-trinary-minmax.
[INFO] [stderr]   [7/391] Generate extended instruction tables for spv-amd-gcn-shader.
[INFO] [stderr]   [8/391] Generate extended instruction tables for opencl.debuginfo.100.
[INFO] [stderr]   [9/391] Generate extended instruction tables for spv-amd-shader-ballot.
[INFO] [stderr]   [10/391] Generate extended instruction tables for debuginfo.
[INFO] [stderr]   [11/391] Generate extended instruction tables for nonsemantic.shader.debuginfo.100.
[INFO] [stderr]   [12/391] Generate extended instruction tables for nonsemantic.clspvreflection.
[INFO] [stderr]   [13/391] Generate language specific header for OpenCLDebugInfo100.
[INFO] [stderr]   [14/391] Generate language specific header for DebugInfo.
[INFO] [stderr]   [15/391] Generate language specific header for NonSemanticShaderDebugInfo100.
[INFO] [stderr]   [16/391] Linking CXX static library spirv-headers/example/libSPIRV-Headers-example.a
[INFO] [stderr]   [17/391] Building CXX object glslang/hlsl/CMakeFiles/HLSL.dir/stub.cpp.o
[INFO] [stderr]   [18/391] Generate info tables for SPIR-V vunified1 core instructions and operands.
[INFO] [stderr]   [19/391] Generate tables based on the SPIR-V XML registry.
[INFO] [stderr]   [20/391] Update build-version.inc in the SPIRV-Tools build directory (if necessary).
[INFO] [stderr]   [21/391] cd /opt/rustwide/target/debug/build/shaderc-sys-6cfb8c3cd0ae7c27/out/build/shaderc && /usr/bin/cmake -DCHANGES_FILE=/opt/rustwide/cargo-home/registry/src/index.crates.io-6f17d22bba15001f/shaderc-sys-0.7.4/build/shaderc/CHANGES -DTEMPLATE_FILE=/opt/rustwide/cargo-home/registry/src/index.crates.io-6f17d22bba15001f/shaderc-sys-0.7.4/build/shaderc/cmake/shaderc.pc.in -DOUT_FILE=/opt/rustwide/target/debug/build/shaderc-sys-6cfb8c3cd0ae7c27/out/build/shaderc/shaderc.pc -DCMAKE_INSTALL_PREFIX=/opt/rustwide/target/debug/build/shaderc-sys-6cfb8c3cd0ae7c27/out -DCMAKE_INSTALL_LIBDIR=lib -DCMAKE_INSTALL_INCLUDEDIR=include -DLIBS=-lshaderc_shared -P /opt/rustwide/cargo-home/registry/src/index.crates.io-6f17d22bba15001f/shaderc-sys-0.7.4/build/shaderc/cmake/write_pkg_config.cmake
[INFO] [stderr]   [22/391] cd /opt/rustwide/target/debug/build/shaderc-sys-6cfb8c3cd0ae7c27/out/build/shaderc && /usr/bin/cmake -DCHANGES_FILE=/opt/rustwide/cargo-home/registry/src/index.crates.io-6f17d22bba15001f/shaderc-sys-0.7.4/build/shaderc/CHANGES -DTEMPLATE_FILE=/opt/rustwide/cargo-home/registry/src/index.crates.io-6f17d22bba15001f/shaderc-sys-0.7.4/build/shaderc/cmake/shaderc_static.pc.in -DOUT_FILE=/opt/rustwide/target/debug/build/shaderc-sys-6cfb8c3cd0ae7c27/out/build/shaderc/shaderc_static.pc -DCMAKE_INSTALL_PREFIX=/opt/rustwide/target/debug/build/shaderc-sys-6cfb8c3cd0ae7c27/out -DCMAKE_INSTALL_LIBDIR=lib -DCMAKE_INSTALL_INCLUDEDIR=include -DLIBS=-lshaderc\ \ -lshaderc_util -P /opt/rustwide/cargo-home/registry/src/index.crates.io-6f17d22bba15001f/shaderc-sys-0.7.4/build/shaderc/cmake/write_pkg_config.cmake
[INFO] [stderr]   [23/391] Check copyright
[INFO] [stderr]   [24/391] Building CXX object glslang/glslang/OSDependent/Unix/CMakeFiles/OSDependent.dir/ossource.cpp.o
[INFO] [stderr]   [25/391] Generate info tables for OpenCL extended instructions and operands vunified1.
[INFO] [stderr]   [26/391] Generate info tables for GLSL extended instructions and operands vunified1.
[INFO] [stderr]   [27/391] cd /opt/rustwide/target/debug/build/shaderc-sys-6cfb8c3cd0ae7c27/out/build/shaderc && /usr/bin/cmake -DCHANGES_FILE=/opt/rustwide/cargo-home/registry/src/index.crates.io-6f17d22bba15001f/shaderc-sys-0.7.4/build/shaderc/CHANGES -DTEMPLATE_FILE=/opt/rustwide/cargo-home/registry/src/index.crates.io-6f17d22bba15001f/shaderc-sys-0.7.4/build/shaderc/cmake/shaderc_combined.pc.in -DOUT_FILE=/opt/rustwide/target/debug/build/shaderc-sys-6cfb8c3cd0ae7c27/out/build/shaderc/shaderc_combined.pc -DCMAKE_INSTALL_PREFIX=/opt/rustwide/target/debug/build/shaderc-sys-6cfb8c3cd0ae7c27/out -DCMAKE_INSTALL_LIBDIR=lib -DCMAKE_INSTALL_INCLUDEDIR=include -DLIBS=-lshaderc_combined -P /opt/rustwide/cargo-home/registry/src/index.crates.io-6f17d22bba15001f/shaderc-sys-0.7.4/build/shaderc/cmake/write_pkg_config.cmake
[INFO] [stderr]   [28/391] Linking CXX static library glslang/hlsl/libHLSL.a
[INFO] [stderr]   [29/391] Update build-version.inc in the Shaderc build directory (if necessary).
[INFO] [stderr]   [30/391] Linking CXX static library glslang/glslang/OSDependent/Unix/libOSDependent.a
[INFO] [stderr]   [31/391] Building CXX object glslang/OGLCompilersDLL/CMakeFiles/OGLCompiler.dir/InitializeDll.cpp.o
[INFO] [stderr]   [32/391] Building CXX object glslang/glslang/CMakeFiles/GenericCodeGen.dir/GenericCodeGen/Link.cpp.o
[INFO] [stderr]   [33/391] Building CXX object spirv-tools/source/CMakeFiles/SPIRV-Tools-shared.dir/util/bit_vector.cpp.o
[INFO] [stderr]   [34/391] Building CXX object spirv-tools/source/CMakeFiles/SPIRV-Tools-shared.dir/util/string_utils.cpp.o
[INFO] [stderr]   [35/391] Building CXX object glslang/glslang/CMakeFiles/GenericCodeGen.dir/GenericCodeGen/CodeGen.cpp.o
[INFO] [stderr]   [36/391] Building CXX object spirv-tools/source/CMakeFiles/SPIRV-Tools-shared.dir/ext_inst.cpp.o
[INFO] [stderr]   [37/391] Building CXX object spirv-tools/source/CMakeFiles/SPIRV-Tools-shared.dir/enum_string_mapping.cpp.o
[INFO] [stderr]   [38/391] Building CXX object spirv-tools/source/CMakeFiles/SPIRV-Tools-shared.dir/extensions.cpp.o
[INFO] [stderr]   [39/391] Building CXX object spirv-tools/source/CMakeFiles/SPIRV-Tools-shared.dir/diagnostic.cpp.o
[INFO] [stderr]   [40/391] Building CXX object spirv-tools/source/CMakeFiles/SPIRV-Tools-shared.dir/software_version.cpp.o
[INFO] [stderr]   [41/391] Building CXX object spirv-tools/source/CMakeFiles/SPIRV-Tools-shared.dir/assembly_grammar.cpp.o
[INFO] [stderr]   [42/391] Building CXX object spirv-tools/source/CMakeFiles/SPIRV-Tools-shared.dir/spirv_endian.cpp.o
[INFO] [stderr]   [43/391] Building CXX object spirv-tools/source/CMakeFiles/SPIRV-Tools-shared.dir/spirv_optimizer_options.cpp.o
[INFO] [stderr]   [44/391] Building CXX object spirv-tools/source/CMakeFiles/SPIRV-Tools-shared.dir/libspirv.cpp.o
[INFO] [stderr]   [45/391] Building CXX object spirv-tools/source/CMakeFiles/SPIRV-Tools-shared.dir/spirv_fuzzer_options.cpp.o
[INFO] [stderr]   [46/391] Building CXX object spirv-tools/source/CMakeFiles/SPIRV-Tools-shared.dir/spirv_validator_options.cpp.o
[INFO] [stderr]   [47/391] Building CXX object spirv-tools/source/CMakeFiles/SPIRV-Tools-shared.dir/print.cpp.o
[INFO] [stderr]   [48/391] Building CXX object glslang/glslang/CMakeFiles/glslang.dir/CInterface/glslang_c_interface.cpp.o
[INFO] [stderr]   [49/391] Building CXX object spirv-tools/source/CMakeFiles/SPIRV-Tools-shared.dir/spirv_reducer_options.cpp.o
[INFO] [stderr]   [50/391] Building CXX object spirv-tools/source/CMakeFiles/SPIRV-Tools-shared.dir/spirv_target_env.cpp.o
[INFO] [stderr]   [51/391] Building CXX object spirv-tools/source/CMakeFiles/SPIRV-Tools-shared.dir/opcode.cpp.o
[INFO] [stderr]   [52/391] Building CXX object spirv-tools/source/CMakeFiles/SPIRV-Tools-shared.dir/disassemble.cpp.o
[INFO] [stderr]   [53/391] Building CXX object spirv-tools/source/CMakeFiles/SPIRV-Tools-shared.dir/parsed_operand.cpp.o
[INFO] [stderr]   [54/391] Building CXX object spirv-tools/source/CMakeFiles/SPIRV-Tools-shared.dir/table.cpp.o
[INFO] [stderr]   [55/391] Building CXX object glslang/glslang/CMakeFiles/MachineIndependent.dir/cmake_pch.hxx.gch
[INFO] [stderr]   FAILED: glslang/glslang/CMakeFiles/MachineIndependent.dir/cmake_pch.hxx.gch 
[INFO] [stderr]   /usr/bin/c++ -DENABLE_HLSL -DENABLE_OPT=1 -DGLSLANG_OSINCLUDE_UNIX -I/opt/rustwide/target/debug/build/shaderc-sys-6cfb8c3cd0ae7c27/out/build/include -ffunction-sections -fdata-sections -fPIC -m64 -O3 -DNDEBUG -fPIC -Wall -Wmaybe-uninitialized -Wuninitialized -Wunused -Wunused-local-typedefs -Wunused-parameter -Wunused-value -Wunused-variable -Wunused-but-set-parameter -Wunused-but-set-variable -fno-exceptions -Wno-reorder -fno-rtti -Werror=deprecated-copy -std=c++11 -Winvalid-pch -x c++-header -include /opt/rustwide/target/debug/build/shaderc-sys-6cfb8c3cd0ae7c27/out/build/glslang/glslang/CMakeFiles/MachineIndependent.dir/cmake_pch.hxx -MD -MT glslang/glslang/CMakeFiles/MachineIndependent.dir/cmake_pch.hxx.gch -MF glslang/glslang/CMakeFiles/MachineIndependent.dir/cmake_pch.hxx.gch.d -o glslang/glslang/CMakeFiles/MachineIndependent.dir/cmake_pch.hxx.gch -c /opt/rustwide/target/debug/build/shaderc-sys-6cfb8c3cd0ae7c27/out/build/glslang/glslang/CMakeFiles/MachineIndependent.dir/cmake_pch.hxx.cxx
[INFO] [stderr]   c++: fatal error: Killed signal terminated program cc1plus
[INFO] [stderr]   compilation terminated.
[INFO] [stderr]   [56/391] Building CXX object spirv-tools/source/CMakeFiles/SPIRV-Tools-shared.dir/operand.cpp.o
[INFO] [stderr]   [57/391] Building CXX object spirv-tools/source/CMakeFiles/SPIRV-Tools-shared.dir/name_mapper.cpp.o
[INFO] [stderr]   [58/391] Building CXX object spirv-tools/source/CMakeFiles/SPIRV-Tools-shared.dir/util/parse_number.cpp.o
[INFO] [stderr]   [59/391] Building CXX object spirv-tools/source/CMakeFiles/SPIRV-Tools-shared.dir/binary.cpp.o
[INFO] [stderr]   [60/391] Building CXX object spirv-tools/source/CMakeFiles/SPIRV-Tools-shared.dir/val/validate_adjacency.cpp.o
[INFO] [stderr]   [61/391] Building CXX object spirv-tools/source/CMakeFiles/SPIRV-Tools-shared.dir/val/validate_capability.cpp.o
[INFO] [stderr]   [62/391] Building CXX object spirv-tools/source/CMakeFiles/SPIRV-Tools-shared.dir/val/validate_arithmetics.cpp.o
[INFO] [stderr]   [63/391] Building CXX object spirv-tools/source/CMakeFiles/SPIRV-Tools-shared.dir/val/validate_barriers.cpp.o
[INFO] [stderr]   [64/391] Building CXX object spirv-tools/source/CMakeFiles/SPIRV-Tools-shared.dir/val/validate_bitwise.cpp.o
[INFO] [stderr]   [65/391] Building CXX object spirv-tools/source/CMakeFiles/SPIRV-Tools-shared.dir/val/validate_atomics.cpp.o
[INFO] [stderr]   [66/391] Building CXX object spirv-tools/source/CMakeFiles/SPIRV-Tools-shared.dir/text_handler.cpp.o
[INFO] [stderr]   [67/391] Building CXX object spirv-tools/source/CMakeFiles/SPIRV-Tools-shared.dir/text.cpp.o
[INFO] [stderr]   [68/391] Building CXX object spirv-tools/source/CMakeFiles/SPIRV-Tools-shared.dir/val/validate_annotation.cpp.o
[INFO] [stderr]   [69/391] Building CXX object spirv-tools/source/CMakeFiles/SPIRV-Tools-shared.dir/val/validate.cpp.o
[INFO] [stderr]   [70/391] Building CXX object spirv-tools/source/CMakeFiles/SPIRV-Tools-shared.dir/val/validate_builtins.cpp.o
[INFO] [stderr]   ninja: build stopped: subcommand failed.
[INFO] [stderr] 
[INFO] [stderr]   --- stderr
[INFO] [stderr]   CMake Warning:
[INFO] [stderr]     Manually-specified variables were not used by the project:
[INFO] [stderr] 
[INFO] [stderr]       CMAKE_ASM_COMPILER
[INFO] [stderr]       CMAKE_ASM_FLAGS
[INFO] [stderr] 
[INFO] [stderr] 
[INFO] [stderr]   thread 'main' panicked at '
[INFO] [stderr]   command did not execute successfully, got: exit status: 1
[INFO] [stderr] 
[INFO] [stderr]   build script failed, must exit now', /opt/rustwide/cargo-home/registry/src/index.crates.io-6f17d22bba15001f/cmake-0.1.48/src/lib.rs:975:5
[INFO] [stderr]   stack backtrace:
[INFO] [stderr]      0:     0x562dfacb825a - std::backtrace_rs::backtrace::libunwind::trace::h2f05d0192276a8f6
[INFO] [stderr]                                  at /rustc/1b7dd2252b99671ce5d1cb9664c5f8636329436d/library/std/src/../../backtrace/src/backtrace/libunwind.rs:93:5
[INFO] [stderr]      1:     0x562dfacb825a - std::backtrace_rs::backtrace::trace_unsynchronized::hedc23dff7a1af150
[INFO] [stderr]                                  at /rustc/1b7dd2252b99671ce5d1cb9664c5f8636329436d/library/std/src/../../backtrace/src/backtrace/mod.rs:66:5
[INFO] [stderr]      2:     0x562dfacb825a - std::sys_common::backtrace::_print_fmt::h17541ef7592f3ce2
[INFO] [stderr]                                  at /rustc/1b7dd2252b99671ce5d1cb9664c5f8636329436d/library/std/src/sys_common/backtrace.rs:65:5
[INFO] [stderr]      3:     0x562dfacb825a - <std::sys_common::backtrace::_print::DisplayBacktrace as core::fmt::Display>::fmt::h20f75df5ab0c0792
[INFO] [stderr]                                  at /rustc/1b7dd2252b99671ce5d1cb9664c5f8636329436d/library/std/src/sys_common/backtrace.rs:44:22
[INFO] [stderr]      4:     0x562dfacd8bef - core::fmt::write::h78109e6f466b3af6
[INFO] [stderr]                                  at /rustc/1b7dd2252b99671ce5d1cb9664c5f8636329436d/library/core/src/fmt/mod.rs:1254:17
[INFO] [stderr]      5:     0x562dfacb4ee5 - std::io::Write::write_fmt::hc59e1b02dd273c8a
[INFO] [stderr]                                  at /rustc/1b7dd2252b99671ce5d1cb9664c5f8636329436d/library/std/src/io/mod.rs:1698:15
[INFO] [stderr]      6:     0x562dfacb8025 - std::sys_common::backtrace::_print::h8dac57a9f8fbf9a5
[INFO] [stderr]                                  at /rustc/1b7dd2252b99671ce5d1cb9664c5f8636329436d/library/std/src/sys_common/backtrace.rs:47:5
[INFO] [stderr]      7:     0x562dfacb8025 - std::sys_common::backtrace::print::hf9ecbf41d1aa712f
[INFO] [stderr]                                  at /rustc/1b7dd2252b99671ce5d1cb9664c5f8636329436d/library/std/src/sys_common/backtrace.rs:34:9
[INFO] [stderr]      8:     0x562dfacb98ee - std::panicking::default_hook::{{closure}}::h04c07acfc84ca028
[INFO] [stderr]                                  at /rustc/1b7dd2252b99671ce5d1cb9664c5f8636329436d/library/std/src/panicking.rs:269:22
[INFO] [stderr]      9:     0x562dfacb9695 - std::panicking::default_hook::h01f6bb23e1eceb2c
[INFO] [stderr]                                  at /rustc/1b7dd2252b99671ce5d1cb9664c5f8636329436d/library/std/src/panicking.rs:288:9
[INFO] [stderr]     10:     0x562dfacb9e4e - std::panicking::rust_panic_with_hook::h2bb3722bbaf2f6df
[INFO] [stderr]                                  at /rustc/1b7dd2252b99671ce5d1cb9664c5f8636329436d/library/std/src/panicking.rs:691:13
[INFO] [stderr]     11:     0x562dfacb9d49 - std::panicking::begin_panic_handler::{{closure}}::h91bc7f36a4be011b
[INFO] [stderr]                                  at /rustc/1b7dd2252b99671ce5d1cb9664c5f8636329436d/library/std/src/panicking.rs:582:13
[INFO] [stderr]     12:     0x562dfacb86c6 - std::sys_common::backtrace::__rust_end_short_backtrace::h8b3d3717114f9e59
[INFO] [stderr]                                  at /rustc/1b7dd2252b99671ce5d1cb9664c5f8636329436d/library/std/src/sys_common/backtrace.rs:150:18
[INFO] [stderr]     13:     0x562dfacb9aa2 - rust_begin_unwind
[INFO] [stderr]                                  at /rustc/1b7dd2252b99671ce5d1cb9664c5f8636329436d/library/std/src/panicking.rs:578:5
[INFO] [stderr]     14:     0x562dfac3b7d3 - core::panicking::panic_fmt::hfd368e3fbdabea26
[INFO] [stderr]                                  at /rustc/1b7dd2252b99671ce5d1cb9664c5f8636329436d/library/core/src/panicking.rs:67:14
[INFO] [stderr]     15:     0x562dfac4d4cf - cmake::fail::hce22fcb56e6823ab
[INFO] [stderr]     16:     0x562dfac4cf33 - cmake::run::hb80de42d90a023dc
[INFO] [stderr]     17:     0x562dfac4a386 - cmake::Config::build::h7639dbec53f22975
[INFO] [stderr]     18:     0x562dfac3da85 - build_script_build::build_shaderc_unix::h51584d166138df0b
[INFO] [stderr]     19:     0x562dfac40b9f - build_script_build::main::h818e0a01f6ed5acf
[INFO] [stderr]     20:     0x562dfac44de3 - core::ops::function::FnOnce::call_once::hf34a6cc41ca5fc5e
[INFO] [stderr]     21:     0x562dfac45996 - std::sys_common::backtrace::__rust_begin_short_backtrace::h9d42b6c4a35a8a24
[INFO] [stderr]     22:     0x562dfac418d9 - std::rt::lang_start::{{closure}}::h8956a0b14d94dab6
[INFO] [stderr]     23:     0x562dfacb123e - core::ops::function::impls::<impl core::ops::function::FnOnce<A> for &F>::call_once::h2eb19b8ce4148df4
[INFO] [stderr]                                  at /rustc/1b7dd2252b99671ce5d1cb9664c5f8636329436d/library/core/src/ops/function.rs:287:13
[INFO] [stderr]     24:     0x562dfacb123e - std::panicking::try::do_call::h2e900feff5d504c5
[INFO] [stderr]                                  at /rustc/1b7dd2252b99671ce5d1cb9664c5f8636329436d/library/std/src/panicking.rs:485:40
[INFO] [stderr]     25:     0x562dfacb123e - std::panicking::try::h8854836cb85aa9f2
[INFO] [stderr]                                  at /rustc/1b7dd2252b99671ce5d1cb9664c5f8636329436d/library/std/src/panicking.rs:449:19
[INFO] [stderr]     26:     0x562dfacb123e - std::panic::catch_unwind::h706025dd4c48f64b
[INFO] [stderr]                                  at /rustc/1b7dd2252b99671ce5d1cb9664c5f8636329436d/library/std/src/panic.rs:140:14
[INFO] [stderr]     27:     0x562dfacb123e - std::rt::lang_start_internal::{{closure}}::h7be5b97f4a07a91a
[INFO] [stderr]                                  at /rustc/1b7dd2252b99671ce5d1cb9664c5f8636329436d/library/std/src/rt.rs:148:48
[INFO] [stderr]     28:     0x562dfacb123e - std::panicking::try::do_call::h59847e9d0a176965
[INFO] [stderr]                                  at /rustc/1b7dd2252b99671ce5d1cb9664c5f8636329436d/library/std/src/panicking.rs:485:40
[INFO] [stderr]     29:     0x562dfacb123e - std::panicking::try::h399a918ba8522823
[INFO] [stderr]                                  at /rustc/1b7dd2252b99671ce5d1cb9664c5f8636329436d/library/std/src/panicking.rs:449:19
[INFO] [stderr]     30:     0x562dfacb123e - std::panic::catch_unwind::hca7ca6c55b2a2e26
[INFO] [stderr]                                  at /rustc/1b7dd2252b99671ce5d1cb9664c5f8636329436d/library/std/src/panic.rs:140:14
[INFO] [stderr]     31:     0x562dfacb123e - std::rt::lang_start_internal::h2c807a81560459eb
[INFO] [stderr]                                  at /rustc/1b7dd2252b99671ce5d1cb9664c5f8636329436d/library/std/src/rt.rs:148:20
[INFO] [stderr]     32:     0x562dfac418b7 - std::rt::lang_start::h8290993bb13aef57
[INFO] [stderr]     33:     0x562dfac41185 - main
[INFO] [stderr]     34:     0x7f4b69abed90 - <unknown>
[INFO] [stderr]     35:     0x7f4b69abee40 - __libc_start_main
[INFO] [stderr]     36:     0x562dfac3bd55 - _start
[INFO] [stderr]     37:                0x0 - <unknown>
[INFO] running `Command { std: "docker" "inspect" "c5c2135ad326604ca1a3cefa1aed008767fb722850d5f2295c7e8ab264ac387e", kill_on_drop: false }`
[INFO] running `Command { std: "docker" "rm" "-f" "c5c2135ad326604ca1a3cefa1aed008767fb722850d5f2295c7e8ab264ac387e", kill_on_drop: false }`
[INFO] [stdout] c5c2135ad326604ca1a3cefa1aed008767fb722850d5f2295c7e8ab264ac387e
