[INFO] cloning repository https://github.com/G1gg1L3s/seclab
[INFO] running `Command { std: "git" "-c" "credential.helper=" "-c" "credential.helper=/workspace/cargo-home/bin/git-credential-null" "clone" "--bare" "https://github.com/G1gg1L3s/seclab" "/workspace/cache/git-repos/https%3A%2F%2Fgithub.com%2FG1gg1L3s%2Fseclab", kill_on_drop: false }`
[INFO] [stderr] Cloning into bare repository '/workspace/cache/git-repos/https%3A%2F%2Fgithub.com%2FG1gg1L3s%2Fseclab'...
[INFO] running `Command { std: "git" "rev-parse" "HEAD", kill_on_drop: false }`
[INFO] [stdout] 6652e5136def27e23c30a286b15a3d332b24aa03
[INFO] documenting G1gg1L3s/seclab against beta-2023-04-20 for beta-1.70-rustdoc-1
[INFO] running `Command { std: "git" "clone" "/workspace/cache/git-repos/https%3A%2F%2Fgithub.com%2FG1gg1L3s%2Fseclab" "/workspace/builds/worker-0-tc2/source", kill_on_drop: false }`
[INFO] [stderr] Cloning into '/workspace/builds/worker-0-tc2/source'...
[INFO] [stderr] done.
[INFO] validating manifest of git repo https://github.com/G1gg1L3s/seclab on toolchain beta-2023-04-20
[INFO] running `Command { std: CARGO_HOME="/workspace/cargo-home" RUSTUP_HOME="/workspace/rustup-home" "/workspace/cargo-home/bin/cargo" "+beta-2023-04-20" "metadata" "--manifest-path" "Cargo.toml" "--no-deps", kill_on_drop: false }`
[INFO] started tweaking git repo https://github.com/G1gg1L3s/seclab
[INFO] finished tweaking git repo https://github.com/G1gg1L3s/seclab
[INFO] tweaked toml for git repo https://github.com/G1gg1L3s/seclab written to /workspace/builds/worker-0-tc2/source/Cargo.toml
[INFO] crate git repo https://github.com/G1gg1L3s/seclab already has a lockfile, it will not be regenerated
[INFO] running `Command { std: CARGO_HOME="/workspace/cargo-home" RUSTUP_HOME="/workspace/rustup-home" "/workspace/cargo-home/bin/cargo" "+beta-2023-04-20" "fetch" "--manifest-path" "Cargo.toml", kill_on_drop: false }`
[INFO] [stderr]     Updating crates.io index
[INFO] [stderr]  Downloading crates ...
[INFO] [stderr]   Downloaded darling v0.12.4
[INFO] [stderr]   Downloaded time v0.3.4
[INFO] [stderr]   Downloaded zxcvbn v2.1.2
[INFO] [stderr]   Downloaded blake3 v1.1.0
[INFO] [stderr]   Downloaded page_size v0.4.2
[INFO] [stderr]   Downloaded argon2 v0.3.1
[INFO] [stderr]   Downloaded zerocopy-derive v0.3.0
[INFO] [stderr]   Downloaded zerocopy v0.5.0
[INFO] [stderr]   Downloaded value-bag v1.0.0-alpha.8
[INFO] [stderr]   Downloaded zeroize v1.4.2
[INFO] [stderr]   Downloaded fuser v0.9.1
[INFO] [stderr]   Downloaded darling_core v0.12.4
[INFO] [stderr]   Downloaded darling_macro v0.12.4
[INFO] [stderr]   Downloaded derive_builder_core v0.10.2
[INFO] [stderr]   Downloaded derive_builder_macro v0.10.2
[INFO] [stderr]   Downloaded derive_builder v0.10.2
[INFO] running `Command { std: "docker" "create" "-v" "/var/lib/crater-agent-workspace/builds/worker-0-tc2/target:/opt/rustwide/target:rw,Z" "-v" "/var/lib/crater-agent-workspace/builds/worker-0-tc2/source:/opt/rustwide/workdir:ro,Z" "-v" "/var/lib/crater-agent-workspace/cargo-home:/opt/rustwide/cargo-home:ro,Z" "-v" "/var/lib/crater-agent-workspace/rustup-home:/opt/rustwide/rustup-home:ro,Z" "-e" "SOURCE_DIR=/opt/rustwide/workdir" "-e" "CARGO_TARGET_DIR=/opt/rustwide/target" "-e" "CARGO_HOME=/opt/rustwide/cargo-home" "-e" "RUSTUP_HOME=/opt/rustwide/rustup-home" "-w" "/opt/rustwide/workdir" "-m" "1610612736" "--user" "0:0" "--network" "none" "ghcr.io/rust-lang/crates-build-env/linux@sha256:5ff2268d62e97bff2cde7d5815dd6ed5b47097566f13b8d0ca110b04b60e07ed" "/opt/rustwide/cargo-home/bin/cargo" "+beta-2023-04-20" "metadata" "--no-deps" "--format-version=1", kill_on_drop: false }`
[INFO] [stdout] ca8b2070d8310344bf86474707d86c1147747d49ca2c517769e265bf9afa1668
[INFO] running `Command { std: "docker" "start" "-a" "ca8b2070d8310344bf86474707d86c1147747d49ca2c517769e265bf9afa1668", kill_on_drop: false }`
[INFO] running `Command { std: "docker" "inspect" "ca8b2070d8310344bf86474707d86c1147747d49ca2c517769e265bf9afa1668", kill_on_drop: false }`
[INFO] running `Command { std: "docker" "rm" "-f" "ca8b2070d8310344bf86474707d86c1147747d49ca2c517769e265bf9afa1668", kill_on_drop: false }`
[INFO] [stdout] ca8b2070d8310344bf86474707d86c1147747d49ca2c517769e265bf9afa1668
[INFO] running `Command { std: "docker" "create" "-v" "/var/lib/crater-agent-workspace/builds/worker-0-tc2/target:/opt/rustwide/target:rw,Z" "-v" "/var/lib/crater-agent-workspace/builds/worker-0-tc2/source:/opt/rustwide/workdir:ro,Z" "-v" "/var/lib/crater-agent-workspace/cargo-home:/opt/rustwide/cargo-home:ro,Z" "-v" "/var/lib/crater-agent-workspace/rustup-home:/opt/rustwide/rustup-home:ro,Z" "-e" "SOURCE_DIR=/opt/rustwide/workdir" "-e" "CARGO_TARGET_DIR=/opt/rustwide/target" "-e" "CARGO_INCREMENTAL=0" "-e" "RUST_BACKTRACE=full" "-e" "RUSTFLAGS=--cap-lints=warn" "-e" "RUSTDOCFLAGS=--cap-lints=warn" "-e" "CARGO_HOME=/opt/rustwide/cargo-home" "-e" "RUSTUP_HOME=/opt/rustwide/rustup-home" "-w" "/opt/rustwide/workdir" "-m" "1610612736" "--user" "0:0" "--network" "none" "ghcr.io/rust-lang/crates-build-env/linux@sha256:5ff2268d62e97bff2cde7d5815dd6ed5b47097566f13b8d0ca110b04b60e07ed" "/opt/rustwide/cargo-home/bin/cargo" "+beta-2023-04-20" "doc" "--frozen" "--no-deps" "--document-private-items" "--message-format=json", kill_on_drop: false }`
[INFO] [stdout] d21fac827497d0862a302c6edf8b90f9aecae0e17c93b643328d7ce6fbe4e12e
[INFO] running `Command { std: "docker" "start" "-a" "d21fac827497d0862a302c6edf8b90f9aecae0e17c93b643328d7ce6fbe4e12e", kill_on_drop: false }`
[INFO] [stderr]    Compiling proc-macro2 v1.0.30
[INFO] [stderr]    Compiling syn v1.0.80
[INFO] [stderr]    Compiling version_check v0.9.3
[INFO] [stderr]    Compiling libc v0.2.103
[INFO] [stderr]    Compiling log v0.4.14
[INFO] [stderr]     Checking futures-io v0.3.17
[INFO] [stderr]    Compiling typenum v1.14.0
[INFO] [stderr]     Checking cache-padded v1.1.1
[INFO] [stderr]     Checking concurrent-queue v1.2.2
[INFO] [stderr]     Checking fastrand v1.5.0
[INFO] [stderr]     Checking event-listener v2.5.1
[INFO] [stderr]     Checking parking v2.0.0
[INFO] [stderr]     Checking waker-fn v1.1.0
[INFO] [stderr]    Compiling futures-macro v0.3.17
[INFO] [stderr]    Compiling futures-channel v0.3.17
[INFO] [stderr]    Compiling futures-util v0.3.17
[INFO] [stderr]     Checking futures-lite v1.12.0
[INFO] [stderr]    Compiling value-bag v1.0.0-alpha.8
[INFO] [stderr]    Compiling generic-array v0.14.4
[INFO] [stderr]    Compiling proc-macro-error-attr v1.0.4
[INFO] [stderr]    Compiling quote v1.0.10
[INFO] [stderr]    Compiling proc-macro-error v1.0.4
[INFO] [stderr]    Compiling serde v1.0.130
[INFO] [stderr]     Checking futures-sink v0.3.17
[INFO] [stderr]     Checking async-task v4.0.3
[INFO] [stderr]     Checking async-channel v1.6.1
[INFO] [stderr]    Compiling libthemis-sys v0.13.0 (https://github.com/cossacklabs/themis/#17df902c)
[INFO] [stderr]     Checking getrandom v0.2.3
[INFO] [stderr]     Checking socket2 v0.4.2
[INFO] [stderr]     Checking atty v0.2.14
[INFO] [stderr]    Compiling memoffset v0.6.4
[INFO] [stderr]     Checking rand_core v0.6.3
[INFO] [stderr]     Checking unicode-width v0.1.9
[INFO] [stderr]    Compiling unicode-segmentation v1.8.0
[INFO] [stderr]     Checking digest v0.9.0
[INFO] [stderr]     Checking atomic-waker v1.0.0
[INFO] [stderr]     Checking bit-vec v0.6.3
[INFO] [stderr]    Compiling crossbeam-utils v0.8.5
[INFO] [stderr]     Checking blocking v1.0.2
[INFO] [stderr]     Checking textwrap v0.11.0
[INFO] [stderr]     Checking bit-set v0.5.2
[INFO] [stderr]    Compiling heck v0.3.3
[INFO] [stderr] The following warnings were emitted during compilation:
[INFO] [stderr] 
[INFO] [stderr] warning: src/dummy.c:17:10: fatal error: themis/themis.h: No such file or directory
[INFO] [stderr] warning:    17 | #include <themis/themis.h>
[INFO] [stderr] warning:       |          ^~~~~~~~~~~~~~~~~
[INFO] [stderr] warning: compilation terminated.
[INFO] [stderr] 
[INFO] [stderr] error: failed to run custom build command for `libthemis-sys v0.13.0 (https://github.com/cossacklabs/themis/#17df902c)`
[INFO] [stderr] note: To improve backtraces for build dependencies, set the CARGO_PROFILE_DEV_BUILD_OVERRIDE_DEBUG=true environment variable to enable debug information generation.
[INFO] [stderr] 
[INFO] [stderr] Caused by:
[INFO] [stderr]   process didn't exit successfully: `/opt/rustwide/target/debug/build/libthemis-sys-35a74bde91ed000d/build-script-build` (exit status: 101)
[INFO] [stderr]   --- stdout
[INFO] [stderr]   cargo:rerun-if-env-changed=LIBTHEMIS_NO_PKG_CONFIG
[INFO] [stderr]   cargo:rerun-if-env-changed=PKG_CONFIG_x86_64-unknown-linux-gnu
[INFO] [stderr]   cargo:rerun-if-env-changed=PKG_CONFIG_x86_64_unknown_linux_gnu
[INFO] [stderr]   cargo:rerun-if-env-changed=HOST_PKG_CONFIG
[INFO] [stderr]   cargo:rerun-if-env-changed=PKG_CONFIG
[INFO] [stderr]   cargo:rerun-if-env-changed=LIBTHEMIS_STATIC
[INFO] [stderr]   cargo:rerun-if-env-changed=LIBTHEMIS_DYNAMIC
[INFO] [stderr]   cargo:rerun-if-env-changed=PKG_CONFIG_ALL_STATIC
[INFO] [stderr]   cargo:rerun-if-env-changed=PKG_CONFIG_ALL_DYNAMIC
[INFO] [stderr]   cargo:rerun-if-env-changed=PKG_CONFIG_PATH_x86_64-unknown-linux-gnu
[INFO] [stderr]   cargo:rerun-if-env-changed=PKG_CONFIG_PATH_x86_64_unknown_linux_gnu
[INFO] [stderr]   cargo:rerun-if-env-changed=HOST_PKG_CONFIG_PATH
[INFO] [stderr]   cargo:rerun-if-env-changed=PKG_CONFIG_PATH
[INFO] [stderr]   cargo:rerun-if-env-changed=PKG_CONFIG_LIBDIR_x86_64-unknown-linux-gnu
[INFO] [stderr]   cargo:rerun-if-env-changed=PKG_CONFIG_LIBDIR_x86_64_unknown_linux_gnu
[INFO] [stderr]   cargo:rerun-if-env-changed=HOST_PKG_CONFIG_LIBDIR
[INFO] [stderr]   cargo:rerun-if-env-changed=PKG_CONFIG_LIBDIR
[INFO] [stderr]   cargo:rerun-if-env-changed=PKG_CONFIG_SYSROOT_DIR_x86_64-unknown-linux-gnu
[INFO] [stderr]   cargo:rerun-if-env-changed=PKG_CONFIG_SYSROOT_DIR_x86_64_unknown_linux_gnu
[INFO] [stderr]   cargo:rerun-if-env-changed=HOST_PKG_CONFIG_SYSROOT_DIR
[INFO] [stderr]   cargo:rerun-if-env-changed=PKG_CONFIG_SYSROOT_DIR
[INFO] [stderr]   TARGET = Some("x86_64-unknown-linux-gnu")
[INFO] [stderr]   OPT_LEVEL = Some("0")
[INFO] [stderr]   HOST = Some("x86_64-unknown-linux-gnu")
[INFO] [stderr]   CC_x86_64-unknown-linux-gnu = None
[INFO] [stderr]   CC_x86_64_unknown_linux_gnu = None
[INFO] [stderr]   HOST_CC = None
[INFO] [stderr]   CC = None
[INFO] [stderr]   CFLAGS_x86_64-unknown-linux-gnu = None
[INFO] [stderr]   CFLAGS_x86_64_unknown_linux_gnu = None
[INFO] [stderr]   HOST_CFLAGS = None
[INFO] [stderr]   CFLAGS = None
[INFO] [stderr]   CRATE_CC_NO_DEFAULTS = None
[INFO] [stderr]   DEBUG = Some("true")
[INFO] [stderr]   CARGO_CFG_TARGET_FEATURE = Some("fxsr,sse,sse2")
[INFO] [stderr]   running: "cc" "-O0" "-ffunction-sections" "-fdata-sections" "-fPIC" "-g" "-fno-omit-frame-pointer" "-m64" "-Wall" "-Wextra" "-lthemis" "-o" "/opt/rustwide/target/debug/build/libthemis-sys-304531f2f04e79d8/out/src/dummy.o" "-c" "src/dummy.c"
[INFO] [stderr]   cargo:warning=src/dummy.c:17:10: fatal error: themis/themis.h: No such file or directory
[INFO] [stderr]   cargo:warning=   17 | #include <themis/themis.h>
[INFO] [stderr]   cargo:warning=      |          ^~~~~~~~~~~~~~~~~
[INFO] [stderr]   cargo:warning=compilation terminated.
[INFO] [stderr]   exit status: 1
[INFO] [stderr] 
[INFO] [stderr]   --- stderr
[INFO] [stderr] 
[INFO] [stderr]   `libthemis-sys` could not find Themis installation in your system.
[INFO] [stderr] 
[INFO] [stderr]   Please make sure you have appropriate development package installed.
[INFO] [stderr]   On Linux it's called `libthemis-dev`, not just `libthemis`.
[INFO] [stderr]   On macOS Homebrew formula is called `libthemis`.
[INFO] [stderr] 
[INFO] [stderr]   Please refer to the documentation for installation instructions:
[INFO] [stderr] 
[INFO] [stderr]       https://github.com/cossacklabs/themis#quickstart
[INFO] [stderr] 
[INFO] [stderr]   This crate uses `pkg-config` to locate the library. If you use
[INFO] [stderr]   non-standard installation of Themis then you can help pkg-config
[INFO] [stderr]   to locate your library by setting the PKG_CONFIG_PATH environment
[INFO] [stderr]   variable to the path where `libthemis.pc` file is located.
[INFO] [stderr] 
[INFO] [stderr]   `PKG_CONFIG_ALLOW_SYSTEM_CFLAGS="1" PKG_CONFIG_ALLOW_SYSTEM_LIBS="1" "pkg-config" "--libs" "--cflags" "libthemis"` did not exit successfully: exit status: 1
[INFO] [stderr]   --- stderr
[INFO] [stderr]   Package libthemis was not found in the pkg-config search path.
[INFO] [stderr]   Perhaps you should add the directory containing `libthemis.pc'
[INFO] [stderr]   to the PKG_CONFIG_PATH environment variable
[INFO] [stderr]   No package 'libthemis' found
[INFO] [stderr] 
[INFO] [stderr]   `libthemis-sys` also tried to use standard system paths, but without success.
[INFO] [stderr]   It seems that Themis is really not installed in your system.
[INFO] [stderr] 
[INFO] [stderr]   thread 'main' panicked at 'Themis Core not installed', /opt/rustwide/cargo-home/git/checkouts/themis-5d0358150d03d98f/17df902/src/wrappers/themis/rust/libthemis-sys/build.rs:66:17
[INFO] [stderr]   stack backtrace:
[INFO] [stderr]      0:     0x5646437d5dba - std::backtrace_rs::backtrace::libunwind::trace::h2f05d0192276a8f6
[INFO] [stderr]                                  at /rustc/1b7dd2252b99671ce5d1cb9664c5f8636329436d/library/std/src/../../backtrace/src/backtrace/libunwind.rs:93:5
[INFO] [stderr]      1:     0x5646437d5dba - std::backtrace_rs::backtrace::trace_unsynchronized::hedc23dff7a1af150
[INFO] [stderr]                                  at /rustc/1b7dd2252b99671ce5d1cb9664c5f8636329436d/library/std/src/../../backtrace/src/backtrace/mod.rs:66:5
[INFO] [stderr]      2:     0x5646437d5dba - std::sys_common::backtrace::_print_fmt::h17541ef7592f3ce2
[INFO] [stderr]                                  at /rustc/1b7dd2252b99671ce5d1cb9664c5f8636329436d/library/std/src/sys_common/backtrace.rs:65:5
[INFO] [stderr]      3:     0x5646437d5dba - <std::sys_common::backtrace::_print::DisplayBacktrace as core::fmt::Display>::fmt::h20f75df5ab0c0792
[INFO] [stderr]                                  at /rustc/1b7dd2252b99671ce5d1cb9664c5f8636329436d/library/std/src/sys_common/backtrace.rs:44:22
[INFO] [stderr]      4:     0x5646437f6a0f - core::fmt::write::h78109e6f466b3af6
[INFO] [stderr]                                  at /rustc/1b7dd2252b99671ce5d1cb9664c5f8636329436d/library/core/src/fmt/mod.rs:1254:17
[INFO] [stderr]      5:     0x5646437d26a5 - std::io::Write::write_fmt::hc59e1b02dd273c8a
[INFO] [stderr]                                  at /rustc/1b7dd2252b99671ce5d1cb9664c5f8636329436d/library/std/src/io/mod.rs:1698:15
[INFO] [stderr]      6:     0x5646437d5b85 - std::sys_common::backtrace::_print::h8dac57a9f8fbf9a5
[INFO] [stderr]                                  at /rustc/1b7dd2252b99671ce5d1cb9664c5f8636329436d/library/std/src/sys_common/backtrace.rs:47:5
[INFO] [stderr]      7:     0x5646437d5b85 - std::sys_common::backtrace::print::hf9ecbf41d1aa712f
[INFO] [stderr]                                  at /rustc/1b7dd2252b99671ce5d1cb9664c5f8636329436d/library/std/src/sys_common/backtrace.rs:34:9
[INFO] [stderr]      8:     0x5646437d7abe - std::panicking::default_hook::{{closure}}::h04c07acfc84ca028
[INFO] [stderr]                                  at /rustc/1b7dd2252b99671ce5d1cb9664c5f8636329436d/library/std/src/panicking.rs:269:22
[INFO] [stderr]      9:     0x5646437d7865 - std::panicking::default_hook::h01f6bb23e1eceb2c
[INFO] [stderr]                                  at /rustc/1b7dd2252b99671ce5d1cb9664c5f8636329436d/library/std/src/panicking.rs:288:9
[INFO] [stderr]     10:     0x5646437d801e - std::panicking::rust_panic_with_hook::h2bb3722bbaf2f6df
[INFO] [stderr]                                  at /rustc/1b7dd2252b99671ce5d1cb9664c5f8636329436d/library/std/src/panicking.rs:691:13
[INFO] [stderr]     11:     0x5646437881da - std::panicking::begin_panic::{{closure}}::hce7a526a57d2298e
[INFO] [stderr]     12:     0x5646437698fa - std::sys_common::backtrace::__rust_end_short_backtrace::hd2700f1cb3e827f5
[INFO] [stderr]     13:     0x56464378812b - std::panicking::begin_panic::hd6039fef7e5de3bd
[INFO] [stderr]     14:     0x56464374c604 - build_script_build::main::h1f9c4f9599502be5
[INFO] [stderr]     15:     0x56464374c1a3 - core::ops::function::FnOnce::call_once::hb6e120f3c0cdd872
[INFO] [stderr]     16:     0x56464374c0a6 - std::sys_common::backtrace::__rust_begin_short_backtrace::h472bdaa28f87432e
[INFO] [stderr]     17:     0x56464374c249 - std::rt::lang_start::{{closure}}::hb2fa39485fd208e7
[INFO] [stderr]     18:     0x5646437ceeae - core::ops::function::impls::<impl core::ops::function::FnOnce<A> for &F>::call_once::h2eb19b8ce4148df4
[INFO] [stderr]                                  at /rustc/1b7dd2252b99671ce5d1cb9664c5f8636329436d/library/core/src/ops/function.rs:287:13
[INFO] [stderr]     19:     0x5646437ceeae - std::panicking::try::do_call::h2e900feff5d504c5
[INFO] [stderr]                                  at /rustc/1b7dd2252b99671ce5d1cb9664c5f8636329436d/library/std/src/panicking.rs:485:40
[INFO] [stderr]     20:     0x5646437ceeae - std::panicking::try::h8854836cb85aa9f2
[INFO] [stderr]                                  at /rustc/1b7dd2252b99671ce5d1cb9664c5f8636329436d/library/std/src/panicking.rs:449:19
[INFO] [stderr]     21:     0x5646437ceeae - std::panic::catch_unwind::h706025dd4c48f64b
[INFO] [stderr]                                  at /rustc/1b7dd2252b99671ce5d1cb9664c5f8636329436d/library/std/src/panic.rs:140:14
[INFO] [stderr]     22:     0x5646437ceeae - std::rt::lang_start_internal::{{closure}}::h7be5b97f4a07a91a
[INFO] [stderr]                                  at /rustc/1b7dd2252b99671ce5d1cb9664c5f8636329436d/library/std/src/rt.rs:148:48
[INFO] [stderr]     23:     0x5646437ceeae - std::panicking::try::do_call::h59847e9d0a176965
[INFO] [stderr]                                  at /rustc/1b7dd2252b99671ce5d1cb9664c5f8636329436d/library/std/src/panicking.rs:485:40
[INFO] [stderr]     24:     0x5646437ceeae - std::panicking::try::h399a918ba8522823
[INFO] [stderr]                                  at /rustc/1b7dd2252b99671ce5d1cb9664c5f8636329436d/library/std/src/panicking.rs:449:19
[INFO] [stderr]     25:     0x5646437ceeae - std::panic::catch_unwind::hca7ca6c55b2a2e26
[INFO] [stderr]                                  at /rustc/1b7dd2252b99671ce5d1cb9664c5f8636329436d/library/std/src/panic.rs:140:14
[INFO] [stderr]     26:     0x5646437ceeae - std::rt::lang_start_internal::h2c807a81560459eb
[INFO] [stderr]                                  at /rustc/1b7dd2252b99671ce5d1cb9664c5f8636329436d/library/std/src/rt.rs:148:20
[INFO] [stderr]     27:     0x56464374c227 - std::rt::lang_start::hb2923b582e0d230c
[INFO] [stderr]     28:     0x56464374c815 - main
[INFO] [stderr]     29:     0x7f22e4c58d90 - <unknown>
[INFO] [stderr]     30:     0x7f22e4c58e40 - __libc_start_main
[INFO] [stderr]     31:     0x56464374bdd5 - _start
[INFO] [stderr]     32:                0x0 - <unknown>
[INFO] [stderr] warning: build failed, waiting for other jobs to finish...
[INFO] running `Command { std: "docker" "inspect" "d21fac827497d0862a302c6edf8b90f9aecae0e17c93b643328d7ce6fbe4e12e", kill_on_drop: false }`
[INFO] running `Command { std: "docker" "rm" "-f" "d21fac827497d0862a302c6edf8b90f9aecae0e17c93b643328d7ce6fbe4e12e", kill_on_drop: false }`
[INFO] [stdout] d21fac827497d0862a302c6edf8b90f9aecae0e17c93b643328d7ce6fbe4e12e
