[INFO] cloning repository https://github.com/FoundedNahte/server_test
[INFO] running `Command { std: "git" "-c" "credential.helper=" "-c" "credential.helper=/workspace/cargo-home/bin/git-credential-null" "clone" "--bare" "https://github.com/FoundedNahte/server_test" "/workspace/cache/git-repos/https%3A%2F%2Fgithub.com%2FFoundedNahte%2Fserver_test", kill_on_drop: false }`
[INFO] [stderr] Cloning into bare repository '/workspace/cache/git-repos/https%3A%2F%2Fgithub.com%2FFoundedNahte%2Fserver_test'...
[INFO] running `Command { std: "git" "rev-parse" "HEAD", kill_on_drop: false }`
[INFO] [stdout] e8d31ebca2883b48048c121c1557419f72764eb0
[INFO] documenting FoundedNahte/server_test against 1.69.0 for beta-1.70-rustdoc-1
[INFO] running `Command { std: "git" "clone" "/workspace/cache/git-repos/https%3A%2F%2Fgithub.com%2FFoundedNahte%2Fserver_test" "/workspace/builds/worker-1-tc1/source", kill_on_drop: false }`
[INFO] [stderr] Cloning into '/workspace/builds/worker-1-tc1/source'...
[INFO] [stderr] done.
[INFO] validating manifest of git repo https://github.com/FoundedNahte/server_test on toolchain 1.69.0
[INFO] running `Command { std: CARGO_HOME="/workspace/cargo-home" RUSTUP_HOME="/workspace/rustup-home" "/workspace/cargo-home/bin/cargo" "+1.69.0" "metadata" "--manifest-path" "Cargo.toml" "--no-deps", kill_on_drop: false }`
[INFO] started tweaking git repo https://github.com/FoundedNahte/server_test
[INFO] finished tweaking git repo https://github.com/FoundedNahte/server_test
[INFO] tweaked toml for git repo https://github.com/FoundedNahte/server_test written to /workspace/builds/worker-1-tc1/source/Cargo.toml
[INFO] crate git repo https://github.com/FoundedNahte/server_test already has a lockfile, it will not be regenerated
[INFO] running `Command { std: CARGO_HOME="/workspace/cargo-home" RUSTUP_HOME="/workspace/rustup-home" "/workspace/cargo-home/bin/cargo" "+1.69.0" "fetch" "--manifest-path" "Cargo.toml", kill_on_drop: false }`
[INFO] [stderr]     Updating git repository `https://github.com/actix/actix-extras`
[INFO] [stderr]  Downloading crates ...
[INFO] [stderr]   Downloaded tracing-actix-web v0.5.1
[INFO] [stderr]   Downloaded firestorm v0.5.0
[INFO] [stderr]   Downloaded actix-web-codegen v4.0.0
[INFO] [stderr]   Downloaded tracing-bunyan-formatter v0.3.2
[INFO] [stderr]   Downloaded actix-http v3.0.4
[INFO] [stderr]   Downloaded linkify v0.8.1
[INFO] [stderr]   Downloaded actix-web-flash-messages v0.3.2
[INFO] [stderr]   Downloaded argon2 v0.3.4
[INFO] [stderr]   Downloaded claim v0.5.0
[INFO] [stderr]   Downloaded cookie_store v0.15.1
[INFO] [stderr]   Downloaded fake v2.3.0
[INFO] [stderr]   Downloaded whoami v1.2.1
[INFO] [stderr]   Downloaded actix-web v4.0.1
[INFO] [stderr]   Downloaded urlencoding v2.1.0
[INFO] [stderr]   Downloaded actix-router v0.5.0
[INFO] [stderr]   Downloaded deadpool v0.9.4
[INFO] [stderr]   Downloaded wiremock v0.5.13
[INFO] [stderr]   Downloaded serde-aux v3.0.1
[INFO] [stderr]   Downloaded md-5 v0.10.1
[INFO] [stderr]   Downloaded flate2 v1.0.23
[INFO] running `Command { std: "docker" "create" "-v" "/var/lib/crater-agent-workspace/builds/worker-1-tc1/target:/opt/rustwide/target:rw,Z" "-v" "/var/lib/crater-agent-workspace/builds/worker-1-tc1/source:/opt/rustwide/workdir:ro,Z" "-v" "/var/lib/crater-agent-workspace/cargo-home:/opt/rustwide/cargo-home:ro,Z" "-v" "/var/lib/crater-agent-workspace/rustup-home:/opt/rustwide/rustup-home:ro,Z" "-e" "SOURCE_DIR=/opt/rustwide/workdir" "-e" "CARGO_TARGET_DIR=/opt/rustwide/target" "-e" "CARGO_HOME=/opt/rustwide/cargo-home" "-e" "RUSTUP_HOME=/opt/rustwide/rustup-home" "-w" "/opt/rustwide/workdir" "-m" "1610612736" "--user" "0:0" "--network" "none" "ghcr.io/rust-lang/crates-build-env/linux@sha256:5ff2268d62e97bff2cde7d5815dd6ed5b47097566f13b8d0ca110b04b60e07ed" "/opt/rustwide/cargo-home/bin/cargo" "+1.69.0" "metadata" "--no-deps" "--format-version=1", kill_on_drop: false }`
[INFO] [stdout] 90c6b8770d2d8cbd9d9fc1331c81ae7422bbd6d5026fcd7efb2a9902b372a989
[INFO] running `Command { std: "docker" "start" "-a" "90c6b8770d2d8cbd9d9fc1331c81ae7422bbd6d5026fcd7efb2a9902b372a989", kill_on_drop: false }`
[INFO] running `Command { std: "docker" "inspect" "90c6b8770d2d8cbd9d9fc1331c81ae7422bbd6d5026fcd7efb2a9902b372a989", kill_on_drop: false }`
[INFO] running `Command { std: "docker" "rm" "-f" "90c6b8770d2d8cbd9d9fc1331c81ae7422bbd6d5026fcd7efb2a9902b372a989", kill_on_drop: false }`
[INFO] [stdout] 90c6b8770d2d8cbd9d9fc1331c81ae7422bbd6d5026fcd7efb2a9902b372a989
[INFO] running `Command { std: "docker" "create" "-v" "/var/lib/crater-agent-workspace/builds/worker-1-tc1/target:/opt/rustwide/target:rw,Z" "-v" "/var/lib/crater-agent-workspace/builds/worker-1-tc1/source:/opt/rustwide/workdir:ro,Z" "-v" "/var/lib/crater-agent-workspace/cargo-home:/opt/rustwide/cargo-home:ro,Z" "-v" "/var/lib/crater-agent-workspace/rustup-home:/opt/rustwide/rustup-home:ro,Z" "-e" "SOURCE_DIR=/opt/rustwide/workdir" "-e" "CARGO_TARGET_DIR=/opt/rustwide/target" "-e" "CARGO_INCREMENTAL=0" "-e" "RUST_BACKTRACE=full" "-e" "RUSTFLAGS=--cap-lints=warn" "-e" "RUSTDOCFLAGS=--cap-lints=warn" "-e" "CARGO_HOME=/opt/rustwide/cargo-home" "-e" "RUSTUP_HOME=/opt/rustwide/rustup-home" "-w" "/opt/rustwide/workdir" "-m" "1610612736" "--user" "0:0" "--network" "none" "ghcr.io/rust-lang/crates-build-env/linux@sha256:5ff2268d62e97bff2cde7d5815dd6ed5b47097566f13b8d0ca110b04b60e07ed" "/opt/rustwide/cargo-home/bin/cargo" "+1.69.0" "doc" "--frozen" "--no-deps" "--document-private-items" "--message-format=json", kill_on_drop: false }`
[INFO] [stdout] 391edec9a5cde9f69b414e9faace5410a496853c9773d3b77308d91dfb83be47
[INFO] running `Command { std: "docker" "start" "-a" "391edec9a5cde9f69b414e9faace5410a496853c9773d3b77308d91dfb83be47", kill_on_drop: false }`
[INFO] [stderr]    Compiling proc-macro2 v1.0.39
[INFO] [stderr]    Compiling unicode-ident v1.0.0
[INFO] [stderr]    Compiling syn v1.0.95
[INFO] [stderr]    Compiling typenum v1.15.0
[INFO] [stderr]     Checking once_cell v1.11.0
[INFO] [stderr]    Compiling memchr v2.5.0
[INFO] [stderr]    Compiling futures-core v0.3.21
[INFO] [stderr]    Compiling parking_lot_core v0.9.3
[INFO] [stderr]    Compiling libc v0.2.126
[INFO] [stderr]    Compiling generic-array v0.14.5
[INFO] [stderr]    Compiling log v0.4.17
[INFO] [stderr]    Compiling serde v1.0.137
[INFO] [stderr]     Checking bytes v1.1.0
[INFO] [stderr]     Checking getrandom v0.2.6
[INFO] [stderr]     Checking num_cpus v1.13.1
[INFO] [stderr]     Checking lock_api v0.4.6
[INFO] [stderr]     Checking socket2 v0.4.4
[INFO] [stderr]     Checking signal-hook-registry v1.4.0
[INFO] [stderr]    Compiling ahash v0.7.6
[INFO] [stderr]     Checking itoa v1.0.2
[INFO] [stderr]     Checking mio v0.8.3
[INFO] [stderr]     Checking futures-sink v0.3.21
[INFO] [stderr]     Checking subtle v2.4.1
[INFO] [stderr]     Checking tracing-core v0.1.26
[INFO] [stderr]    Compiling futures-channel v0.3.21
[INFO] [stderr]    Compiling futures-task v0.3.21
[INFO] [stderr]    Compiling futures-util v0.3.21
[INFO] [stderr]    Compiling num-traits v0.2.15
[INFO] [stderr]    Compiling serde_json v1.0.81
[INFO] [stderr]     Checking slab v0.4.6
[INFO] [stderr]     Checking futures-io v0.3.21
[INFO] [stderr]     Checking parking_lot v0.12.0
[INFO] [stderr]    Compiling jobserver v0.1.24
[INFO] [stderr]     Checking tinyvec_macros v0.1.0
[INFO] [stderr]     Checking ryu v1.0.10
[INFO] [stderr]     Checking matches v0.1.9
[INFO] [stderr]     Checking unicode-bidi v0.3.8
[INFO] [stderr]     Checking tinyvec v1.6.0
[INFO] [stderr]     Checking regex-syntax v0.6.25
[INFO] [stderr]     Checking cpufeatures v0.2.2
[INFO] [stderr]    Compiling indexmap v1.8.1
[INFO] [stderr]    Compiling cc v1.0.73
[INFO] [stderr]     Checking base64 v0.13.0
[INFO] [stderr]     Checking hashbrown v0.11.2
[INFO] [stderr]    Compiling smallvec v1.8.0
[INFO] [stderr]     Checking aho-corasick v0.7.18
[INFO] [stderr]     Checking form_urlencoded v1.0.1
[INFO] [stderr]    Compiling quote v1.0.18
[INFO] [stderr]     Checking rand_core v0.6.3
[INFO] [stderr]     Checking fnv v1.0.7
[INFO] [stderr]    Compiling paste v1.0.7
[INFO] [stderr]     Checking http v0.2.7
[INFO] [stderr]    Compiling parking_lot_core v0.8.5
[INFO] [stderr]    Compiling num-integer v0.1.45
[INFO] [stderr]     Checking opaque-debug v0.3.0
[INFO] [stderr]    Compiling pkg-config v0.3.25
[INFO] [stderr]    Compiling httparse v1.7.1
[INFO] [stderr]    Compiling spin v0.5.2
[INFO] [stderr]    Compiling untrusted v0.7.1
[INFO] [stderr]     Checking unicode-normalization v0.1.19
[INFO] [stderr]     Checking rand_chacha v0.3.1
[INFO] [stderr]    Compiling pin-project-lite v0.2.9
[INFO] [stderr]    Compiling crossbeam-utils v0.8.8
[INFO] [stderr]     Checking rand v0.8.5
[INFO] [stderr]     Checking block-buffer v0.10.2
[INFO] [stderr]     Checking crypto-common v0.1.3
[INFO] [stderr]     Checking universal-hash v0.4.1
[INFO] [stderr]     Checking cipher v0.3.0
[INFO] [stderr]    Compiling ring v0.16.20
[INFO] [stderr]    Compiling zstd-sys v1.6.3+zstd.1.5.2
[INFO] [stderr]    Compiling openssl-sys v0.9.73
[INFO] [stderr]     Checking digest v0.10.3
[INFO] [stderr]    Compiling standback v0.2.17
[INFO] [stderr]    Compiling zstd-safe v4.1.6+zstd.1.5.2
[INFO] [stderr]     Checking idna v0.2.3
[INFO] [stderr]     Checking alloc-no-stdlib v2.0.3
[INFO] [stderr]     Checking hmac v0.12.1
[INFO] [stderr]     Checking httpdate v1.0.2
[INFO] [stderr]     Checking local-waker v0.1.3
[INFO] [stderr]    Compiling proc-macro-hack v0.5.19
[INFO] [stderr]    Compiling encoding_rs v0.8.31
[INFO] [stderr]     Checking hkdf v0.12.3
[INFO] [stderr]     Checking alloc-stdlib v0.2.1
[INFO] [stderr]    Compiling tokio v1.18.2
[INFO] [stderr]     Checking regex v1.5.5
[INFO] [stderr]     Checking sha-1 v0.10.0
[INFO] [stderr]     Checking sha2 v0.10.2
[INFO] [stderr]     Checking polyval v0.5.3
[INFO] [stderr]     Checking adler v1.0.2
[INFO] [stderr]    Compiling time-macros v0.2.4
[INFO] [stderr]    Compiling crossbeam-queue v0.3.5
[INFO] [stderr]     Checking num_threads v0.1.6
[INFO] [stderr]     Checking ghash v0.4.4
[INFO] [stderr]     Checking url v2.2.2
[INFO] [stderr]     Checking miniz_oxide v0.5.1
[INFO] [stderr]     Checking brotli-decompressor v2.3.2
[INFO] [stderr]     Checking actix-utils v3.0.0
[INFO] [stderr]     Checking ctr v0.8.0
[INFO] [stderr]     Checking aes v0.7.5
[INFO] [stderr]     Checking aead v0.4.3
[INFO] [stderr]     Checking actix-service v2.0.2
[INFO] [stderr]    Compiling bytestring v1.0.0
[INFO] [stderr]    Compiling instant v0.1.12
[INFO] [stderr]    Compiling cookie v0.16.0
[INFO] [stderr]     Checking foreign-types-shared v0.1.1
[INFO] [stderr]    Compiling openssl v0.10.40
[INFO] [stderr]     Checking mime v0.3.16
[INFO] [stderr]    Compiling firestorm v0.5.0
[INFO] [stderr]     Checking brotli v3.3.4
[INFO] [stderr]     Checking foreign-types v0.3.2
[INFO] [stderr]     Checking aes-gcm v0.9.4
[INFO] [stderr]     Checking flate2 v1.0.23
[INFO] [stderr]    Compiling time v0.2.27
[INFO] [stderr]    Compiling ppv-lite86 v0.2.16
[INFO] [stderr]     Checking language-tags v0.3.2
[INFO] [stderr]    Compiling rustls v0.20.6
[INFO] [stderr]     Checking time v0.3.9
[INFO] [stderr]    Compiling minimal-lexical v0.2.1
[INFO] [stderr]    Compiling percent-encoding v2.1.0
[INFO] [stderr]     Checking byteorder v1.4.3
[INFO] [stderr]    Compiling native-tls v0.2.10
[INFO] [stderr]    Compiling nom v7.1.1
[INFO] [stderr]     Checking webpki v0.21.4
[INFO] [stderr]     Checking webpki v0.22.0
[INFO] [stderr]     Checking sct v0.6.1
[INFO] [stderr]     Checking sct v0.7.0
[INFO] [stderr]    Compiling parking_lot v0.11.2
[INFO] [stderr]     Checking rustls v0.19.1
[INFO] [stderr]    Compiling dirs-sys v0.3.7
[INFO] [stderr]     Checking time v0.1.44
[INFO] [stderr]    Compiling cookie v0.15.1
[INFO] [stderr]     Checking try-lock v0.2.3
[INFO] [stderr]    Compiling unicode_categories v0.1.1
[INFO] [stderr]    Compiling async-trait v0.1.53
[INFO] [stderr]    Compiling lexical-core v0.7.6
[INFO] [stderr]    Compiling pin-utils v0.1.0
[INFO] [stderr]     Checking openssl-probe v0.1.5
[INFO] [stderr]    Compiling anyhow v1.0.57
[INFO] [stderr]    Compiling crc-catalog v1.1.1
[INFO] [stderr]    Compiling actix-rt v2.7.0
[INFO] [stderr]    Compiling crc v2.1.0
[INFO] [stderr]    Compiling tokio-stream v0.1.8
[INFO] [stderr]     Checking chrono v0.4.19
[INFO] [stderr]     Checking want v0.3.0
[INFO] [stderr]    Compiling dirs v4.0.0
[INFO] [stderr]    Compiling webpki-roots v0.21.1
[INFO] [stderr]    Compiling futures-intrusive v0.4.0
[INFO] [stderr]    Compiling hashlink v0.7.0
[INFO] [stderr]    Compiling stringprep v0.1.2
[INFO] [stderr]    Compiling atoi v0.4.0
[INFO] [stderr]    Compiling md-5 v0.10.1
[INFO] [stderr]     Checking regex-automata v0.1.10
[INFO] [stderr]     Checking http-body v0.4.4
[INFO] [stderr]    Compiling tokio-rustls v0.22.0
[INFO] [stderr]    Compiling nom v5.1.2
[INFO] [stderr]     Checking arrayvec v0.5.2
[INFO] [stderr]     Checking tower-service v0.3.1
[INFO] [stderr]    Compiling unicode-segmentation v1.9.0
[INFO] [stderr]    Compiling uuid v0.8.2
[INFO] [stderr]     Checking static_assertions v1.1.0
[INFO] [stderr]    Compiling sqlx-rt v0.5.13
[INFO] [stderr]    Compiling hex v0.4.3
[INFO] [stderr]    Compiling bitflags v1.3.2
[INFO] [stderr]     Checking psl-types v2.0.10
[INFO] [stderr]    Compiling event-listener v2.5.2
[INFO] [stderr]    Compiling whoami v1.2.1
[INFO] [stderr]     Checking publicsuffix v2.1.1
[INFO] [stderr]     Checking matchers v0.1.0
[INFO] [stderr]    Compiling heck v0.4.0
[INFO] [stderr]    Compiling serde_derive v1.0.137
[INFO] [stderr]    Compiling tokio-macros v1.7.0
[INFO] [stderr]    Compiling tracing-attributes v0.1.21
[INFO] [stderr]    Compiling futures-macro v0.3.21
[INFO] [stderr]    Compiling thiserror-impl v1.0.31
[INFO] [stderr]    Compiling time-macros-impl v0.1.2
[INFO] [stderr]    Compiling derive_more v0.99.17
[INFO] [stderr]    Compiling openssl-macros v0.1.0
[INFO] [stderr]    Compiling actix-macros v0.2.3
[INFO] [stderr]    Compiling pin-project-internal v1.0.10
[INFO] [stderr]     Checking num-traits v0.1.43
[INFO] [stderr]     Checking tracing-log v0.1.3
[INFO] [stderr]     Checking time-macros v0.1.1
[INFO] [stderr]     Checking thread_local v1.1.4
[INFO] [stderr]     Checking sharded-slab v0.1.4
[INFO] [stderr]    Compiling claim v0.5.0
[INFO] [stderr]     Checking arc-swap v1.5.0
[INFO] [stderr]    Compiling dotenv v0.15.0
[INFO] [stderr]     Checking dtoa v0.4.8
[INFO] [stderr]     Checking ansi_term v0.12.1
[INFO] [stderr]     Checking serde v0.8.23
[INFO] [stderr]     Checking base64ct v1.0.1
[INFO] [stderr]     Checking block-padding v0.2.1
[INFO] [stderr]     Checking itoa v0.4.8
[INFO] [stderr]     Checking linked-hash-map v0.5.4
[INFO] [stderr]     Checking block-buffer v0.9.0
[INFO] [stderr]     Checking password-hash v0.3.2
[INFO] [stderr]     Checking validator_types v0.14.0
[INFO] [stderr]     Checking pin-project v1.0.10
[INFO] [stderr]     Checking thiserror v1.0.31
[INFO] [stderr]     Checking webpki-roots v0.22.3
[INFO] [stderr]     Checking blake2 v0.10.4
[INFO] [stderr]     Checking yaml-rust v0.4.5
[INFO] [stderr]     Checking digest v0.9.0
[INFO] [stderr]     Checking rustls-pemfile v0.3.0
[INFO] [stderr]     Checking tracing v0.1.34
[INFO] [stderr]     Checking atty v0.2.14
[INFO] [stderr]     Checking gethostname v0.2.3
[INFO] [stderr]     Checking ipnet v2.5.0
[INFO] [stderr]     Checking termcolor v1.1.3
[INFO] [stderr]     Checking zeroize v1.5.5
[INFO] [stderr]     Checking keccak v0.1.0
[INFO] [stderr]     Checking humantime v2.1.0
[INFO] [stderr]     Checking rust-ini v0.13.0
[INFO] [stderr]     Checking tracing-futures v0.2.5
[INFO] [stderr]     Checking tracing-subscriber v0.3.11
[INFO] [stderr]     Checking argon2 v0.3.4
[INFO] [stderr]     Checking sha3 v0.9.1
[INFO] [stderr]     Checking htmlescape v0.3.1
[INFO] [stderr]     Checking urlencoding v2.1.0
[INFO] [stderr]     Checking env_logger v0.9.0
[INFO] [stderr]     Checking serde-hjson v0.9.1
[INFO] [stderr]     Checking local-channel v0.1.3
[INFO] [stderr]     Checking futures-executor v0.3.21
[INFO] [stderr]     Checking futures v0.3.21
[INFO] [stderr]     Checking tokio-util v0.7.2
[INFO] [stderr]     Checking tokio-rustls v0.23.4
[INFO] [stderr]     Checking actix-server v2.1.1
[INFO] [stderr]     Checking tokio-util v0.6.10
[INFO] [stderr]     Checking tokio-native-tls v0.3.0
[INFO] [stderr]     Checking h2 v0.3.13
[INFO] [stderr]     Checking actix-codec v0.5.0
[INFO] [stderr]     Checking combine v4.6.4
[INFO] [stderr]     Checking serde_urlencoded v0.7.1
[INFO] [stderr]     Checking either v1.6.1
[INFO] [stderr]     Checking actix-router v0.5.0
[INFO] [stderr]     Checking toml v0.5.9
[INFO] [stderr]     Checking secrecy v0.8.0
[INFO] [stderr]     Checking itertools v0.10.3
[INFO] [stderr]     Checking cookie_store v0.15.1
[INFO] [stderr]     Checking serde-aux v3.0.1
[INFO] [stderr]     Checking tracing-bunyan-formatter v0.3.2
[INFO] [stderr]     Checking validator v0.14.0
[INFO] [stderr]    Compiling actix-web-codegen v4.0.0
[INFO] [stderr]     Checking config v0.11.0
[INFO] [stderr]     Checking sqlformat v0.1.8
[INFO] [stderr]     Checking hyper v0.14.18
[INFO] [stderr]     Checking sqlx-core v0.5.13
[INFO] [stderr]     Checking redis v0.21.5
[INFO] [stderr]     Checking hyper-rustls v0.23.0
[INFO] [stderr]     Checking reqwest v0.11.10
[INFO] [stderr]    Compiling sqlx-macros v0.5.13
[INFO] [stderr]     Checking zstd v0.10.2+zstd.1.5.2
[INFO] [stderr]     Checking actix-http v3.0.4
[INFO] [stderr]     Checking actix-web v4.0.1
[INFO] [stderr]     Checking sqlx v0.5.13
[INFO] [stderr]     Checking actix-web-flash-messages v0.3.2
[INFO] [stderr]     Checking tracing-actix-web v0.5.1
[INFO] [stderr]     Checking actix-session v0.6.2 (https://github.com/actix/actix-extras?branch=master#d11a2723)
[INFO] [stderr]  Documenting servertest v0.1.0 (/opt/rustwide/workdir)
[INFO] [stderr]     Checking servertest v0.1.0 (/opt/rustwide/workdir)
[INFO] [stdout] error: error communicating with database: Cannot assign requested address (os error 99)
[INFO] [stdout]   --> src/authentication.rs:77:15
[INFO] [stdout]    |
[INFO] [stdout] 77 |       let row = sqlx::query!(
[INFO] [stdout]    |  _______________^
[INFO] [stdout] 78 | |         r#"
[INFO] [stdout] 79 | |         SELECT user_id, password_hash
[INFO] [stdout] 80 | |         FROM users
[INFO] [stdout] ...  |
[INFO] [stdout] 83 | |         username,
[INFO] [stdout] 84 | |     )
[INFO] [stdout]    | |_____^
[INFO] [stdout]    |
[INFO] [stdout]    = note: this error originates in the macro `$crate::sqlx_macros::expand_query` which comes from the expansion of the macro `sqlx::query` (in Nightly builds, run with -Z macro-backtrace for more info)
[INFO] [stdout] 
[INFO] [stdout] 
[INFO] [stdout] error: error communicating with database: Cannot assign requested address (os error 99)
[INFO] [stdout]   --> src/authentication.rs:77:15
[INFO] [stdout]    |
[INFO] [stdout] 77 |       let row = sqlx::query!(
[INFO] [stdout]    |  _______________^
[INFO] [stdout] 78 | |         r#"
[INFO] [stdout] 79 | |         SELECT user_id, password_hash
[INFO] [stdout] 80 | |         FROM users
[INFO] [stdout] ...  |
[INFO] [stdout] 83 | |         username,
[INFO] [stdout] 84 | |     )
[INFO] [stdout]    | |_____^
[INFO] [stdout]    |
[INFO] [stdout]    = note: this error originates in the macro `$crate::sqlx_macros::expand_query` which comes from the expansion of the macro `sqlx::query` (in Nightly builds, run with -Z macro-backtrace for more info)
[INFO] [stdout] 
[INFO] [stdout] 
[INFO] [stdout] error: error communicating with database: Cannot assign requested address (os error 99)
[INFO] [stdout]    --> src/authentication.rs:103:5
[INFO] [stdout]     |
[INFO] [stdout] 103 | /     sqlx::query!(
[INFO] [stdout] 104 | |         r#"
[INFO] [stdout] 105 | |         UPDATE users
[INFO] [stdout] 106 | |         SET password_hash = $1
[INFO] [stdout] ...   |
[INFO] [stdout] 110 | |         user_id
[INFO] [stdout] 111 | |     )
[INFO] [stdout]     | |_____^
[INFO] [stdout]     |
[INFO] [stdout]     = note: this error originates in the macro `$crate::sqlx_macros::expand_query` which comes from the expansion of the macro `sqlx::query` (in Nightly builds, run with -Z macro-backtrace for more info)
[INFO] [stdout] 
[INFO] [stdout] 
[INFO] [stdout] error: error communicating with database: Cannot assign requested address (os error 99)
[INFO] [stdout]    --> src/authentication.rs:103:5
[INFO] [stdout]     |
[INFO] [stdout] 103 | /     sqlx::query!(
[INFO] [stdout] 104 | |         r#"
[INFO] [stdout] 105 | |         UPDATE users
[INFO] [stdout] 106 | |         SET password_hash = $1
[INFO] [stdout] ...   |
[INFO] [stdout] 110 | |         user_id
[INFO] [stdout] 111 | |     )
[INFO] [stdout]     | |_____^
[INFO] [stdout]     |
[INFO] [stdout]     = note: this error originates in the macro `$crate::sqlx_macros::expand_query` which comes from the expansion of the macro `sqlx::query` (in Nightly builds, run with -Z macro-backtrace for more info)
[INFO] [stdout] 
[INFO] [stdout] 
[INFO] [stdout] error: error communicating with database: Cannot assign requested address (os error 99)
[INFO] [stdout]   --> src/routes/admin/dashboard.rs:48:15
[INFO] [stdout]    |
[INFO] [stdout] 48 |       let row = sqlx::query!(
[INFO] [stdout]    |  _______________^
[INFO] [stdout] 49 | |         r#"
[INFO] [stdout] 50 | |         SELECT username
[INFO] [stdout] 51 | |         FROM users
[INFO] [stdout] ...  |
[INFO] [stdout] 54 | |         user_id,
[INFO] [stdout] 55 | |     )
[INFO] [stdout]    | |_____^
[INFO] [stdout]    |
[INFO] [stdout]    = note: this error originates in the macro `$crate::sqlx_macros::expand_query` which comes from the expansion of the macro `sqlx::query` (in Nightly builds, run with -Z macro-backtrace for more info)
[INFO] [stdout] 
[INFO] [stdout] 
[INFO] [stdout] error: error communicating with database: Cannot assign requested address (os error 99)
[INFO] [stdout]   --> src/routes/admin/dashboard.rs:48:15
[INFO] [stdout]    |
[INFO] [stdout] 48 |       let row = sqlx::query!(
[INFO] [stdout]    |  _______________^
[INFO] [stdout] 49 | |         r#"
[INFO] [stdout] 50 | |         SELECT username
[INFO] [stdout] 51 | |         FROM users
[INFO] [stdout] ...  |
[INFO] [stdout] 54 | |         user_id,
[INFO] [stdout] 55 | |     )
[INFO] [stdout]    | |_____^
[INFO] [stdout]    |
[INFO] [stdout]    = note: this error originates in the macro `$crate::sqlx_macros::expand_query` which comes from the expansion of the macro `sqlx::query` (in Nightly builds, run with -Z macro-backtrace for more info)
[INFO] [stdout] 
[INFO] [stdout] 
[INFO] [stdout] error: error communicating with database: Cannot assign requested address (os error 99)
[INFO] [stdout]   --> src/routes/newsletters.rs:67:16
[INFO] [stdout]    |
[INFO] [stdout] 67 |       let rows = sqlx::query!(
[INFO] [stdout]    |  ________________^
[INFO] [stdout] 68 | |         r#"
[INFO] [stdout] 69 | |         SELECT EMAIL
[INFO] [stdout] 70 | |         FROM subscriptions
[INFO] [stdout] 71 | |         WHERE status = 'confirmed'
[INFO] [stdout] 72 | |         "#,
[INFO] [stdout] 73 | |     )
[INFO] [stdout]    | |_____^
[INFO] [stdout]    |
[INFO] [stdout]    = note: this error originates in the macro `$crate::sqlx_macros::expand_query` which comes from the expansion of the macro `sqlx::query` (in Nightly builds, run with -Z macro-backtrace for more info)
[INFO] [stdout] 
[INFO] [stdout] 
[INFO] [stdout] error: error communicating with database: Cannot assign requested address (os error 99)
[INFO] [stdout]   --> src/routes/newsletters.rs:67:16
[INFO] [stdout]    |
[INFO] [stdout] 67 |       let rows = sqlx::query!(
[INFO] [stdout]    |  ________________^
[INFO] [stdout] 68 | |         r#"
[INFO] [stdout] 69 | |         SELECT EMAIL
[INFO] [stdout] 70 | |         FROM subscriptions
[INFO] [stdout] 71 | |         WHERE status = 'confirmed'
[INFO] [stdout] 72 | |         "#,
[INFO] [stdout] 73 | |     )
[INFO] [stdout]    | |_____^
[INFO] [stdout]    |
[INFO] [stdout]    = note: this error originates in the macro `$crate::sqlx_macros::expand_query` which comes from the expansion of the macro `sqlx::query` (in Nightly builds, run with -Z macro-backtrace for more info)
[INFO] [stdout] 
[INFO] [stdout] 
[INFO] [stdout] error: error communicating with database: Cannot assign requested address (os error 99)
[INFO] [stdout]    --> src/routes/subscriptions.rs:109:5
[INFO] [stdout]     |
[INFO] [stdout] 109 | /     sqlx::query!(
[INFO] [stdout] 110 | |         r#"INSERT INTO subscription_tokens (subscription_token, subscriber_id)
[INFO] [stdout] 111 | |         VALUES ($1, $2)"#,
[INFO] [stdout] 112 | |         subscription_token,
[INFO] [stdout] 113 | |         subscriber_id
[INFO] [stdout] 114 | |     )
[INFO] [stdout]     | |_____^
[INFO] [stdout]     |
[INFO] [stdout]     = note: this error originates in the macro `$crate::sqlx_macros::expand_query` which comes from the expansion of the macro `sqlx::query` (in Nightly builds, run with -Z macro-backtrace for more info)
[INFO] [stdout] 
[INFO] [stdout] 
[INFO] [stdout] error: error communicating with database: Cannot assign requested address (os error 99)
[INFO] [stdout]    --> src/routes/subscriptions.rs:109:5
[INFO] [stdout]     |
[INFO] [stdout] 109 | /     sqlx::query!(
[INFO] [stdout] 110 | |         r#"INSERT INTO subscription_tokens (subscription_token, subscriber_id)
[INFO] [stdout] 111 | |         VALUES ($1, $2)"#,
[INFO] [stdout] 112 | |         subscription_token,
[INFO] [stdout] 113 | |         subscriber_id
[INFO] [stdout] 114 | |     )
[INFO] [stdout]     | |_____^
[INFO] [stdout]     |
[INFO] [stdout]     = note: this error originates in the macro `$crate::sqlx_macros::expand_query` which comes from the expansion of the macro `sqlx::query` (in Nightly builds, run with -Z macro-backtrace for more info)
[INFO] [stdout] 
[INFO] [stdout] 
[INFO] [stdout] error: error communicating with database: Cannot assign requested address (os error 99)
[INFO] [stdout]    --> src/routes/subscriptions.rs:195:5
[INFO] [stdout]     |
[INFO] [stdout] 195 | /     sqlx::query!(
[INFO] [stdout] 196 | |         r#"INSERT INTO subscriptions (id, email, name, subscribed_at, status)
[INFO] [stdout] 197 | |         VALUES ($1, $2, $3, $4, 'pending_confirmation')"#,
[INFO] [stdout] 198 | |         subscriber_id,
[INFO] [stdout] ...   |
[INFO] [stdout] 201 | |         Utc::now()
[INFO] [stdout] 202 | |     )
[INFO] [stdout]     | |_____^
[INFO] [stdout]     |
[INFO] [stdout]     = note: this error originates in the macro `$crate::sqlx_macros::expand_query` which comes from the expansion of the macro `sqlx::query` (in Nightly builds, run with -Z macro-backtrace for more info)
[INFO] [stdout] 
[INFO] [stdout] 
[INFO] [stdout] error: error communicating with database: Cannot assign requested address (os error 99)
[INFO] [stdout]    --> src/routes/subscriptions.rs:195:5
[INFO] [stdout]     |
[INFO] [stdout] 195 | /     sqlx::query!(
[INFO] [stdout] 196 | |         r#"INSERT INTO subscriptions (id, email, name, subscribed_at, status)
[INFO] [stdout] 197 | |         VALUES ($1, $2, $3, $4, 'pending_confirmation')"#,
[INFO] [stdout] 198 | |         subscriber_id,
[INFO] [stdout] ...   |
[INFO] [stdout] 201 | |         Utc::now()
[INFO] [stdout] 202 | |     )
[INFO] [stdout]     | |_____^
[INFO] [stdout]     |
[INFO] [stdout]     = note: this error originates in the macro `$crate::sqlx_macros::expand_query` which comes from the expansion of the macro `sqlx::query` (in Nightly builds, run with -Z macro-backtrace for more info)
[INFO] [stdout] 
[INFO] [stdout] 
[INFO] [stdout] error: error communicating with database: Cannot assign requested address (os error 99)
[INFO] [stdout]   --> src/routes/subscriptions_confirm.rs:29:5
[INFO] [stdout]    |
[INFO] [stdout] 29 | /     sqlx::query!(
[INFO] [stdout] 30 | |         r#"UPDATE subscriptions SET status = 'confirmed' WHERE id = $1"#,
[INFO] [stdout] 31 | |         subscriber_id,
[INFO] [stdout] 32 | |     )
[INFO] [stdout]    | |_____^
[INFO] [stdout]    |
[INFO] [stdout]    = note: this error originates in the macro `$crate::sqlx_macros::expand_query` which comes from the expansion of the macro `sqlx::query` (in Nightly builds, run with -Z macro-backtrace for more info)
[INFO] [stdout] 
[INFO] [stdout] 
[INFO] [stdout] error: error communicating with database: Cannot assign requested address (os error 99)
[INFO] [stdout]   --> src/routes/subscriptions_confirm.rs:47:18
[INFO] [stdout]    |
[INFO] [stdout] 47 |       let result = sqlx::query!(
[INFO] [stdout]    |  __________________^
[INFO] [stdout] 48 | |         r#"SELECT subscriber_id FROM subscription_tokens WHERE subscription_token = $1"#,
[INFO] [stdout] 49 | |         subscription_token,
[INFO] [stdout] 50 | |     )
[INFO] [stdout]    | |_____^
[INFO] [stdout]    |
[INFO] [stdout]    = note: this error originates in the macro `$crate::sqlx_macros::expand_query` which comes from the expansion of the macro `sqlx::query` (in Nightly builds, run with -Z macro-backtrace for more info)
[INFO] [stdout] 
[INFO] [stdout] 
[INFO] [stdout] error: error communicating with database: Cannot assign requested address (os error 99)
[INFO] [stdout]   --> src/routes/subscriptions_confirm.rs:29:5
[INFO] [stdout]    |
[INFO] [stdout] 29 | /     sqlx::query!(
[INFO] [stdout] 30 | |         r#"UPDATE subscriptions SET status = 'confirmed' WHERE id = $1"#,
[INFO] [stdout] 31 | |         subscriber_id,
[INFO] [stdout] 32 | |     )
[INFO] [stdout]    | |_____^
[INFO] [stdout]    |
[INFO] [stdout]    = note: this error originates in the macro `$crate::sqlx_macros::expand_query` which comes from the expansion of the macro `sqlx::query` (in Nightly builds, run with -Z macro-backtrace for more info)
[INFO] [stdout] 
[INFO] [stdout] 
[INFO] [stdout] error: error communicating with database: Cannot assign requested address (os error 99)
[INFO] [stdout]   --> src/routes/subscriptions_confirm.rs:47:18
[INFO] [stdout]    |
[INFO] [stdout] 47 |       let result = sqlx::query!(
[INFO] [stdout]    |  __________________^
[INFO] [stdout] 48 | |         r#"SELECT subscriber_id FROM subscription_tokens WHERE subscription_token = $1"#,
[INFO] [stdout] 49 | |         subscription_token,
[INFO] [stdout] 50 | |     )
[INFO] [stdout]    | |_____^
[INFO] [stdout]    |
[INFO] [stdout]    = note: this error originates in the macro `$crate::sqlx_macros::expand_query` which comes from the expansion of the macro `sqlx::query` (in Nightly builds, run with -Z macro-backtrace for more info)
[INFO] [stdout] 
[INFO] [stdout] 
[INFO] [stdout] warning: unused import: `Level`
[INFO] [stdout]  --> src/routes/login/get.rs:3:55
[INFO] [stdout]   |
[INFO] [stdout] 3 | use actix_web_flash_messages::{IncomingFlashMessages, Level};
[INFO] [stdout]   |                                                       ^^^^^
[INFO] [stdout]   |
[INFO] [stdout]   = note: `#[warn(unused_imports)]` on by default
[INFO] [stdout] 
[INFO] [stdout] 
[INFO] [stdout] warning: unused import: `crate::startup::HmacSecret`
[INFO] [stdout]  --> src/routes/login/post.rs:4:5
[INFO] [stdout]   |
[INFO] [stdout] 4 | use crate::startup::HmacSecret;
[INFO] [stdout]   |     ^^^^^^^^^^^^^^^^^^^^^^^^^^
[INFO] [stdout] 
[INFO] [stdout] 
[INFO] [stdout] warning: unused import: `actix_session::Session`
[INFO] [stdout]  --> src/routes/login/post.rs:5:5
[INFO] [stdout]   |
[INFO] [stdout] 5 | use actix_session::Session;
[INFO] [stdout]   |     ^^^^^^^^^^^^^^^^^^^^^^
[INFO] [stdout] 
[INFO] [stdout] 
[INFO] [stdout] warning: unused import: `actix_web::cookie::Cookie`
[INFO] [stdout]  --> src/routes/login/post.rs:6:5
[INFO] [stdout]   |
[INFO] [stdout] 6 | use actix_web::cookie::Cookie;
[INFO] [stdout]   |     ^^^^^^^^^^^^^^^^^^^^^^^^^
[INFO] [stdout] 
[INFO] [stdout] 
[INFO] [stdout] warning: unused import: `actix_web::http::StatusCode`
[INFO] [stdout]  --> src/routes/login/post.rs:9:5
[INFO] [stdout]   |
[INFO] [stdout] 9 | use actix_web::http::StatusCode;
[INFO] [stdout]   |     ^^^^^^^^^^^^^^^^^^^^^^^^^^^
[INFO] [stdout] 
[INFO] [stdout] 
[INFO] [stdout] warning: unused import: `ResponseError`
[INFO] [stdout]   --> src/routes/login/post.rs:11:22
[INFO] [stdout]    |
[INFO] [stdout] 11 | use actix_web::{web, ResponseError};
[INFO] [stdout]    |                      ^^^^^^^^^^^^^
[INFO] [stdout] 
[INFO] [stdout] 
[INFO] [stdout] warning: unused import: `Hmac`
[INFO] [stdout]   --> src/routes/login/post.rs:13:12
[INFO] [stdout]    |
[INFO] [stdout] 13 | use hmac::{Hmac, Mac};
[INFO] [stdout]    |            ^^^^
[INFO] [stdout] 
[INFO] [stdout] 
[INFO] [stdout] warning: unused import: `ExposeSecret`
[INFO] [stdout]   --> src/routes/login/post.rs:14:15
[INFO] [stdout]    |
[INFO] [stdout] 14 | use secrecy::{ExposeSecret, Secret};
[INFO] [stdout]    |               ^^^^^^^^^^^^
[INFO] [stdout] 
[INFO] [stdout] 
[INFO] [stdout] warning: unused import: `chrono::Utc`
[INFO] [stdout]  --> src/routes/subscriptions.rs:7:5
[INFO] [stdout]   |
[INFO] [stdout] 7 | use chrono::Utc;
[INFO] [stdout]   |     ^^^^^^^^^^^
[INFO] [stdout] 
[INFO] [stdout] 
[INFO] [stdout] error: aborting due to 8 previous errors
[INFO] [stdout] 
[INFO] [stdout] 
[INFO] [stderr] error: could not document `servertest`
[INFO] [stderr] 
[INFO] [stderr] Caused by:
[INFO] [stderr]   process didn't exit successfully: `rustdoc --edition=2021 --crate-type lib --crate-name servertest src/lib.rs -o /opt/rustwide/target/doc --error-format=json --json=diagnostic-rendered-ansi,artifacts,future-incompat --document-private-items -C metadata=2aa18939dae0c763 -L dependency=/opt/rustwide/target/debug/deps --extern actix_session=/opt/rustwide/target/debug/deps/libactix_session-18938dfb882559c5.rmeta --extern actix_web=/opt/rustwide/target/debug/deps/libactix_web-6e92fb42939c014f.rmeta --extern actix_web_flash_messages=/opt/rustwide/target/debug/deps/libactix_web_flash_messages-59f3dc4eda77cda7.rmeta --extern anyhow=/opt/rustwide/target/debug/deps/libanyhow-50ee647b19f832f2.rmeta --extern argon2=/opt/rustwide/target/debug/deps/libargon2-daeb44fe105501e4.rmeta --extern base64=/opt/rustwide/target/debug/deps/libbase64-1b3401b2849c354c.rmeta --extern chrono=/opt/rustwide/target/debug/deps/libchrono-914c6bea2f19520a.rmeta --extern claim=/opt/rustwide/target/debug/deps/libclaim-e25f733126b3d36b.rmeta --extern config=/opt/rustwide/target/debug/deps/libconfig-61e5deb1b2adab7a.rmeta --extern env_logger=/opt/rustwide/target/debug/deps/libenv_logger-d091b39d2b5a7de5.rmeta --extern hex=/opt/rustwide/target/debug/deps/libhex-7658a505e7fe0549.rmeta --extern hmac=/opt/rustwide/target/debug/deps/libhmac-9c7640b206504c77.rmeta --extern htmlescape=/opt/rustwide/target/debug/deps/libhtmlescape-46878ab14565a296.rmeta --extern log=/opt/rustwide/target/debug/deps/liblog-83c76fb4ff61e17e.rmeta --extern once_cell=/opt/rustwide/target/debug/deps/libonce_cell-335e551b1d7b1fbb.rmeta --extern rand=/opt/rustwide/target/debug/deps/librand-35aab581182af13b.rmeta --extern reqwest=/opt/rustwide/target/debug/deps/libreqwest-f8434be620b3b7d1.rmeta --extern secrecy=/opt/rustwide/target/debug/deps/libsecrecy-2b6877579b35f82a.rmeta --extern serde=/opt/rustwide/target/debug/deps/libserde-679543efa1315727.rmeta --extern serde_aux=/opt/rustwide/target/debug/deps/libserde_aux-5b4eb44c27999bc4.rmeta --extern serde_json=/opt/rustwide/target/debug/deps/libserde_json-e1c10b053259eddb.rmeta --extern sha2=/opt/rustwide/target/debug/deps/libsha2-05c6ec1fba63fa3f.rmeta --extern sha3=/opt/rustwide/target/debug/deps/libsha3-9093b883eca471d5.rmeta --extern sqlx=/opt/rustwide/target/debug/deps/libsqlx-52dd517c7ada294c.rmeta --extern thiserror=/opt/rustwide/target/debug/deps/libthiserror-f7779554d8e9649a.rmeta --extern tokio=/opt/rustwide/target/debug/deps/libtokio-fd599a32d838ac1c.rmeta --extern tracing=/opt/rustwide/target/debug/deps/libtracing-be8ac7c13d719538.rmeta --extern tracing_actix_web=/opt/rustwide/target/debug/deps/libtracing_actix_web-34b77b909c12aac7.rmeta --extern tracing_bunyan_formatter=/opt/rustwide/target/debug/deps/libtracing_bunyan_formatter-10c09efafcafab24.rmeta --extern tracing_log=/opt/rustwide/target/debug/deps/libtracing_log-855973712727ca8b.rmeta --extern tracing_subscriber=/opt/rustwide/target/debug/deps/libtracing_subscriber-e0cd14958e70e29d.rmeta --extern unicode_segmentation=/opt/rustwide/target/debug/deps/libunicode_segmentation-e8787b236121abeb.rmeta --extern urlencoding=/opt/rustwide/target/debug/deps/liburlencoding-3bcd1a322ad008e5.rmeta --extern uuid=/opt/rustwide/target/debug/deps/libuuid-82089dfc76c7ff24.rmeta --extern validator=/opt/rustwide/target/debug/deps/libvalidator-3c5af6e6b827fc83.rmeta --cap-lints=warn --crate-version 0.1.0` (exit status: 1)
[INFO] [stderr] warning: build failed, waiting for other jobs to finish...
[INFO] [stdout] warning: unused import: `anyhow::Context`
[INFO] [stdout]  --> src/routes/admin/dashboard.rs:6:5
[INFO] [stdout]   |
[INFO] [stdout] 6 | use anyhow::Context;
[INFO] [stdout]   |     ^^^^^^^^^^^^^^^
[INFO] [stdout] 
[INFO] [stdout] 
[INFO] [stdout] warning: unused import: `Mac`
[INFO] [stdout]   --> src/routes/login/post.rs:13:18
[INFO] [stdout]    |
[INFO] [stdout] 13 | use hmac::{Hmac, Mac};
[INFO] [stdout]    |                  ^^^
[INFO] [stdout] 
[INFO] [stdout] 
[INFO] [stdout] error: aborting due to 8 previous errors; 11 warnings emitted
[INFO] [stdout] 
[INFO] [stdout] 
[INFO] [stderr] error: could not compile `servertest` due to 9 previous errors; 11 warnings emitted
[INFO] running `Command { std: "docker" "inspect" "391edec9a5cde9f69b414e9faace5410a496853c9773d3b77308d91dfb83be47", kill_on_drop: false }`
[INFO] running `Command { std: "docker" "rm" "-f" "391edec9a5cde9f69b414e9faace5410a496853c9773d3b77308d91dfb83be47", kill_on_drop: false }`
[INFO] [stdout] 391edec9a5cde9f69b414e9faace5410a496853c9773d3b77308d91dfb83be47
