[INFO] cloning repository https://github.com/FelixMo42/incremental_parser
[INFO] running `Command { std: "git" "-c" "credential.helper=" "-c" "credential.helper=/workspace/cargo-home/bin/git-credential-null" "clone" "--bare" "https://github.com/FelixMo42/incremental_parser" "/workspace/cache/git-repos/https%3A%2F%2Fgithub.com%2FFelixMo42%2Fincremental_parser", kill_on_drop: false }`
[INFO] [stderr] Cloning into bare repository '/workspace/cache/git-repos/https%3A%2F%2Fgithub.com%2FFelixMo42%2Fincremental_parser'...
[INFO] running `Command { std: "git" "rev-parse" "HEAD", kill_on_drop: false }`
[INFO] [stdout] 64f7549a6b9e453ca6adcc75d97d331865f7cb5e
[INFO] documenting FelixMo42/incremental_parser against beta-2023-04-20 for beta-1.70-rustdoc-1
[INFO] running `Command { std: "git" "clone" "/workspace/cache/git-repos/https%3A%2F%2Fgithub.com%2FFelixMo42%2Fincremental_parser" "/workspace/builds/worker-0-tc2/source", kill_on_drop: false }`
[INFO] [stderr] Cloning into '/workspace/builds/worker-0-tc2/source'...
[INFO] [stderr] done.
[INFO] validating manifest of git repo https://github.com/FelixMo42/incremental_parser on toolchain beta-2023-04-20
[INFO] running `Command { std: CARGO_HOME="/workspace/cargo-home" RUSTUP_HOME="/workspace/rustup-home" "/workspace/cargo-home/bin/cargo" "+beta-2023-04-20" "metadata" "--manifest-path" "Cargo.toml" "--no-deps", kill_on_drop: false }`
[INFO] started tweaking git repo https://github.com/FelixMo42/incremental_parser
[INFO] finished tweaking git repo https://github.com/FelixMo42/incremental_parser
[INFO] tweaked toml for git repo https://github.com/FelixMo42/incremental_parser written to /workspace/builds/worker-0-tc2/source/Cargo.toml
[INFO] crate git repo https://github.com/FelixMo42/incremental_parser already has a lockfile, it will not be regenerated
[INFO] running `Command { std: CARGO_HOME="/workspace/cargo-home" RUSTUP_HOME="/workspace/rustup-home" "/workspace/cargo-home/bin/cargo" "+beta-2023-04-20" "fetch" "--manifest-path" "Cargo.toml", kill_on_drop: false }`
[INFO] [stderr]  Downloading crates ...
[INFO] [stderr]   Downloaded simplelog v0.10.0
[INFO] running `Command { std: "docker" "create" "-v" "/var/lib/crater-agent-workspace/builds/worker-0-tc2/target:/opt/rustwide/target:rw,Z" "-v" "/var/lib/crater-agent-workspace/builds/worker-0-tc2/source:/opt/rustwide/workdir:ro,Z" "-v" "/var/lib/crater-agent-workspace/cargo-home:/opt/rustwide/cargo-home:ro,Z" "-v" "/var/lib/crater-agent-workspace/rustup-home:/opt/rustwide/rustup-home:ro,Z" "-e" "SOURCE_DIR=/opt/rustwide/workdir" "-e" "CARGO_TARGET_DIR=/opt/rustwide/target" "-e" "CARGO_HOME=/opt/rustwide/cargo-home" "-e" "RUSTUP_HOME=/opt/rustwide/rustup-home" "-w" "/opt/rustwide/workdir" "-m" "1610612736" "--user" "0:0" "--network" "none" "ghcr.io/rust-lang/crates-build-env/linux@sha256:5ff2268d62e97bff2cde7d5815dd6ed5b47097566f13b8d0ca110b04b60e07ed" "/opt/rustwide/cargo-home/bin/cargo" "+beta-2023-04-20" "metadata" "--no-deps" "--format-version=1", kill_on_drop: false }`
[INFO] [stdout] 6950bbfc2aaaaf5dd0be025ee599a52e358b1f847ee87731d178e472d5477ca5
[INFO] running `Command { std: "docker" "start" "-a" "6950bbfc2aaaaf5dd0be025ee599a52e358b1f847ee87731d178e472d5477ca5", kill_on_drop: false }`
[INFO] running `Command { std: "docker" "inspect" "6950bbfc2aaaaf5dd0be025ee599a52e358b1f847ee87731d178e472d5477ca5", kill_on_drop: false }`
[INFO] running `Command { std: "docker" "rm" "-f" "6950bbfc2aaaaf5dd0be025ee599a52e358b1f847ee87731d178e472d5477ca5", kill_on_drop: false }`
[INFO] [stdout] 6950bbfc2aaaaf5dd0be025ee599a52e358b1f847ee87731d178e472d5477ca5
[INFO] running `Command { std: "docker" "create" "-v" "/var/lib/crater-agent-workspace/builds/worker-0-tc2/target:/opt/rustwide/target:rw,Z" "-v" "/var/lib/crater-agent-workspace/builds/worker-0-tc2/source:/opt/rustwide/workdir:ro,Z" "-v" "/var/lib/crater-agent-workspace/cargo-home:/opt/rustwide/cargo-home:ro,Z" "-v" "/var/lib/crater-agent-workspace/rustup-home:/opt/rustwide/rustup-home:ro,Z" "-e" "SOURCE_DIR=/opt/rustwide/workdir" "-e" "CARGO_TARGET_DIR=/opt/rustwide/target" "-e" "CARGO_INCREMENTAL=0" "-e" "RUST_BACKTRACE=full" "-e" "RUSTFLAGS=--cap-lints=warn" "-e" "RUSTDOCFLAGS=--cap-lints=warn" "-e" "CARGO_HOME=/opt/rustwide/cargo-home" "-e" "RUSTUP_HOME=/opt/rustwide/rustup-home" "-w" "/opt/rustwide/workdir" "-m" "1610612736" "--user" "0:0" "--network" "none" "ghcr.io/rust-lang/crates-build-env/linux@sha256:5ff2268d62e97bff2cde7d5815dd6ed5b47097566f13b8d0ca110b04b60e07ed" "/opt/rustwide/cargo-home/bin/cargo" "+beta-2023-04-20" "doc" "--frozen" "--no-deps" "--document-private-items" "--message-format=json", kill_on_drop: false }`
[INFO] [stdout] 8c63f1cfea23e87778a21369126728757c03d91bd7e009efc4a51d455ec5ef2d
[INFO] running `Command { std: "docker" "start" "-a" "8c63f1cfea23e87778a21369126728757c03d91bd7e009efc4a51d455ec5ef2d", kill_on_drop: false }`
[INFO] [stderr]    Compiling libc v0.2.99
[INFO] [stderr]    Compiling num-traits v0.2.14
[INFO] [stderr]    Compiling num-integer v0.1.44
[INFO] [stderr]    Compiling log v0.4.14
[INFO] [stderr]     Checking cfg-if v1.0.0
[INFO] [stderr]     Checking numtoa v0.1.0
[INFO] [stderr]     Checking termcolor v1.1.2
[INFO] [stderr]     Checking time v0.1.44
[INFO] [stderr]     Checking termion v1.5.6
[INFO] [stderr]     Checking tblit v0.2.0 (https://github.com/FelixMo42/tblit#cbbab216)
[INFO] [stdout] error[E0554]: `#![feature]` may not be used on the beta release channel
[INFO] [stdout]  --> /opt/rustwide/cargo-home/git/checkouts/tblit-71e8387ca6cbd50c/cbbab21/src/lib.rs:1:12
[INFO] [stdout]   |
[INFO] [stdout] 1 | #![feature(step_trait, step_trait_ext)]
[INFO] [stdout]   |            ^^^^^^^^^^
[INFO] [stdout] 
[INFO] [stdout] 
[INFO] [stdout] error[E0554]: `#![feature]` may not be used on the beta release channel
[INFO] [stdout]  --> /opt/rustwide/cargo-home/git/checkouts/tblit-71e8387ca6cbd50c/cbbab21/src/lib.rs:1:24
[INFO] [stdout]   |
[INFO] [stdout] 1 | #![feature(step_trait, step_trait_ext)]
[INFO] [stdout]   |                        ^^^^^^^^^^^^^^
[INFO] [stdout] 
[INFO] [stdout] 
[INFO] [stdout] error[E0635]: unknown feature `step_trait_ext`
[INFO] [stdout]  --> /opt/rustwide/cargo-home/git/checkouts/tblit-71e8387ca6cbd50c/cbbab21/src/lib.rs:1:24
[INFO] [stdout]   |
[INFO] [stdout] 1 | #![feature(step_trait, step_trait_ext)]
[INFO] [stdout]   |                        ^^^^^^^^^^^^^^
[INFO] [stdout] 
[INFO] [stdout] 
[INFO] [stdout] error: aborting due to 3 previous errors
[INFO] [stdout] 
[INFO] [stdout] 
[INFO] [stdout] Some errors have detailed explanations: E0554, E0635.
[INFO] [stdout] 
[INFO] [stdout] For more information about an error, try `rustc --explain E0554`.
[INFO] [stdout] 
[INFO] [stderr] error: could not compile `tblit` (lib) due to 4 previous errors
[INFO] [stderr] warning: build failed, waiting for other jobs to finish...
[INFO] running `Command { std: "docker" "inspect" "8c63f1cfea23e87778a21369126728757c03d91bd7e009efc4a51d455ec5ef2d", kill_on_drop: false }`
[INFO] running `Command { std: "docker" "rm" "-f" "8c63f1cfea23e87778a21369126728757c03d91bd7e009efc4a51d455ec5ef2d", kill_on_drop: false }`
[INFO] [stdout] 8c63f1cfea23e87778a21369126728757c03d91bd7e009efc4a51d455ec5ef2d
