[INFO] cloning repository https://github.com/Emilgardis/cargo-whynot
[INFO] running `Command { std: "git" "-c" "credential.helper=" "-c" "credential.helper=/workspace/cargo-home/bin/git-credential-null" "clone" "--bare" "https://github.com/Emilgardis/cargo-whynot" "/workspace/cache/git-repos/https%3A%2F%2Fgithub.com%2FEmilgardis%2Fcargo-whynot", kill_on_drop: false }`
[INFO] [stderr] Cloning into bare repository '/workspace/cache/git-repos/https%3A%2F%2Fgithub.com%2FEmilgardis%2Fcargo-whynot'...
[INFO] running `Command { std: "git" "rev-parse" "HEAD", kill_on_drop: false }`
[INFO] [stdout] d56b0b8707b7ccd9e61fd50e0197989651bd92ef
[INFO] documenting Emilgardis/cargo-whynot against 1.69.0 for beta-1.70-rustdoc-1
[INFO] running `Command { std: "git" "clone" "/workspace/cache/git-repos/https%3A%2F%2Fgithub.com%2FEmilgardis%2Fcargo-whynot" "/workspace/builds/worker-3-tc1/source", kill_on_drop: false }`
[INFO] [stderr] Cloning into '/workspace/builds/worker-3-tc1/source'...
[INFO] [stderr] done.
[INFO] validating manifest of git repo https://github.com/Emilgardis/cargo-whynot on toolchain 1.69.0
[INFO] running `Command { std: CARGO_HOME="/workspace/cargo-home" RUSTUP_HOME="/workspace/rustup-home" "/workspace/cargo-home/bin/cargo" "+1.69.0" "metadata" "--manifest-path" "Cargo.toml" "--no-deps", kill_on_drop: false }`
[INFO] removed /workspace/builds/worker-3-tc1/source/.cargo/config.toml
[INFO] started tweaking git repo https://github.com/Emilgardis/cargo-whynot
[INFO] finished tweaking git repo https://github.com/Emilgardis/cargo-whynot
[INFO] tweaked toml for git repo https://github.com/Emilgardis/cargo-whynot written to /workspace/builds/worker-3-tc1/source/Cargo.toml
[INFO] crate git repo https://github.com/Emilgardis/cargo-whynot already has a lockfile, it will not be regenerated
[INFO] running `Command { std: CARGO_HOME="/workspace/cargo-home" RUSTUP_HOME="/workspace/rustup-home" "/workspace/cargo-home/bin/cargo" "+1.69.0" "fetch" "--manifest-path" "Cargo.toml", kill_on_drop: false }`
[INFO] [stderr]  Downloading crates ...
[INFO] [stderr]   Downloaded trycmd v0.14.1
[INFO] [stderr]   Downloaded snapbox-macros v0.3.1
[INFO] [stderr]   Downloaded snapbox v0.4.0
[INFO] [stderr]   Downloaded concolor-query v0.0.5
[INFO] [stderr]   Downloaded syn-select v0.2.1
[INFO] [stderr]   Downloaded os_pipe v1.1.1
[INFO] [stderr]   Downloaded concolor v0.0.8
[INFO] running `Command { std: "docker" "create" "-v" "/var/lib/crater-agent-workspace/builds/worker-3-tc1/target:/opt/rustwide/target:rw,Z" "-v" "/var/lib/crater-agent-workspace/builds/worker-3-tc1/source:/opt/rustwide/workdir:ro,Z" "-v" "/var/lib/crater-agent-workspace/cargo-home:/opt/rustwide/cargo-home:ro,Z" "-v" "/var/lib/crater-agent-workspace/rustup-home:/opt/rustwide/rustup-home:ro,Z" "-e" "SOURCE_DIR=/opt/rustwide/workdir" "-e" "CARGO_TARGET_DIR=/opt/rustwide/target" "-e" "CARGO_HOME=/opt/rustwide/cargo-home" "-e" "RUSTUP_HOME=/opt/rustwide/rustup-home" "-w" "/opt/rustwide/workdir" "-m" "1610612736" "--user" "0:0" "--network" "none" "ghcr.io/rust-lang/crates-build-env/linux@sha256:5ff2268d62e97bff2cde7d5815dd6ed5b47097566f13b8d0ca110b04b60e07ed" "/opt/rustwide/cargo-home/bin/cargo" "+1.69.0" "metadata" "--no-deps" "--format-version=1", kill_on_drop: false }`
[INFO] [stdout] 80726b9842e3c9ca4ec2c2b7977a8d7ed85a5f3e8bd871a2e3ea0ba235f65fe7
[INFO] running `Command { std: "docker" "start" "-a" "80726b9842e3c9ca4ec2c2b7977a8d7ed85a5f3e8bd871a2e3ea0ba235f65fe7", kill_on_drop: false }`
[INFO] running `Command { std: "docker" "inspect" "80726b9842e3c9ca4ec2c2b7977a8d7ed85a5f3e8bd871a2e3ea0ba235f65fe7", kill_on_drop: false }`
[INFO] running `Command { std: "docker" "rm" "-f" "80726b9842e3c9ca4ec2c2b7977a8d7ed85a5f3e8bd871a2e3ea0ba235f65fe7", kill_on_drop: false }`
[INFO] [stdout] 80726b9842e3c9ca4ec2c2b7977a8d7ed85a5f3e8bd871a2e3ea0ba235f65fe7
[INFO] running `Command { std: "docker" "create" "-v" "/var/lib/crater-agent-workspace/builds/worker-3-tc1/target:/opt/rustwide/target:rw,Z" "-v" "/var/lib/crater-agent-workspace/builds/worker-3-tc1/source:/opt/rustwide/workdir:ro,Z" "-v" "/var/lib/crater-agent-workspace/cargo-home:/opt/rustwide/cargo-home:ro,Z" "-v" "/var/lib/crater-agent-workspace/rustup-home:/opt/rustwide/rustup-home:ro,Z" "-e" "SOURCE_DIR=/opt/rustwide/workdir" "-e" "CARGO_TARGET_DIR=/opt/rustwide/target" "-e" "CARGO_INCREMENTAL=0" "-e" "RUST_BACKTRACE=full" "-e" "RUSTFLAGS=--cap-lints=warn" "-e" "RUSTDOCFLAGS=--cap-lints=warn" "-e" "CARGO_HOME=/opt/rustwide/cargo-home" "-e" "RUSTUP_HOME=/opt/rustwide/rustup-home" "-w" "/opt/rustwide/workdir" "-m" "1610612736" "--user" "0:0" "--network" "none" "ghcr.io/rust-lang/crates-build-env/linux@sha256:5ff2268d62e97bff2cde7d5815dd6ed5b47097566f13b8d0ca110b04b60e07ed" "/opt/rustwide/cargo-home/bin/cargo" "+1.69.0" "doc" "--frozen" "--no-deps" "--document-private-items" "--message-format=json", kill_on_drop: false }`
[INFO] [stdout] 679dce3300f5caf503f0c410fcf9176ffb1629290a7b0117ea571520ecd15063
[INFO] running `Command { std: "docker" "start" "-a" "679dce3300f5caf503f0c410fcf9176ffb1629290a7b0117ea571520ecd15063", kill_on_drop: false }`
[INFO] [stderr]    Compiling proc-macro2 v1.0.47
[INFO] [stderr]    Compiling unicode-ident v1.0.5
[INFO] [stderr]    Compiling quote v1.0.21
[INFO] [stderr]    Compiling syn v1.0.103
[INFO] [stderr]     Checking once_cell v1.15.0
[INFO] [stderr]     Checking cfg-if v1.0.0
[INFO] [stderr]    Compiling version_check v0.9.4
[INFO] [stderr]     Checking regex-syntax v0.6.27
[INFO] [stderr]    Compiling log v0.4.17
[INFO] [stderr]    Compiling serde_derive v1.0.147
[INFO] [stderr]     Checking pin-project-lite v0.2.9
[INFO] [stderr]     Checking overload v0.1.1
[INFO] [stderr]    Compiling memchr v2.5.0
[INFO] [stderr]     Checking smallvec v1.10.0
[INFO] [stderr]     Checking sharded-slab v0.1.4
[INFO] [stderr]    Compiling libc v0.2.137
[INFO] [stderr]     Checking nu-ansi-term v0.46.0
[INFO] [stderr]    Compiling cc v1.0.73
[INFO] [stderr]     Checking tracing-core v0.1.30
[INFO] [stderr]     Checking thread_local v1.1.4
[INFO] [stderr]    Compiling serde v1.0.147
[INFO] [stderr]    Compiling proc-macro-error-attr v1.0.4
[INFO] [stderr]    Compiling proc-macro-error v1.0.4
[INFO] [stderr]    Compiling eyre v0.6.8
[INFO] [stderr]     Checking adler v1.0.2
[INFO] [stderr]     Checking gimli v0.26.2
[INFO] [stderr]     Checking owo-colors v3.5.0
[INFO] [stderr]     Checking tracing-log v0.1.3
[INFO] [stderr]     Checking miniz_oxide v0.5.4
[INFO] [stderr]     Checking termcolor v1.1.3
[INFO] [stderr]     Checking unicode-width v0.1.10
[INFO] [stderr]     Checking object v0.29.0
[INFO] [stderr]     Checking os_str_bytes v6.3.0
[INFO] [stderr]     Checking rustc-demangle v0.1.21
[INFO] [stderr]    Compiling heck v0.4.0
[INFO] [stderr]     Checking indenter v0.3.3
[INFO] [stderr]     Checking either v1.8.0
[INFO] [stderr]     Checking bitflags v1.3.2
[INFO] [stderr]     Checking strsim v0.10.0
[INFO] [stderr]     Checking clap_lex v0.3.0
[INFO] [stderr]    Compiling backtrace v0.3.66
[INFO] [stderr]     Checking itertools v0.10.5
[INFO] [stderr]     Checking regex-automata v0.1.10
[INFO] [stderr]     Checking regex v1.6.0
[INFO] [stderr]     Checking addr2line v0.17.0
[INFO] [stderr]     Checking matchers v0.1.0
[INFO] [stderr]     Checking syn-select v0.2.1
[INFO] [stderr]    Compiling tracing-attributes v0.1.23
[INFO] [stderr]    Compiling clap_derive v4.0.18
[INFO] [stderr]     Checking tracing v0.1.37
[INFO] [stderr]     Checking tracing-subscriber v0.3.16
[INFO] [stderr]     Checking clap v4.0.18
[INFO] [stderr]     Checking tracing-error v0.2.0
[INFO] [stderr]     Checking color-spantrace v0.2.0
[INFO] [stderr]     Checking color-eyre v0.6.2
[INFO] [stderr]     Checking codespan-reporting v0.11.1
[INFO] [stderr]     Checking codespan v0.11.1
[INFO] [stderr]  Documenting cargo-whynot v0.1.2 (/opt/rustwide/workdir)
[INFO] [stdout] error[E0463]: can't find crate for `rustc_codegen_ssa`
[INFO] [stdout]  --> src/whynot.rs:4:1
[INFO] [stdout]   |
[INFO] [stdout] 4 | extern crate rustc_codegen_ssa;
[INFO] [stdout]   | ^^^^^^^^^^^^^^^^^^^^^^^^^^^^^^^ can't find crate
[INFO] [stdout]   |
[INFO] [stdout]   = help: maybe you need to install the missing components with: `rustup component add rust-src rustc-dev llvm-tools-preview`
[INFO] [stdout] 
[INFO] [stdout] 
[INFO] [stdout] error[E0463]: can't find crate for `rustc_driver`
[INFO] [stdout]  --> src/whynot.rs:5:1
[INFO] [stdout]   |
[INFO] [stdout] 5 | extern crate rustc_driver;
[INFO] [stdout]   | ^^^^^^^^^^^^^^^^^^^^^^^^^^ can't find crate
[INFO] [stdout]   |
[INFO] [stdout]   = help: maybe you need to install the missing components with: `rustup component add rust-src rustc-dev llvm-tools-preview`
[INFO] [stdout] 
[INFO] [stdout] 
[INFO] [stdout] error[E0463]: can't find crate for `rustc_errors`
[INFO] [stdout]  --> src/whynot.rs:6:1
[INFO] [stdout]   |
[INFO] [stdout] 6 | extern crate rustc_errors;
[INFO] [stdout]   | ^^^^^^^^^^^^^^^^^^^^^^^^^^ can't find crate
[INFO] [stdout]   |
[INFO] [stdout]   = help: maybe you need to install the missing components with: `rustup component add rust-src rustc-dev llvm-tools-preview`
[INFO] [stdout] 
[INFO] [stdout] 
[INFO] [stdout] error[E0463]: can't find crate for `rustc_hir`
[INFO] [stdout]  --> src/whynot.rs:7:1
[INFO] [stdout]   |
[INFO] [stdout] 7 | extern crate rustc_hir;
[INFO] [stdout]   | ^^^^^^^^^^^^^^^^^^^^^^^ can't find crate
[INFO] [stdout]   |
[INFO] [stdout]   = help: maybe you need to install the missing components with: `rustup component add rust-src rustc-dev llvm-tools-preview`
[INFO] [stdout] 
[INFO] [stdout] 
[INFO] [stdout] error[E0463]: can't find crate for `rustc_interface`
[INFO] [stdout]  --> src/whynot.rs:8:1
[INFO] [stdout]   |
[INFO] [stdout] 8 | extern crate rustc_interface;
[INFO] [stdout]   | ^^^^^^^^^^^^^^^^^^^^^^^^^^^^^ can't find crate
[INFO] [stdout]   |
[INFO] [stdout]   = help: maybe you need to install the missing components with: `rustup component add rust-src rustc-dev llvm-tools-preview`
[INFO] [stdout] 
[INFO] [stdout] 
[INFO] [stdout] error[E0463]: can't find crate for `rustc_metadata`
[INFO] [stdout]  --> src/whynot.rs:9:1
[INFO] [stdout]   |
[INFO] [stdout] 9 | extern crate rustc_metadata;
[INFO] [stdout]   | ^^^^^^^^^^^^^^^^^^^^^^^^^^^^ can't find crate
[INFO] [stdout]   |
[INFO] [stdout]   = help: maybe you need to install the missing components with: `rustup component add rust-src rustc-dev llvm-tools-preview`
[INFO] [stdout] 
[INFO] [stdout] 
[INFO] [stdout] error[E0463]: can't find crate for `rustc_middle`
[INFO] [stdout]   --> src/whynot.rs:10:1
[INFO] [stdout]    |
[INFO] [stdout] 10 | extern crate rustc_middle;
[INFO] [stdout]    | ^^^^^^^^^^^^^^^^^^^^^^^^^^ can't find crate
[INFO] [stdout]    |
[INFO] [stdout]    = help: maybe you need to install the missing components with: `rustup component add rust-src rustc-dev llvm-tools-preview`
[INFO] [stdout] 
[INFO] [stdout] 
[INFO] [stdout] error[E0463]: can't find crate for `rustc_session`
[INFO] [stdout]   --> src/whynot.rs:11:1
[INFO] [stdout]    |
[INFO] [stdout] 11 | extern crate rustc_session;
[INFO] [stdout]    | ^^^^^^^^^^^^^^^^^^^^^^^^^^^ can't find crate
[INFO] [stdout]    |
[INFO] [stdout]    = help: maybe you need to install the missing components with: `rustup component add rust-src rustc-dev llvm-tools-preview`
[INFO] [stdout] 
[INFO] [stdout] 
[INFO] [stdout] error[E0463]: can't find crate for `rustc_span`
[INFO] [stdout]   --> src/whynot.rs:12:1
[INFO] [stdout]    |
[INFO] [stdout] 12 | extern crate rustc_span;
[INFO] [stdout]    | ^^^^^^^^^^^^^^^^^^^^^^^^ can't find crate
[INFO] [stdout]    |
[INFO] [stdout]    = help: maybe you need to install the missing components with: `rustup component add rust-src rustc-dev llvm-tools-preview`
[INFO] [stdout] 
[INFO] [stdout] 
[INFO] [stdout] error[E0554]: `#![feature]` may not be used on the stable release channel
[INFO] [stdout]  --> src/main.rs:2:1
[INFO] [stdout]   |
[INFO] [stdout] 2 | #![feature(rustc_private)]
[INFO] [stdout]   | ^^^^^^^^^^^^^^^^^^^^^^^^^^
[INFO] [stdout] 
[INFO] [stdout] 
[INFO] [stdout] error: aborting due to previous error
[INFO] [stdout] 
[INFO] [stdout] 
[INFO] [stdout] For more information about this error, try `rustc --explain E0554`.
[INFO] [stdout] 
[INFO] [stderr] error: could not document `cargo-whynot`
[INFO] [stderr] 
[INFO] [stderr] Caused by:
[INFO] [stderr]   process didn't exit successfully: `rustdoc --edition=2021 --crate-type bin --crate-name cargo_whynot src/main.rs -o /opt/rustwide/target/doc --error-format=json --json=diagnostic-rendered-ansi,artifacts,future-incompat --document-private-items '-Arustdoc::private-intra-doc-links' -C metadata=4184ea0f4227babc -L dependency=/opt/rustwide/target/debug/deps --extern clap=/opt/rustwide/target/debug/deps/libclap-454b79fca4ab01c7.rmeta --extern codespan=/opt/rustwide/target/debug/deps/libcodespan-e70b21158b370c91.rmeta --extern codespan_reporting=/opt/rustwide/target/debug/deps/libcodespan_reporting-02cec773d3ded50e.rmeta --extern color_eyre=/opt/rustwide/target/debug/deps/libcolor_eyre-5a38275e6f6f42b6.rmeta --extern eyre=/opt/rustwide/target/debug/deps/libeyre-67ea9840c176f643.rmeta --extern itertools=/opt/rustwide/target/debug/deps/libitertools-48df08eb6f156fab.rmeta --extern serde=/opt/rustwide/target/debug/deps/libserde-5909f921b0295c87.rmeta --extern syn_select=/opt/rustwide/target/debug/deps/libsyn_select-fe7c75086a069344.rmeta --extern termcolor=/opt/rustwide/target/debug/deps/libtermcolor-feb03fc514351f9c.rmeta --extern tracing=/opt/rustwide/target/debug/deps/libtracing-7a4803863facc93b.rmeta --extern tracing_error=/opt/rustwide/target/debug/deps/libtracing_error-7372fa5961460e88.rmeta --extern tracing_subscriber=/opt/rustwide/target/debug/deps/libtracing_subscriber-2fdf0875b90ceabf.rmeta --cap-lints=warn --crate-version 0.1.2` (exit status: 1)
[INFO] [stderr] warning: build failed, waiting for other jobs to finish...
[INFO] [stdout] error: cannot determine resolution for the macro `struct_span_err`
[INFO] [stdout]    --> src/safe/unsafety_visitor.rs:131:17
[INFO] [stdout]     |
[INFO] [stdout] 131 |                 struct_span_err!(
[INFO] [stdout]     |                 ^^^^^^^^^^^^^^^
[INFO] [stdout]     |
[INFO] [stdout]     = note: import resolution is stuck, try simplifying macro imports
[INFO] [stdout] 
[INFO] [stdout] 
[INFO] [stdout] error[E0412]: cannot find type `ExprKind` in this scope
[INFO] [stdout]   --> src/safe/expr.rs:34:20
[INFO] [stdout]    |
[INFO] [stdout] 34 |     pub fn of(ek: &ExprKind<'_>) -> Option<Category> {
[INFO] [stdout]    |                    ^^^^^^^^ not found in this scope
[INFO] [stdout] 
[INFO] [stdout] 
[INFO] [stdout] error[E0412]: cannot find type `Thir` in this scope
[INFO] [stdout]   --> src/safe/unsafety_visitor.rs:21:15
[INFO] [stdout]    |
[INFO] [stdout] 21 |     thir: &'a Thir<'tcx>,
[INFO] [stdout]    |               ^^^^ not found in this scope
[INFO] [stdout] 
[INFO] [stdout] 
[INFO] [stdout] error[E0412]: cannot find type `Thir` in this scope
[INFO] [stdout]    --> src/safe/unsafety_visitor.rs:179:15
[INFO] [stdout]     |
[INFO] [stdout] 179 |     thir: &'a Thir<'tcx>,
[INFO] [stdout]     |               ^^^^ not found in this scope
[INFO] [stdout] 
[INFO] [stdout] 
[INFO] [stdout] error[E0412]: cannot find type `Thir` in this scope
[INFO] [stdout]    --> src/safe/unsafety_visitor.rs:184:22
[INFO] [stdout]     |
[INFO] [stdout] 184 |     fn new(thir: &'a Thir<'tcx>, tcx: TyCtxt<'tcx>) -> Self {
[INFO] [stdout]     |                      ^^^^ not found in this scope
[INFO] [stdout] 
[INFO] [stdout] 
[INFO] [stdout] error[E0412]: cannot find type `Thir` in this scope
[INFO] [stdout]    --> src/safe/unsafety_visitor.rs:194:27
[INFO] [stdout]     |
[INFO] [stdout] 194 |     fn thir(&self) -> &'a Thir<'tcx> {
[INFO] [stdout]     |                           ^^^^ not found in this scope
[INFO] [stdout] 
[INFO] [stdout] 
[INFO] [stdout] error[E0412]: cannot find type `Expr` in this scope
[INFO] [stdout]    --> src/safe/unsafety_visitor.rs:198:37
[INFO] [stdout]     |
[INFO] [stdout] 198 |     fn visit_expr(&mut self, expr: &Expr<'tcx>) {
[INFO] [stdout]     |                                     ^^^^ not found in this scope
[INFO] [stdout] 
[INFO] [stdout] 
[INFO] [stdout] error[E0412]: cannot find type `Thir` in this scope
[INFO] [stdout]    --> src/safe/unsafety_visitor.rs:225:27
[INFO] [stdout]     |
[INFO] [stdout] 225 |     fn thir(&self) -> &'a Thir<'tcx> {
[INFO] [stdout]     |                           ^^^^ not found in this scope
[INFO] [stdout] 
[INFO] [stdout] 
[INFO] [stdout] error[E0412]: cannot find type `Block` in this scope
[INFO] [stdout]    --> src/safe/unsafety_visitor.rs:229:39
[INFO] [stdout]     |
[INFO] [stdout] 229 |     fn visit_block(&mut self, block: &Block) {
[INFO] [stdout]     |                                       ^^^^^ not found in this scope
[INFO] [stdout] 
[INFO] [stdout] 
[INFO] [stdout] error[E0412]: cannot find type `Pat` in this scope
[INFO] [stdout]    --> src/safe/unsafety_visitor.rs:254:35
[INFO] [stdout]     |
[INFO] [stdout] 254 |     fn visit_pat(&mut self, pat: &Pat<'tcx>) {
[INFO] [stdout]     |                                   ^^^ not found in this scope
[INFO] [stdout] 
[INFO] [stdout] 
[INFO] [stdout] error[E0412]: cannot find type `Expr` in this scope
[INFO] [stdout]    --> src/safe/unsafety_visitor.rs:336:37
[INFO] [stdout]     |
[INFO] [stdout] 336 |     fn visit_expr(&mut self, expr: &Expr<'tcx>) {
[INFO] [stdout]     |                                     ^^^^ not found in this scope
[INFO] [stdout] 
[INFO] [stdout] 
[INFO] [stdout] error[E0554]: `#![feature]` may not be used on the stable release channel
[INFO] [stdout]  --> src/whynot.rs:1:1
[INFO] [stdout]   |
[INFO] [stdout] 1 | #![feature(rustc_private)]
[INFO] [stdout]   | ^^^^^^^^^^^^^^^^^^^^^^^^^^
[INFO] [stdout] 
[INFO] [stdout] 
[INFO] [stdout] error[E0554]: `#![feature]` may not be used on the stable release channel
[INFO] [stdout]  --> src/whynot.rs:2:1
[INFO] [stdout]   |
[INFO] [stdout] 2 | #![feature(let_chains, box_patterns)]
[INFO] [stdout]   | ^^^^^^^^^^^^^^^^^^^^^^^^^^^^^^^^^^^^^
[INFO] [stdout] 
[INFO] [stdout] 
[INFO] [stdout] error: aborting due to 22 previous errors
[INFO] [stdout] 
[INFO] [stdout] 
[INFO] [stdout] Some errors have detailed explanations: E0412, E0463, E0554.
[INFO] [stdout] 
[INFO] [stdout] For more information about an error, try `rustc --explain E0412`.
[INFO] [stdout] 
[INFO] [stderr] error: could not document `cargo-whynot`
[INFO] [stderr] 
[INFO] [stderr] Caused by:
[INFO] [stderr]   process didn't exit successfully: `rustdoc --edition=2021 --crate-type bin --crate-name whynot src/whynot.rs -o /opt/rustwide/target/doc --error-format=json --json=diagnostic-rendered-ansi,artifacts,future-incompat --document-private-items '-Arustdoc::private-intra-doc-links' -C metadata=09acba5f050e5f1c -L dependency=/opt/rustwide/target/debug/deps --extern clap=/opt/rustwide/target/debug/deps/libclap-454b79fca4ab01c7.rmeta --extern codespan=/opt/rustwide/target/debug/deps/libcodespan-e70b21158b370c91.rmeta --extern codespan_reporting=/opt/rustwide/target/debug/deps/libcodespan_reporting-02cec773d3ded50e.rmeta --extern color_eyre=/opt/rustwide/target/debug/deps/libcolor_eyre-5a38275e6f6f42b6.rmeta --extern eyre=/opt/rustwide/target/debug/deps/libeyre-67ea9840c176f643.rmeta --extern itertools=/opt/rustwide/target/debug/deps/libitertools-48df08eb6f156fab.rmeta --extern serde=/opt/rustwide/target/debug/deps/libserde-5909f921b0295c87.rmeta --extern syn_select=/opt/rustwide/target/debug/deps/libsyn_select-fe7c75086a069344.rmeta --extern termcolor=/opt/rustwide/target/debug/deps/libtermcolor-feb03fc514351f9c.rmeta --extern tracing=/opt/rustwide/target/debug/deps/libtracing-7a4803863facc93b.rmeta --extern tracing_error=/opt/rustwide/target/debug/deps/libtracing_error-7372fa5961460e88.rmeta --extern tracing_subscriber=/opt/rustwide/target/debug/deps/libtracing_subscriber-2fdf0875b90ceabf.rmeta --cap-lints=warn --crate-version 0.1.2` (exit status: 1)
[INFO] running `Command { std: "docker" "inspect" "679dce3300f5caf503f0c410fcf9176ffb1629290a7b0117ea571520ecd15063", kill_on_drop: false }`
[INFO] running `Command { std: "docker" "rm" "-f" "679dce3300f5caf503f0c410fcf9176ffb1629290a7b0117ea571520ecd15063", kill_on_drop: false }`
[INFO] [stdout] 679dce3300f5caf503f0c410fcf9176ffb1629290a7b0117ea571520ecd15063
