[INFO] cloning repository https://github.com/Edgeworth/memeroute
[INFO] running `Command { std: "git" "-c" "credential.helper=" "-c" "credential.helper=/workspace/cargo-home/bin/git-credential-null" "clone" "--bare" "https://github.com/Edgeworth/memeroute" "/workspace/cache/git-repos/https%3A%2F%2Fgithub.com%2FEdgeworth%2Fmemeroute", kill_on_drop: false }`
[INFO] [stderr] Cloning into bare repository '/workspace/cache/git-repos/https%3A%2F%2Fgithub.com%2FEdgeworth%2Fmemeroute'...
[INFO] running `Command { std: "git" "rev-parse" "HEAD", kill_on_drop: false }`
[INFO] [stdout] ca187a060a26be7be6beaaa9a26409e598286ad0
[INFO] documenting Edgeworth/memeroute against beta-2023-04-20 for beta-1.70-rustdoc-1
[INFO] running `Command { std: "git" "clone" "/workspace/cache/git-repos/https%3A%2F%2Fgithub.com%2FEdgeworth%2Fmemeroute" "/workspace/builds/worker-3-tc2/source", kill_on_drop: false }`
[INFO] [stderr] Cloning into '/workspace/builds/worker-3-tc2/source'...
[INFO] [stderr] done.
[INFO] validating manifest of git repo https://github.com/Edgeworth/memeroute on toolchain beta-2023-04-20
[INFO] running `Command { std: CARGO_HOME="/workspace/cargo-home" RUSTUP_HOME="/workspace/rustup-home" "/workspace/cargo-home/bin/cargo" "+beta-2023-04-20" "metadata" "--manifest-path" "Cargo.toml" "--no-deps", kill_on_drop: false }`
[INFO] started tweaking git repo https://github.com/Edgeworth/memeroute
[INFO] finished tweaking git repo https://github.com/Edgeworth/memeroute
[INFO] tweaked toml for git repo https://github.com/Edgeworth/memeroute written to /workspace/builds/worker-3-tc2/source/Cargo.toml
[INFO] crate git repo https://github.com/Edgeworth/memeroute already has a lockfile, it will not be regenerated
[INFO] running `Command { std: CARGO_HOME="/workspace/cargo-home" RUSTUP_HOME="/workspace/rustup-home" "/workspace/cargo-home/bin/cargo" "+beta-2023-04-20" "fetch" "--manifest-path" "Cargo.toml", kill_on_drop: false }`
[INFO] [stderr] warning: /workspace/builds/worker-3-tc2/source/memeroute-gui/Cargo.toml: unused manifest key: package.category
[INFO] [stderr]     Blocking waiting for file lock on package cache
[INFO] [stderr]     Updating crates.io index
[INFO] [stderr]     Blocking waiting for file lock on package cache
[INFO] [stderr]  Downloading crates ...
[INFO] [stderr]   Downloaded tiny-skia-path v0.8.4
[INFO] [stderr]   Downloaded triomphe v0.1.8
[INFO] [stderr]   Downloaded cargo_metadata v0.14.2
[INFO] [stderr]   Downloaded tensorboard-proto v0.5.7
[INFO] [stderr]   Downloaded matrixmultiply v0.3.4
[INFO] [stderr]   Downloaded quanta v0.11.0
[INFO] [stderr]   Downloaded moka v0.10.2
[INFO] [stderr]   Downloaded enumn v0.1.8
[INFO] [stderr]   Downloaded tiny-skia v0.8.4
[INFO] [stderr]   Downloaded rust-dense-bitset v0.1.1
[INFO] [stderr]   Downloaded tensorboard-rs v0.5.9
[INFO] [stderr]   Downloaded xdg-home v1.0.0
[INFO] [stderr]   Downloaded skeptic v0.13.7
[INFO] [stderr]   Downloaded zbus_macros v3.12.0
[INFO] [stderr]   Downloaded enumset_derive v0.6.1
[INFO] [stderr]   Downloaded enumset v1.0.12
[INFO] [stderr]   Downloaded mach2 v0.4.1
[INFO] [stderr]   Downloaded tagptr v0.2.0
[INFO] [stderr]   Downloaded zbus v3.12.0
[INFO] [stderr]   Downloaded priority-queue v1.3.1
[INFO] [stderr]   Downloaded orbclient v0.3.45
[INFO] [stderr]   Downloaded earcutr v0.4.2
[INFO] running `Command { std: "docker" "create" "-v" "/var/lib/crater-agent-workspace/builds/worker-3-tc2/target:/opt/rustwide/target:rw,Z" "-v" "/var/lib/crater-agent-workspace/builds/worker-3-tc2/source:/opt/rustwide/workdir:ro,Z" "-v" "/var/lib/crater-agent-workspace/cargo-home:/opt/rustwide/cargo-home:ro,Z" "-v" "/var/lib/crater-agent-workspace/rustup-home:/opt/rustwide/rustup-home:ro,Z" "-e" "SOURCE_DIR=/opt/rustwide/workdir" "-e" "CARGO_TARGET_DIR=/opt/rustwide/target" "-e" "CARGO_HOME=/opt/rustwide/cargo-home" "-e" "RUSTUP_HOME=/opt/rustwide/rustup-home" "-w" "/opt/rustwide/workdir" "-m" "1610612736" "--user" "0:0" "--network" "none" "ghcr.io/rust-lang/crates-build-env/linux@sha256:5ff2268d62e97bff2cde7d5815dd6ed5b47097566f13b8d0ca110b04b60e07ed" "/opt/rustwide/cargo-home/bin/cargo" "+beta-2023-04-20" "metadata" "--no-deps" "--format-version=1", kill_on_drop: false }`
[INFO] [stdout] 0fe222f089f0a6c5858cbf49caaee1a24cc247dae45ceb8ee7ca185090f3f7ff
[INFO] running `Command { std: "docker" "start" "-a" "0fe222f089f0a6c5858cbf49caaee1a24cc247dae45ceb8ee7ca185090f3f7ff", kill_on_drop: false }`
[INFO] running `Command { std: "docker" "inspect" "0fe222f089f0a6c5858cbf49caaee1a24cc247dae45ceb8ee7ca185090f3f7ff", kill_on_drop: false }`
[INFO] running `Command { std: "docker" "rm" "-f" "0fe222f089f0a6c5858cbf49caaee1a24cc247dae45ceb8ee7ca185090f3f7ff", kill_on_drop: false }`
[INFO] [stdout] 0fe222f089f0a6c5858cbf49caaee1a24cc247dae45ceb8ee7ca185090f3f7ff
[INFO] running `Command { std: "docker" "create" "-v" "/var/lib/crater-agent-workspace/builds/worker-3-tc2/target:/opt/rustwide/target:rw,Z" "-v" "/var/lib/crater-agent-workspace/builds/worker-3-tc2/source:/opt/rustwide/workdir:ro,Z" "-v" "/var/lib/crater-agent-workspace/cargo-home:/opt/rustwide/cargo-home:ro,Z" "-v" "/var/lib/crater-agent-workspace/rustup-home:/opt/rustwide/rustup-home:ro,Z" "-e" "SOURCE_DIR=/opt/rustwide/workdir" "-e" "CARGO_TARGET_DIR=/opt/rustwide/target" "-e" "CARGO_INCREMENTAL=0" "-e" "RUST_BACKTRACE=full" "-e" "RUSTFLAGS=--cap-lints=warn" "-e" "RUSTDOCFLAGS=--cap-lints=warn" "-e" "CARGO_HOME=/opt/rustwide/cargo-home" "-e" "RUSTUP_HOME=/opt/rustwide/rustup-home" "-w" "/opt/rustwide/workdir" "-m" "1610612736" "--user" "0:0" "--network" "none" "ghcr.io/rust-lang/crates-build-env/linux@sha256:5ff2268d62e97bff2cde7d5815dd6ed5b47097566f13b8d0ca110b04b60e07ed" "/opt/rustwide/cargo-home/bin/cargo" "+beta-2023-04-20" "doc" "--frozen" "--no-deps" "--document-private-items" "--message-format=json", kill_on_drop: false }`
[INFO] [stdout] 5f68910e7f1679c2efea9365e88f4e1b2a3cac72e504d5dbc06153fc5fc88f9e
[INFO] running `Command { std: "docker" "start" "-a" "5f68910e7f1679c2efea9365e88f4e1b2a3cac72e504d5dbc06153fc5fc88f9e", kill_on_drop: false }`
[INFO] [stderr] warning: /opt/rustwide/workdir/memeroute-gui/Cargo.toml: unused manifest key: package.category
[INFO] [stderr]     Blocking waiting for file lock on package cache
[INFO] [stderr]    Compiling autocfg v1.1.0
[INFO] [stderr]    Compiling libc v0.2.142
[INFO] [stderr]    Compiling proc-macro2 v1.0.56
[INFO] [stderr]    Compiling quote v1.0.26
[INFO] [stderr]    Compiling unicode-ident v1.0.8
[INFO] [stderr]    Compiling libm v0.2.6
[INFO] [stderr]    Compiling syn v1.0.109
[INFO] [stderr]    Compiling crossbeam-utils v0.8.15
[INFO] [stderr]    Compiling memchr v2.5.0
[INFO] [stderr]    Compiling num-traits v0.2.15
[INFO] [stderr]    Compiling num-integer v0.1.45
[INFO] [stderr]    Compiling memoffset v0.8.0
[INFO] [stderr]    Compiling version_check v0.9.4
[INFO] [stderr]    Compiling crossbeam-epoch v0.9.14
[INFO] [stderr]     Checking either v1.8.1
[INFO] [stderr]     Checking bytemuck v1.13.1
[INFO] [stderr]     Checking bitflags v1.3.2
[INFO] [stderr]    Compiling ahash v0.7.6
[INFO] [stderr]     Checking crossbeam-channel v0.5.8
[INFO] [stderr]    Compiling syn v2.0.15
[INFO] [stderr]    Compiling rayon-core v1.11.0
[INFO] [stderr]    Compiling cfg-if v1.0.0
[INFO] [stderr]     Checking crossbeam-deque v0.8.3
[INFO] [stderr]    Compiling once_cell v1.17.1
[INFO] [stderr]     Checking smallvec v1.10.0
[INFO] [stderr]    Compiling miniz_oxide v0.4.4
[INFO] [stderr]     Checking getrandom v0.2.9
[INFO] [stderr]     Checking num_cpus v1.15.0
[INFO] [stderr]     Checking rand_core v0.6.4
[INFO] [stderr]    Compiling aho-corasick v1.0.1
[INFO] [stderr]    Compiling lock_api v0.4.9
[INFO] [stderr]    Compiling parking_lot_core v0.9.7
[INFO] [stderr]    Compiling rustversion v1.0.12
[INFO] [stderr]    Compiling fnv v1.0.7
[INFO] [stderr]    Compiling regex-syntax v0.7.1
[INFO] [stderr]    Compiling crc32fast v1.3.2
[INFO] [stderr]    Compiling ident_case v1.0.1
[INFO] [stderr]     Checking ppv-lite86 v0.2.17
[INFO] [stderr]    Compiling paste v1.0.12
[INFO] [stderr]     Checking rayon v1.7.0
[INFO] [stderr]    Compiling hashbrown v0.12.3
[INFO] [stderr]     Checking rand_chacha v0.3.1
[INFO] [stderr]     Checking approx v0.5.1
[INFO] [stderr]     Checking safe_arch v0.6.0
[INFO] [stderr]    Compiling matrixmultiply v0.3.4
[INFO] [stderr]    Compiling num-iter v0.1.43
[INFO] [stderr]    Compiling num-rational v0.4.1
[INFO] [stderr]    Compiling num-rational v0.3.2
[INFO] [stderr]    Compiling regex v1.8.1
[INFO] [stderr]    Compiling protobuf v2.28.0
[INFO] [stderr]    Compiling typenum v1.16.0
[INFO] [stderr]     Checking weezl v0.1.7
[INFO] [stderr]     Checking adler v1.0.2
[INFO] [stderr]    Compiling io-lifetimes v1.0.10
[INFO] [stderr]    Compiling serde_derive v1.0.160
[INFO] [stderr]     Checking jpeg-decoder v0.1.22
[INFO] [stderr]    Compiling darling_core v0.14.4
[INFO] [stderr]     Checking wide v0.7.8
[INFO] [stderr]     Checking rand v0.8.5
[INFO] [stderr]     Checking num-complex v0.4.3
[INFO] [stderr]    Compiling convert_case v0.4.0
[INFO] [stderr]     Checking rawpointer v0.2.1
[INFO] [stderr]    Compiling serde v1.0.160
[INFO] [stderr]    Compiling rustix v0.37.18
[INFO] [stderr]    Compiling heck v0.4.1
[INFO] [stderr]     Checking color_quant v1.1.0
[INFO] [stderr]    Compiling eyre v0.6.8
[INFO] [stderr]    Compiling thiserror v1.0.40
[INFO] [stderr]     Checking gif v0.11.4
[INFO] [stderr]     Checking simba v0.8.1
[INFO] [stderr]     Checking png v0.16.8
[INFO] [stderr]     Checking parking_lot v0.12.1
[INFO] [stderr]    Compiling unicode-linebreak v0.1.4
[INFO] [stderr]     Checking tiff v0.6.1
[INFO] [stderr]    Compiling thiserror-impl v1.0.40
[INFO] [stderr]    Compiling darling_macro v0.14.4
[INFO] [stderr]    Compiling derive_more v0.99.17
[INFO] [stderr]    Compiling nalgebra-macros v0.2.0
[INFO] [stderr]    Compiling darling v0.14.4
[INFO] [stderr]    Compiling strum_macros v0.24.3
[INFO] [stderr]     Checking raw-cpuid v10.7.0
[INFO] [stderr]     Checking itertools v0.10.5
[INFO] [stderr]    Compiling indexmap v1.9.3
[INFO] [stderr]    Compiling log v0.4.17
[INFO] [stderr]     Checking indenter v0.3.3
[INFO] [stderr]    Compiling moka v0.10.2
[INFO] [stderr]     Checking scoped_threadpool v0.1.9
[INFO] [stderr]     Checking linux-raw-sys v0.3.6
[INFO] [stderr]     Checking image v0.23.14
[INFO] [stderr]     Checking earcutr v0.4.2
[INFO] [stderr]     Checking quanta v0.11.0
[INFO] [stderr]     Checking tensorboard-proto v0.5.7
[INFO] [stderr]     Checking strum v0.24.1
[INFO] [stderr]    Compiling enumset_derive v0.6.1
[INFO] [stderr]     Checking scheduled-thread-pool v0.2.7
[INFO] [stderr]     Checking uuid v1.3.2
[INFO] [stderr]     Checking nalgebra v0.32.2
[INFO] [stderr]     Checking ordered-float v3.7.0
[INFO] [stderr]     Checking time v0.1.45
[INFO] [stderr]     Checking gethostname v0.2.3
[INFO] [stderr]    Compiling ahash v0.8.3
[INFO] [stderr]    Compiling priority-queue v1.3.1
[INFO] [stderr]     Checking auto_ops v0.3.0
[INFO] [stderr]     Checking triomphe v0.1.8
[INFO] [stderr]     Checking iana-time-zone v0.1.56
[INFO] [stderr]     Checking tagptr v0.2.0
[INFO] [stderr]     Checking fastrand v1.9.0
[INFO] [stderr]     Checking smawk v0.3.1
[INFO] [stderr]     Checking unicode-width v0.1.10
[INFO] [stderr]     Checking rust-dense-bitset v0.1.1
[INFO] [stderr]     Checking tempfile v3.5.0
[INFO] [stderr]     Checking textwrap v0.16.0
[INFO] [stderr]     Checking chrono v0.4.24
[INFO] [stderr]     Checking tensorboard-rs v0.5.9
[INFO] [stderr]     Checking enumset v1.0.12
[INFO] [stderr]     Checking rand_distr v0.4.3
[INFO] [stderr]     Checking memega v0.1.0 (https://github.com/Edgeworth/memega#b655f8b0)
[INFO] [stdout] error[E0554]: `#![feature]` may not be used on the beta release channel
[INFO] [stdout]   --> /opt/rustwide/cargo-home/git/checkouts/memega-f5618fe773ba4442/b655f8b/src/lib.rs:38:1
[INFO] [stdout]    |
[INFO] [stdout] 38 | #![feature(array_chunks, associated_type_defaults, is_sorted, let_chains, trait_alias)]
[INFO] [stdout]    | ^^^^^^^^^^^^^^^^^^^^^^^^^^^^^^^^^^^^^^^^^^^^^^^^^^^^^^^^^^^^^^^^^^^^^^^^^^^^^^^^^^^^^^^
[INFO] [stdout] 
[INFO] [stdout] 
[INFO] [stdout] error[E0554]: `#![feature]` may not be used on the beta release channel
[INFO] [stdout]   --> /opt/rustwide/cargo-home/git/checkouts/memega-f5618fe773ba4442/b655f8b/src/lib.rs:38:12
[INFO] [stdout]    |
[INFO] [stdout] 38 | #![feature(array_chunks, associated_type_defaults, is_sorted, let_chains, trait_alias)]
[INFO] [stdout]    |            ^^^^^^^^^^^^
[INFO] [stdout] 
[INFO] [stdout] 
[INFO] [stdout] error[E0554]: `#![feature]` may not be used on the beta release channel
[INFO] [stdout]   --> /opt/rustwide/cargo-home/git/checkouts/memega-f5618fe773ba4442/b655f8b/src/lib.rs:38:52
[INFO] [stdout]    |
[INFO] [stdout] 38 | #![feature(array_chunks, associated_type_defaults, is_sorted, let_chains, trait_alias)]
[INFO] [stdout]    |                                                    ^^^^^^^^^
[INFO] [stdout] 
[INFO] [stdout] 
[INFO] [stdout] error: aborting due to 3 previous errors
[INFO] [stdout] 
[INFO] [stdout] 
[INFO] [stdout] For more information about this error, try `rustc --explain E0554`.
[INFO] [stdout] 
[INFO] [stderr] error: could not compile `memega` (lib) due to 4 previous errors
[INFO] [stderr] warning: build failed, waiting for other jobs to finish...
[INFO] running `Command { std: "docker" "inspect" "5f68910e7f1679c2efea9365e88f4e1b2a3cac72e504d5dbc06153fc5fc88f9e", kill_on_drop: false }`
[INFO] running `Command { std: "docker" "rm" "-f" "5f68910e7f1679c2efea9365e88f4e1b2a3cac72e504d5dbc06153fc5fc88f9e", kill_on_drop: false }`
[INFO] [stdout] 5f68910e7f1679c2efea9365e88f4e1b2a3cac72e504d5dbc06153fc5fc88f9e
