[INFO] cloning repository https://github.com/Dracula-Team/darryRing
[INFO] running `Command { std: "git" "-c" "credential.helper=" "-c" "credential.helper=/workspace/cargo-home/bin/git-credential-null" "clone" "--bare" "https://github.com/Dracula-Team/darryRing" "/workspace/cache/git-repos/https%3A%2F%2Fgithub.com%2FDracula-Team%2FdarryRing", kill_on_drop: false }`
[INFO] [stderr] Cloning into bare repository '/workspace/cache/git-repos/https%3A%2F%2Fgithub.com%2FDracula-Team%2FdarryRing'...
[INFO] running `Command { std: "git" "rev-parse" "HEAD", kill_on_drop: false }`
[INFO] [stdout] 6fd09b1053104eb847d9a1cfc1592fb0061efd1e
[INFO] documenting Dracula-Team/darryRing against beta-2023-04-20 for beta-1.70-rustdoc-1
[INFO] running `Command { std: "git" "clone" "/workspace/cache/git-repos/https%3A%2F%2Fgithub.com%2FDracula-Team%2FdarryRing" "/workspace/builds/worker-6-tc2/source", kill_on_drop: false }`
[INFO] [stderr] Cloning into '/workspace/builds/worker-6-tc2/source'...
[INFO] [stderr] done.
[INFO] validating manifest of git repo https://github.com/Dracula-Team/darryRing on toolchain beta-2023-04-20
[INFO] running `Command { std: CARGO_HOME="/workspace/cargo-home" RUSTUP_HOME="/workspace/rustup-home" "/workspace/cargo-home/bin/cargo" "+beta-2023-04-20" "metadata" "--manifest-path" "Cargo.toml" "--no-deps", kill_on_drop: false }`
[INFO] started tweaking git repo https://github.com/Dracula-Team/darryRing
[INFO] finished tweaking git repo https://github.com/Dracula-Team/darryRing
[INFO] tweaked toml for git repo https://github.com/Dracula-Team/darryRing written to /workspace/builds/worker-6-tc2/source/Cargo.toml
[INFO] crate git repo https://github.com/Dracula-Team/darryRing already has a lockfile, it will not be regenerated
[INFO] running `Command { std: CARGO_HOME="/workspace/cargo-home" RUSTUP_HOME="/workspace/rustup-home" "/workspace/cargo-home/bin/cargo" "+beta-2023-04-20" "fetch" "--manifest-path" "Cargo.toml", kill_on_drop: false }`
[INFO] [stderr]     Updating crates.io index
[INFO] [stderr]  Downloading crates ...
[INFO] [stderr]   Downloaded fs_extra v1.1.0
[INFO] [stderr]   Downloaded jsonrpsee-proc-macros v0.2.0
[INFO] [stderr]   Downloaded trybuild v1.0.41
[INFO] [stderr]   Downloaded libp2p-mplex v0.28.0
[INFO] [stderr]   Downloaded libp2p-mdns v0.30.0
[INFO] [stderr]   Downloaded memory-db v0.26.0
[INFO] [stderr]   Downloaded kvdb v0.9.0
[INFO] [stderr]   Downloaded libp2p-websocket v0.29.0
[INFO] [stderr]   Downloaded libp2p-request-response v0.11.0
[INFO] [stderr]   Downloaded libp2p-noise v0.30.0
[INFO] [stderr]   Downloaded libp2p-dns v0.28.1
[INFO] [stderr]   Downloaded static_init v0.5.2
[INFO] [stderr]   Downloaded trust-dns-proto v0.20.1
[INFO] [stderr]   Downloaded addr2line v0.15.1
[INFO] [stderr]   Downloaded indenter v0.3.0
[INFO] [stderr]   Downloaded slotmap v1.0.2
[INFO] [stderr]   Downloaded owo-colors v1.2.1
[INFO] [stderr]   Downloaded tokio-rustls v0.15.0
[INFO] [stderr]   Downloaded fs-err v2.5.0
[INFO] [stderr]   Downloaded libp2p-core v0.28.2
[INFO] [stderr]   Downloaded eyre v0.6.2
[INFO] [stderr]   Downloaded cranelift-wasm v0.74.0
[INFO] [stderr]   Downloaded finality-grandpa v0.14.0
[INFO] [stderr]   Downloaded assert_cmd v1.0.2
[INFO] [stderr]   Downloaded memmap2 v0.2.0
[INFO] [stderr]   Downloaded separator v0.4.1
[INFO] [stderr]   Downloaded static_init_macro v0.5.0
[INFO] [stderr]   Downloaded reed-solomon-novelpoly v1.0.0
[INFO] [stderr]   Downloaded platforms v1.1.0
[INFO] [stderr]   Downloaded bindgen v0.57.0
[INFO] [stderr]   Downloaded data-encoding-macro v0.1.10
[INFO] [stderr]   Downloaded cpp_demangle v0.3.2
[INFO] [stderr]   Downloaded soketto v0.5.0
[INFO] [stderr]   Downloaded rlp v0.5.0
[INFO] [stderr]   Downloaded impl-codec v0.5.0
[INFO] [stderr]   Downloaded color-eyre v0.5.10
[INFO] [stderr]   Downloaded parity-scale-codec v2.1.0
[INFO] [stderr]   Downloaded libp2p-swarm v0.29.0
[INFO] [stderr]   Downloaded zstd-sys v1.4.20+zstd.1.4.9
[INFO] [stderr]   Downloaded paste v1.0.4
[INFO] [stderr]   Downloaded jemalloc-sys v0.3.2
[INFO] [stderr]   Downloaded libp2p v0.37.1
[INFO] [stderr]   Downloaded parity-wasm v0.42.2
[INFO] [stderr]   Downloaded libp2p-pnet v0.20.0
[INFO] [stderr]   Downloaded zstd v0.6.1+zstd.1.4.9
[INFO] [stderr]   Downloaded jemallocator v0.3.2
[INFO] [stderr]   Downloaded kvdb-memorydb v0.9.0
[INFO] [stderr]   Downloaded linked_hash_set v0.1.3
[INFO] [stderr]   Downloaded psm v0.1.12
[INFO] [stderr]   Downloaded librocksdb-sys v6.17.3
[INFO] [stderr]   Downloaded libp2p-kad v0.30.0
[INFO] [stderr]   Downloaded libp2p-plaintext v0.28.0
[INFO] [stderr]   Downloaded libp2p-swarm-derive v0.23.0
[INFO] [stderr]   Downloaded libp2p-uds v0.28.0
[INFO] [stderr]   Downloaded parity-multiaddr v0.11.2
[INFO] [stderr]   Downloaded zstd-safe v3.0.1+zstd.1.4.9
[INFO] [stderr]   Downloaded uint v0.9.0
[INFO] [stderr]   Downloaded primitive-types v0.9.0
[INFO] [stderr]   Downloaded environmental v1.1.3
[INFO] [stderr]   Downloaded parity-scale-codec-derive v2.1.0
[INFO] [stderr]   Downloaded wasmi-validation v0.4.0
[INFO] [stderr]   Downloaded data-encoding-macro-internal v0.1.9
[INFO] [stderr]   Downloaded multibase v0.8.0
[INFO] [stderr]   Downloaded cid v0.6.0
[INFO] [stderr]   Downloaded wasmtime-cache v0.27.0
[INFO] [stderr]   Downloaded libp2p-gossipsub v0.30.0
[INFO] [stderr]   Downloaded ruzstd v0.2.2
[INFO] [stderr]   Downloaded integer-encoding v1.1.5
[INFO] [stderr]   Downloaded jsonrpsee-types v0.2.0
[INFO] [stderr]   Downloaded libp2p-ping v0.29.0
[INFO] [stderr]   Downloaded arrayvec v0.7.0
[INFO] [stderr]   Downloaded enumn v0.1.3
[INFO] [stderr]   Downloaded jsonrpsee-ws-client v0.2.0
[INFO] [stderr]   Downloaded wasmtime-obj v0.27.0
[INFO] [stderr]   Downloaded libp2p-yamux v0.32.0
[INFO] [stderr]   Downloaded multihash-derive v0.7.0
[INFO] [stderr]   Downloaded multihash v0.13.1
[INFO] [stderr]   Downloaded wasmtime v0.27.0
[INFO] [stderr]   Downloaded kvdb-rocksdb v0.11.0
[INFO] [stderr]   Downloaded pwasm-utils v0.18.0
[INFO] [stderr]   Downloaded wasmtime-cranelift v0.27.0
[INFO] [stderr]   Downloaded wasmtime-profiling v0.27.0
[INFO] [stderr]   Downloaded bitvec v0.20.1
[INFO] [stderr]   Downloaded anyhow v1.0.39
[INFO] [stderr]   Downloaded once_cell v1.6.0
[INFO] [stderr]   Downloaded cpuid-bool v0.1.0
[INFO] [stderr]   Downloaded wasmi v0.9.0
[INFO] [stderr]   Downloaded ahash v0.4.6
[INFO] [stderr]   Downloaded handlebars v3.5.1
[INFO] [stderr]   Downloaded dlmalloc v0.2.1
[INFO] [stderr]   Downloaded memory-lru v0.1.0
[INFO] [stderr]   Downloaded mick-jaeger v0.1.4
[INFO] [stderr]   Downloaded streamunordered v0.5.1
[INFO] [stderr]   Downloaded kvdb-web v0.9.0
[INFO] [stderr]   Downloaded beef v0.5.0
[INFO] [stderr]   Downloaded parity-db v0.2.4
[INFO] [stderr]   Downloaded cranelift-native v0.74.0
[INFO] [stderr]   Downloaded wasmtime-debug v0.27.0
[INFO] [stderr]   Downloaded target-lexicon v0.12.0
[INFO] [stderr]   Downloaded wasmtime-environ v0.27.0
[INFO] [stderr]   Downloaded wasmtime-jit v0.27.0
[INFO] [stderr]   Downloaded wasmtime-fiber v0.27.0
[INFO] [stderr]   Downloaded wasmtime-runtime v0.27.0
[INFO] [stderr]   Downloaded retain_mut v0.1.3
[INFO] [stderr]   Downloaded libp2p-deflate v0.28.0
[INFO] [stderr]   Downloaded async-std-resolver v0.20.1
[INFO] [stderr]   Downloaded multistream-select v0.10.0
[INFO] [stderr]   Downloaded trust-dns-resolver v0.20.1
[INFO] [stderr]   Downloaded libp2p-floodsub v0.29.0
[INFO] [stderr]   Downloaded libp2p-identify v0.29.0
[INFO] [stderr]   Downloaded libp2p-relay v0.2.0
[INFO] [stderr]   Downloaded minicbor v0.8.0
[INFO] [stderr]   Downloaded libp2p-tcp v0.28.0
[INFO] [stderr]   Downloaded adler v0.2.2
[INFO] [stderr]   Downloaded ethbloom v0.11.0
[INFO] [stderr]   Downloaded ethereum-types v0.11.0
[INFO] [stderr]   Downloaded parity-util-mem v0.9.0
[INFO] [stderr]   Downloaded trie-db v0.22.3
[INFO] [stderr]   Downloaded curve25519-dalek v3.0.0
[INFO] [stderr]   Downloaded libp2p-wasm-ext v0.28.1
[INFO] running `Command { std: "docker" "create" "-v" "/var/lib/crater-agent-workspace/builds/worker-6-tc2/target:/opt/rustwide/target:rw,Z" "-v" "/var/lib/crater-agent-workspace/builds/worker-6-tc2/source:/opt/rustwide/workdir:ro,Z" "-v" "/var/lib/crater-agent-workspace/cargo-home:/opt/rustwide/cargo-home:ro,Z" "-v" "/var/lib/crater-agent-workspace/rustup-home:/opt/rustwide/rustup-home:ro,Z" "-e" "SOURCE_DIR=/opt/rustwide/workdir" "-e" "CARGO_TARGET_DIR=/opt/rustwide/target" "-e" "CARGO_HOME=/opt/rustwide/cargo-home" "-e" "RUSTUP_HOME=/opt/rustwide/rustup-home" "-w" "/opt/rustwide/workdir" "-m" "1610612736" "--user" "0:0" "--network" "none" "ghcr.io/rust-lang/crates-build-env/linux@sha256:5ff2268d62e97bff2cde7d5815dd6ed5b47097566f13b8d0ca110b04b60e07ed" "/opt/rustwide/cargo-home/bin/cargo" "+beta-2023-04-20" "metadata" "--no-deps" "--format-version=1", kill_on_drop: false }`
[INFO] [stdout] 53528a1edc4ddcc623cd43c03c167ad9e5206db934102b3b9c7e233d0a7035e6
[INFO] running `Command { std: "docker" "start" "-a" "53528a1edc4ddcc623cd43c03c167ad9e5206db934102b3b9c7e233d0a7035e6", kill_on_drop: false }`
[INFO] running `Command { std: "docker" "inspect" "53528a1edc4ddcc623cd43c03c167ad9e5206db934102b3b9c7e233d0a7035e6", kill_on_drop: false }`
[INFO] running `Command { std: "docker" "rm" "-f" "53528a1edc4ddcc623cd43c03c167ad9e5206db934102b3b9c7e233d0a7035e6", kill_on_drop: false }`
[INFO] [stdout] 53528a1edc4ddcc623cd43c03c167ad9e5206db934102b3b9c7e233d0a7035e6
[INFO] running `Command { std: "docker" "create" "-v" "/var/lib/crater-agent-workspace/builds/worker-6-tc2/target:/opt/rustwide/target:rw,Z" "-v" "/var/lib/crater-agent-workspace/builds/worker-6-tc2/source:/opt/rustwide/workdir:ro,Z" "-v" "/var/lib/crater-agent-workspace/cargo-home:/opt/rustwide/cargo-home:ro,Z" "-v" "/var/lib/crater-agent-workspace/rustup-home:/opt/rustwide/rustup-home:ro,Z" "-e" "SOURCE_DIR=/opt/rustwide/workdir" "-e" "CARGO_TARGET_DIR=/opt/rustwide/target" "-e" "CARGO_INCREMENTAL=0" "-e" "RUST_BACKTRACE=full" "-e" "RUSTFLAGS=--cap-lints=warn" "-e" "RUSTDOCFLAGS=--cap-lints=warn" "-e" "CARGO_HOME=/opt/rustwide/cargo-home" "-e" "RUSTUP_HOME=/opt/rustwide/rustup-home" "-w" "/opt/rustwide/workdir" "-m" "1610612736" "--user" "0:0" "--network" "none" "ghcr.io/rust-lang/crates-build-env/linux@sha256:5ff2268d62e97bff2cde7d5815dd6ed5b47097566f13b8d0ca110b04b60e07ed" "/opt/rustwide/cargo-home/bin/cargo" "+beta-2023-04-20" "doc" "--frozen" "--no-deps" "--document-private-items" "--message-format=json", kill_on_drop: false }`
[INFO] [stdout] 73c27b67040dcf3ae6515cda13ec7d941b4cfabab618a64d55cf29d785d0a505
[INFO] running `Command { std: "docker" "start" "-a" "73c27b67040dcf3ae6515cda13ec7d941b4cfabab618a64d55cf29d785d0a505", kill_on_drop: false }`
[INFO] [stderr]    Compiling proc-macro2 v1.0.24
[INFO] [stderr]    Compiling syn v1.0.67
[INFO] [stderr]    Compiling libc v0.2.91
[INFO] [stderr]    Compiling serde v1.0.126
[INFO] [stderr]    Compiling value-bag v1.0.0-alpha.6
[INFO] [stderr]    Compiling log v0.4.14
[INFO] [stderr]    Compiling byteorder v1.3.4
[INFO] [stderr]    Compiling getrandom v0.2.1
[INFO] [stderr]     Checking futures v0.1.29
[INFO] [stderr]     Checking pin-project-lite v0.2.4
[INFO] [stderr]     Checking futures-core v0.3.14
[INFO] [stderr]     Checking futures-io v0.3.14
[INFO] [stderr]    Compiling generic-array v0.14.4
[INFO] [stderr]     Checking futures-sink v0.3.14
[INFO] [stderr]    Compiling anyhow v1.0.39
[INFO] [stderr]     Checking futures-task v0.3.14
[INFO] [stderr]    Compiling getrandom v0.1.14
[INFO] [stderr]     Checking subtle v2.2.3
[INFO] [stderr]     Checking futures-channel v0.3.14
[INFO] [stderr]     Checking either v1.6.0
[INFO] [stderr]     Checking generic-array v0.12.3
[INFO] [stderr]    Compiling crunchy v0.2.2
[INFO] [stderr]     Checking ahash v0.4.6
[INFO] [stderr]     Checking tinyvec v0.3.3
[INFO] [stderr]     Checking opaque-debug v0.2.3
[INFO] [stderr]     Checking byte-tools v0.3.1
[INFO] [stderr]    Compiling serde_json v1.0.64
[INFO] [stderr]     Checking digest v0.8.1
[INFO] [stderr]     Checking cpuid-bool v0.1.0
[INFO] [stderr]     Checking arrayvec v0.5.2
[INFO] [stderr]     Checking fake-simd v0.1.2
[INFO] [stderr]     Checking block-padding v0.1.5
[INFO] [stderr]     Checking hashbrown v0.9.1
[INFO] [stderr]     Checking subtle v1.0.0
[INFO] [stderr]     Checking regex-syntax v0.6.21
[INFO] [stderr]    Compiling radium v0.6.2
[INFO] [stderr]    Compiling num-traits v0.2.14
[INFO] [stderr]     Checking signature v1.1.0
[INFO] [stderr]     Checking unicode-normalization v0.1.13
[INFO] [stderr]     Checking crypto-mac v0.7.0
[INFO] [stderr]     Checking wyz v0.2.0
[INFO] [stderr]     Checking ed25519 v1.0.1
[INFO] [stderr]     Checking hmac v0.7.1
[INFO] [stderr]     Checking block-buffer v0.7.3
[INFO] [stderr]     Checking digest v0.9.0
[INFO] [stderr]     Checking block-buffer v0.9.0
[INFO] [stderr]     Checking crypto-mac v0.8.0
[INFO] [stderr]     Checking tap v1.0.0
[INFO] [stderr]     Checking funty v1.1.0
[INFO] [stderr]     Checking byte-slice-cast v1.0.0
[INFO] [stderr]     Checking hmac-drbg v0.2.0
[INFO] [stderr]     Checking sha2 v0.8.2
[INFO] [stderr]     Checking arrayvec v0.7.0
[INFO] [stderr]     Checking sha2 v0.9.2
[INFO] [stderr]     Checking lock_api v0.3.4
[INFO] [stderr]    Compiling quote v1.0.9
[INFO] [stderr]    Compiling memchr v2.3.3
[INFO] [stderr]     Checking tracing-core v0.1.18
[INFO] [stderr]    Compiling num-integer v0.1.43
[INFO] [stderr]     Checking hex v0.4.2
[INFO] [stderr]    Compiling instant v0.1.6
[INFO] [stderr]    Compiling smallvec v1.6.1
[INFO] [stderr]    Compiling cfg-if v0.1.10
[INFO] [stderr]    Compiling scopeguard v1.1.0
[INFO] [stderr]     Checking rustc-hex v2.1.0
[INFO] [stderr]    Compiling lock_api v0.4.1
[INFO] [stderr]    Compiling aho-corasick v0.7.13
[INFO] [stderr]     Checking rlp v0.5.0
[INFO] [stderr]     Checking bitvec v0.20.1
[INFO] [stderr]     Checking lru v0.6.5
[INFO] [stderr]     Checking uint v0.9.0
[INFO] [stderr]    Compiling fs_extra v1.1.0
[INFO] [stderr]    Compiling tiny-keccak v2.0.2
[INFO] [stderr]     Checking adler v0.2.2
[INFO] [stderr]    Compiling num-rational v0.2.4
[INFO] [stderr]     Checking impl-rlp v0.3.0
[INFO] [stderr]    Compiling parity-util-mem v0.9.0
[INFO] [stderr]     Checking miniz_oxide v0.4.0
[INFO] [stderr]     Checking parking_lot_core v0.8.0
[INFO] [stderr]     Checking num_cpus v1.13.0
[INFO] [stderr]    Compiling jobserver v0.1.21
[INFO] [stderr]     Checking time v0.1.43
[INFO] [stderr]     Checking rand_core v0.6.1
[INFO] [stderr]     Checking rand_core v0.5.1
[INFO] [stderr]     Checking parking_lot_core v0.7.2
[INFO] [stderr]     Checking parking_lot v0.11.1
[INFO] [stderr]    Compiling cc v1.0.67
[INFO] [stderr]     Checking rand_chacha v0.2.2
[INFO] [stderr]     Checking rand_pcg v0.2.1
[INFO] [stderr]     Checking rand_chacha v0.3.0
[INFO] [stderr]     Checking once_cell v1.6.0
[INFO] [stderr]     Checking parking_lot v0.10.2
[INFO] [stderr]    Compiling arrayvec v0.4.12
[INFO] [stderr]     Checking sp-std v3.0.0 (https://github.com/paritytech/substrate?branch=master#f775d0de)
[INFO] [stderr]     Checking sharded-slab v0.1.0
[INFO] [stderr]     Checking thread_local v1.1.3
[INFO] [stderr]     Checking rand v0.7.3
[INFO] [stderr]     Checking ansi_term v0.12.1
[INFO] [stderr]     Checking chrono v0.4.19
[INFO] [stderr]     Checking rand v0.8.3
[INFO] [stderr]     Checking regex-automata v0.1.9
[INFO] [stderr]     Checking num-bigint v0.2.6
[INFO] [stderr]     Checking regex v1.4.2
[INFO] [stderr]     Checking parity-wasm v0.42.2
[INFO] [stderr]    Compiling slog v2.7.0
[INFO] [stderr]     Checking nodrop v0.1.14
[INFO] [stderr]     Checking memory_units v0.3.0
[INFO] [stderr]     Checking downcast-rs v1.2.0
[INFO] [stderr]     Checking hash-db v0.15.2
[INFO] [stderr]     Checking environmental v1.1.3
[INFO] [stderr]    Compiling async-trait v0.1.48
[INFO] [stderr]     Checking gimli v0.23.0
[INFO] [stderr]     Checking pbkdf2 v0.4.0
[INFO] [stderr]     Checking hmac v0.8.1
[INFO] [stderr]     Checking fixed-hash v0.7.0
[INFO] [stderr]     Checking libsecp256k1 v0.3.5
[INFO] [stderr]     Checking pbkdf2 v0.3.0
[INFO] [stderr]     Checking object v0.23.0
[INFO] [stderr]     Checking blake2-rfc v0.2.18
[INFO] [stderr]     Checking matchers v0.0.1
[INFO] [stderr]     Checking rustc-demangle v0.1.16
[INFO] [stderr]     Checking dyn-clone v1.0.2
[INFO] [stderr]     Checking twox-hash v1.6.0
[INFO] [stderr]     Checking hash256-std-hasher v0.15.2
[INFO] [stderr]    Compiling jemalloc-sys v0.3.2
[INFO] [stderr]    Compiling zstd-sys v1.4.20+zstd.1.4.9
[INFO] [stderr]     Checking base58 v0.1.0
[INFO] [stderr]    Compiling zstd-safe v3.0.1+zstd.1.4.9
[INFO] [stderr]     Checking trie-root v0.16.0
[INFO] [stderr]     Checking integer-sqrt v0.1.3
[INFO] [stderr]    Compiling paste v1.0.4
[INFO] [stderr]    Compiling indexmap v1.6.1
[INFO] [stderr]     Checking wasmi-validation v0.4.0
[INFO] [stderr]    Compiling ppv-lite86 v0.2.8
[INFO] [stderr]     Checking wasmi v0.9.0
[INFO] [stderr]    Compiling remove_dir_all v0.5.3
[INFO] [stderr]    Compiling bytes v1.0.1
[INFO] [stderr]    Compiling itertools v0.9.0
[INFO] [stderr]    Compiling fixedbitset v0.2.0
[INFO] [stderr]    Compiling constant_time_eq v0.1.5
[INFO] [stderr]    Compiling multimap v0.8.1
[INFO] [stderr]    Compiling ring v0.16.20
[INFO] [stderr]     Checking futures-timer v3.0.2
[INFO] [stderr]    Compiling Inflector v0.11.4
[INFO] [stderr]     Checking untrusted v0.7.1
[INFO] [stderr]     Checking unicode-bidi v0.3.4
[INFO] [stderr]     Checking iovec v0.1.4
[INFO] [stderr]    Compiling proc-macro-error-attr v1.0.4
[INFO] [stderr]     Checking form_urlencoded v1.0.0
[INFO] [stderr]    Compiling proc-macro-error v1.0.4
[INFO] [stderr]     Checking addr2line v0.14.1
[INFO] [stderr]     Checking data-encoding v2.3.2
[INFO] [stderr]    Compiling pin-project-internal v0.4.23
[INFO] [stderr]    Compiling blake3 v0.3.7
[INFO] [stderr]     Checking idna v0.2.0
[INFO] [stderr]     Checking backtrace v0.3.56
[INFO] [stderr]    Compiling tempfile v3.2.0
[INFO] [stderr]     Checking net2 v0.2.34
[INFO] [stderr]     Checking sha3 v0.9.1
[INFO] [stderr]     Checking blake2b_simd v0.5.10
[INFO] [stderr]     Checking blake2s_simd v0.5.11
[INFO] [stderr]     Checking unsigned-varint v0.5.1
[INFO] [stderr]     Checking sp-panic-handler v3.0.0 (https://github.com/paritytech/substrate?branch=master#f775d0de)
[INFO] [stderr]     Checking url v2.2.0
[INFO] [stderr]     Checking asn1_der v0.7.4
[INFO] [stderr]     Checking signal-hook-registry v1.2.0
[INFO] [stderr]     Checking bytes v0.5.6
[INFO] [stderr]     Checking cache-padded v1.1.1
[INFO] [stderr]    Compiling httparse v1.3.4
[INFO] [stderr]     Checking waker-fn v1.1.0
[INFO] [stderr]     Checking parking v2.0.0
[INFO] [stderr]     Checking concurrent-queue v1.2.2
[INFO] [stderr]    Compiling synstructure v0.12.4
[INFO] [stderr]     Checking fastrand v1.4.0
[INFO] [stderr]     Checking base64 v0.13.0
[INFO] [stderr]     Checking crc32fast v1.2.0
[INFO] [stderr]     Checking nb-connect v1.0.2
[INFO] [stderr]     Checking event-listener v2.5.1
[INFO] [stderr]     Checking pin-project-lite v0.1.7
[INFO] [stderr]     Checking quick-error v1.2.3
[INFO] [stderr]     Checking futures-lite v1.11.3
[INFO] [stderr]     Checking vec-arena v1.0.0
[INFO] [stderr]    Compiling crossbeam-utils v0.7.2
[INFO] [stderr]     Checking async-task v4.0.3
[INFO] [stderr]     Checking async-channel v1.5.1
[INFO] [stderr]    Compiling crossbeam-utils v0.8.1
[INFO] [stderr]     Checking try-lock v0.2.2
[INFO] [stderr]     Checking atomic-waker v1.0.0
[INFO] [stderr]     Checking async-mutex v1.4.0
[INFO] [stderr]     Checking http v0.2.1
[INFO] [stderr]     Checking signal-hook v0.1.16
[INFO] [stderr]    Compiling wasm-bindgen-shared v0.2.73
[INFO] [stderr]     Checking async-lock v2.4.0
[INFO] [stderr]     Checking universal-hash v0.4.0
[INFO] [stderr]     Checking ipnet v2.3.0
[INFO] [stderr]    Compiling bumpalo v3.4.0
[INFO] [stderr]    Compiling pkg-config v0.3.17
[INFO] [stderr]     Checking httpdate v0.3.2
[INFO] [stderr]     Checking tower-service v0.3.0
[INFO] [stderr]     Checking socket2 v0.3.17
[INFO] [stderr]     Checking sha-1 v0.8.2
[INFO] [stderr]     Checking block-cipher v0.7.1
[INFO] [stderr]     Checking linked-hash-map v0.5.3
[INFO] [stderr]     Checking match_cfg v0.1.0
[INFO] [stderr]    Compiling wasm-bindgen v0.2.73
[INFO] [stderr]     Checking aes-soft v0.4.0
[INFO] [stderr]     Checking tinyvec v1.1.1
[INFO] [stderr]     Checking hostname v0.3.1
[INFO] [stderr]     Checking polyval v0.4.0
[INFO] [stderr]     Checking stream-cipher v0.4.1
[INFO] [stderr]     Checking async-executor v1.4.1
[INFO] [stderr]     Checking blocking v1.0.2
[INFO] [stderr]     Checking aead v0.3.2
[INFO] [stderr]    Compiling memoffset v0.5.5
[INFO] [stderr]    Compiling prometheus v0.11.0
[INFO] [stderr]     Checking ghash v0.3.0
[INFO] [stderr]     Checking aes v0.4.0
[INFO] [stderr]     Checking resolv-conf v0.7.0
[INFO] [stderr]     Checking lru-cache v0.1.2
[INFO] [stderr]     Checking poly1305 v0.6.0
[INFO] [stderr]    Compiling libz-sys v1.0.25
[INFO] [stderr]    Compiling snow v0.7.1
[INFO] [stderr]    Compiling crossbeam-epoch v0.8.2
[INFO] [stderr]     Checking nohash-hasher v0.2.0
[INFO] [stderr]     Checking aes-gcm v0.6.0
[INFO] [stderr]     Checking socket2 v0.4.0
[INFO] [stderr]     Checking blake2 v0.9.0
[INFO] [stderr]     Checking cipher v0.2.5
[INFO] [stderr]    Compiling atomic v0.5.0
[INFO] [stderr]     Checking dns-parser v0.8.0
[INFO] [stderr]     Checking quicksink v0.1.2
[INFO] [stderr]     Checking cuckoofilter v0.5.0
[INFO] [stderr]     Checking hex_fmt v0.3.0
[INFO] [stderr]     Checking salsa20 v0.7.2
[INFO] [stderr]     Checking parity-send-wrapper v0.1.0
[INFO] [stderr]     Checking crossbeam-queue v0.2.3
[INFO] [stderr]    Compiling glob v0.3.0
[INFO] [stderr]    Compiling target-lexicon v0.12.0
[INFO] [stderr]     Checking fallible-iterator v0.2.0
[INFO] [stderr]     Checking itertools v0.10.0
[INFO] [stderr]     Checking wasmparser v0.78.2
[INFO] [stderr]     Checking atty v0.2.14
[INFO] [stderr]     Checking more-asserts v0.2.1
[INFO] [stderr]    Compiling wasmtime-fiber v0.27.0
[INFO] [stderr]    Compiling memoffset v0.6.1
[INFO] [stderr]    Compiling rayon-core v1.7.1
[INFO] [stderr]     Checking termcolor v1.1.0
[INFO] [stderr]     Checking flate2 v1.0.16
[INFO] [stderr]     Checking crossbeam-deque v0.7.3
[INFO] [stderr]     Checking http-body v0.3.1
[INFO] [stderr]     Checking sct v0.6.0
[INFO] [stderr]     Checking webpki v0.21.3
[INFO] [stderr]    Compiling wasmtime-runtime v0.27.0
[INFO] [stderr]     Checking humantime v1.3.0
[INFO] [stderr]     Checking region v2.2.0
[INFO] [stderr]    Compiling rayon v1.3.1
[INFO] [stderr]    Compiling cpp_demangle v0.3.2
[INFO] [stderr]    Compiling psm v0.1.12
[INFO] [stderr]     Checking dirs-sys-next v0.1.2
[INFO] [stderr]    Compiling wasmtime-cache v0.27.0
[INFO] [stderr]     Checking webpki-roots v0.21.0
[INFO] [stderr]     Checking leb128 v0.2.4
[INFO] [stderr]     Checking directories-next v2.0.0
[INFO] [stderr]     Checking errno v0.2.5
[INFO] [stderr]     Checking wast v35.0.1
[INFO] [stderr]     Checking scoped-tls v1.0.0
[INFO] [stderr]     Checking base-x v0.2.8
[INFO] [stderr]     Checking linked_hash_set v0.1.3
[INFO] [stderr]     Checking ip_network v0.3.4
[INFO] [stderr]    Compiling hex-literal v0.3.1
[INFO] [stderr]     Checking bytes v0.4.12
[INFO] [stderr]     Checking threadpool v1.8.1
[INFO] [stderr]    Compiling num-complex v0.2.4
[INFO] [stderr]    Compiling paste-impl v0.1.18
[INFO] [stderr]     Checking approx v0.3.2
[INFO] [stderr]     Checking matrixmultiply v0.2.3
[INFO] [stderr]    Compiling parking_lot_core v0.6.2
[INFO] [stderr]     Checking rand_distr v0.2.2
[INFO] [stderr]    Compiling serde_derive v1.0.126
[INFO] [stderr]    Compiling ctor v0.1.16
[INFO] [stderr]    Compiling thiserror-impl v1.0.24
[INFO] [stderr]    Compiling futures-macro v0.3.14
[INFO] [stderr]    Compiling zeroize_derive v1.0.0
[INFO] [stderr]    Compiling tracing-attributes v0.1.15
[INFO] [stderr]    Compiling impl-trait-for-tuples v0.2.1
[INFO] [stderr]    Compiling parity-util-mem-derive v0.1.0
[INFO] [stderr]    Compiling sp-debug-derive v3.0.0 (https://github.com/paritytech/substrate?branch=master#f775d0de)
[INFO] [stderr]    Compiling ref-cast-impl v1.0.2
[INFO] [stderr]    Compiling dyn-clonable-impl v0.9.0
[INFO] [stderr]    Compiling derive_more v0.99.11
[INFO] [stderr]     Checking zeroize v1.2.0
[INFO] [stderr]     Checking curve25519-dalek v3.0.0
[INFO] [stderr]     Checking curve25519-dalek v2.1.0
[INFO] [stderr]     Checking ref-cast v1.0.2
[INFO] [stderr]     Checking futures-util v0.3.14
[INFO] [stderr]     Checking tracing-log v0.1.1
[INFO] [stderr]     Checking merlin v2.0.0
[INFO] [stderr]     Checking dyn-clonable v0.9.0
[INFO] [stderr]     Checking secrecy v0.7.0
[INFO] [stderr]     Checking trie-db v0.22.3
[INFO] [stderr]    Compiling prost-derive v0.7.0
[INFO] [stderr]    Compiling thiserror v1.0.24
[INFO] [stderr]    Compiling which v4.0.2
[INFO] [stderr]    Compiling pin-project-internal v1.0.4
[INFO] [stderr]     Checking mio v0.6.22
[INFO] [stderr]     Checking tiny-bip39 v0.8.0
[INFO] [stderr]     Checking tracing v0.1.26
[INFO] [stderr]    Compiling prost-build v0.7.0
[INFO] [stderr]    Compiling frame-support-procedural-tools-derive v3.0.0 (https://github.com/paritytech/substrate?branch=master#f775d0de)
[INFO] [stderr]     Checking polling v2.0.2
[INFO] [stderr]     Checking kv-log-macro v1.0.7
[INFO] [stderr]    Compiling async-attributes v1.1.2
[INFO] [stderr]    Compiling wasm-bindgen-backend v0.2.73
[INFO] [stderr]     Checking async-io v1.3.1
[INFO] [stderr]     Checking rustls v0.19.1
[INFO] [stderr]     Checking mio-uds v0.6.8
[INFO] [stderr]     Checking want v0.3.0
[INFO] [stderr]     Checking tokio v0.2.21
[INFO] [stderr]    Compiling enum-as-inner v0.3.3
[INFO] [stderr]     Checking chacha20 v0.4.3
[INFO] [stderr]     Checking async-global-executor v2.0.2
[INFO] [stderr]     Checking async-process v1.0.1
[INFO] [stderr]     Checking chacha20poly1305 v0.5.1
[INFO] [stderr]     Checking if-watch v0.2.0
[INFO] [stderr]     Checking x25519-dalek v0.6.0
[INFO] [stderr]     Checking async-std v1.9.0
[INFO] [stderr]    Compiling minicbor-derive v0.6.2
[INFO] [stderr]    Compiling wasm-bindgen-macro-support v0.2.73
[INFO] [stderr]     Checking x25519-dalek v1.1.0
[INFO] [stderr]    Compiling libp2p-swarm-derive v0.23.0
[INFO] [stderr]     Checking pin-project v1.0.4
[INFO] [stderr]    Compiling scroll_derive v0.10.2
[INFO] [stderr]     Checking env_logger v0.7.1
[INFO] [stderr]     Checking futures-executor v0.3.14
[INFO] [stderr]     Checking asynchronous-codec v0.6.0
[INFO] [stderr]    Compiling prost v0.7.0
[INFO] [stderr]     Checking asynchronous-codec v0.5.0
[INFO] [stderr]     Checking futures v0.3.14
[INFO] [stderr]     Checking pin-project v0.4.23
[INFO] [stderr]     Checking unsigned-varint v0.7.0
[INFO] [stderr]     Checking wasm-timer v0.2.5
[INFO] [stderr]     Checking rw-stream-sink v0.2.1
[INFO] [stderr]     Checking unsigned-varint v0.6.0
[INFO] [stderr]    Compiling prost-types v0.7.0
[INFO] [stderr]     Checking trust-dns-proto v0.20.1
[INFO] [stderr]     Checking yamux v0.9.0
[INFO] [stderr]     Checking soketto v0.4.1
[INFO] [stderr]     Checking futures-rustls v0.21.1
[INFO] [stderr]     Checking multistream-select v0.10.0
[INFO] [stderr]    Compiling wasm-bindgen-macro v0.2.73
[INFO] [stderr]     Checking libp2p-pnet v0.20.0
[INFO] [stderr]     Checking sp-utils v3.0.0 (https://github.com/paritytech/substrate?branch=master#f775d0de)
[INFO] [stderr]     Checking scroll v0.10.1
[INFO] [stderr]     Checking file-per-thread-logger v0.1.3
[INFO] [stderr]     Checking pwasm-utils v0.18.0
[INFO] [stderr]     Checking wat v1.0.37
[INFO] [stderr]    Compiling data-encoding-macro-internal v0.1.9
[INFO] [stderr]     Checking tokio-util v0.3.1
[INFO] [stderr]    Compiling strum_macros v0.20.1
[INFO] [stderr]     Checking paste v0.1.18
[INFO] [stderr]     Checking generic-array v0.13.2
[INFO] [stderr]     Checking minicbor v0.8.0
[INFO] [stderr]     Checking tokio-executor v0.1.10
[INFO] [stderr]     Checking smallvec v0.6.13
[INFO] [stderr]    Compiling parking_lot v0.9.0
[INFO] [stderr]     Checking statrs v0.12.0
[INFO] [stderr]     Checking tokio-io v0.1.13
[INFO] [stderr]     Checking ordered-float v1.1.0
[INFO] [stderr]     Checking trust-dns-resolver v0.20.1
[INFO] [stderr]     Checking integer-encoding v1.1.5
[INFO] [stderr]     Checking tokio-sync v0.1.8
[INFO] [stderr]     Checking simba v0.1.5
[INFO] [stderr]     Checking thrift v0.13.0
[INFO] [stderr]     Checking data-encoding-macro v0.1.10
[INFO] [stderr]    Compiling assert_matches v1.5.0
[INFO] [stderr]     Checking tokio-codec v0.1.2
[INFO] [stderr]     Checking multibase v0.8.0
[INFO] [stderr]     Checking tokio-threadpool v0.1.18
[INFO] [stderr]    Compiling polkadot-procmacro-subsystem-dispatch-gen v0.1.0 (/opt/rustwide/workdir/node/subsystem/dispatch-gen)
[INFO] [stderr]     Checking tokio-timer v0.2.13
[INFO] [stderr]     Checking tokio-current-thread v0.1.7
[INFO] [stderr]     Checking js-sys v0.3.50
[INFO] [stderr]     Checking metered-channel v0.1.0 (/opt/rustwide/workdir/node/metered-channel)
[INFO] [stderr]     Checking nalgebra v0.21.1
[INFO] [stderr]     Checking streamunordered v0.5.1
[INFO] [stderr]     Checking tokio-reactor v0.1.12
[INFO] [stderr]    Compiling failure_derive v0.1.8
[INFO] [stderr]     Checking mick-jaeger v0.1.4
[INFO] [stderr]     Checking idna v0.1.5
[INFO] [stderr]     Checking take_mut v0.2.2
[INFO] [stderr]     Checking async-std-resolver v0.20.1
[INFO] [stderr]    Compiling unicase v2.6.0
[INFO] [stderr]     Checking bstr v0.2.13
[INFO] [stderr]    Compiling winapi v0.3.9
[INFO] [stderr]     Checking http v0.1.21
[INFO] [stderr]     Checking tokio-fs v0.1.7
[INFO] [stderr]     Checking tokio-uds v0.2.7
[INFO] [stderr]     Checking tokio-udp v0.1.6
[INFO] [stderr]     Checking tokio-tcp v0.1.4
[INFO] [stderr]     Checking url v1.7.2
[INFO] [stderr]    Compiling clang-sys v1.2.0
[INFO] [stderr]     Checking globset v0.4.5
[INFO] [stderr]     Checking tokio v0.1.22
[INFO] [stderr]    Compiling ryu v1.0.5
[INFO] [stderr]    Compiling nom v5.1.2
[INFO] [stderr]    Compiling itoa v0.4.6
[INFO] [stderr]     Checking strum v0.20.0
[INFO] [stderr]    Compiling parity-wasm v0.32.0
[INFO] [stderr]     Checking string v0.2.1
[INFO] [stderr]     Checking failure v0.1.8
[INFO] [stderr]     Checking tokio-buf v0.1.1
[INFO] [stderr]    Compiling hyper v0.12.35
[INFO] [stderr]    Compiling semver v0.6.0
[INFO] [stderr]    Compiling same-file v1.0.6
[INFO] [stderr]     Checking mio-named-pipes v0.1.7
[INFO] [stderr]     Checking lazycell v1.2.1
[INFO] [stderr]     Checking miow v0.3.5
[INFO] [stderr]     Checking tokio-named-pipes v0.1.0
[INFO] [stderr]     Checking want v0.2.0
[INFO] [stderr]    Compiling walkdir v2.3.1
[INFO] [stderr]     Checking mio-extras v2.0.6
[INFO] [stderr]    Compiling build-helper v0.1.1
[INFO] [stderr]    Compiling libloading v0.7.0
[INFO] [stderr]     Checking futures-cpupool v0.1.8
[INFO] [stderr]     Checking ed25519-dalek v1.0.1
[INFO] [stderr]     Checking impl-serde v0.3.1
[INFO] [stderr]     Checking tracing-serde v0.1.2
[INFO] [stderr]     Checking erased-serde v0.3.12
[INFO] [stderr]     Checking schnorrkel v0.9.1
[INFO] [stderr]     Checking ethbloom v0.11.0
[INFO] [stderr]     Checking cranelift-entity v0.74.0
[INFO] [stderr]     Checking wasm-bindgen-futures v0.4.23
[INFO] [stderr]     Checking cranelift-codegen-shared v0.74.0
[INFO] [stderr]     Checking regalloc v0.0.31
[INFO] [stderr]     Checking bincode v1.3.1
[INFO] [stderr]     Checking toml v0.5.6
[INFO] [stderr]     Checking http-body v0.1.0
[INFO] [stderr]     Checking h2 v0.2.5
[INFO] [stderr]     Checking gimli v0.24.0
[INFO] [stderr]     Checking cranelift-bforest v0.74.0
[INFO] [stderr]     Checking tracing-subscriber v0.2.15
[INFO] [stderr]     Checking substrate-bip39 v0.4.2
[INFO] [stderr]     Checking object v0.24.0
[INFO] [stderr]     Checking sp-serializer v3.0.0 (https://github.com/paritytech/substrate?branch=master#f775d0de)
[INFO] [stderr]     Checking jsonrpc-core v15.1.0
[INFO] [stderr]     Checking sp-chain-spec v3.0.0 (https://github.com/paritytech/substrate?branch=master#f775d0de)
[INFO] [stderr]    Compiling petgraph v0.5.1
[INFO] [stderr]    Compiling cranelift-codegen-meta v0.74.0
[INFO] [stderr]    Compiling semver v0.11.0
[INFO] [stderr]    Compiling cargo-platform v0.1.1
[INFO] [stderr]    Compiling wasm-gc-api v0.1.11
[INFO] [stderr]     Checking jsonrpc-pubsub v15.1.0
[INFO] [stderr]    Compiling proc-macro-crate v0.1.5
[INFO] [stderr]    Compiling proc-macro-crate v1.0.0
[INFO] [stderr]     Checking jsonrpc-client-transports v15.1.0
[INFO] [stderr]    Compiling frame-support-procedural-tools v3.0.0 (https://github.com/paritytech/substrate?branch=master#f775d0de)
[INFO] [stderr]     Checking jsonrpc-server-utils v15.1.0
[INFO] [stderr]     Checking h2 v0.1.26
[INFO] [stderr]     Checking jsonrpc-core-client v15.1.0
[INFO] [stderr]    Compiling bindgen v0.57.0
[INFO] [stderr]    Compiling cargo_metadata v0.12.3
[INFO] [stderr]    Compiling cexpr v0.4.0
[INFO] [stderr]    Compiling parity-scale-codec-derive v2.1.0
[INFO] [stderr]    Compiling max-encoded-len-derive v3.0.0 (https://github.com/paritytech/substrate?branch=master#f775d0de)
[INFO] [stderr]    Compiling sp-runtime-interface-proc-macro v3.0.0 (https://github.com/paritytech/substrate?branch=master#f775d0de)
[INFO] [stderr]    Compiling sp-api-proc-macro v3.0.0 (https://github.com/paritytech/substrate?branch=master#f775d0de)
[INFO] [stderr]    Compiling multihash-derive v0.7.0
[INFO] [stderr]    Compiling frame-support-procedural v3.0.0 (https://github.com/paritytech/substrate?branch=master#f775d0de)
[INFO] [stderr]     Checking hyper v0.13.9
[INFO] [stderr] error: failed to run custom build command for `jemalloc-sys v0.3.2`
[INFO] [stderr] note: To improve backtraces for build dependencies, set the CARGO_PROFILE_DEV_BUILD_OVERRIDE_DEBUG=true environment variable to enable debug information generation.
[INFO] [stderr] 
[INFO] [stderr] Caused by:
[INFO] [stderr]   process didn't exit successfully: `/opt/rustwide/target/debug/build/jemalloc-sys-70b07febbb32eb7d/build-script-build` (exit status: 101)
[INFO] [stderr]   --- stdout
[INFO] [stderr]   TARGET=x86_64-unknown-linux-gnu
[INFO] [stderr]   HOST=x86_64-unknown-linux-gnu
[INFO] [stderr]   NUM_JOBS=16
[INFO] [stderr]   OUT_DIR="/opt/rustwide/target/debug/build/jemalloc-sys-8e6dce18a197384b/out"
[INFO] [stderr]   BUILD_DIR="/opt/rustwide/target/debug/build/jemalloc-sys-8e6dce18a197384b/out/build"
[INFO] [stderr]   SRC_DIR="/opt/rustwide/cargo-home/registry/src/index.crates.io-6f17d22bba15001f/jemalloc-sys-0.3.2"
[INFO] [stderr]   OPT_LEVEL = Some("0")
[INFO] [stderr]   TARGET = Some("x86_64-unknown-linux-gnu")
[INFO] [stderr]   HOST = Some("x86_64-unknown-linux-gnu")
[INFO] [stderr]   CC_x86_64-unknown-linux-gnu = None
[INFO] [stderr]   CC_x86_64_unknown_linux_gnu = None
[INFO] [stderr]   HOST_CC = None
[INFO] [stderr]   CC = None
[INFO] [stderr]   CFLAGS_x86_64-unknown-linux-gnu = None
[INFO] [stderr]   CFLAGS_x86_64_unknown_linux_gnu = None
[INFO] [stderr]   HOST_CFLAGS = None
[INFO] [stderr]   CFLAGS = None
[INFO] [stderr]   CRATE_CC_NO_DEFAULTS = None
[INFO] [stderr]   DEBUG = Some("true")
[INFO] [stderr]   CARGO_CFG_TARGET_FEATURE = Some("fxsr,sse,sse2")
[INFO] [stderr]   CC="cc"
[INFO] [stderr]   CFLAGS="-O0 -ffunction-sections -fdata-sections -fPIC -g -fno-omit-frame-pointer -m64 -Wall"
[INFO] [stderr]   JEMALLOC_REPO_DIR="jemalloc"
[INFO] [stderr]   JEMALLOC_SRC_DIR="/opt/rustwide/target/debug/build/jemalloc-sys-8e6dce18a197384b/out/jemalloc"
[INFO] [stderr]   cargo:rustc-cfg=prefixed
[INFO] [stderr]   --with-jemalloc-prefix=_rjem_
[INFO] [stderr]   running: cd "/opt/rustwide/target/debug/build/jemalloc-sys-8e6dce18a197384b/out/build" && CC="cc" CFLAGS="-O0 -ffunction-sections -fdata-sections -fPIC -g -fno-omit-frame-pointer -m64 -Wall" CPPFLAGS="-O0 -ffunction-sections -fdata-sections -fPIC -g -fno-omit-frame-pointer -m64 -Wall" LDFLAGS="-O0 -ffunction-sections -fdata-sections -fPIC -g -fno-omit-frame-pointer -m64 -Wall" "sh" "/opt/rustwide/target/debug/build/jemalloc-sys-8e6dce18a197384b/out/jemalloc/configure" "--disable-cxx" "--with-jemalloc-prefix=_rjem_" "--with-private-namespace=_rjem_" "--host=x86_64-unknown-linux-gnu" "--build=x86_64-unknown-linux-gnu" "--prefix=/opt/rustwide/target/debug/build/jemalloc-sys-8e6dce18a197384b/out"
[INFO] [stderr]   checking for xsltproc... false
[INFO] [stderr]   checking for x86_64-unknown-linux-gnu-gcc... cc
[INFO] [stderr]   checking whether the C compiler works... yes
[INFO] [stderr]   checking for C compiler default output file name... a.out
[INFO] [stderr]   checking for suffix of executables... 
[INFO] [stderr]   checking whether we are cross compiling... no
[INFO] [stderr]   checking for suffix of object files... o
[INFO] [stderr]   checking whether we are using the GNU C compiler... yes
[INFO] [stderr]   checking whether cc accepts -g... yes
[INFO] [stderr]   checking for cc option to accept ISO C89... none needed
[INFO] [stderr]   checking whether compiler is cray... no
[INFO] [stderr]   checking whether compiler supports -std=gnu11... yes
[INFO] [stderr]   checking whether compiler supports -Wall... yes
[INFO] [stderr]   checking whether compiler supports -Wshorten-64-to-32... no
[INFO] [stderr]   checking whether compiler supports -Wsign-compare... yes
[INFO] [stderr]   checking whether compiler supports -Wundef... yes
[INFO] [stderr]   checking whether compiler supports -Wno-format-zero-length... yes
[INFO] [stderr]   checking whether compiler supports -pipe... yes
[INFO] [stderr]   checking whether compiler supports -g3... yes
[INFO] [stderr]   checking how to run the C preprocessor... cc -E
[INFO] [stderr]   checking for grep that handles long lines and -e... /usr/bin/grep
[INFO] [stderr]   checking for egrep... /usr/bin/grep -E
[INFO] [stderr]   checking for ANSI C header files... yes
[INFO] [stderr]   checking for sys/types.h... yes
[INFO] [stderr]   checking for sys/stat.h... yes
[INFO] [stderr]   checking for stdlib.h... yes
[INFO] [stderr]   checking for string.h... yes
[INFO] [stderr]   checking for memory.h... yes
[INFO] [stderr]   checking for strings.h... yes
[INFO] [stderr]   checking for inttypes.h... yes
[INFO] [stderr]   checking for stdint.h... yes
[INFO] [stderr]   checking for unistd.h... yes
[INFO] [stderr]   checking whether byte ordering is bigendian... no
[INFO] [stderr]   checking size of void *... 8
[INFO] [stderr]   checking size of int... 4
[INFO] [stderr]   checking size of long... 8
[INFO] [stderr]   checking size of long long... 8
[INFO] [stderr]   checking size of intmax_t... 8
[INFO] [stderr]   checking build system type... x86_64-unknown-linux-gnu
[INFO] [stderr]   checking host system type... x86_64-unknown-linux-gnu
[INFO] [stderr]   checking whether pause instruction is compilable... yes
[INFO] [stderr]   checking number of significant virtual address bits... 48
[INFO] [stderr]   checking for x86_64-unknown-linux-gnu-ar... no
[INFO] [stderr]   checking for ar... ar
[INFO] [stderr]   checking for x86_64-unknown-linux-gnu-nm... no
[INFO] [stderr]   checking for nm... nm
[INFO] [stderr]   checking for gawk... no
[INFO] [stderr]   checking for mawk... mawk
[INFO] [stderr]   checking malloc.h usability... yes
[INFO] [stderr]   checking malloc.h presence... yes
[INFO] [stderr]   checking for malloc.h... yes
[INFO] [stderr]   checking whether malloc_usable_size definition can use const argument... no
[INFO] [stderr]   checking for library containing log... -lm
[INFO] [stderr]   checking whether __attribute__ syntax is compilable... yes
[INFO] [stderr]   checking whether compiler supports -fvisibility=hidden... yes
[INFO] [stderr]   checking whether compiler supports -fvisibility=hidden... no
[INFO] [stderr]   checking whether compiler supports -Werror... yes
[INFO] [stderr]   checking whether compiler supports -herror_on_warning... yes
[INFO] [stderr]   checking whether tls_model attribute is compilable... yes
[INFO] [stderr]   checking whether compiler supports -Werror... yes
[INFO] [stderr]   checking whether compiler supports -herror_on_warning... yes
[INFO] [stderr]   checking whether alloc_size attribute is compilable... yes
[INFO] [stderr]   checking whether compiler supports -Werror... yes
[INFO] [stderr]   checking whether compiler supports -herror_on_warning... yes
[INFO] [stderr]   checking whether format(gnu_printf, ...) attribute is compilable... yes
[INFO] [stderr]   checking whether compiler supports -Werror... yes
[INFO] [stderr]   checking whether compiler supports -herror_on_warning... yes
[INFO] [stderr]   checking whether format(printf, ...) attribute is compilable... yes
[INFO] [stderr]   checking for a BSD-compatible install... /usr/bin/install -c
[INFO] [stderr]   checking for x86_64-unknown-linux-gnu-ranlib... no
[INFO] [stderr]   checking for ranlib... ranlib
[INFO] [stderr]   checking for ld... /usr/bin/ld
[INFO] [stderr]   checking for autoconf... /usr/bin/autoconf
[INFO] [stderr]   checking for memalign... yes
[INFO] [stderr]   checking for valloc... yes
[INFO] [stderr]   checking whether compiler supports -O3... yes
[INFO] [stderr]   checking whether compiler supports -O3... no
[INFO] [stderr]   checking whether compiler supports -funroll-loops... yes
[INFO] [stderr]   checking configured backtracing method... N/A
[INFO] [stderr]   checking for sbrk... yes
[INFO] [stderr]   checking whether utrace(2) is compilable... no
[INFO] [stderr]   checking whether a program using __builtin_unreachable is compilable... yes
[INFO] [stderr]   checking whether a program using __builtin_ffsl is compilable... yes
[INFO] [stderr]   checking LG_PAGE... 12
[INFO] [stderr]   Missing VERSION file, and unable to generate it; creating bogus VERSION
[INFO] [stderr]   checking pthread.h usability... yes
[INFO] [stderr]   checking pthread.h presence... yes
[INFO] [stderr]   checking for pthread.h... yes
[INFO] [stderr]   checking for pthread_create in -lpthread... yes
[INFO] [stderr]   checking dlfcn.h usability... yes
[INFO] [stderr]   checking dlfcn.h presence... yes
[INFO] [stderr]   checking for dlfcn.h... yes
[INFO] [stderr]   checking for dlsym... yes
[INFO] [stderr]   checking whether pthread_atfork(3) is compilable... yes
[INFO] [stderr]   checking whether pthread_setname_np(3) is compilable... yes
[INFO] [stderr]   checking for library containing clock_gettime... none required
[INFO] [stderr]   checking whether clock_gettime(CLOCK_MONOTONIC_COARSE, ...) is compilable... yes
[INFO] [stderr]   checking whether clock_gettime(CLOCK_MONOTONIC, ...) is compilable... yes
[INFO] [stderr]   checking whether mach_absolute_time() is compilable... no
[INFO] [stderr]   checking whether compiler supports -Werror... yes
[INFO] [stderr]   checking whether syscall(2) is compilable... yes
[INFO] [stderr]   checking for secure_getenv... yes
[INFO] [stderr]   checking for sched_getcpu... yes
[INFO] [stderr]   checking for sched_setaffinity... yes
[INFO] [stderr]   checking for issetugid... no
[INFO] [stderr]   checking for _malloc_thread_cleanup... no
[INFO] [stderr]   checking for _pthread_mutex_init_calloc_cb... no
[INFO] [stderr]   checking for TLS... yes
[INFO] [stderr]   checking whether C11 atomics is compilable... yes
[INFO] [stderr]   checking whether GCC __atomic atomics is compilable... yes
[INFO] [stderr]   checking whether GCC __sync atomics is compilable... yes
[INFO] [stderr]   checking whether Darwin OSAtomic*() is compilable... no
[INFO] [stderr]   checking whether madvise(2) is compilable... yes
[INFO] [stderr]   checking whether madvise(..., MADV_FREE) is compilable... yes
[INFO] [stderr]   checking whether madvise(..., MADV_DONTNEED) is compilable... yes
[INFO] [stderr]   checking whether madvise(..., MADV_DO[NT]DUMP) is compilable... yes
[INFO] [stderr]   checking whether madvise(..., MADV_[NO]HUGEPAGE) is compilable... yes
[INFO] [stderr]   checking whether to force 32-bit __sync_{add,sub}_and_fetch()... no
[INFO] [stderr]   checking whether to force 64-bit __sync_{add,sub}_and_fetch()... no
[INFO] [stderr]   checking for __builtin_clz... yes
[INFO] [stderr]   checking whether Darwin os_unfair_lock_*() is compilable... no
[INFO] [stderr]   checking whether Darwin OSSpin*() is compilable... no
[INFO] [stderr]   checking whether glibc malloc hook is compilable... no
[INFO] [stderr]   checking whether glibc memalign hook is compilable... no
[INFO] [stderr]   checking whether pthreads adaptive mutexes is compilable... yes
[INFO] [stderr]   checking whether compiler supports -D_GNU_SOURCE... yes
[INFO] [stderr]   checking whether compiler supports -Werror... yes
[INFO] [stderr]   checking whether compiler supports -herror_on_warning... yes
[INFO] [stderr]   checking whether strerror_r returns char with gnu source is compilable... yes
[INFO] [stderr]   checking for stdbool.h that conforms to C99... yes
[INFO] [stderr]   checking for _Bool... yes
[INFO] [stderr]   configure: creating ./config.status
[INFO] [stderr]   config.status: creating Makefile
[INFO] [stderr]   config.status: creating jemalloc.pc
[INFO] [stderr]   config.status: creating doc/html.xsl
[INFO] [stderr]   config.status: creating doc/manpages.xsl
[INFO] [stderr]   config.status: creating doc/jemalloc.xml
[INFO] [stderr]   config.status: creating include/jemalloc/jemalloc_macros.h
[INFO] [stderr]   config.status: creating include/jemalloc/jemalloc_protos.h
[INFO] [stderr]   config.status: creating include/jemalloc/jemalloc_typedefs.h
[INFO] [stderr]   config.status: creating include/jemalloc/internal/jemalloc_preamble.h
[INFO] [stderr]   config.status: creating test/test.sh
[INFO] [stderr]   config.status: creating test/include/test/jemalloc_test.h
[INFO] [stderr]   config.status: creating config.stamp
[INFO] [stderr]   config.status: creating bin/jemalloc-config
[INFO] [stderr]   config.status: creating bin/jemalloc.sh
[INFO] [stderr]   config.status: creating bin/jeprof
[INFO] [stderr]   config.status: creating include/jemalloc/jemalloc_defs.h
[INFO] [stderr]   config.status: creating include/jemalloc/internal/jemalloc_internal_defs.h
[INFO] [stderr]   config.status: creating test/include/test/jemalloc_test_defs.h
[INFO] [stderr]   config.status: executing include/jemalloc/internal/public_symbols.txt commands
[INFO] [stderr]   config.status: executing include/jemalloc/internal/private_symbols.awk commands
[INFO] [stderr]   config.status: executing include/jemalloc/internal/private_symbols_jet.awk commands
[INFO] [stderr]   config.status: executing include/jemalloc/internal/public_namespace.h commands
[INFO] [stderr]   config.status: executing include/jemalloc/internal/public_unnamespace.h commands
[INFO] [stderr]   config.status: executing include/jemalloc/internal/size_classes.h commands
[INFO] [stderr]   config.status: executing include/jemalloc/jemalloc_protos_jet.h commands
[INFO] [stderr]   config.status: executing include/jemalloc/jemalloc_rename.h commands
[INFO] [stderr]   config.status: executing include/jemalloc/jemalloc_mangle.h commands
[INFO] [stderr]   config.status: executing include/jemalloc/jemalloc_mangle_jet.h commands
[INFO] [stderr]   config.status: executing include/jemalloc/jemalloc.h commands
[INFO] [stderr]   ===============================================================================
[INFO] [stderr]   jemalloc version   : 0.0.0-0-g0000000000000000000000000000000000000000
[INFO] [stderr]   library revision   : 2
[INFO] [stderr] 
[INFO] [stderr]   CONFIG             : --disable-cxx --with-jemalloc-prefix=_rjem_ --with-private-namespace=_rjem_ --host=x86_64-unknown-linux-gnu --build=x86_64-unknown-linux-gnu --prefix=/opt/rustwide/target/debug/build/jemalloc-sys-8e6dce18a197384b/out build_alias=x86_64-unknown-linux-gnu host_alias=x86_64-unknown-linux-gnu CC=cc 'CFLAGS=-O0 -ffunction-sections -fdata-sections -fPIC -g -fno-omit-frame-pointer -m64 -Wall' 'LDFLAGS=-O0 -ffunction-sections -fdata-sections -fPIC -g -fno-omit-frame-pointer -m64 -Wall' 'CPPFLAGS=-O0 -ffunction-sections -fdata-sections -fPIC -g -fno-omit-frame-pointer -m64 -Wall'
[INFO] [stderr]   CC                 : cc
[INFO] [stderr]   CONFIGURE_CFLAGS   : -std=gnu11 -Wall -Wsign-compare -Wundef -Wno-format-zero-length -pipe -g3 -fvisibility=hidden -O3 -funroll-loops
[INFO] [stderr]   SPECIFIED_CFLAGS   : -O0 -ffunction-sections -fdata-sections -fPIC -g -fno-omit-frame-pointer -m64 -Wall
[INFO] [stderr]   EXTRA_CFLAGS       : 
[INFO] [stderr]   CPPFLAGS           : -O0 -ffunction-sections -fdata-sections -fPIC -g -fno-omit-frame-pointer -m64 -Wall -D_GNU_SOURCE -D_REENTRANT
[INFO] [stderr]   CXX                : 
[INFO] [stderr]   CONFIGURE_CXXFLAGS : 
[INFO] [stderr]   SPECIFIED_CXXFLAGS : 
[INFO] [stderr]   EXTRA_CXXFLAGS     : 
[INFO] [stderr]   LDFLAGS            : -O0 -ffunction-sections -fdata-sections -fPIC -g -fno-omit-frame-pointer -m64 -Wall
[INFO] [stderr]   EXTRA_LDFLAGS      : 
[INFO] [stderr]   DSO_LDFLAGS        : -shared -Wl,-soname,$(@F)
[INFO] [stderr]   LIBS               : -lm  -lpthread
[INFO] [stderr]   RPATH_EXTRA        : 
[INFO] [stderr] 
[INFO] [stderr]   XSLTPROC           : false
[INFO] [stderr]   XSLROOT            : 
[INFO] [stderr] 
[INFO] [stderr]   PREFIX             : /opt/rustwide/target/debug/build/jemalloc-sys-8e6dce18a197384b/out
[INFO] [stderr]   BINDIR             : /opt/rustwide/target/debug/build/jemalloc-sys-8e6dce18a197384b/out/bin
[INFO] [stderr]   DATADIR            : /opt/rustwide/target/debug/build/jemalloc-sys-8e6dce18a197384b/out/share
[INFO] [stderr]   INCLUDEDIR         : /opt/rustwide/target/debug/build/jemalloc-sys-8e6dce18a197384b/out/include
[INFO] [stderr]   LIBDIR             : /opt/rustwide/target/debug/build/jemalloc-sys-8e6dce18a197384b/out/lib
[INFO] [stderr]   MANDIR             : /opt/rustwide/target/debug/build/jemalloc-sys-8e6dce18a197384b/out/share/man
[INFO] [stderr] 
[INFO] [stderr]   srcroot            : /opt/rustwide/target/debug/build/jemalloc-sys-8e6dce18a197384b/out/jemalloc/
[INFO] [stderr]   abs_srcroot        : /opt/rustwide/target/debug/build/jemalloc-sys-8e6dce18a197384b/out/jemalloc/
[INFO] [stderr]   objroot            : 
[INFO] [stderr]   abs_objroot        : /opt/rustwide/target/debug/build/jemalloc-sys-8e6dce18a197384b/out/build/
[INFO] [stderr] 
[INFO] [stderr]   JEMALLOC_PREFIX    : _rjem_
[INFO] [stderr]   JEMALLOC_PRIVATE_NAMESPACE
[INFO] [stderr]                      : _rjem_je_
[INFO] [stderr]   install_suffix     : 
[INFO] [stderr]   malloc_conf        : 
[INFO] [stderr]   autogen            : 0
[INFO] [stderr]   debug              : 0
[INFO] [stderr]   stats              : 1
[INFO] [stderr]   prof               : 0
[INFO] [stderr]   prof-libunwind     : 0
[INFO] [stderr]   prof-libgcc        : 0
[INFO] [stderr]   prof-gcc           : 0
[INFO] [stderr]   fill               : 1
[INFO] [stderr]   utrace             : 0
[INFO] [stderr]   xmalloc            : 0
[INFO] [stderr]   log                : 0
[INFO] [stderr]   lazy_lock          : 0
[INFO] [stderr]   cache-oblivious    : 1
[INFO] [stderr]   cxx                : 0
[INFO] [stderr]   ===============================================================================
[INFO] [stderr]   running: cd "/opt/rustwide/target/debug/build/jemalloc-sys-8e6dce18a197384b/out/build" && "make" "srcroot=../jemalloc/" "-j" "16"
[INFO] [stderr]   cc -std=gnu11 -Wall -Wsign-compare -Wundef -Wno-format-zero-length -pipe -g3 -fvisibility=hidden -O3 -funroll-loops -O0 -ffunction-sections -fdata-sections -fPIC -g -fno-omit-frame-pointer -m64 -Wall -fPIC -DPIC -c -O0 -ffunction-sections -fdata-sections -fPIC -g -fno-omit-frame-pointer -m64 -Wall -D_GNU_SOURCE -D_REENTRANT -Iinclude -I../jemalloc/include -DJEMALLOC_NO_PRIVATE_NAMESPACE -o src/jemalloc.sym.o ../jemalloc/src/jemalloc.c
[INFO] [stderr]   cc -std=gnu11 -Wall -Wsign-compare -Wundef -Wno-format-zero-length -pipe -g3 -fvisibility=hidden -O3 -funroll-loops -O0 -ffunction-sections -fdata-sections -fPIC -g -fno-omit-frame-pointer -m64 -Wall -fPIC -DPIC -c -O0 -ffunction-sections -fdata-sections -fPIC -g -fno-omit-frame-pointer -m64 -Wall -D_GNU_SOURCE -D_REENTRANT -Iinclude -I../jemalloc/include -DJEMALLOC_NO_PRIVATE_NAMESPACE -o src/arena.sym.o ../jemalloc/src/arena.c
[INFO] [stderr]   cc -std=gnu11 -Wall -Wsign-compare -Wundef -Wno-format-zero-length -pipe -g3 -fvisibility=hidden -O3 -funroll-loops -O0 -ffunction-sections -fdata-sections -fPIC -g -fno-omit-frame-pointer -m64 -Wall -fPIC -DPIC -c -O0 -ffunction-sections -fdata-sections -fPIC -g -fno-omit-frame-pointer -m64 -Wall -D_GNU_SOURCE -D_REENTRANT -Iinclude -I../jemalloc/include -DJEMALLOC_NO_PRIVATE_NAMESPACE -o src/background_thread.sym.o ../jemalloc/src/background_thread.c
[INFO] [stderr]   cc -std=gnu11 -Wall -Wsign-compare -Wundef -Wno-format-zero-length -pipe -g3 -fvisibility=hidden -O3 -funroll-loops -O0 -ffunction-sections -fdata-sections -fPIC -g -fno-omit-frame-pointer -m64 -Wall -fPIC -DPIC -c -O0 -ffunction-sections -fdata-sections -fPIC -g -fno-omit-frame-pointer -m64 -Wall -D_GNU_SOURCE -D_REENTRANT -Iinclude -I../jemalloc/include -DJEMALLOC_NO_PRIVATE_NAMESPACE -o src/base.sym.o ../jemalloc/src/base.c
[INFO] [stderr]   cc -std=gnu11 -Wall -Wsign-compare -Wundef -Wno-format-zero-length -pipe -g3 -fvisibility=hidden -O3 -funroll-loops -O0 -ffunction-sections -fdata-sections -fPIC -g -fno-omit-frame-pointer -m64 -Wall -fPIC -DPIC -c -O0 -ffunction-sections -fdata-sections -fPIC -g -fno-omit-frame-pointer -m64 -Wall -D_GNU_SOURCE -D_REENTRANT -Iinclude -I../jemalloc/include -DJEMALLOC_NO_PRIVATE_NAMESPACE -o src/bin.sym.o ../jemalloc/src/bin.c
[INFO] [stderr]   cc -std=gnu11 -Wall -Wsign-compare -Wundef -Wno-format-zero-length -pipe -g3 -fvisibility=hidden -O3 -funroll-loops -O0 -ffunction-sections -fdata-sections -fPIC -g -fno-omit-frame-pointer -m64 -Wall -fPIC -DPIC -c -O0 -ffunction-sections -fdata-sections -fPIC -g -fno-omit-frame-pointer -m64 -Wall -D_GNU_SOURCE -D_REENTRANT -Iinclude -I../jemalloc/include -DJEMALLOC_NO_PRIVATE_NAMESPACE -o src/bitmap.sym.o ../jemalloc/src/bitmap.c
[INFO] [stderr]   cc -std=gnu11 -Wall -Wsign-compare -Wundef -Wno-format-zero-length -pipe -g3 -fvisibility=hidden -O3 -funroll-loops -O0 -ffunction-sections -fdata-sections -fPIC -g -fno-omit-frame-pointer -m64 -Wall -fPIC -DPIC -c -O0 -ffunction-sections -fdata-sections -fPIC -g -fno-omit-frame-pointer -m64 -Wall -D_GNU_SOURCE -D_REENTRANT -Iinclude -I../jemalloc/include -DJEMALLOC_NO_PRIVATE_NAMESPACE -o src/ckh.sym.o ../jemalloc/src/ckh.c
[INFO] [stderr]   cc -std=gnu11 -Wall -Wsign-compare -Wundef -Wno-format-zero-length -pipe -g3 -fvisibility=hidden -O3 -funroll-loops -O0 -ffunction-sections -fdata-sections -fPIC -g -fno-omit-frame-pointer -m64 -Wall -fPIC -DPIC -c -O0 -ffunction-sections -fdata-sections -fPIC -g -fno-omit-frame-pointer -m64 -Wall -D_GNU_SOURCE -D_REENTRANT -Iinclude -I../jemalloc/include -DJEMALLOC_NO_PRIVATE_NAMESPACE -o src/ctl.sym.o ../jemalloc/src/ctl.c
[INFO] [stderr]   cc -std=gnu11 -Wall -Wsign-compare -Wundef -Wno-format-zero-length -pipe -g3 -fvisibility=hidden -O3 -funroll-loops -O0 -ffunction-sections -fdata-sections -fPIC -g -fno-omit-frame-pointer -m64 -Wall -fPIC -DPIC -c -O0 -ffunction-sections -fdata-sections -fPIC -g -fno-omit-frame-pointer -m64 -Wall -D_GNU_SOURCE -D_REENTRANT -Iinclude -I../jemalloc/include -DJEMALLOC_NO_PRIVATE_NAMESPACE -o src/div.sym.o ../jemalloc/src/div.c
[INFO] [stderr]   cc -std=gnu11 -Wall -Wsign-compare -Wundef -Wno-format-zero-length -pipe -g3 -fvisibility=hidden -O3 -funroll-loops -O0 -ffunction-sections -fdata-sections -fPIC -g -fno-omit-frame-pointer -m64 -Wall -fPIC -DPIC -c -O0 -ffunction-sections -fdata-sections -fPIC -g -fno-omit-frame-pointer -m64 -Wall -D_GNU_SOURCE -D_REENTRANT -Iinclude -I../jemalloc/include -DJEMALLOC_NO_PRIVATE_NAMESPACE -o src/extent.sym.o ../jemalloc/src/extent.c
[INFO] [stderr]   cc -std=gnu11 -Wall -Wsign-compare -Wundef -Wno-format-zero-length -pipe -g3 -fvisibility=hidden -O3 -funroll-loops -O0 -ffunction-sections -fdata-sections -fPIC -g -fno-omit-frame-pointer -m64 -Wall -fPIC -DPIC -c -O0 -ffunction-sections -fdata-sections -fPIC -g -fno-omit-frame-pointer -m64 -Wall -D_GNU_SOURCE -D_REENTRANT -Iinclude -I../jemalloc/include -DJEMALLOC_NO_PRIVATE_NAMESPACE -o src/extent_dss.sym.o ../jemalloc/src/extent_dss.c
[INFO] [stderr]   cc -std=gnu11 -Wall -Wsign-compare -Wundef -Wno-format-zero-length -pipe -g3 -fvisibility=hidden -O3 -funroll-loops -O0 -ffunction-sections -fdata-sections -fPIC -g -fno-omit-frame-pointer -m64 -Wall -fPIC -DPIC -c -O0 -ffunction-sections -fdata-sections -fPIC -g -fno-omit-frame-pointer -m64 -Wall -D_GNU_SOURCE -D_REENTRANT -Iinclude -I../jemalloc/include -DJEMALLOC_NO_PRIVATE_NAMESPACE -o src/extent_mmap.sym.o ../jemalloc/src/extent_mmap.c
[INFO] [stderr]   cc -std=gnu11 -Wall -Wsign-compare -Wundef -Wno-format-zero-length -pipe -g3 -fvisibility=hidden -O3 -funroll-loops -O0 -ffunction-sections -fdata-sections -fPIC -g -fno-omit-frame-pointer -m64 -Wall -fPIC -DPIC -c -O0 -ffunction-sections -fdata-sections -fPIC -g -fno-omit-frame-pointer -m64 -Wall -D_GNU_SOURCE -D_REENTRANT -Iinclude -I../jemalloc/include -DJEMALLOC_NO_PRIVATE_NAMESPACE -o src/hash.sym.o ../jemalloc/src/hash.c
[INFO] [stderr]   cc -std=gnu11 -Wall -Wsign-compare -Wundef -Wno-format-zero-length -pipe -g3 -fvisibility=hidden -O3 -funroll-loops -O0 -ffunction-sections -fdata-sections -fPIC -g -fno-omit-frame-pointer -m64 -Wall -fPIC -DPIC -c -O0 -ffunction-sections -fdata-sections -fPIC -g -fno-omit-frame-pointer -m64 -Wall -D_GNU_SOURCE -D_REENTRANT -Iinclude -I../jemalloc/include -DJEMALLOC_NO_PRIVATE_NAMESPACE -o src/hooks.sym.o ../jemalloc/src/hooks.c
[INFO] [stderr]   cc -std=gnu11 -Wall -Wsign-compare -Wundef -Wno-format-zero-length -pipe -g3 -fvisibility=hidden -O3 -funroll-loops -O0 -ffunction-sections -fdata-sections -fPIC -g -fno-omit-frame-pointer -m64 -Wall -fPIC -DPIC -c -O0 -ffunction-sections -fdata-sections -fPIC -g -fno-omit-frame-pointer -m64 -Wall -D_GNU_SOURCE -D_REENTRANT -Iinclude -I../jemalloc/include -DJEMALLOC_NO_PRIVATE_NAMESPACE -o src/large.sym.o ../jemalloc/src/large.c
[INFO] [stderr]   cc -std=gnu11 -Wall -Wsign-compare -Wundef -Wno-format-zero-length -pipe -g3 -fvisibility=hidden -O3 -funroll-loops -O0 -ffunction-sections -fdata-sections -fPIC -g -fno-omit-frame-pointer -m64 -Wall -fPIC -DPIC -c -O0 -ffunction-sections -fdata-sections -fPIC -g -fno-omit-frame-pointer -m64 -Wall -D_GNU_SOURCE -D_REENTRANT -Iinclude -I../jemalloc/include -DJEMALLOC_NO_PRIVATE_NAMESPACE -o src/log.sym.o ../jemalloc/src/log.c
[INFO] [stderr]   cc -std=gnu11 -Wall -Wsign-compare -Wundef -Wno-format-zero-length -pipe -g3 -fvisibility=hidden -O3 -funroll-loops -O0 -ffunction-sections -fdata-sections -fPIC -g -fno-omit-frame-pointer -m64 -Wall -fPIC -DPIC -c -O0 -ffunction-sections -fdata-sections -fPIC -g -fno-omit-frame-pointer -m64 -Wall -D_GNU_SOURCE -D_REENTRANT -Iinclude -I../jemalloc/include -DJEMALLOC_NO_PRIVATE_NAMESPACE -o src/malloc_io.sym.o ../jemalloc/src/malloc_io.c
[INFO] [stderr]   cc -std=gnu11 -Wall -Wsign-compare -Wundef -Wno-format-zero-length -pipe -g3 -fvisibility=hidden -O3 -funroll-loops -O0 -ffunction-sections -fdata-sections -fPIC -g -fno-omit-frame-pointer -m64 -Wall -fPIC -DPIC -c -O0 -ffunction-sections -fdata-sections -fPIC -g -fno-omit-frame-pointer -m64 -Wall -D_GNU_SOURCE -D_REENTRANT -Iinclude -I../jemalloc/include -DJEMALLOC_NO_PRIVATE_NAMESPACE -o src/mutex.sym.o ../jemalloc/src/mutex.c
[INFO] [stderr]   cc -std=gnu11 -Wall -Wsign-compare -Wundef -Wno-format-zero-length -pipe -g3 -fvisibility=hidden -O3 -funroll-loops -O0 -ffunction-sections -fdata-sections -fPIC -g -fno-omit-frame-pointer -m64 -Wall -fPIC -DPIC -c -O0 -ffunction-sections -fdata-sections -fPIC -g -fno-omit-frame-pointer -m64 -Wall -D_GNU_SOURCE -D_REENTRANT -Iinclude -I../jemalloc/include -DJEMALLOC_NO_PRIVATE_NAMESPACE -o src/mutex_pool.sym.o ../jemalloc/src/mutex_pool.c
[INFO] [stderr]   cc -std=gnu11 -Wall -Wsign-compare -Wundef -Wno-format-zero-length -pipe -g3 -fvisibility=hidden -O3 -funroll-loops -O0 -ffunction-sections -fdata-sections -fPIC -g -fno-omit-frame-pointer -m64 -Wall -fPIC -DPIC -c -O0 -ffunction-sections -fdata-sections -fPIC -g -fno-omit-frame-pointer -m64 -Wall -D_GNU_SOURCE -D_REENTRANT -Iinclude -I../jemalloc/include -DJEMALLOC_NO_PRIVATE_NAMESPACE -o src/nstime.sym.o ../jemalloc/src/nstime.c
[INFO] [stderr]   cc -std=gnu11 -Wall -Wsign-compare -Wundef -Wno-format-zero-length -pipe -g3 -fvisibility=hidden -O3 -funroll-loops -O0 -ffunction-sections -fdata-sections -fPIC -g -fno-omit-frame-pointer -m64 -Wall -fPIC -DPIC -c -O0 -ffunction-sections -fdata-sections -fPIC -g -fno-omit-frame-pointer -m64 -Wall -D_GNU_SOURCE -D_REENTRANT -Iinclude -I../jemalloc/include -DJEMALLOC_NO_PRIVATE_NAMESPACE -o src/pages.sym.o ../jemalloc/src/pages.c
[INFO] [stderr]   cc -std=gnu11 -Wall -Wsign-compare -Wundef -Wno-format-zero-length -pipe -g3 -fvisibility=hidden -O3 -funroll-loops -O0 -ffunction-sections -fdata-sections -fPIC -g -fno-omit-frame-pointer -m64 -Wall -fPIC -DPIC -c -O0 -ffunction-sections -fdata-sections -fPIC -g -fno-omit-frame-pointer -m64 -Wall -D_GNU_SOURCE -D_REENTRANT -Iinclude -I../jemalloc/include -DJEMALLOC_NO_PRIVATE_NAMESPACE -o src/prng.sym.o ../jemalloc/src/prng.c
[INFO] [stderr]   cc -std=gnu11 -Wall -Wsign-compare -Wundef -Wno-format-zero-length -pipe -g3 -fvisibility=hidden -O3 -funroll-loops -O0 -ffunction-sections -fdata-sections -fPIC -g -fno-omit-frame-pointer -m64 -Wall -fPIC -DPIC -c -O0 -ffunction-sections -fdata-sections -fPIC -g -fno-omit-frame-pointer -m64 -Wall -D_GNU_SOURCE -D_REENTRANT -Iinclude -I../jemalloc/include -DJEMALLOC_NO_PRIVATE_NAMESPACE -o src/prof.sym.o ../jemalloc/src/prof.c
[INFO] [stderr]   cc -std=gnu11 -Wall -Wsign-compare -Wundef -Wno-format-zero-length -pipe -g3 -fvisibility=hidden -O3 -funroll-loops -O0 -ffunction-sections -fdata-sections -fPIC -g -fno-omit-frame-pointer -m64 -Wall -fPIC -DPIC -c -O0 -ffunction-sections -fdata-sections -fPIC -g -fno-omit-frame-pointer -m64 -Wall -D_GNU_SOURCE -D_REENTRANT -Iinclude -I../jemalloc/include -DJEMALLOC_NO_PRIVATE_NAMESPACE -o src/rtree.sym.o ../jemalloc/src/rtree.c
[INFO] [stderr]   cc -std=gnu11 -Wall -Wsign-compare -Wundef -Wno-format-zero-length -pipe -g3 -fvisibility=hidden -O3 -funroll-loops -O0 -ffunction-sections -fdata-sections -fPIC -g -fno-omit-frame-pointer -m64 -Wall -fPIC -DPIC -c -O0 -ffunction-sections -fdata-sections -fPIC -g -fno-omit-frame-pointer -m64 -Wall -D_GNU_SOURCE -D_REENTRANT -Iinclude -I../jemalloc/include -DJEMALLOC_NO_PRIVATE_NAMESPACE -o src/stats.sym.o ../jemalloc/src/stats.c
[INFO] [stderr]   cc -std=gnu11 -Wall -Wsign-compare -Wundef -Wno-format-zero-length -pipe -g3 -fvisibility=hidden -O3 -funroll-loops -O0 -ffunction-sections -fdata-sections -fPIC -g -fno-omit-frame-pointer -m64 -Wall -fPIC -DPIC -c -O0 -ffunction-sections -fdata-sections -fPIC -g -fno-omit-frame-pointer -m64 -Wall -D_GNU_SOURCE -D_REENTRANT -Iinclude -I../jemalloc/include -DJEMALLOC_NO_PRIVATE_NAMESPACE -o src/sz.sym.o ../jemalloc/src/sz.c
[INFO] [stderr]   cc -std=gnu11 -Wall -Wsign-compare -Wundef -Wno-format-zero-length -pipe -g3 -fvisibility=hidden -O3 -funroll-loops -O0 -ffunction-sections -fdata-sections -fPIC -g -fno-omit-frame-pointer -m64 -Wall -fPIC -DPIC -c -O0 -ffunction-sections -fdata-sections -fPIC -g -fno-omit-frame-pointer -m64 -Wall -D_GNU_SOURCE -D_REENTRANT -Iinclude -I../jemalloc/include -DJEMALLOC_NO_PRIVATE_NAMESPACE -o src/tcache.sym.o ../jemalloc/src/tcache.c
[INFO] [stderr]   cc -std=gnu11 -Wall -Wsign-compare -Wundef -Wno-format-zero-length -pipe -g3 -fvisibility=hidden -O3 -funroll-loops -O0 -ffunction-sections -fdata-sections -fPIC -g -fno-omit-frame-pointer -m64 -Wall -fPIC -DPIC -c -O0 -ffunction-sections -fdata-sections -fPIC -g -fno-omit-frame-pointer -m64 -Wall -D_GNU_SOURCE -D_REENTRANT -Iinclude -I../jemalloc/include -DJEMALLOC_NO_PRIVATE_NAMESPACE -o src/ticker.sym.o ../jemalloc/src/ticker.c
[INFO] [stderr]   cc -std=gnu11 -Wall -Wsign-compare -Wundef -Wno-format-zero-length -pipe -g3 -fvisibility=hidden -O3 -funroll-loops -O0 -ffunction-sections -fdata-sections -fPIC -g -fno-omit-frame-pointer -m64 -Wall -fPIC -DPIC -c -O0 -ffunction-sections -fdata-sections -fPIC -g -fno-omit-frame-pointer -m64 -Wall -D_GNU_SOURCE -D_REENTRANT -Iinclude -I../jemalloc/include -DJEMALLOC_NO_PRIVATE_NAMESPACE -o src/tsd.sym.o ../jemalloc/src/tsd.c
[INFO] [stderr]   cc -std=gnu11 -Wall -Wsign-compare -Wundef -Wno-format-zero-length -pipe -g3 -fvisibility=hidden -O3 -funroll-loops -O0 -ffunction-sections -fdata-sections -fPIC -g -fno-omit-frame-pointer -m64 -Wall -fPIC -DPIC -c -O0 -ffunction-sections -fdata-sections -fPIC -g -fno-omit-frame-pointer -m64 -Wall -D_GNU_SOURCE -D_REENTRANT -Iinclude -I../jemalloc/include -DJEMALLOC_NO_PRIVATE_NAMESPACE -o src/witness.sym.o ../jemalloc/src/witness.c
[INFO] [stderr]   nm -a src/background_thread.sym.o | mawk -f include/jemalloc/internal/private_symbols.awk > src/background_thread.sym
[INFO] [stderr]   nm -a src/base.sym.o | mawk -f include/jemalloc/internal/private_symbols.awk > src/base.sym
[INFO] [stderr]   nm -a src/bin.sym.o | mawk -f include/jemalloc/internal/private_symbols.awk > src/bin.sym
[INFO] [stderr]   nm -a src/bitmap.sym.o | mawk -f include/jemalloc/internal/private_symbols.awk > src/bitmap.sym
[INFO] [stderr]   nm -a src/div.sym.o | mawk -f include/jemalloc/internal/private_symbols.awk > src/div.sym
[INFO] [stderr]   nm -a src/extent_dss.sym.o | mawk -f include/jemalloc/internal/private_symbols.awk > src/extent_dss.sym
[INFO] [stderr]   nm -a src/extent_mmap.sym.o | mawk -f include/jemalloc/internal/private_symbols.awk > src/extent_mmap.sym
[INFO] [stderr]   nm -a src/hash.sym.o | mawk -f include/jemalloc/internal/private_symbols.awk > src/hash.sym
[INFO] [stderr]   nm -a src/hooks.sym.o | mawk -f include/jemalloc/internal/private_symbols.awk > src/hooks.sym
[INFO] [stderr]   nm -a src/large.sym.o | mawk -f include/jemalloc/internal/private_symbols.awk > src/large.sym
[INFO] [stderr]   nm -a src/log.sym.o | mawk -f include/jemalloc/internal/private_symbols.awk > src/log.sym
[INFO] [stderr]   nm -a src/malloc_io.sym.o | mawk -f include/jemalloc/internal/private_symbols.awk > src/malloc_io.sym
[INFO] [stderr]   nm -a src/mutex.sym.o | mawk -f include/jemalloc/internal/private_symbols.awk > src/mutex.sym
[INFO] [stderr]   nm -a src/mutex_pool.sym.o | mawk -f include/jemalloc/internal/private_symbols.awk > src/mutex_pool.sym
[INFO] [stderr]   nm -a src/nstime.sym.o | mawk -f include/jemalloc/internal/private_symbols.awk > src/nstime.sym
[INFO] [stderr]   nm -a src/pages.sym.o | mawk -f include/jemalloc/internal/private_symbols.awk > src/pages.sym
[INFO] [stderr]   nm -a src/prng.sym.o | mawk -f include/jemalloc/internal/private_symbols.awk > src/prng.sym
[INFO] [stderr]   nm -a src/rtree.sym.o | mawk -f include/jemalloc/internal/private_symbols.awk > src/rtree.sym
[INFO] [stderr]   nm -a src/stats.sym.o | mawk -f include/jemalloc/internal/private_symbols.awk > src/stats.sym
[INFO] [stderr]   nm -a src/sz.sym.o | mawk -f include/jemalloc/internal/private_symbols.awk > src/sz.sym
[INFO] [stderr]   nm -a src/ticker.sym.o | mawk -f include/jemalloc/internal/private_symbols.awk > src/ticker.sym
[INFO] [stderr]   nm -a src/tsd.sym.o | mawk -f include/jemalloc/internal/private_symbols.awk > src/tsd.sym
[INFO] [stderr]   nm -a src/witness.sym.o | mawk -f include/jemalloc/internal/private_symbols.awk > src/witness.sym
[INFO] [stderr]   nm -a src/arena.sym.o | mawk -f include/jemalloc/internal/private_symbols.awk > src/arena.sym
[INFO] [stderr]   nm -a src/extent.sym.o | mawk -f include/jemalloc/internal/private_symbols.awk > src/extent.sym
[INFO] [stderr]   nm -a src/ctl.sym.o | mawk -f include/jemalloc/internal/private_symbols.awk > src/ctl.sym
[INFO] [stderr]   nm -a src/ckh.sym.o | mawk -f include/jemalloc/internal/private_symbols.awk > src/ckh.sym
[INFO] [stderr]   nm -a src/tcache.sym.o | mawk -f include/jemalloc/internal/private_symbols.awk > src/tcache.sym
[INFO] [stderr]   nm -a src/prof.sym.o | mawk -f include/jemalloc/internal/private_symbols.awk > src/prof.sym
[INFO] [stderr] 
[INFO] [stderr]   --- stderr
[INFO] [stderr]   ../jemalloc/src/malloc_io.c: In function 'malloc_vsnprintf':
[INFO] [stderr]   ../jemalloc/src/malloc_io.c:369:9: warning: case label value exceeds maximum value for type [-Wswitch-outside-range]
[INFO] [stderr]     369 |         case '?' | 0x80:                                                \
[INFO] [stderr]         |         ^~~~
[INFO] [stderr]   ../jemalloc/src/malloc_io.c:581:33: note: in expansion of macro 'GET_ARG_NUMERIC'
[INFO] [stderr]     581 |                                 GET_ARG_NUMERIC(val, 'p');
[INFO] [stderr]         |                                 ^~~~~~~~~~~~~~~
[INFO] [stderr]   ../jemalloc/src/malloc_io.c:387:9: warning: case label value exceeds maximum value for type [-Wswitch-outside-range]
[INFO] [stderr]     387 |         case 'j' | 0x80:                                                \
[INFO] [stderr]         |         ^~~~
[INFO] [stderr]   ../jemalloc/src/malloc_io.c:581:33: note: in expansion of macro 'GET_ARG_NUMERIC'
[INFO] [stderr]     581 |                                 GET_ARG_NUMERIC(val, 'p');
[INFO] [stderr]         |                                 ^~~~~~~~~~~~~~~
[INFO] [stderr]   ../jemalloc/src/malloc_io.c:375:9: warning: case label value exceeds maximum value for type [-Wswitch-outside-range]
[INFO] [stderr]     375 |         case 'l' | 0x80:                                                \
[INFO] [stderr]         |         ^~~~
[INFO] [stderr]   ../jemalloc/src/malloc_io.c:581:33: note: in expansion of macro 'GET_ARG_NUMERIC'
[INFO] [stderr]     581 |                                 GET_ARG_NUMERIC(val, 'p');
[INFO] [stderr]         |                                 ^~~~~~~~~~~~~~~
[INFO] [stderr]   ../jemalloc/src/malloc_io.c:381:9: warning: case label value exceeds maximum value for type [-Wswitch-outside-range]
[INFO] [stderr]     381 |         case 'q' | 0x80:                                                \
[INFO] [stderr]         |         ^~~~
[INFO] [stderr]   ../jemalloc/src/malloc_io.c:581:33: note: in expansion of macro 'GET_ARG_NUMERIC'
[INFO] [stderr]     581 |                                 GET_ARG_NUMERIC(val, 'p');
[INFO] [stderr]         |                                 ^~~~~~~~~~~~~~~
[INFO] [stderr]   ../jemalloc/src/malloc_io.c:396:9: warning: case label value exceeds maximum value for type [-Wswitch-outside-range]
[INFO] [stderr]     396 |         case 'z' | 0x80:                                                \
[INFO] [stderr]         |         ^~~~
[INFO] [stderr]   ../jemalloc/src/malloc_io.c:581:33: note: in expansion of macro 'GET_ARG_NUMERIC'
[INFO] [stderr]     581 |                                 GET_ARG_NUMERIC(val, 'p');
[INFO] [stderr]         |                                 ^~~~~~~~~~~~~~~
[INFO] [stderr]   {standard input}: Assembler messages:
[INFO] [stderr]   {standard input}:75497: Warning: end of file not at end of a line; newline inserted
[INFO] [stderr]   {standard input}: Error: open CFI at the end of file; missing .cfi_endproc directive
[INFO] [stderr]   cc: fatal error: Killed signal terminated program cc1
[INFO] [stderr]   compilation terminated.
[INFO] [stderr]   make: *** [Makefile:349: src/jemalloc.sym.o] Error 1
[INFO] [stderr]   thread 'main' panicked at 'command did not execute successfully: cd "/opt/rustwide/target/debug/build/jemalloc-sys-8e6dce18a197384b/out/build" && "make" "srcroot=../jemalloc/" "-j" "16"
[INFO] [stderr]   expected success, got: exit status: 2', /opt/rustwide/cargo-home/registry/src/index.crates.io-6f17d22bba15001f/jemalloc-sys-0.3.2/build.rs:392:9
[INFO] [stderr]   stack backtrace:
[INFO] [stderr]      0:     0x556e2d215aca - std::backtrace_rs::backtrace::libunwind::trace::h2f05d0192276a8f6
[INFO] [stderr]                                  at /rustc/1b7dd2252b99671ce5d1cb9664c5f8636329436d/library/std/src/../../backtrace/src/backtrace/libunwind.rs:93:5
[INFO] [stderr]      1:     0x556e2d215aca - std::backtrace_rs::backtrace::trace_unsynchronized::hedc23dff7a1af150
[INFO] [stderr]                                  at /rustc/1b7dd2252b99671ce5d1cb9664c5f8636329436d/library/std/src/../../backtrace/src/backtrace/mod.rs:66:5
[INFO] [stderr]      2:     0x556e2d215aca - std::sys_common::backtrace::_print_fmt::h17541ef7592f3ce2
[INFO] [stderr]                                  at /rustc/1b7dd2252b99671ce5d1cb9664c5f8636329436d/library/std/src/sys_common/backtrace.rs:65:5
[INFO] [stderr]      3:     0x556e2d215aca - <std::sys_common::backtrace::_print::DisplayBacktrace as core::fmt::Display>::fmt::h20f75df5ab0c0792
[INFO] [stderr]                                  at /rustc/1b7dd2252b99671ce5d1cb9664c5f8636329436d/library/std/src/sys_common/backtrace.rs:44:22
[INFO] [stderr]      4:     0x556e2d2368af - core::fmt::write::h78109e6f466b3af6
[INFO] [stderr]                                  at /rustc/1b7dd2252b99671ce5d1cb9664c5f8636329436d/library/core/src/fmt/mod.rs:1254:17
[INFO] [stderr]      5:     0x556e2d2127f5 - std::io::Write::write_fmt::hc59e1b02dd273c8a
[INFO] [stderr]                                  at /rustc/1b7dd2252b99671ce5d1cb9664c5f8636329436d/library/std/src/io/mod.rs:1698:15
[INFO] [stderr]      6:     0x556e2d215895 - std::sys_common::backtrace::_print::h8dac57a9f8fbf9a5
[INFO] [stderr]                                  at /rustc/1b7dd2252b99671ce5d1cb9664c5f8636329436d/library/std/src/sys_common/backtrace.rs:47:5
[INFO] [stderr]      7:     0x556e2d215895 - std::sys_common::backtrace::print::hf9ecbf41d1aa712f
[INFO] [stderr]                                  at /rustc/1b7dd2252b99671ce5d1cb9664c5f8636329436d/library/std/src/sys_common/backtrace.rs:34:9
[INFO] [stderr]      8:     0x556e2d21715e - std::panicking::default_hook::{{closure}}::h04c07acfc84ca028
[INFO] [stderr]                                  at /rustc/1b7dd2252b99671ce5d1cb9664c5f8636329436d/library/std/src/panicking.rs:269:22
[INFO] [stderr]      9:     0x556e2d216f05 - std::panicking::default_hook::h01f6bb23e1eceb2c
[INFO] [stderr]                                  at /rustc/1b7dd2252b99671ce5d1cb9664c5f8636329436d/library/std/src/panicking.rs:288:9
[INFO] [stderr]     10:     0x556e2d2176be - std::panicking::rust_panic_with_hook::h2bb3722bbaf2f6df
[INFO] [stderr]                                  at /rustc/1b7dd2252b99671ce5d1cb9664c5f8636329436d/library/std/src/panicking.rs:691:13
[INFO] [stderr]     11:     0x556e2d2175b9 - std::panicking::begin_panic_handler::{{closure}}::h91bc7f36a4be011b
[INFO] [stderr]                                  at /rustc/1b7dd2252b99671ce5d1cb9664c5f8636329436d/library/std/src/panicking.rs:582:13
[INFO] [stderr]     12:     0x556e2d215f36 - std::sys_common::backtrace::__rust_end_short_backtrace::h8b3d3717114f9e59
[INFO] [stderr]                                  at /rustc/1b7dd2252b99671ce5d1cb9664c5f8636329436d/library/std/src/sys_common/backtrace.rs:150:18
[INFO] [stderr]     13:     0x556e2d217312 - rust_begin_unwind
[INFO] [stderr]                                  at /rustc/1b7dd2252b99671ce5d1cb9664c5f8636329436d/library/std/src/panicking.rs:578:5
[INFO] [stderr]     14:     0x556e2d1a5863 - core::panicking::panic_fmt::hfd368e3fbdabea26
[INFO] [stderr]                                  at /rustc/1b7dd2252b99671ce5d1cb9664c5f8636329436d/library/core/src/panicking.rs:67:14
[INFO] [stderr]     15:     0x556e2d1aaf26 - build_script_build::run::h9bedce50c1ff21ed
[INFO] [stderr]     16:     0x556e2d1a9a7d - build_script_build::main::h3a08d62ef0d53b56
[INFO] [stderr]     17:     0x556e2d1b4f13 - core::ops::function::FnOnce::call_once::h50d4e2071c4ab1b2
[INFO] [stderr]     18:     0x556e2d1b4786 - std::sys_common::backtrace::__rust_begin_short_backtrace::hf7713f7f9b640250
[INFO] [stderr]     19:     0x556e2d1ae7f9 - std::rt::lang_start::{{closure}}::h4d2570b15493c33c
[INFO] [stderr]     20:     0x556e2d20ea6e - core::ops::function::impls::<impl core::ops::function::FnOnce<A> for &F>::call_once::h2eb19b8ce4148df4
[INFO] [stderr]                                  at /rustc/1b7dd2252b99671ce5d1cb9664c5f8636329436d/library/core/src/ops/function.rs:287:13
[INFO] [stderr]     21:     0x556e2d20ea6e - std::panicking::try::do_call::h2e900feff5d504c5
[INFO] [stderr]                                  at /rustc/1b7dd2252b99671ce5d1cb9664c5f8636329436d/library/std/src/panicking.rs:485:40
[INFO] [stderr]     22:     0x556e2d20ea6e - std::panicking::try::h8854836cb85aa9f2
[INFO] [stderr]                                  at /rustc/1b7dd2252b99671ce5d1cb9664c5f8636329436d/library/std/src/panicking.rs:449:19
[INFO] [stderr]     23:     0x556e2d20ea6e - std::panic::catch_unwind::h706025dd4c48f64b
[INFO] [stderr]                                  at /rustc/1b7dd2252b99671ce5d1cb9664c5f8636329436d/library/std/src/panic.rs:140:14
[INFO] [stderr]     24:     0x556e2d20ea6e - std::rt::lang_start_internal::{{closure}}::h7be5b97f4a07a91a
[INFO] [stderr]                                  at /rustc/1b7dd2252b99671ce5d1cb9664c5f8636329436d/library/std/src/rt.rs:148:48
[INFO] [stderr]     25:     0x556e2d20ea6e - std::panicking::try::do_call::h59847e9d0a176965
[INFO] [stderr]                                  at /rustc/1b7dd2252b99671ce5d1cb9664c5f8636329436d/library/std/src/panicking.rs:485:40
[INFO] [stderr]     26:     0x556e2d20ea6e - std::panicking::try::h399a918ba8522823
[INFO] [stderr]                                  at /rustc/1b7dd2252b99671ce5d1cb9664c5f8636329436d/library/std/src/panicking.rs:449:19
[INFO] [stderr]     27:     0x556e2d20ea6e - std::panic::catch_unwind::hca7ca6c55b2a2e26
[INFO] [stderr]                                  at /rustc/1b7dd2252b99671ce5d1cb9664c5f8636329436d/library/std/src/panic.rs:140:14
[INFO] [stderr]     28:     0x556e2d20ea6e - std::rt::lang_start_internal::h2c807a81560459eb
[INFO] [stderr]                                  at /rustc/1b7dd2252b99671ce5d1cb9664c5f8636329436d/library/std/src/rt.rs:148:20
[INFO] [stderr]     29:     0x556e2d1ae7d7 - std::rt::lang_start::h9884a00b70e26533
[INFO] [stderr]     30:     0x556e2d1ab365 - main
[INFO] [stderr]     31:     0x7f1721b5fd90 - <unknown>
[INFO] [stderr]     32:     0x7f1721b5fe40 - __libc_start_main
[INFO] [stderr]     33:     0x556e2d1a5de5 - _start
[INFO] [stderr]     34:                0x0 - <unknown>
[INFO] [stderr] warning: build failed, waiting for other jobs to finish...
[INFO] [stderr] error: could not compile `nalgebra` (lib)
[INFO] [stderr] 
[INFO] [stderr] Caused by:
[INFO] [stderr]   process didn't exit successfully: `rustc --crate-name nalgebra --edition=2018 /opt/rustwide/cargo-home/registry/src/index.crates.io-6f17d22bba15001f/nalgebra-0.21.1/src/lib.rs --error-format=json --json=diagnostic-rendered-ansi,artifacts,future-incompat --crate-type lib --emit=dep-info,metadata -C embed-bitcode=no -C debuginfo=2 --cfg 'feature="default"' --cfg 'feature="matrixmultiply"' --cfg 'feature="rand_distr"' --cfg 'feature="std"' -C metadata=a528ec0f505e33fd -C extra-filename=-a528ec0f505e33fd --out-dir /opt/rustwide/target/debug/deps -L dependency=/opt/rustwide/target/debug/deps --extern approx=/opt/rustwide/target/debug/deps/libapprox-84fa27b1638f3207.rmeta --extern generic_array=/opt/rustwide/target/debug/deps/libgeneric_array-e97f79a4c917b953.rmeta --extern matrixmultiply=/opt/rustwide/target/debug/deps/libmatrixmultiply-1183e79a8bcffe0b.rmeta --extern num_complex=/opt/rustwide/target/debug/deps/libnum_complex-0243d07807bc37d4.rmeta --extern num_rational=/opt/rustwide/target/debug/deps/libnum_rational-542653affefc734e.rmeta --extern num_traits=/opt/rustwide/target/debug/deps/libnum_traits-fee7a9d5f27850e6.rmeta --extern rand=/opt/rustwide/target/debug/deps/librand-a57c6fc182646e43.rmeta --extern rand_distr=/opt/rustwide/target/debug/deps/librand_distr-45bea2d2559afff3.rmeta --extern simba=/opt/rustwide/target/debug/deps/libsimba-6480696a4349f6f7.rmeta --extern typenum=/opt/rustwide/target/debug/deps/libtypenum-7b1f5589ce8230c8.rmeta --cap-lints allow --cap-lints=warn` (signal: 9, SIGKILL: kill)
[INFO] [stderr] error: could not compile `cranelift-codegen-meta` (lib)
[INFO] [stderr] 
[INFO] [stderr] Caused by:
[INFO] [stderr]   process didn't exit successfully: `rustc --crate-name cranelift_codegen_meta --edition=2018 /opt/rustwide/cargo-home/registry/src/index.crates.io-6f17d22bba15001f/cranelift-codegen-meta-0.74.0/src/lib.rs --error-format=json --json=diagnostic-rendered-ansi,artifacts,future-incompat --crate-type lib --emit=dep-info,metadata,link -C embed-bitcode=no -C metadata=2f979fed1e927e56 -C extra-filename=-2f979fed1e927e56 --out-dir /opt/rustwide/target/debug/deps -L dependency=/opt/rustwide/target/debug/deps --extern cranelift_codegen_shared=/opt/rustwide/target/debug/deps/libcranelift_codegen_shared-a92202bfa09891fb.rmeta --extern cranelift_entity=/opt/rustwide/target/debug/deps/libcranelift_entity-df8fdec0f85864c1.rmeta --cap-lints allow --cap-lints=warn` (signal: 9, SIGKILL: kill)
[INFO] running `Command { std: "docker" "inspect" "73c27b67040dcf3ae6515cda13ec7d941b4cfabab618a64d55cf29d785d0a505", kill_on_drop: false }`
[INFO] running `Command { std: "docker" "rm" "-f" "73c27b67040dcf3ae6515cda13ec7d941b4cfabab618a64d55cf29d785d0a505", kill_on_drop: false }`
[INFO] [stdout] 73c27b67040dcf3ae6515cda13ec7d941b4cfabab618a64d55cf29d785d0a505
