[INFO] cloning repository https://github.com/Dispersia/rhai_bevy_experiment
[INFO] running `Command { std: "git" "-c" "credential.helper=" "-c" "credential.helper=/workspace/cargo-home/bin/git-credential-null" "clone" "--bare" "https://github.com/Dispersia/rhai_bevy_experiment" "/workspace/cache/git-repos/https%3A%2F%2Fgithub.com%2FDispersia%2Frhai_bevy_experiment", kill_on_drop: false }`
[INFO] [stderr] Cloning into bare repository '/workspace/cache/git-repos/https%3A%2F%2Fgithub.com%2FDispersia%2Frhai_bevy_experiment'...
[INFO] running `Command { std: "git" "rev-parse" "HEAD", kill_on_drop: false }`
[INFO] [stdout] bd2c6c1709ec2ae40e3cb8937f7d0563dc78bda2
[INFO] documenting Dispersia/rhai_bevy_experiment against beta-2023-04-20 for beta-1.70-rustdoc-1
[INFO] running `Command { std: "git" "clone" "/workspace/cache/git-repos/https%3A%2F%2Fgithub.com%2FDispersia%2Frhai_bevy_experiment" "/workspace/builds/worker-7-tc2/source", kill_on_drop: false }`
[INFO] [stderr] Cloning into '/workspace/builds/worker-7-tc2/source'...
[INFO] [stderr] done.
[INFO] validating manifest of git repo https://github.com/Dispersia/rhai_bevy_experiment on toolchain beta-2023-04-20
[INFO] running `Command { std: CARGO_HOME="/workspace/cargo-home" RUSTUP_HOME="/workspace/rustup-home" "/workspace/cargo-home/bin/cargo" "+beta-2023-04-20" "metadata" "--manifest-path" "Cargo.toml" "--no-deps", kill_on_drop: false }`
[INFO] started tweaking git repo https://github.com/Dispersia/rhai_bevy_experiment
[INFO] finished tweaking git repo https://github.com/Dispersia/rhai_bevy_experiment
[INFO] tweaked toml for git repo https://github.com/Dispersia/rhai_bevy_experiment written to /workspace/builds/worker-7-tc2/source/Cargo.toml
[INFO] crate git repo https://github.com/Dispersia/rhai_bevy_experiment already has a lockfile, it will not be regenerated
[INFO] running `Command { std: CARGO_HOME="/workspace/cargo-home" RUSTUP_HOME="/workspace/rustup-home" "/workspace/cargo-home/bin/cargo" "+beta-2023-04-20" "fetch" "--manifest-path" "Cargo.toml", kill_on_drop: false }`
[INFO] [stderr]  Downloading crates ...
[INFO] [stderr]   Downloaded fixedbitset v0.3.2
[INFO] [stderr]   Downloaded erased-serde v0.3.13
[INFO] [stderr]   Downloaded vec-arena v1.1.0
[INFO] running `Command { std: "docker" "create" "-v" "/var/lib/crater-agent-workspace/builds/worker-7-tc2/target:/opt/rustwide/target:rw,Z" "-v" "/var/lib/crater-agent-workspace/builds/worker-7-tc2/source:/opt/rustwide/workdir:ro,Z" "-v" "/var/lib/crater-agent-workspace/cargo-home:/opt/rustwide/cargo-home:ro,Z" "-v" "/var/lib/crater-agent-workspace/rustup-home:/opt/rustwide/rustup-home:ro,Z" "-e" "SOURCE_DIR=/opt/rustwide/workdir" "-e" "CARGO_TARGET_DIR=/opt/rustwide/target" "-e" "CARGO_HOME=/opt/rustwide/cargo-home" "-e" "RUSTUP_HOME=/opt/rustwide/rustup-home" "-w" "/opt/rustwide/workdir" "-m" "1610612736" "--user" "0:0" "--network" "none" "ghcr.io/rust-lang/crates-build-env/linux@sha256:5ff2268d62e97bff2cde7d5815dd6ed5b47097566f13b8d0ca110b04b60e07ed" "/opt/rustwide/cargo-home/bin/cargo" "+beta-2023-04-20" "metadata" "--no-deps" "--format-version=1", kill_on_drop: false }`
[INFO] [stdout] 7a36c3517aca74c6f48c006134ec24b4d004cfa3a42b76cf963acef35e290bf3
[INFO] running `Command { std: "docker" "start" "-a" "7a36c3517aca74c6f48c006134ec24b4d004cfa3a42b76cf963acef35e290bf3", kill_on_drop: false }`
[INFO] running `Command { std: "docker" "inspect" "7a36c3517aca74c6f48c006134ec24b4d004cfa3a42b76cf963acef35e290bf3", kill_on_drop: false }`
[INFO] running `Command { std: "docker" "rm" "-f" "7a36c3517aca74c6f48c006134ec24b4d004cfa3a42b76cf963acef35e290bf3", kill_on_drop: false }`
[INFO] [stdout] 7a36c3517aca74c6f48c006134ec24b4d004cfa3a42b76cf963acef35e290bf3
[INFO] running `Command { std: "docker" "create" "-v" "/var/lib/crater-agent-workspace/builds/worker-7-tc2/target:/opt/rustwide/target:rw,Z" "-v" "/var/lib/crater-agent-workspace/builds/worker-7-tc2/source:/opt/rustwide/workdir:ro,Z" "-v" "/var/lib/crater-agent-workspace/cargo-home:/opt/rustwide/cargo-home:ro,Z" "-v" "/var/lib/crater-agent-workspace/rustup-home:/opt/rustwide/rustup-home:ro,Z" "-e" "SOURCE_DIR=/opt/rustwide/workdir" "-e" "CARGO_TARGET_DIR=/opt/rustwide/target" "-e" "CARGO_INCREMENTAL=0" "-e" "RUST_BACKTRACE=full" "-e" "RUSTFLAGS=--cap-lints=warn" "-e" "RUSTDOCFLAGS=--cap-lints=warn" "-e" "CARGO_HOME=/opt/rustwide/cargo-home" "-e" "RUSTUP_HOME=/opt/rustwide/rustup-home" "-w" "/opt/rustwide/workdir" "-m" "1610612736" "--user" "0:0" "--network" "none" "ghcr.io/rust-lang/crates-build-env/linux@sha256:5ff2268d62e97bff2cde7d5815dd6ed5b47097566f13b8d0ca110b04b60e07ed" "/opt/rustwide/cargo-home/bin/cargo" "+beta-2023-04-20" "doc" "--frozen" "--no-deps" "--document-private-items" "--message-format=json", kill_on_drop: false }`
[INFO] [stdout] e13b4d16dbaa50c3b1639ebe179ce3a10620dde1970375d0b60ee55a182322d1
[INFO] running `Command { std: "docker" "start" "-a" "e13b4d16dbaa50c3b1639ebe179ce3a10620dde1970375d0b60ee55a182322d1", kill_on_drop: false }`
[INFO] [stderr]    Compiling libc v0.2.90
[INFO] [stderr]    Compiling proc-macro2 v1.0.24
[INFO] [stderr]    Compiling getrandom v0.2.2
[INFO] [stderr]    Compiling unicode-xid v0.2.1
[INFO] [stderr]    Compiling syn v1.0.64
[INFO] [stderr]    Compiling serde v1.0.124
[INFO] [stderr]     Checking once_cell v1.7.2
[INFO] [stderr]     Checking pin-project-lite v0.2.6
[INFO] [stderr]     Checking instant v0.1.9
[INFO] [stderr]    Compiling memchr v2.3.4
[INFO] [stderr]    Compiling ahash v0.7.2
[INFO] [stderr]     Checking cache-padded v1.1.1
[INFO] [stderr]    Compiling cfg-if v1.0.0
[INFO] [stderr]     Checking lazy_static v1.4.0
[INFO] [stderr]     Checking smallvec v1.6.1
[INFO] [stderr]     Checking futures-core v0.3.13
[INFO] [stderr]     Checking futures-io v0.3.13
[INFO] [stderr]     Checking waker-fn v1.1.0
[INFO] [stderr]     Checking scopeguard v1.1.0
[INFO] [stderr]     Checking concurrent-queue v1.2.2
[INFO] [stderr]     Checking parking v2.0.0
[INFO] [stderr]     Checking fastrand v1.4.0
[INFO] [stderr]     Checking tracing-core v0.1.17
[INFO] [stderr]    Compiling num-traits v0.2.14
[INFO] [stderr]    Compiling ahash v0.6.3
[INFO] [stderr]     Checking lock_api v0.4.2
[INFO] [stderr]     Checking async-task v4.0.3
[INFO] [stderr]     Checking vec-arena v1.1.0
[INFO] [stderr]     Checking ppv-lite86 v0.2.10
[INFO] [stderr]     Checking event-listener v2.5.1
[INFO] [stderr]     Checking downcast-rs v1.2.0
[INFO] [stderr]     Checking async-channel v1.6.1
[INFO] [stderr]     Checking fxhash v0.2.1
[INFO] [stderr]     Checking fixedbitset v0.3.2
[INFO] [stderr]     Checking futures-lite v1.11.3
[INFO] [stderr]    Compiling quote v1.0.9
[INFO] [stderr]     Checking parking_lot_core v0.8.3
[INFO] [stderr]     Checking num_cpus v1.13.0
[INFO] [stderr]     Checking rand_core v0.6.2
[INFO] [stderr]     Checking parking_lot v0.11.1
[INFO] [stderr]     Checking async-executor v1.4.0
[INFO] [stderr]     Checking rand_chacha v0.3.0
[INFO] [stderr]     Checking bevy_tasks v0.4.0 (https://github.com/bevyengine/bevy?branch=main#45b2db70)
[INFO] [stderr]     Checking rand v0.8.3
[INFO] [stderr]     Checking uuid v0.8.2
[INFO] [stderr]     Checking erased-serde v0.3.13
[INFO] [stderr]    Compiling toml v0.5.8
[INFO] [stderr]    Compiling find-crate v0.6.3
[INFO] [stderr]    Compiling tracing-attributes v0.1.15
[INFO] [stderr]    Compiling thiserror-impl v1.0.24
[INFO] [stderr]    Compiling bevy_reflect_derive v0.4.0 (https://github.com/bevyengine/bevy?branch=main#45b2db70)
[INFO] [stderr]    Compiling rhai_codegen v0.3.3 (https://github.com/rhaiscript/rhai#4ca3cefc)
[INFO] [stderr]    Compiling bevy_ecs_macros v0.4.0 (https://github.com/bevyengine/bevy?branch=main#45b2db70)
[INFO] [stderr]     Checking thiserror v1.0.24
[INFO] [stderr]     Checking tracing v0.1.25
[INFO] [stderr]     Checking rhai v0.19.15 (https://github.com/rhaiscript/rhai#4ca3cefc)
[INFO] [stderr]     Checking bevy_utils v0.4.0 (https://github.com/bevyengine/bevy?branch=main#45b2db70)
[INFO] [stderr]     Checking bevy_reflect v0.4.0 (https://github.com/bevyengine/bevy?branch=main#45b2db70)
[INFO] [stderr]     Checking bevy_ecs v0.4.0 (https://github.com/bevyengine/bevy?branch=main#45b2db70)
[INFO] [stdout] error[E0425]: cannot find value `args` in this scope
[INFO] [stdout]    --> /opt/rustwide/cargo-home/git/checkouts/rhai-f99f240b2f7f4b04/4ca3cef/src/packages/arithmetic.rs:206:42
[INFO] [stdout]     |
[INFO] [stdout] 206 | gen_arithmetic_functions!(arith_basic => INT);
[INFO] [stdout]     |                                          ^^^ not found in this scope
[INFO] [stdout]     |
[INFO] [stdout]     = help: consider importing one of these items:
[INFO] [stdout]             crate::stdlib::env::args
[INFO] [stdout]             std::env::args
[INFO] [stdout] 
[INFO] [stdout] 
[INFO] [stdout] error[E0425]: cannot find value `args` in this scope
[INFO] [stdout]    --> /opt/rustwide/cargo-home/git/checkouts/rhai-f99f240b2f7f4b04/4ca3cef/src/packages/arithmetic.rs:210:44
[INFO] [stdout]     |
[INFO] [stdout] 210 | gen_arithmetic_functions!(arith_numbers => i8, u8, i16, u16, i32, u32, u64);
[INFO] [stdout]     |                                            ^^ not found in this scope
[INFO] [stdout]     |
[INFO] [stdout]     = help: consider importing one of these items:
[INFO] [stdout]             crate::stdlib::env::args
[INFO] [stdout]             std::env::args
[INFO] [stdout] 
[INFO] [stdout] 
[INFO] [stdout] error[E0425]: cannot find value `args` in this scope
[INFO] [stdout]    --> /opt/rustwide/cargo-home/git/checkouts/rhai-f99f240b2f7f4b04/4ca3cef/src/packages/arithmetic.rs:210:48
[INFO] [stdout]     |
[INFO] [stdout] 210 | gen_arithmetic_functions!(arith_numbers => i8, u8, i16, u16, i32, u32, u64);
[INFO] [stdout]     |                                                ^^ not found in this scope
[INFO] [stdout]     |
[INFO] [stdout]     = help: consider importing one of these items:
[INFO] [stdout]             crate::stdlib::env::args
[INFO] [stdout]             std::env::args
[INFO] [stdout] 
[INFO] [stdout] 
[INFO] [stdout] error[E0425]: cannot find value `args` in this scope
[INFO] [stdout]    --> /opt/rustwide/cargo-home/git/checkouts/rhai-f99f240b2f7f4b04/4ca3cef/src/packages/arithmetic.rs:210:52
[INFO] [stdout]     |
[INFO] [stdout] 210 | gen_arithmetic_functions!(arith_numbers => i8, u8, i16, u16, i32, u32, u64);
[INFO] [stdout]     |                                                    ^^^ not found in this scope
[INFO] [stdout]     |
[INFO] [stdout]     = help: consider importing one of these items:
[INFO] [stdout]             crate::stdlib::env::args
[INFO] [stdout]             std::env::args
[INFO] [stdout] 
[INFO] [stdout] 
[INFO] [stdout] error[E0425]: cannot find value `args` in this scope
[INFO] [stdout]    --> /opt/rustwide/cargo-home/git/checkouts/rhai-f99f240b2f7f4b04/4ca3cef/src/packages/arithmetic.rs:210:57
[INFO] [stdout]     |
[INFO] [stdout] 210 | gen_arithmetic_functions!(arith_numbers => i8, u8, i16, u16, i32, u32, u64);
[INFO] [stdout]     |                                                         ^^^ not found in this scope
[INFO] [stdout]     |
[INFO] [stdout]     = help: consider importing one of these items:
[INFO] [stdout]             crate::stdlib::env::args
[INFO] [stdout]             std::env::args
[INFO] [stdout] 
[INFO] [stdout] 
[INFO] [stdout] error[E0425]: cannot find value `args` in this scope
[INFO] [stdout]    --> /opt/rustwide/cargo-home/git/checkouts/rhai-f99f240b2f7f4b04/4ca3cef/src/packages/arithmetic.rs:210:62
[INFO] [stdout]     |
[INFO] [stdout] 210 | gen_arithmetic_functions!(arith_numbers => i8, u8, i16, u16, i32, u32, u64);
[INFO] [stdout]     |                                                              ^^^ not found in this scope
[INFO] [stdout]     |
[INFO] [stdout]     = help: consider importing one of these items:
[INFO] [stdout]             crate::stdlib::env::args
[INFO] [stdout]             std::env::args
[INFO] [stdout] 
[INFO] [stdout] 
[INFO] [stdout] error[E0425]: cannot find value `args` in this scope
[INFO] [stdout]    --> /opt/rustwide/cargo-home/git/checkouts/rhai-f99f240b2f7f4b04/4ca3cef/src/packages/arithmetic.rs:210:67
[INFO] [stdout]     |
[INFO] [stdout] 210 | gen_arithmetic_functions!(arith_numbers => i8, u8, i16, u16, i32, u32, u64);
[INFO] [stdout]     |                                                                   ^^^ not found in this scope
[INFO] [stdout]     |
[INFO] [stdout]     = help: consider importing one of these items:
[INFO] [stdout]             crate::stdlib::env::args
[INFO] [stdout]             std::env::args
[INFO] [stdout] 
[INFO] [stdout] 
[INFO] [stdout] error[E0425]: cannot find value `args` in this scope
[INFO] [stdout]    --> /opt/rustwide/cargo-home/git/checkouts/rhai-f99f240b2f7f4b04/4ca3cef/src/packages/arithmetic.rs:210:72
[INFO] [stdout]     |
[INFO] [stdout] 210 | gen_arithmetic_functions!(arith_numbers => i8, u8, i16, u16, i32, u32, u64);
[INFO] [stdout]     |                                                                        ^^^ not found in this scope
[INFO] [stdout]     |
[INFO] [stdout]     = help: consider importing one of these items:
[INFO] [stdout]             crate::stdlib::env::args
[INFO] [stdout]             std::env::args
[INFO] [stdout] 
[INFO] [stdout] 
[INFO] [stdout] error[E0425]: cannot find value `args` in this scope
[INFO] [stdout]    --> /opt/rustwide/cargo-home/git/checkouts/rhai-f99f240b2f7f4b04/4ca3cef/src/packages/arithmetic.rs:215:44
[INFO] [stdout]     |
[INFO] [stdout] 215 | gen_arithmetic_functions!(arith_num_128 => i128, u128);
[INFO] [stdout]     |                                            ^^^^ not found in this scope
[INFO] [stdout]     |
[INFO] [stdout]     = help: consider importing one of these items:
[INFO] [stdout]             crate::stdlib::env::args
[INFO] [stdout]             std::env::args
[INFO] [stdout] 
[INFO] [stdout] 
[INFO] [stdout] error[E0425]: cannot find value `args` in this scope
[INFO] [stdout]    --> /opt/rustwide/cargo-home/git/checkouts/rhai-f99f240b2f7f4b04/4ca3cef/src/packages/arithmetic.rs:215:50
[INFO] [stdout]     |
[INFO] [stdout] 215 | gen_arithmetic_functions!(arith_num_128 => i128, u128);
[INFO] [stdout]     |                                                  ^^^^ not found in this scope
[INFO] [stdout]     |
[INFO] [stdout]     = help: consider importing one of these items:
[INFO] [stdout]             crate::stdlib::env::args
[INFO] [stdout]             std::env::args
[INFO] [stdout] 
[INFO] [stdout] 
[INFO] [stdout] error[E0425]: cannot find value `args` in this scope
[INFO] [stdout]    --> /opt/rustwide/cargo-home/git/checkouts/rhai-f99f240b2f7f4b04/4ca3cef/src/packages/arithmetic.rs:217:39
[INFO] [stdout]     |
[INFO] [stdout] 217 | gen_signed_functions!(signed_basic => INT);
[INFO] [stdout]     |                                       ^^^ not found in this scope
[INFO] [stdout]     |
[INFO] [stdout]     = help: consider importing one of these items:
[INFO] [stdout]             crate::stdlib::env::args
[INFO] [stdout]             std::env::args
[INFO] [stdout] 
[INFO] [stdout] 
[INFO] [stdout] error[E0425]: cannot find value `args` in this scope
[INFO] [stdout]    --> /opt/rustwide/cargo-home/git/checkouts/rhai-f99f240b2f7f4b04/4ca3cef/src/packages/arithmetic.rs:221:41
[INFO] [stdout]     |
[INFO] [stdout] 221 | gen_signed_functions!(signed_numbers => i8, i16, i32);
[INFO] [stdout]     |                                         ^^ not found in this scope
[INFO] [stdout]     |
[INFO] [stdout]     = help: consider importing one of these items:
[INFO] [stdout]             crate::stdlib::env::args
[INFO] [stdout]             std::env::args
[INFO] [stdout] 
[INFO] [stdout] 
[INFO] [stdout] error[E0425]: cannot find value `args` in this scope
[INFO] [stdout]    --> /opt/rustwide/cargo-home/git/checkouts/rhai-f99f240b2f7f4b04/4ca3cef/src/packages/arithmetic.rs:221:45
[INFO] [stdout]     |
[INFO] [stdout] 221 | gen_signed_functions!(signed_numbers => i8, i16, i32);
[INFO] [stdout]     |                                             ^^^ not found in this scope
[INFO] [stdout]     |
[INFO] [stdout]     = help: consider importing one of these items:
[INFO] [stdout]             crate::stdlib::env::args
[INFO] [stdout]             std::env::args
[INFO] [stdout] 
[INFO] [stdout] 
[INFO] [stdout] error[E0425]: cannot find value `args` in this scope
[INFO] [stdout]    --> /opt/rustwide/cargo-home/git/checkouts/rhai-f99f240b2f7f4b04/4ca3cef/src/packages/arithmetic.rs:221:50
[INFO] [stdout]     |
[INFO] [stdout] 221 | gen_signed_functions!(signed_numbers => i8, i16, i32);
[INFO] [stdout]     |                                                  ^^^ not found in this scope
[INFO] [stdout]     |
[INFO] [stdout]     = help: consider importing one of these items:
[INFO] [stdout]             crate::stdlib::env::args
[INFO] [stdout]             std::env::args
[INFO] [stdout] 
[INFO] [stdout] 
[INFO] [stdout] error[E0425]: cannot find value `args` in this scope
[INFO] [stdout]    --> /opt/rustwide/cargo-home/git/checkouts/rhai-f99f240b2f7f4b04/4ca3cef/src/packages/arithmetic.rs:226:41
[INFO] [stdout]     |
[INFO] [stdout] 226 | gen_signed_functions!(signed_num_128 => i128);
[INFO] [stdout]     |                                         ^^^^ not found in this scope
[INFO] [stdout]     |
[INFO] [stdout]     = help: consider importing one of these items:
[INFO] [stdout]             crate::stdlib::env::args
[INFO] [stdout]             std::env::args
[INFO] [stdout] 
[INFO] [stdout] 
[INFO] [stdout] error[E0425]: cannot find value `args` in this scope
[INFO] [stdout]   --> /opt/rustwide/cargo-home/git/checkouts/rhai-f99f240b2f7f4b04/4ca3cef/src/packages/logic.rs:70:31
[INFO] [stdout]    |
[INFO] [stdout] 70 | gen_cmp_functions!(numbers => i8, u8, i16, u16, i32, u32, u64);
[INFO] [stdout]    |                               ^^ not found in this scope
[INFO] [stdout]    |
[INFO] [stdout]    = help: consider importing one of these items:
[INFO] [stdout]            crate::stdlib::env::args
[INFO] [stdout]            std::env::args
[INFO] [stdout] 
[INFO] [stdout] 
[INFO] [stdout] error[E0425]: cannot find value `args` in this scope
[INFO] [stdout]   --> /opt/rustwide/cargo-home/git/checkouts/rhai-f99f240b2f7f4b04/4ca3cef/src/packages/logic.rs:70:35
[INFO] [stdout]    |
[INFO] [stdout] 70 | gen_cmp_functions!(numbers => i8, u8, i16, u16, i32, u32, u64);
[INFO] [stdout]    |                                   ^^ not found in this scope
[INFO] [stdout]    |
[INFO] [stdout]    = help: consider importing one of these items:
[INFO] [stdout]            crate::stdlib::env::args
[INFO] [stdout]            std::env::args
[INFO] [stdout] 
[INFO] [stdout] 
[INFO] [stdout] error[E0425]: cannot find value `args` in this scope
[INFO] [stdout]   --> /opt/rustwide/cargo-home/git/checkouts/rhai-f99f240b2f7f4b04/4ca3cef/src/packages/logic.rs:70:39
[INFO] [stdout]    |
[INFO] [stdout] 70 | gen_cmp_functions!(numbers => i8, u8, i16, u16, i32, u32, u64);
[INFO] [stdout]    |                                       ^^^ not found in this scope
[INFO] [stdout]    |
[INFO] [stdout]    = help: consider importing one of these items:
[INFO] [stdout]            crate::stdlib::env::args
[INFO] [stdout]            std::env::args
[INFO] [stdout] 
[INFO] [stdout] 
[INFO] [stdout] error[E0425]: cannot find value `args` in this scope
[INFO] [stdout]   --> /opt/rustwide/cargo-home/git/checkouts/rhai-f99f240b2f7f4b04/4ca3cef/src/packages/logic.rs:70:44
[INFO] [stdout]    |
[INFO] [stdout] 70 | gen_cmp_functions!(numbers => i8, u8, i16, u16, i32, u32, u64);
[INFO] [stdout]    |                                            ^^^ not found in this scope
[INFO] [stdout]    |
[INFO] [stdout]    = help: consider importing one of these items:
[INFO] [stdout]            crate::stdlib::env::args
[INFO] [stdout]            std::env::args
[INFO] [stdout] 
[INFO] [stdout] 
[INFO] [stdout] error[E0425]: cannot find value `args` in this scope
[INFO] [stdout]   --> /opt/rustwide/cargo-home/git/checkouts/rhai-f99f240b2f7f4b04/4ca3cef/src/packages/logic.rs:70:49
[INFO] [stdout]    |
[INFO] [stdout] 70 | gen_cmp_functions!(numbers => i8, u8, i16, u16, i32, u32, u64);
[INFO] [stdout]    |                                                 ^^^ not found in this scope
[INFO] [stdout]    |
[INFO] [stdout]    = help: consider importing one of these items:
[INFO] [stdout]            crate::stdlib::env::args
[INFO] [stdout]            std::env::args
[INFO] [stdout] 
[INFO] [stdout] 
[INFO] [stdout] error[E0425]: cannot find value `args` in this scope
[INFO] [stdout]   --> /opt/rustwide/cargo-home/git/checkouts/rhai-f99f240b2f7f4b04/4ca3cef/src/packages/logic.rs:70:54
[INFO] [stdout]    |
[INFO] [stdout] 70 | gen_cmp_functions!(numbers => i8, u8, i16, u16, i32, u32, u64);
[INFO] [stdout]    |                                                      ^^^ not found in this scope
[INFO] [stdout]    |
[INFO] [stdout]    = help: consider importing one of these items:
[INFO] [stdout]            crate::stdlib::env::args
[INFO] [stdout]            std::env::args
[INFO] [stdout] 
[INFO] [stdout] 
[INFO] [stdout] error[E0425]: cannot find value `args` in this scope
[INFO] [stdout]   --> /opt/rustwide/cargo-home/git/checkouts/rhai-f99f240b2f7f4b04/4ca3cef/src/packages/logic.rs:70:59
[INFO] [stdout]    |
[INFO] [stdout] 70 | gen_cmp_functions!(numbers => i8, u8, i16, u16, i32, u32, u64);
[INFO] [stdout]    |                                                           ^^^ not found in this scope
[INFO] [stdout]    |
[INFO] [stdout]    = help: consider importing one of these items:
[INFO] [stdout]            crate::stdlib::env::args
[INFO] [stdout]            std::env::args
[INFO] [stdout] 
[INFO] [stdout] 
[INFO] [stdout] error[E0425]: cannot find value `args` in this scope
[INFO] [stdout]   --> /opt/rustwide/cargo-home/git/checkouts/rhai-f99f240b2f7f4b04/4ca3cef/src/packages/logic.rs:75:31
[INFO] [stdout]    |
[INFO] [stdout] 75 | gen_cmp_functions!(num_128 => i128, u128);
[INFO] [stdout]    |                               ^^^^ not found in this scope
[INFO] [stdout]    |
[INFO] [stdout]    = help: consider importing one of these items:
[INFO] [stdout]            crate::stdlib::env::args
[INFO] [stdout]            std::env::args
[INFO] [stdout] 
[INFO] [stdout] 
[INFO] [stdout] error[E0425]: cannot find value `args` in this scope
[INFO] [stdout]   --> /opt/rustwide/cargo-home/git/checkouts/rhai-f99f240b2f7f4b04/4ca3cef/src/packages/logic.rs:75:37
[INFO] [stdout]    |
[INFO] [stdout] 75 | gen_cmp_functions!(num_128 => i128, u128);
[INFO] [stdout]    |                                     ^^^^ not found in this scope
[INFO] [stdout]    |
[INFO] [stdout]    = help: consider importing one of these items:
[INFO] [stdout]            crate::stdlib::env::args
[INFO] [stdout]            std::env::args
[INFO] [stdout] 
[INFO] [stdout] 
[INFO] [stdout] error[E0425]: cannot find value `args` in this scope
[INFO] [stdout]   --> /opt/rustwide/cargo-home/git/checkouts/rhai-f99f240b2f7f4b04/4ca3cef/src/packages/logic.rs:79:29
[INFO] [stdout]    |
[INFO] [stdout] 79 | gen_cmp_functions!(float => f32);
[INFO] [stdout]    |                             ^^^ not found in this scope
[INFO] [stdout]    |
[INFO] [stdout]    = help: consider importing one of these items:
[INFO] [stdout]            crate::stdlib::env::args
[INFO] [stdout]            std::env::args
[INFO] [stdout] 
[INFO] [stdout] 
[INFO] [stdout] error[E0425]: cannot find value `args` in this scope
[INFO] [stdout]    --> /opt/rustwide/cargo-home/git/checkouts/rhai-f99f240b2f7f4b04/4ca3cef/src/packages/math_basic.rs:445:58
[INFO] [stdout]     |
[INFO] [stdout] 445 | gen_conversion_as_functions!(basic_to_float => to_float (INT) -> FLOAT);
[INFO] [stdout]     |                                                          ^^^ not found in this scope
[INFO] [stdout]     |
[INFO] [stdout]     = help: consider importing one of these items:
[INFO] [stdout]             crate::stdlib::env::args
[INFO] [stdout]             std::env::args
[INFO] [stdout] 
[INFO] [stdout] 
[INFO] [stdout] error[E0425]: cannot find value `args` in this scope
[INFO] [stdout]    --> /opt/rustwide/cargo-home/git/checkouts/rhai-f99f240b2f7f4b04/4ca3cef/src/packages/math_basic.rs:450:60
[INFO] [stdout]     |
[INFO] [stdout] 450 | gen_conversion_as_functions!(numbers_to_float => to_float (i8, u8, i16, u16, i32, u32, i64, u64) -> FLOAT);
[INFO] [stdout]     |                                                            ^^ not found in this scope
[INFO] [stdout]     |
[INFO] [stdout]     = help: consider importing one of these items:
[INFO] [stdout]             crate::stdlib::env::args
[INFO] [stdout]             std::env::args
[INFO] [stdout] 
[INFO] [stdout] 
[INFO] [stdout] error[E0425]: cannot find value `args` in this scope
[INFO] [stdout]    --> /opt/rustwide/cargo-home/git/checkouts/rhai-f99f240b2f7f4b04/4ca3cef/src/packages/math_basic.rs:450:64
[INFO] [stdout]     |
[INFO] [stdout] 450 | gen_conversion_as_functions!(numbers_to_float => to_float (i8, u8, i16, u16, i32, u32, i64, u64) -> FLOAT);
[INFO] [stdout]     |                                                                ^^ not found in this scope
[INFO] [stdout]     |
[INFO] [stdout]     = help: consider importing one of these items:
[INFO] [stdout]             crate::stdlib::env::args
[INFO] [stdout]             std::env::args
[INFO] [stdout] 
[INFO] [stdout] 
[INFO] [stdout] error[E0425]: cannot find value `args` in this scope
[INFO] [stdout]    --> /opt/rustwide/cargo-home/git/checkouts/rhai-f99f240b2f7f4b04/4ca3cef/src/packages/math_basic.rs:450:68
[INFO] [stdout]     |
[INFO] [stdout] 450 | gen_conversion_as_functions!(numbers_to_float => to_float (i8, u8, i16, u16, i32, u32, i64, u64) -> FLOAT);
[INFO] [stdout]     |                                                                    ^^^ not found in this scope
[INFO] [stdout]     |
[INFO] [stdout]     = help: consider importing one of these items:
[INFO] [stdout]             crate::stdlib::env::args
[INFO] [stdout]             std::env::args
[INFO] [stdout] 
[INFO] [stdout] 
[INFO] [stdout] error[E0425]: cannot find value `args` in this scope
[INFO] [stdout]    --> /opt/rustwide/cargo-home/git/checkouts/rhai-f99f240b2f7f4b04/4ca3cef/src/packages/math_basic.rs:450:73
[INFO] [stdout]     |
[INFO] [stdout] 450 | gen_conversion_as_functions!(numbers_to_float => to_float (i8, u8, i16, u16, i32, u32, i64, u64) -> FLOAT);
[INFO] [stdout]     |                                                                         ^^^ not found in this scope
[INFO] [stdout]     |
[INFO] [stdout]     = help: consider importing one of these items:
[INFO] [stdout]             crate::stdlib::env::args
[INFO] [stdout]             std::env::args
[INFO] [stdout] 
[INFO] [stdout] 
[INFO] [stdout] error[E0425]: cannot find value `args` in this scope
[INFO] [stdout]    --> /opt/rustwide/cargo-home/git/checkouts/rhai-f99f240b2f7f4b04/4ca3cef/src/packages/math_basic.rs:450:78
[INFO] [stdout]     |
[INFO] [stdout] 450 | gen_conversion_as_functions!(numbers_to_float => to_float (i8, u8, i16, u16, i32, u32, i64, u64) -> FLOAT);
[INFO] [stdout]     |                                                                              ^^^ not found in this scope
[INFO] [stdout]     |
[INFO] [stdout]     = help: consider importing one of these items:
[INFO] [stdout]             crate::stdlib::env::args
[INFO] [stdout]             std::env::args
[INFO] [stdout] 
[INFO] [stdout] 
[INFO] [stdout] error[E0425]: cannot find value `args` in this scope
[INFO] [stdout]    --> /opt/rustwide/cargo-home/git/checkouts/rhai-f99f240b2f7f4b04/4ca3cef/src/packages/math_basic.rs:450:83
[INFO] [stdout]     |
[INFO] [stdout] 450 | gen_conversion_as_functions!(numbers_to_float => to_float (i8, u8, i16, u16, i32, u32, i64, u64) -> FLOAT);
[INFO] [stdout]     |                                                                                   ^^^ not found in this scope
[INFO] [stdout]     |
[INFO] [stdout]     = help: consider importing one of these items:
[INFO] [stdout]             crate::stdlib::env::args
[INFO] [stdout]             std::env::args
[INFO] [stdout] 
[INFO] [stdout] 
[INFO] [stdout] error[E0425]: cannot find value `args` in this scope
[INFO] [stdout]    --> /opt/rustwide/cargo-home/git/checkouts/rhai-f99f240b2f7f4b04/4ca3cef/src/packages/math_basic.rs:450:88
[INFO] [stdout]     |
[INFO] [stdout] 450 | gen_conversion_as_functions!(numbers_to_float => to_float (i8, u8, i16, u16, i32, u32, i64, u64) -> FLOAT);
[INFO] [stdout]     |                                                                                        ^^^ not found in this scope
[INFO] [stdout]     |
[INFO] [stdout]     = help: consider importing one of these items:
[INFO] [stdout]             crate::stdlib::env::args
[INFO] [stdout]             std::env::args
[INFO] [stdout] 
[INFO] [stdout] 
[INFO] [stdout] error[E0425]: cannot find value `args` in this scope
[INFO] [stdout]    --> /opt/rustwide/cargo-home/git/checkouts/rhai-f99f240b2f7f4b04/4ca3cef/src/packages/math_basic.rs:450:93
[INFO] [stdout]     |
[INFO] [stdout] 450 | gen_conversion_as_functions!(numbers_to_float => to_float (i8, u8, i16, u16, i32, u32, i64, u64) -> FLOAT);
[INFO] [stdout]     |                                                                                             ^^^ not found in this scope
[INFO] [stdout]     |
[INFO] [stdout]     = help: consider importing one of these items:
[INFO] [stdout]             crate::stdlib::env::args
[INFO] [stdout]             std::env::args
[INFO] [stdout] 
[INFO] [stdout] 
[INFO] [stdout] error[E0425]: cannot find value `args` in this scope
[INFO] [stdout]    --> /opt/rustwide/cargo-home/git/checkouts/rhai-f99f240b2f7f4b04/4ca3cef/src/packages/math_basic.rs:456:60
[INFO] [stdout]     |
[INFO] [stdout] 456 | gen_conversion_as_functions!(num_128_to_float => to_float (i128, u128) -> FLOAT);
[INFO] [stdout]     |                                                            ^^^^ not found in this scope
[INFO] [stdout]     |
[INFO] [stdout]     = help: consider importing one of these items:
[INFO] [stdout]             crate::stdlib::env::args
[INFO] [stdout]             std::env::args
[INFO] [stdout] 
[INFO] [stdout] 
[INFO] [stdout] error[E0425]: cannot find value `args` in this scope
[INFO] [stdout]    --> /opt/rustwide/cargo-home/git/checkouts/rhai-f99f240b2f7f4b04/4ca3cef/src/packages/math_basic.rs:456:66
[INFO] [stdout]     |
[INFO] [stdout] 456 | gen_conversion_as_functions!(num_128_to_float => to_float (i128, u128) -> FLOAT);
[INFO] [stdout]     |                                                                  ^^^^ not found in this scope
[INFO] [stdout]     |
[INFO] [stdout]     = help: consider importing one of these items:
[INFO] [stdout]             crate::stdlib::env::args
[INFO] [stdout]             std::env::args
[INFO] [stdout] 
[INFO] [stdout] 
[INFO] [stdout] error[E0425]: cannot find value `args` in this scope
[INFO] [stdout]    --> /opt/rustwide/cargo-home/git/checkouts/rhai-f99f240b2f7f4b04/4ca3cef/src/packages/math_basic.rs:458:54
[INFO] [stdout]     |
[INFO] [stdout] 458 | gen_conversion_as_functions!(basic_to_int => to_int (char) -> INT);
[INFO] [stdout]     |                                                      ^^^^ not found in this scope
[INFO] [stdout]     |
[INFO] [stdout]     = help: consider importing one of these items:
[INFO] [stdout]             crate::stdlib::env::args
[INFO] [stdout]             std::env::args
[INFO] [stdout] 
[INFO] [stdout] 
[INFO] [stdout] error[E0425]: cannot find value `args` in this scope
[INFO] [stdout]    --> /opt/rustwide/cargo-home/git/checkouts/rhai-f99f240b2f7f4b04/4ca3cef/src/packages/math_basic.rs:462:56
[INFO] [stdout]     |
[INFO] [stdout] 462 | gen_conversion_as_functions!(numbers_to_int => to_int (i8, u8, i16, u16, i32, u32, i64, u64) -> INT);
[INFO] [stdout]     |                                                        ^^ not found in this scope
[INFO] [stdout]     |
[INFO] [stdout]     = help: consider importing one of these items:
[INFO] [stdout]             crate::stdlib::env::args
[INFO] [stdout]             std::env::args
[INFO] [stdout] 
[INFO] [stdout] 
[INFO] [stdout] error[E0425]: cannot find value `args` in this scope
[INFO] [stdout]    --> /opt/rustwide/cargo-home/git/checkouts/rhai-f99f240b2f7f4b04/4ca3cef/src/packages/math_basic.rs:462:60
[INFO] [stdout]     |
[INFO] [stdout] 462 | gen_conversion_as_functions!(numbers_to_int => to_int (i8, u8, i16, u16, i32, u32, i64, u64) -> INT);
[INFO] [stdout]     |                                                            ^^ not found in this scope
[INFO] [stdout]     |
[INFO] [stdout]     = help: consider importing one of these items:
[INFO] [stdout]             crate::stdlib::env::args
[INFO] [stdout]             std::env::args
[INFO] [stdout] 
[INFO] [stdout] 
[INFO] [stdout] error[E0425]: cannot find value `args` in this scope
[INFO] [stdout]    --> /opt/rustwide/cargo-home/git/checkouts/rhai-f99f240b2f7f4b04/4ca3cef/src/packages/math_basic.rs:462:64
[INFO] [stdout]     |
[INFO] [stdout] 462 | gen_conversion_as_functions!(numbers_to_int => to_int (i8, u8, i16, u16, i32, u32, i64, u64) -> INT);
[INFO] [stdout]     |                                                                ^^^ not found in this scope
[INFO] [stdout]     |
[INFO] [stdout]     = help: consider importing one of these items:
[INFO] [stdout]             crate::stdlib::env::args
[INFO] [stdout]             std::env::args
[INFO] [stdout] 
[INFO] [stdout] 
[INFO] [stdout] error[E0425]: cannot find value `args` in this scope
[INFO] [stdout]    --> /opt/rustwide/cargo-home/git/checkouts/rhai-f99f240b2f7f4b04/4ca3cef/src/packages/math_basic.rs:462:69
[INFO] [stdout]     |
[INFO] [stdout] 462 | gen_conversion_as_functions!(numbers_to_int => to_int (i8, u8, i16, u16, i32, u32, i64, u64) -> INT);
[INFO] [stdout]     |                                                                     ^^^ not found in this scope
[INFO] [stdout]     |
[INFO] [stdout]     = help: consider importing one of these items:
[INFO] [stdout]             crate::stdlib::env::args
[INFO] [stdout]             std::env::args
[INFO] [stdout] 
[INFO] [stdout] 
[INFO] [stdout] error[E0425]: cannot find value `args` in this scope
[INFO] [stdout]    --> /opt/rustwide/cargo-home/git/checkouts/rhai-f99f240b2f7f4b04/4ca3cef/src/packages/math_basic.rs:462:74
[INFO] [stdout]     |
[INFO] [stdout] 462 | gen_conversion_as_functions!(numbers_to_int => to_int (i8, u8, i16, u16, i32, u32, i64, u64) -> INT);
[INFO] [stdout]     |                                                                          ^^^ not found in this scope
[INFO] [stdout]     |
[INFO] [stdout]     = help: consider importing one of these items:
[INFO] [stdout]             crate::stdlib::env::args
[INFO] [stdout]             std::env::args
[INFO] [stdout] 
[INFO] [stdout] 
[INFO] [stdout] error[E0425]: cannot find value `args` in this scope
[INFO] [stdout]    --> /opt/rustwide/cargo-home/git/checkouts/rhai-f99f240b2f7f4b04/4ca3cef/src/packages/math_basic.rs:462:79
[INFO] [stdout]     |
[INFO] [stdout] 462 | gen_conversion_as_functions!(numbers_to_int => to_int (i8, u8, i16, u16, i32, u32, i64, u64) -> INT);
[INFO] [stdout]     |                                                                               ^^^ not found in this scope
[INFO] [stdout]     |
[INFO] [stdout]     = help: consider importing one of these items:
[INFO] [stdout]             crate::stdlib::env::args
[INFO] [stdout]             std::env::args
[INFO] [stdout] 
[INFO] [stdout] 
[INFO] [stdout] error[E0425]: cannot find value `args` in this scope
[INFO] [stdout]    --> /opt/rustwide/cargo-home/git/checkouts/rhai-f99f240b2f7f4b04/4ca3cef/src/packages/math_basic.rs:462:84
[INFO] [stdout]     |
[INFO] [stdout] 462 | gen_conversion_as_functions!(numbers_to_int => to_int (i8, u8, i16, u16, i32, u32, i64, u64) -> INT);
[INFO] [stdout]     |                                                                                    ^^^ not found in this scope
[INFO] [stdout]     |
[INFO] [stdout]     = help: consider importing one of these items:
[INFO] [stdout]             crate::stdlib::env::args
[INFO] [stdout]             std::env::args
[INFO] [stdout] 
[INFO] [stdout] 
[INFO] [stdout] error[E0425]: cannot find value `args` in this scope
[INFO] [stdout]    --> /opt/rustwide/cargo-home/git/checkouts/rhai-f99f240b2f7f4b04/4ca3cef/src/packages/math_basic.rs:462:89
[INFO] [stdout]     |
[INFO] [stdout] 462 | gen_conversion_as_functions!(numbers_to_int => to_int (i8, u8, i16, u16, i32, u32, i64, u64) -> INT);
[INFO] [stdout]     |                                                                                         ^^^ not found in this scope
[INFO] [stdout]     |
[INFO] [stdout]     = help: consider importing one of these items:
[INFO] [stdout]             crate::stdlib::env::args
[INFO] [stdout]             std::env::args
[INFO] [stdout] 
[INFO] [stdout] 
[INFO] [stdout] error[E0425]: cannot find value `args` in this scope
[INFO] [stdout]    --> /opt/rustwide/cargo-home/git/checkouts/rhai-f99f240b2f7f4b04/4ca3cef/src/packages/math_basic.rs:467:56
[INFO] [stdout]     |
[INFO] [stdout] 467 | gen_conversion_as_functions!(num_128_to_int => to_int (i128, u128) -> INT);
[INFO] [stdout]     |                                                        ^^^^ not found in this scope
[INFO] [stdout]     |
[INFO] [stdout]     = help: consider importing one of these items:
[INFO] [stdout]             crate::stdlib::env::args
[INFO] [stdout]             std::env::args
[INFO] [stdout] 
[INFO] [stdout] 
[INFO] [stdout] error[E0425]: cannot find value `args` in this scope
[INFO] [stdout]    --> /opt/rustwide/cargo-home/git/checkouts/rhai-f99f240b2f7f4b04/4ca3cef/src/packages/math_basic.rs:467:62
[INFO] [stdout]     |
[INFO] [stdout] 467 | gen_conversion_as_functions!(num_128_to_int => to_int (i128, u128) -> INT);
[INFO] [stdout]     |                                                              ^^^^ not found in this scope
[INFO] [stdout]     |
[INFO] [stdout]     = help: consider importing one of these items:
[INFO] [stdout]             crate::stdlib::env::args
[INFO] [stdout]             std::env::args
[INFO] [stdout] 
[INFO] [stdout] 
[INFO] [stdout] error: aborting due to 47 previous errors
[INFO] [stdout] 
[INFO] [stdout] 
[INFO] [stdout] For more information about this error, try `rustc --explain E0425`.
[INFO] [stdout] 
[INFO] [stderr] error: could not compile `rhai` (lib) due to 48 previous errors
[INFO] running `Command { std: "docker" "inspect" "e13b4d16dbaa50c3b1639ebe179ce3a10620dde1970375d0b60ee55a182322d1", kill_on_drop: false }`
[INFO] running `Command { std: "docker" "rm" "-f" "e13b4d16dbaa50c3b1639ebe179ce3a10620dde1970375d0b60ee55a182322d1", kill_on_drop: false }`
[INFO] [stdout] e13b4d16dbaa50c3b1639ebe179ce3a10620dde1970375d0b60ee55a182322d1
