[INFO] cloning repository https://github.com/Disasm/f411-async-usb-serial
[INFO] running `Command { std: "git" "-c" "credential.helper=" "-c" "credential.helper=/workspace/cargo-home/bin/git-credential-null" "clone" "--bare" "https://github.com/Disasm/f411-async-usb-serial" "/workspace/cache/git-repos/https%3A%2F%2Fgithub.com%2FDisasm%2Ff411-async-usb-serial", kill_on_drop: false }`
[INFO] [stderr] Cloning into bare repository '/workspace/cache/git-repos/https%3A%2F%2Fgithub.com%2FDisasm%2Ff411-async-usb-serial'...
[INFO] running `Command { std: "git" "rev-parse" "HEAD", kill_on_drop: false }`
[INFO] [stdout] e52c76324d057aead4618df40e5730d2ea46e87d
[INFO] documenting Disasm/f411-async-usb-serial against 1.69.0 for beta-1.70-rustdoc-1
[INFO] running `Command { std: "git" "clone" "/workspace/cache/git-repos/https%3A%2F%2Fgithub.com%2FDisasm%2Ff411-async-usb-serial" "/workspace/builds/worker-6-tc1/source", kill_on_drop: false }`
[INFO] [stderr] Cloning into '/workspace/builds/worker-6-tc1/source'...
[INFO] [stderr] done.
[INFO] validating manifest of git repo https://github.com/Disasm/f411-async-usb-serial on toolchain 1.69.0
[INFO] running `Command { std: CARGO_HOME="/workspace/cargo-home" RUSTUP_HOME="/workspace/rustup-home" "/workspace/cargo-home/bin/cargo" "+1.69.0" "metadata" "--manifest-path" "Cargo.toml" "--no-deps", kill_on_drop: false }`
[INFO] removed /workspace/builds/worker-6-tc1/source/.cargo/config
[INFO] started tweaking git repo https://github.com/Disasm/f411-async-usb-serial
[INFO] finished tweaking git repo https://github.com/Disasm/f411-async-usb-serial
[INFO] tweaked toml for git repo https://github.com/Disasm/f411-async-usb-serial written to /workspace/builds/worker-6-tc1/source/Cargo.toml
[INFO] crate git repo https://github.com/Disasm/f411-async-usb-serial already has a lockfile, it will not be regenerated
[INFO] running `Command { std: CARGO_HOME="/workspace/cargo-home" RUSTUP_HOME="/workspace/rustup-home" "/workspace/cargo-home/bin/cargo" "+1.69.0" "fetch" "--manifest-path" "Cargo.toml", kill_on_drop: false }`
[INFO] [stderr]     Updating git repository `https://github.com/stm32-rs/stm32f4xx-hal.git`
[INFO] [stderr]     Updating git repository `https://github.com/rust-embedded-community/async-on-embedded`
[INFO] [stderr]     Updating git repository `https://github.com/japaric/heapless`
[INFO] [stderr]  Downloading crates ...
[INFO] [stderr]   Downloaded riscv v0.6.0
[INFO] [stderr]   Downloaded rtcc v0.2.0
[INFO] [stderr]   Downloaded syn v1.0.65
[INFO] [stderr]   Downloaded stm32f4 v0.11.0
[INFO] running `Command { std: "docker" "create" "-v" "/var/lib/crater-agent-workspace/builds/worker-6-tc1/target:/opt/rustwide/target:rw,Z" "-v" "/var/lib/crater-agent-workspace/builds/worker-6-tc1/source:/opt/rustwide/workdir:ro,Z" "-v" "/var/lib/crater-agent-workspace/cargo-home:/opt/rustwide/cargo-home:ro,Z" "-v" "/var/lib/crater-agent-workspace/rustup-home:/opt/rustwide/rustup-home:ro,Z" "-e" "SOURCE_DIR=/opt/rustwide/workdir" "-e" "CARGO_TARGET_DIR=/opt/rustwide/target" "-e" "CARGO_HOME=/opt/rustwide/cargo-home" "-e" "RUSTUP_HOME=/opt/rustwide/rustup-home" "-w" "/opt/rustwide/workdir" "-m" "1610612736" "--user" "0:0" "--network" "none" "ghcr.io/rust-lang/crates-build-env/linux@sha256:5ff2268d62e97bff2cde7d5815dd6ed5b47097566f13b8d0ca110b04b60e07ed" "/opt/rustwide/cargo-home/bin/cargo" "+1.69.0" "metadata" "--no-deps" "--format-version=1", kill_on_drop: false }`
[INFO] [stdout] 922e3ac040f22e435ac21ea82f28e9c696b33b3b121d2cf19066924f8481576e
[INFO] running `Command { std: "docker" "start" "-a" "922e3ac040f22e435ac21ea82f28e9c696b33b3b121d2cf19066924f8481576e", kill_on_drop: false }`
[INFO] running `Command { std: "docker" "inspect" "922e3ac040f22e435ac21ea82f28e9c696b33b3b121d2cf19066924f8481576e", kill_on_drop: false }`
[INFO] running `Command { std: "docker" "rm" "-f" "922e3ac040f22e435ac21ea82f28e9c696b33b3b121d2cf19066924f8481576e", kill_on_drop: false }`
[INFO] [stdout] 922e3ac040f22e435ac21ea82f28e9c696b33b3b121d2cf19066924f8481576e
[INFO] running `Command { std: "docker" "create" "-v" "/var/lib/crater-agent-workspace/builds/worker-6-tc1/target:/opt/rustwide/target:rw,Z" "-v" "/var/lib/crater-agent-workspace/builds/worker-6-tc1/source:/opt/rustwide/workdir:ro,Z" "-v" "/var/lib/crater-agent-workspace/cargo-home:/opt/rustwide/cargo-home:ro,Z" "-v" "/var/lib/crater-agent-workspace/rustup-home:/opt/rustwide/rustup-home:ro,Z" "-e" "SOURCE_DIR=/opt/rustwide/workdir" "-e" "CARGO_TARGET_DIR=/opt/rustwide/target" "-e" "CARGO_INCREMENTAL=0" "-e" "RUST_BACKTRACE=full" "-e" "RUSTFLAGS=--cap-lints=warn" "-e" "RUSTDOCFLAGS=--cap-lints=warn" "-e" "CARGO_HOME=/opt/rustwide/cargo-home" "-e" "RUSTUP_HOME=/opt/rustwide/rustup-home" "-w" "/opt/rustwide/workdir" "-m" "1610612736" "--user" "0:0" "--network" "none" "ghcr.io/rust-lang/crates-build-env/linux@sha256:5ff2268d62e97bff2cde7d5815dd6ed5b47097566f13b8d0ca110b04b60e07ed" "/opt/rustwide/cargo-home/bin/cargo" "+1.69.0" "doc" "--frozen" "--no-deps" "--document-private-items" "--message-format=json", kill_on_drop: false }`
[INFO] [stdout] c52318defc8a578463fbccc1c735bf29f5fd580255ce9f86ec273c5610e96f0a
[INFO] running `Command { std: "docker" "start" "-a" "c52318defc8a578463fbccc1c735bf29f5fd580255ce9f86ec273c5610e96f0a", kill_on_drop: false }`
[INFO] [stderr]    Compiling typenum v1.13.0
[INFO] [stderr]    Compiling semver-parser v0.7.0
[INFO] [stderr]    Compiling version_check v0.9.3
[INFO] [stderr]     Checking stable_deref_trait v1.2.0
[INFO] [stderr]     Checking nb v1.0.0
[INFO] [stderr]    Compiling cortex-m v0.7.2
[INFO] [stderr]    Compiling autocfg v1.0.1
[INFO] [stderr]     Checking void v1.0.2
[INFO] [stderr]     Checking vcell v0.1.3
[INFO] [stderr]    Compiling proc-macro2 v1.0.24
[INFO] [stderr]    Compiling cortex-m v0.6.7
[INFO] [stderr]     Checking bitfield v0.13.2
[INFO] [stderr]    Compiling unicode-xid v0.2.1
[INFO] [stderr]    Compiling syn v1.0.65
[INFO] [stderr]    Compiling cortex-m-rt v0.6.13
[INFO] [stderr]     Checking r0 v0.2.2
[INFO] [stderr]     Checking byteorder v1.4.3
[INFO] [stderr]     Checking usb-device v0.2.8
[INFO] [stderr]     Checking nb v0.1.3
[INFO] [stderr]    Compiling synopsys-usb-otg v0.2.4
[INFO] [stderr]     Checking embedded-hal v0.2.4
[INFO] [stderr]     Checking volatile-register v0.2.0
[INFO] [stderr]    Compiling heapless v0.5.3 (https://github.com/japaric/heapless?branch=slab#10e88349)
[INFO] [stderr]    Compiling stm32f4 v0.11.0
[INFO] [stderr]    Compiling semver v0.9.0
[INFO] [stderr]     Checking ufmt-write v0.1.0
[INFO] [stderr]     Checking embedded-dma v0.1.2
[INFO] [stderr]     Checking hash32 v0.1.1
[INFO] [stderr]     Checking rand_core v0.5.1
[INFO] [stderr]    Compiling generic-array v0.14.4
[INFO] [stderr]     Checking pin-utils v0.1.0
[INFO] [stderr]     Checking usbd-serial v0.1.1
[INFO] [stderr]    Compiling num-traits v0.2.14
[INFO] [stderr]    Compiling num-integer v0.1.44
[INFO] [stderr]    Compiling rustc_version v0.2.3
[INFO] [stderr]    Compiling bare-metal v0.2.5
[INFO] [stderr]    Compiling cast v0.2.3
[INFO] [stderr]    Compiling quote v1.0.9
[INFO] [stderr]     Checking generic-array v0.12.4
[INFO] [stderr]     Checking generic-array v0.13.3
[INFO] [stderr]     Checking as-slice v0.1.5
[INFO] [stderr]     Checking aligned v0.3.4
[INFO] [stderr]     Checking chrono v0.4.19
[INFO] [stderr]     Checking rtt-target v0.2.2
[INFO] [stderr]     Checking async-embedded v0.0.0-alpha.0 (https://github.com/rust-embedded-community/async-on-embedded?rev=aa43ccddffb8ba0460c49bcfe61cba24d966db6c#aa43ccdd)
[INFO] [stderr]     Checking panic-rtt-target v0.1.1
[INFO] [stdout] error[E0425]: cannot find function `abort` in the crate root
[INFO] [stdout]   --> /opt/rustwide/cargo-home/git/checkouts/async-on-embedded-8f60d769285883fa/aa43ccd/async-embedded/src/alloc.rs:32:20
[INFO] [stdout]    |
[INFO] [stdout] 32 |             crate::abort();
[INFO] [stdout]    |                    ^^^^^ not found in the crate root
[INFO] [stdout]    |
[INFO] [stdout] help: consider importing this function
[INFO] [stdout]    |
[INFO] [stdout] 6  | use pin_utils::core_reexport::intrinsics::abort;
[INFO] [stdout]    |
[INFO] [stdout] help: if you import `abort`, refer to it directly
[INFO] [stdout]    |
[INFO] [stdout] 32 -             crate::abort();
[INFO] [stdout] 32 +             abort();
[INFO] [stdout]    |
[INFO] [stdout] 
[INFO] [stdout] 
[INFO] [stdout] error[E0425]: cannot find function `abort` in the crate root
[INFO] [stdout]   --> /opt/rustwide/cargo-home/git/checkouts/async-on-embedded-8f60d769285883fa/aa43ccd/async-embedded/src/executor.rs:59:20
[INFO] [stdout]    |
[INFO] [stdout] 59 |             crate::abort();
[INFO] [stdout]    |                    ^^^^^ not found in the crate root
[INFO] [stdout]    |
[INFO] [stdout] help: consider importing this function
[INFO] [stdout]    |
[INFO] [stdout] 1  | use pin_utils::core_reexport::intrinsics::abort;
[INFO] [stdout]    |
[INFO] [stdout] help: if you import `abort`, refer to it directly
[INFO] [stdout]    |
[INFO] [stdout] 59 -             crate::abort();
[INFO] [stdout] 59 +             abort();
[INFO] [stdout]    |
[INFO] [stdout] 
[INFO] [stdout] 
[INFO] [stdout] error[E0425]: cannot find function `wait_for_event` in the crate root
[INFO] [stdout]    --> /opt/rustwide/cargo-home/git/checkouts/async-on-embedded-8f60d769285883fa/aa43ccd/async-embedded/src/executor.rs:122:29
[INFO] [stdout]     |
[INFO] [stdout] 122 |             unsafe { crate::wait_for_event() };
[INFO] [stdout]     |                             ^^^^^^^^^^^^^^ not found in the crate root
[INFO] [stdout] 
[INFO] [stdout] 
[INFO] [stdout] error[E0425]: cannot find function `abort` in the crate root
[INFO] [stdout]    --> /opt/rustwide/cargo-home/git/checkouts/async-on-embedded-8f60d769285883fa/aa43ccd/async-embedded/src/executor.rs:137:20
[INFO] [stdout]     |
[INFO] [stdout] 137 |             crate::abort()
[INFO] [stdout]     |                    ^^^^^ not found in the crate root
[INFO] [stdout]     |
[INFO] [stdout] help: consider importing this function
[INFO] [stdout]     |
[INFO] [stdout] 1   | use pin_utils::core_reexport::intrinsics::abort;
[INFO] [stdout]     |
[INFO] [stdout] help: if you import `abort`, refer to it directly
[INFO] [stdout]     |
[INFO] [stdout] 137 -             crate::abort()
[INFO] [stdout] 137 +             abort()
[INFO] [stdout]     |
[INFO] [stdout] 
[INFO] [stdout] 
[INFO] [stdout] error[E0425]: cannot find function `abort` in the crate root
[INFO] [stdout]    --> /opt/rustwide/cargo-home/git/checkouts/async-on-embedded-8f60d769285883fa/aa43ccd/async-embedded/src/executor.rs:163:28
[INFO] [stdout]     |
[INFO] [stdout] 163 |                     crate::abort()
[INFO] [stdout]     |                            ^^^^^ not found in the crate root
[INFO] [stdout]     |
[INFO] [stdout] help: consider importing this function
[INFO] [stdout]     |
[INFO] [stdout] 1   | use pin_utils::core_reexport::intrinsics::abort;
[INFO] [stdout]     |
[INFO] [stdout] help: if you import `abort`, refer to it directly
[INFO] [stdout]     |
[INFO] [stdout] 163 -                     crate::abort()
[INFO] [stdout] 163 +                     abort()
[INFO] [stdout]     |
[INFO] [stdout] 
[INFO] [stdout] 
[INFO] [stdout] error[E0425]: cannot find function `abort` in the crate root
[INFO] [stdout]    --> /opt/rustwide/cargo-home/git/checkouts/async-on-embedded-8f60d769285883fa/aa43ccd/async-embedded/src/executor.rs:181:16
[INFO] [stdout]     |
[INFO] [stdout] 181 |         crate::abort()
[INFO] [stdout]     |                ^^^^^ not found in the crate root
[INFO] [stdout]     |
[INFO] [stdout] help: consider importing this function
[INFO] [stdout]     |
[INFO] [stdout] 1   | use pin_utils::core_reexport::intrinsics::abort;
[INFO] [stdout]     |
[INFO] [stdout] help: if you import `abort`, refer to it directly
[INFO] [stdout]     |
[INFO] [stdout] 181 -         crate::abort()
[INFO] [stdout] 181 +         abort()
[INFO] [stdout]     |
[INFO] [stdout] 
[INFO] [stdout] 
[INFO] [stdout] error[E0425]: cannot find function `signal_event_ready` in the crate root
[INFO] [stdout]   --> /opt/rustwide/cargo-home/git/checkouts/async-on-embedded-8f60d769285883fa/aa43ccd/async-embedded/src/task.rs:44:33
[INFO] [stdout]    |
[INFO] [stdout] 44 |                 unsafe { crate::signal_event_ready(); }
[INFO] [stdout]    |                                 ^^^^^^^^^^^^^^^^^^ not found in the crate root
[INFO] [stdout] 
[INFO] [stdout] 
[INFO] [stdout] error[E0425]: cannot find function `signal_event_ready` in the crate root
[INFO] [stdout]    --> /opt/rustwide/cargo-home/git/checkouts/async-on-embedded-8f60d769285883fa/aa43ccd/async-embedded/src/unsync/channel.rs:139:24
[INFO] [stdout]     |
[INFO] [stdout] 139 |                 crate::signal_event_ready();
[INFO] [stdout]     |                        ^^^^^^^^^^^^^^^^^^ not found in the crate root
[INFO] [stdout] 
[INFO] [stdout] 
[INFO] [stdout] error[E0425]: cannot find function `signal_event_ready` in the crate root
[INFO] [stdout]    --> /opt/rustwide/cargo-home/git/checkouts/async-on-embedded-8f60d769285883fa/aa43ccd/async-embedded/src/unsync/channel.rs:164:24
[INFO] [stdout]     |
[INFO] [stdout] 164 |                 crate::signal_event_ready();
[INFO] [stdout]     |                        ^^^^^^^^^^^^^^^^^^ not found in the crate root
[INFO] [stdout] 
[INFO] [stdout] 
[INFO] [stdout] error[E0425]: cannot find function `signal_event_ready` in the crate root
[INFO] [stdout]   --> /opt/rustwide/cargo-home/git/checkouts/async-on-embedded-8f60d769285883fa/aa43ccd/async-embedded/src/unsync/mutex.rs:95:25
[INFO] [stdout]    |
[INFO] [stdout] 95 |         unsafe { crate::signal_event_ready(); }
[INFO] [stdout]    |                         ^^^^^^^^^^^^^^^^^^ not found in the crate root
[INFO] [stdout] 
[INFO] [stdout] 
[INFO] [stdout] error[E0308]: mismatched types
[INFO] [stdout]   --> /opt/rustwide/cargo-home/git/checkouts/async-on-embedded-8f60d769285883fa/aa43ccd/async-embedded/src/alloc.rs:30:16
[INFO] [stdout]    |
[INFO] [stdout] 30 |           } else {
[INFO] [stdout]    |  ________________^
[INFO] [stdout] 31 | |             // OOM
[INFO] [stdout] 32 | |             crate::abort();
[INFO] [stdout] 33 | |         }
[INFO] [stdout]    | |_________^ expected `&mut MaybeUninit<T>`, found `()`
[INFO] [stdout]    |
[INFO] [stdout]    = note: expected mutable reference `&'static mut MaybeUninit<T>`
[INFO] [stdout]                       found unit type `()`
[INFO] [stdout] 
[INFO] [stdout] 
[INFO] [stdout] error: aborting due to 11 previous errors
[INFO] [stdout] 
[INFO] [stdout] 
[INFO] [stdout] Some errors have detailed explanations: E0308, E0425.
[INFO] [stdout] 
[INFO] [stdout] For more information about an error, try `rustc --explain E0308`.
[INFO] [stdout] 
[INFO] [stderr] error: could not compile `async-embedded` due to 12 previous errors
[INFO] [stderr] warning: build failed, waiting for other jobs to finish...
[INFO] running `Command { std: "docker" "inspect" "c52318defc8a578463fbccc1c735bf29f5fd580255ce9f86ec273c5610e96f0a", kill_on_drop: false }`
[INFO] running `Command { std: "docker" "rm" "-f" "c52318defc8a578463fbccc1c735bf29f5fd580255ce9f86ec273c5610e96f0a", kill_on_drop: false }`
[INFO] [stdout] c52318defc8a578463fbccc1c735bf29f5fd580255ce9f86ec273c5610e96f0a
