[INFO] cloning repository https://github.com/Demindiro/norost-a
[INFO] running `Command { std: "git" "-c" "credential.helper=" "-c" "credential.helper=/workspace/cargo-home/bin/git-credential-null" "clone" "--bare" "https://github.com/Demindiro/norost-a" "/workspace/cache/git-repos/https%3A%2F%2Fgithub.com%2FDemindiro%2Fnorost-a", kill_on_drop: false }`
[INFO] [stderr] Cloning into bare repository '/workspace/cache/git-repos/https%3A%2F%2Fgithub.com%2FDemindiro%2Fnorost-a'...
[INFO] running `Command { std: "git" "rev-parse" "HEAD", kill_on_drop: false }`
[INFO] [stdout] fbaeaa8200d66864c7754073f64529d32746e71d
[INFO] documenting Demindiro/norost-a against 1.69.0 for beta-1.70-rustdoc-1
[INFO] running `Command { std: "git" "clone" "/workspace/cache/git-repos/https%3A%2F%2Fgithub.com%2FDemindiro%2Fnorost-a" "/workspace/builds/worker-7-tc1/source", kill_on_drop: false }`
[INFO] [stderr] Cloning into '/workspace/builds/worker-7-tc1/source'...
[INFO] [stderr] done.
[INFO] validating manifest of git repo https://github.com/Demindiro/norost-a on toolchain 1.69.0
[INFO] running `Command { std: CARGO_HOME="/workspace/cargo-home" RUSTUP_HOME="/workspace/rustup-home" "/workspace/cargo-home/bin/cargo" "+1.69.0" "metadata" "--manifest-path" "Cargo.toml" "--no-deps", kill_on_drop: false }`
[INFO] removed /workspace/builds/worker-7-tc1/source/.cargo/config.toml
[INFO] started tweaking git repo https://github.com/Demindiro/norost-a
[INFO] finished tweaking git repo https://github.com/Demindiro/norost-a
[INFO] tweaked toml for git repo https://github.com/Demindiro/norost-a written to /workspace/builds/worker-7-tc1/source/Cargo.toml
[INFO] crate git repo https://github.com/Demindiro/norost-a already has a lockfile, it will not be regenerated
[INFO] running `Command { std: CARGO_HOME="/workspace/cargo-home" RUSTUP_HOME="/workspace/rustup-home" "/workspace/cargo-home/bin/cargo" "+1.69.0" "fetch" "--manifest-path" "Cargo.toml", kill_on_drop: false }`
[INFO] [stderr]  Downloading crates ...
[INFO] [stderr]   Downloaded fscommon v0.1.1
[INFO] running `Command { std: "docker" "create" "-v" "/var/lib/crater-agent-workspace/builds/worker-7-tc1/target:/opt/rustwide/target:rw,Z" "-v" "/var/lib/crater-agent-workspace/builds/worker-7-tc1/source:/opt/rustwide/workdir:ro,Z" "-v" "/var/lib/crater-agent-workspace/cargo-home:/opt/rustwide/cargo-home:ro,Z" "-v" "/var/lib/crater-agent-workspace/rustup-home:/opt/rustwide/rustup-home:ro,Z" "-e" "SOURCE_DIR=/opt/rustwide/workdir" "-e" "CARGO_TARGET_DIR=/opt/rustwide/target" "-e" "CARGO_HOME=/opt/rustwide/cargo-home" "-e" "RUSTUP_HOME=/opt/rustwide/rustup-home" "-w" "/opt/rustwide/workdir" "-m" "1610612736" "--user" "0:0" "--network" "none" "ghcr.io/rust-lang/crates-build-env/linux@sha256:5ff2268d62e97bff2cde7d5815dd6ed5b47097566f13b8d0ca110b04b60e07ed" "/opt/rustwide/cargo-home/bin/cargo" "+1.69.0" "metadata" "--no-deps" "--format-version=1", kill_on_drop: false }`
[INFO] [stdout] c77f7bac409831b529bc4a0628a38e3e90c10eee4a8ace85e18292c645820c39
[INFO] running `Command { std: "docker" "start" "-a" "c77f7bac409831b529bc4a0628a38e3e90c10eee4a8ace85e18292c645820c39", kill_on_drop: false }`
[INFO] running `Command { std: "docker" "inspect" "c77f7bac409831b529bc4a0628a38e3e90c10eee4a8ace85e18292c645820c39", kill_on_drop: false }`
[INFO] running `Command { std: "docker" "rm" "-f" "c77f7bac409831b529bc4a0628a38e3e90c10eee4a8ace85e18292c645820c39", kill_on_drop: false }`
[INFO] [stdout] c77f7bac409831b529bc4a0628a38e3e90c10eee4a8ace85e18292c645820c39
[INFO] running `Command { std: "docker" "create" "-v" "/var/lib/crater-agent-workspace/builds/worker-7-tc1/target:/opt/rustwide/target:rw,Z" "-v" "/var/lib/crater-agent-workspace/builds/worker-7-tc1/source:/opt/rustwide/workdir:ro,Z" "-v" "/var/lib/crater-agent-workspace/cargo-home:/opt/rustwide/cargo-home:ro,Z" "-v" "/var/lib/crater-agent-workspace/rustup-home:/opt/rustwide/rustup-home:ro,Z" "-e" "SOURCE_DIR=/opt/rustwide/workdir" "-e" "CARGO_TARGET_DIR=/opt/rustwide/target" "-e" "CARGO_INCREMENTAL=0" "-e" "RUST_BACKTRACE=full" "-e" "RUSTFLAGS=--cap-lints=warn" "-e" "RUSTDOCFLAGS=--cap-lints=warn" "-e" "CARGO_HOME=/opt/rustwide/cargo-home" "-e" "RUSTUP_HOME=/opt/rustwide/rustup-home" "-w" "/opt/rustwide/workdir" "-m" "1610612736" "--user" "0:0" "--network" "none" "ghcr.io/rust-lang/crates-build-env/linux@sha256:5ff2268d62e97bff2cde7d5815dd6ed5b47097566f13b8d0ca110b04b60e07ed" "/opt/rustwide/cargo-home/bin/cargo" "+1.69.0" "doc" "--frozen" "--no-deps" "--document-private-items" "--message-format=json", kill_on_drop: false }`
[INFO] [stdout] f88d15c31f2b167312eb386f11e1d6f740f1f3825297393fe6ea1ff7ff3122c7
[INFO] running `Command { std: "docker" "start" "-a" "f88d15c31f2b167312eb386f11e1d6f740f1f3825297393fe6ea1ff7ff3122c7", kill_on_drop: false }`
[INFO] [stderr]     Checking syscalls v0.1.0 (/opt/rustwide/workdir/lib/rust/kernel)
[INFO] [stderr]     Checking simple_endian v0.2.0 (/opt/rustwide/workdir/thirdparty/rust/simple-endian)
[INFO] [stderr]     Checking vcell v0.1.3 (/opt/rustwide/workdir/thirdparty/rust/vcell)
[INFO] [stderr]     Checking zero v0.1.2 (/opt/rustwide/workdir/thirdparty/rust/zero)
[INFO] [stderr]    Compiling autocfg v1.0.1
[INFO] [stderr]    Compiling libc v0.2.98
[INFO] [stderr]    Compiling log v0.4.14
[INFO] [stderr]     Checking driver v0.1.0 (/opt/rustwide/workdir/lib/rust/driver)
[INFO] [stderr]    Compiling bitflags v1.2.1
[INFO] [stderr]     Checking cfg-if v1.0.0
[INFO] [stderr]    Compiling pci_manager v0.1.0 (/opt/rustwide/workdir/services/driver/pci)
[INFO] [stderr]    Compiling b0 v0.1.0 (/opt/rustwide/workdir/services/init/b0)
[INFO] [stderr]  Documenting syscalls v0.1.0 (/opt/rustwide/workdir/lib/rust/kernel)
[INFO] [stderr]  Documenting kernel v0.1.0 (/opt/rustwide/workdir/kernel)
[INFO] [stderr]  Documenting simple_endian v0.2.0 (/opt/rustwide/workdir/thirdparty/rust/simple-endian)
[INFO] [stderr]  Documenting zero v0.1.2 (/opt/rustwide/workdir/thirdparty/rust/zero)
[INFO] [stdout] error[E0557]: feature has been removed
[INFO] [stdout]   --> kernel/src/main.rs:33:12
[INFO] [stdout]    |
[INFO] [stdout] 33 | #![feature(untagged_unions)]
[INFO] [stdout]    |            ^^^^^^^^^^^^^^^ feature has been removed
[INFO] [stdout]    |
[INFO] [stdout]    = note: unions with `Copy` and `ManuallyDrop` fields are stable; there is no intent to stabilize more
[INFO] [stdout] 
[INFO] [stdout] 
[INFO] [stdout] error: Compilation failed, aborting rustdoc
[INFO] [stdout] 
[INFO] [stdout] 
[INFO] [stdout] error: aborting due to 2 previous errors
[INFO] [stdout] 
[INFO] [stdout] 
[INFO] [stdout] For more information about this error, try `rustc --explain E0557`.
[INFO] [stdout] 
[INFO] [stderr] error: could not document `kernel`
[INFO] [stderr] 
[INFO] [stderr] Caused by:
[INFO] [stderr]   process didn't exit successfully: `rustdoc --edition=2018 --crate-type bin --crate-name kernel kernel/src/main.rs -o /opt/rustwide/target/doc --error-format=json --json=diagnostic-rendered-ansi,artifacts,future-incompat --document-private-items '-Arustdoc::private-intra-doc-links' -C metadata=f8ba18649c647c58 -L dependency=/opt/rustwide/target/debug/deps --cap-lints=warn --crate-version 0.1.0` (exit status: 1)
[INFO] [stderr] warning: build failed, waiting for other jobs to finish...
[INFO] [stdout] error: cannot find macro `syscall` in this scope
[INFO] [stdout]    --> lib/rust/kernel/src/lib.rs:205:1
[INFO] [stdout]     |
[INFO] [stdout] 205 | syscall!(saveall io_wait, 0, time: u64);
[INFO] [stdout]     | ^^^^^^^
[INFO] [stdout] 
[INFO] [stdout] 
[INFO] [stdout] error: cannot find macro `syscall` in this scope
[INFO] [stdout]    --> lib/rust/kernel/src/lib.rs:206:1
[INFO] [stdout]     |
[INFO] [stdout] 206 | syscall!(
[INFO] [stdout]     | ^^^^^^^
[INFO] [stdout] 
[INFO] [stdout] 
[INFO] [stdout] error: cannot find macro `syscall` in this scope
[INFO] [stdout]    --> lib/rust/kernel/src/lib.rs:214:1
[INFO] [stdout]     |
[INFO] [stdout] 214 | syscall!(io_set_notify_handler, 2, function: notification::Handler);
[INFO] [stdout]     | ^^^^^^^
[INFO] [stdout] 
[INFO] [stdout] 
[INFO] [stdout] error: cannot find macro `syscall` in this scope
[INFO] [stdout]    --> lib/rust/kernel/src/lib.rs:216:1
[INFO] [stdout]     |
[INFO] [stdout] 216 | syscall!(mem_alloc, 3, address: *mut Page, size: usize, flags: u8);
[INFO] [stdout]     | ^^^^^^^
[INFO] [stdout] 
[INFO] [stdout] 
[INFO] [stdout] error: cannot find macro `syscall` in this scope
[INFO] [stdout]    --> lib/rust/kernel/src/lib.rs:217:1
[INFO] [stdout]     |
[INFO] [stdout] 217 | syscall!(mem_dealloc, 4, address: *mut Page, size: usize);
[INFO] [stdout]     | ^^^^^^^
[INFO] [stdout] 
[INFO] [stdout] 
[INFO] [stdout] error: cannot find macro `syscall` in this scope
[INFO] [stdout]    --> lib/rust/kernel/src/lib.rs:218:1
[INFO] [stdout]     |
[INFO] [stdout] 218 | syscall!(
[INFO] [stdout]     | ^^^^^^^
[INFO] [stdout] 
[INFO] [stdout] 
[INFO] [stdout] error: cannot find macro `syscall` in this scope
[INFO] [stdout]    --> lib/rust/kernel/src/lib.rs:226:1
[INFO] [stdout]     |
[INFO] [stdout] 226 | syscall!(
[INFO] [stdout]     | ^^^^^^^
[INFO] [stdout] 
[INFO] [stdout] 
[INFO] [stdout] error: cannot find macro `syscall` in this scope
[INFO] [stdout]    --> lib/rust/kernel/src/lib.rs:234:1
[INFO] [stdout]     |
[INFO] [stdout] 234 | syscall!(io_notify_return, 9);
[INFO] [stdout]     | ^^^^^^^
[INFO] [stdout] 
[INFO] [stdout] 
[INFO] [stdout] error: cannot find macro `syscall` in this scope
[INFO] [stdout]    --> lib/rust/kernel/src/lib.rs:236:1
[INFO] [stdout]     |
[INFO] [stdout] 236 | syscall!(sys_reserve_interrupt, 10, interrupt: usize);
[INFO] [stdout]     | ^^^^^^^
[INFO] [stdout] 
[INFO] [stdout] 
[INFO] [stdout] error: cannot find macro `syscall` in this scope
[INFO] [stdout]    --> lib/rust/kernel/src/lib.rs:238:1
[INFO] [stdout]     |
[INFO] [stdout] 238 | syscall!(
[INFO] [stdout]     | ^^^^^^^
[INFO] [stdout] 
[INFO] [stdout] 
[INFO] [stdout] error: cannot find macro `syscall` in this scope
[INFO] [stdout]    --> lib/rust/kernel/src/lib.rs:247:1
[INFO] [stdout]     |
[INFO] [stdout] 247 | syscall!(
[INFO] [stdout]     | ^^^^^^^
[INFO] [stdout] 
[INFO] [stdout] 
[INFO] [stdout] error: cannot find macro `syscall` in this scope
[INFO] [stdout]    --> lib/rust/kernel/src/lib.rs:255:1
[INFO] [stdout]     |
[INFO] [stdout] 255 | syscall!(sys_platform_info, 13, address: *mut Page, max_count: usize);
[INFO] [stdout]     | ^^^^^^^
[INFO] [stdout] 
[INFO] [stdout] 
[INFO] [stdout] error: cannot find macro `syscall` in this scope
[INFO] [stdout]    --> lib/rust/kernel/src/lib.rs:256:1
[INFO] [stdout]     |
[INFO] [stdout] 256 | syscall!(
[INFO] [stdout]     | ^^^^^^^
[INFO] [stdout] 
[INFO] [stdout] 
[INFO] [stdout] error: cannot find macro `syscall` in this scope
[INFO] [stdout]    --> lib/rust/kernel/src/lib.rs:264:1
[INFO] [stdout]     |
[INFO] [stdout] 264 | syscall!(sys_log, 15, string: *const u8, length: usize);
[INFO] [stdout]     | ^^^^^^^
[INFO] [stdout] 
[INFO] [stdout] 
[INFO] [stdout] error: cannot find macro `syscall` in this scope
[INFO] [stdout]    --> lib/rust/kernel/src/lib.rs:266:1
[INFO] [stdout]     |
[INFO] [stdout] 266 | syscall!(
[INFO] [stdout]     | ^^^^^^^
[INFO] [stdout] 
[INFO] [stdout] 
[INFO] [stdout] error: cannot find macro `syscall` in this scope
[INFO] [stdout]    --> lib/rust/kernel/src/lib.rs:273:1
[INFO] [stdout]     |
[INFO] [stdout] 273 | syscall!(sys_registry_get, 17, name: *const u8, name_length: usize);
[INFO] [stdout]     | ^^^^^^^
[INFO] [stdout] 
[INFO] [stdout] 
[INFO] [stdout] error[E0433]: failed to resolve: use of undeclared type `Page`
[INFO] [stdout]    --> lib/rust/kernel/src/lib.rs:344:17
[INFO] [stdout]     |
[INFO] [stdout] 344 |             .checked_shl(Page::OFFSET_BITS.into())
[INFO] [stdout]     |                          ^^^^ use of undeclared type `Page`
[INFO] [stdout] 
[INFO] [stdout] 
[INFO] [stdout] error[E0433]: failed to resolve: use of undeclared type `Page`
[INFO] [stdout]    --> lib/rust/kernel/src/lib.rs:354:11
[INFO] [stdout]     |
[INFO] [stdout] 354 |         (pa.0 & Page::MASK == 0)
[INFO] [stdout]     |                 ^^^^ use of undeclared type `Page`
[INFO] [stdout] 
[INFO] [stdout] 
[INFO] [stdout] error[E0433]: failed to resolve: use of undeclared type `Page`
[INFO] [stdout]    --> lib/rust/kernel/src/lib.rs:355:26
[INFO] [stdout]     |
[INFO] [stdout] 355 |             .then(|| Self(pa.0 >> Page::OFFSET_BITS))
[INFO] [stdout]     |                                   ^^^^ use of undeclared type `Page`
[INFO] [stdout] 
[INFO] [stdout] 
[INFO] [stdout] error: cannot find macro `syscall` in this scope
[INFO] [stdout]    --> lib/rust/kernel/src/lib.rs:205:1
[INFO] [stdout]     |
[INFO] [stdout] 205 | syscall!(saveall io_wait, 0, time: u64);
[INFO] [stdout]     | ^^^^^^^
[INFO] [stdout] 
[INFO] [stdout] 
[INFO] [stdout] error[E0412]: cannot find type `Page` in this scope
[INFO] [stdout]    --> lib/rust/kernel/src/lib.rs:112:28
[INFO] [stdout]     |
[INFO] [stdout] 112 |         pub data: Option<NonNull<Page>>,
[INFO] [stdout]     |                                  ^^^^ not found in this scope
[INFO] [stdout]     |
[INFO] [stdout] help: you might be missing a type parameter
[INFO] [stdout]     |
[INFO] [stdout] 110 |     pub struct Packet<Page> {
[INFO] [stdout]     |                      ++++++
[INFO] [stdout] 
[INFO] [stdout] 
[INFO] [stdout] error[E0412]: cannot find type `Page` in this scope
[INFO] [stdout]    --> lib/rust/kernel/src/lib.rs:113:28
[INFO] [stdout]     |
[INFO] [stdout] 113 |         pub name: Option<NonNull<Page>>,
[INFO] [stdout]     |                                  ^^^^ not found in this scope
[INFO] [stdout]     |
[INFO] [stdout] help: you might be missing a type parameter
[INFO] [stdout]     |
[INFO] [stdout] 110 |     pub struct Packet<Page> {
[INFO] [stdout]     |                      ++++++
[INFO] [stdout] 
[INFO] [stdout] 
[INFO] [stdout] error[E0412]: cannot find type `Page` in this scope
[INFO] [stdout]    --> lib/rust/kernel/src/lib.rs:166:31
[INFO] [stdout]     |
[INFO] [stdout] 166 |         pub address: Option<NonNull<Page>>,
[INFO] [stdout]     |                                     ^^^^ not found in this scope
[INFO] [stdout]     |
[INFO] [stdout] help: you might be missing a type parameter
[INFO] [stdout]     |
[INFO] [stdout] 165 |     pub struct FreePage<Page> {
[INFO] [stdout]     |                        ++++++
[INFO] [stdout] 
[INFO] [stdout] 
[INFO] [stdout] error[E0412]: cannot find type `Page` in this scope
[INFO] [stdout]    --> lib/rust/kernel/src/lib.rs:193:25
[INFO] [stdout]     |
[INFO] [stdout] 193 |     pub task_address: *mut Page,
[INFO] [stdout]     |                            ^^^^ not found in this scope
[INFO] [stdout] 
[INFO] [stdout] 
[INFO] [stdout] error[E0412]: cannot find type `Page` in this scope
[INFO] [stdout]    --> lib/rust/kernel/src/lib.rs:196:25
[INFO] [stdout]     |
[INFO] [stdout] 196 |     pub self_address: *mut Page,
[INFO] [stdout]     |                            ^^^^ not found in this scope
[INFO] [stdout] 
[INFO] [stdout] 
[INFO] [stdout] warning: unused import: `core::ffi`
[INFO] [stdout]  --> lib/rust/kernel/src/lib.rs:8:5
[INFO] [stdout]   |
[INFO] [stdout] 8 | use core::ffi;
[INFO] [stdout]   |     ^^^^^^^^^
[INFO] [stdout]   |
[INFO] [stdout]   = note: `#[warn(unused_imports)]` on by default
[INFO] [stdout] 
[INFO] [stdout] 
[INFO] [stdout] error: cannot find macro `syscall` in this scope
[INFO] [stdout]    --> lib/rust/kernel/src/lib.rs:206:1
[INFO] [stdout]     |
[INFO] [stdout] 206 | syscall!(
[INFO] [stdout]     | ^^^^^^^
[INFO] [stdout] 
[INFO] [stdout] 
[INFO] [stdout] error[E0554]: `#![feature]` may not be used on the stable release channel
[INFO] [stdout]  --> lib/rust/kernel/src/lib.rs:4:12
[INFO] [stdout]   |
[INFO] [stdout] 4 | #![feature(asm)]
[INFO] [stdout]   |            ^^^
[INFO] [stdout] 
[INFO] [stdout] 
[INFO] [stdout] error[E0554]: `#![feature]` may not be used on the stable release channel
[INFO] [stdout]  --> lib/rust/kernel/src/lib.rs:5:12
[INFO] [stdout]   |
[INFO] [stdout] 5 | #![feature(variant_count)]
[INFO] [stdout]   |            ^^^^^^^^^^^^^
[INFO] [stdout] 
[INFO] [stdout] 
[INFO] [stdout] warning: the feature `asm` has been stable since 1.59.0 and no longer requires an attribute to enable
[INFO] [stdout]  --> lib/rust/kernel/src/lib.rs:4:12
[INFO] [stdout]   |
[INFO] [stdout] 4 | #![feature(asm)]
[INFO] [stdout]   |            ^^^
[INFO] [stdout]   |
[INFO] [stdout]   = note: `#[warn(stable_features)]` on by default
[INFO] [stdout] 
[INFO] [stdout] 
[INFO] [stdout] error: cannot find macro `syscall` in this scope
[INFO] [stdout]    --> lib/rust/kernel/src/lib.rs:214:1
[INFO] [stdout]     |
[INFO] [stdout] 214 | syscall!(io_set_notify_handler, 2, function: notification::Handler);
[INFO] [stdout]     | ^^^^^^^
[INFO] [stdout] 
[INFO] [stdout] 
[INFO] [stdout] error: cannot find macro `syscall` in this scope
[INFO] [stdout]    --> lib/rust/kernel/src/lib.rs:216:1
[INFO] [stdout]     |
[INFO] [stdout] 216 | syscall!(mem_alloc, 3, address: *mut Page, size: usize, flags: u8);
[INFO] [stdout]     | ^^^^^^^
[INFO] [stdout] 
[INFO] [stdout] 
[INFO] [stdout] error: cannot find macro `syscall` in this scope
[INFO] [stdout]    --> lib/rust/kernel/src/lib.rs:217:1
[INFO] [stdout]     |
[INFO] [stdout] 217 | syscall!(mem_dealloc, 4, address: *mut Page, size: usize);
[INFO] [stdout]     | ^^^^^^^
[INFO] [stdout] 
[INFO] [stdout] 
[INFO] [stdout] error: cannot find macro `syscall` in this scope
[INFO] [stdout]    --> lib/rust/kernel/src/lib.rs:218:1
[INFO] [stdout]     |
[INFO] [stdout] 218 | syscall!(
[INFO] [stdout]     | ^^^^^^^
[INFO] [stdout] 
[INFO] [stdout] 
[INFO] [stdout] error: cannot find macro `syscall` in this scope
[INFO] [stdout]    --> lib/rust/kernel/src/lib.rs:226:1
[INFO] [stdout]     |
[INFO] [stdout] 226 | syscall!(
[INFO] [stdout]     | ^^^^^^^
[INFO] [stdout] 
[INFO] [stdout] 
[INFO] [stdout] error: cannot find macro `syscall` in this scope
[INFO] [stdout]    --> lib/rust/kernel/src/lib.rs:234:1
[INFO] [stdout]     |
[INFO] [stdout] 234 | syscall!(io_notify_return, 9);
[INFO] [stdout]     | ^^^^^^^
[INFO] [stdout] 
[INFO] [stdout] 
[INFO] [stdout] error: cannot find macro `syscall` in this scope
[INFO] [stdout]    --> lib/rust/kernel/src/lib.rs:236:1
[INFO] [stdout]     |
[INFO] [stdout] 236 | syscall!(sys_reserve_interrupt, 10, interrupt: usize);
[INFO] [stdout]     | ^^^^^^^
[INFO] [stdout] 
[INFO] [stdout] 
[INFO] [stdout] error: cannot find macro `syscall` in this scope
[INFO] [stdout]    --> lib/rust/kernel/src/lib.rs:238:1
[INFO] [stdout]     |
[INFO] [stdout] 238 | syscall!(
[INFO] [stdout]     | ^^^^^^^
[INFO] [stdout] 
[INFO] [stdout] 
[INFO] [stdout] error: cannot find macro `syscall` in this scope
[INFO] [stdout]    --> lib/rust/kernel/src/lib.rs:247:1
[INFO] [stdout]     |
[INFO] [stdout] 247 | syscall!(
[INFO] [stdout]     | ^^^^^^^
[INFO] [stdout] 
[INFO] [stdout] 
[INFO] [stdout] error: cannot find macro `syscall` in this scope
[INFO] [stdout]    --> lib/rust/kernel/src/lib.rs:255:1
[INFO] [stdout]     |
[INFO] [stdout] 255 | syscall!(sys_platform_info, 13, address: *mut Page, max_count: usize);
[INFO] [stdout]     | ^^^^^^^
[INFO] [stdout] 
[INFO] [stdout] 
[INFO] [stdout] error: cannot find macro `syscall` in this scope
[INFO] [stdout]    --> lib/rust/kernel/src/lib.rs:256:1
[INFO] [stdout]     |
[INFO] [stdout] 256 | syscall!(
[INFO] [stdout]     | ^^^^^^^
[INFO] [stdout] 
[INFO] [stdout] 
[INFO] [stdout] error[E0554]: `#![feature]` may not be used on the stable release channel
[INFO] [stdout]  --> lib/rust/driver/src/lib.rs:4:1
[INFO] [stdout]   |
[INFO] [stdout] 4 | #![feature(optimize_attribute)]
[INFO] [stdout]   | ^^^^^^^^^^^^^^^^^^^^^^^^^^^^^^^
[INFO] [stdout] 
[INFO] [stdout] 
[INFO] [stdout] error: cannot find macro `syscall` in this scope
[INFO] [stdout]    --> lib/rust/kernel/src/lib.rs:264:1
[INFO] [stdout]     |
[INFO] [stdout] 264 | syscall!(sys_log, 15, string: *const u8, length: usize);
[INFO] [stdout]     | ^^^^^^^
[INFO] [stdout] 
[INFO] [stdout] 
[INFO] [stdout] error: cannot find macro `syscall` in this scope
[INFO] [stdout]    --> lib/rust/kernel/src/lib.rs:266:1
[INFO] [stdout]     |
[INFO] [stdout] 266 | syscall!(
[INFO] [stdout]     | ^^^^^^^
[INFO] [stdout] 
[INFO] [stdout] 
[INFO] [stdout] error: cannot find macro `syscall` in this scope
[INFO] [stdout]    --> lib/rust/kernel/src/lib.rs:273:1
[INFO] [stdout]     |
[INFO] [stdout] 273 | syscall!(sys_registry_get, 17, name: *const u8, name_length: usize);
[INFO] [stdout]     | ^^^^^^^
[INFO] [stdout] 
[INFO] [stdout] 
[INFO] [stdout] error[E0412]: cannot find type `Page` in this scope
[INFO] [stdout]    --> lib/rust/kernel/src/lib.rs:112:28
[INFO] [stdout]     |
[INFO] [stdout] 112 |         pub data: Option<NonNull<Page>>,
[INFO] [stdout]     |                                  ^^^^ not found in this scope
[INFO] [stdout]     |
[INFO] [stdout] help: you might be missing a type parameter
[INFO] [stdout]     |
[INFO] [stdout] 110 |     pub struct Packet<Page> {
[INFO] [stdout]     |                      ++++++
[INFO] [stdout] 
[INFO] [stdout] 
[INFO] [stdout] error[E0412]: cannot find type `Page` in this scope
[INFO] [stdout]    --> lib/rust/kernel/src/lib.rs:113:28
[INFO] [stdout]     |
[INFO] [stdout] 113 |         pub name: Option<NonNull<Page>>,
[INFO] [stdout]     |                                  ^^^^ not found in this scope
[INFO] [stdout]     |
[INFO] [stdout] help: you might be missing a type parameter
[INFO] [stdout]     |
[INFO] [stdout] 110 |     pub struct Packet<Page> {
[INFO] [stdout]     |                      ++++++
[INFO] [stdout] 
[INFO] [stdout] 
[INFO] [stdout] error[E0412]: cannot find type `Page` in this scope
[INFO] [stdout]    --> lib/rust/kernel/src/lib.rs:166:31
[INFO] [stdout]     |
[INFO] [stdout] 166 |         pub address: Option<NonNull<Page>>,
[INFO] [stdout]     |                                     ^^^^ not found in this scope
[INFO] [stdout]     |
[INFO] [stdout] help: you might be missing a type parameter
[INFO] [stdout]     |
[INFO] [stdout] 165 |     pub struct FreePage<Page> {
[INFO] [stdout]     |                        ++++++
[INFO] [stdout] 
[INFO] [stdout] 
[INFO] [stdout] error[E0412]: cannot find type `Page` in this scope
[INFO] [stdout]    --> lib/rust/kernel/src/lib.rs:193:25
[INFO] [stdout]     |
[INFO] [stdout] 193 |     pub task_address: *mut Page,
[INFO] [stdout]     |                            ^^^^ not found in this scope
[INFO] [stdout] 
[INFO] [stdout] 
[INFO] [stdout] error[E0412]: cannot find type `Page` in this scope
[INFO] [stdout]    --> lib/rust/kernel/src/lib.rs:196:25
[INFO] [stdout]     |
[INFO] [stdout] 196 |     pub self_address: *mut Page,
[INFO] [stdout]     |                            ^^^^ not found in this scope
[INFO] [stdout] 
[INFO] [stdout] 
[INFO] [stdout] error[E0423]: expected function, found macro `sys_log`
[INFO] [stdout]    --> lib/rust/kernel/src/lib.rs:281:14
[INFO] [stdout]     |
[INFO] [stdout] 281 |             let ret = sys_log(s as *const _ as *const _, s.len());
[INFO] [stdout]     |                       ^^^^^^^ not a function
[INFO] [stdout]     |
[INFO] [stdout] help: use `!` to invoke the macro
[INFO] [stdout]     |
[INFO] [stdout] 281 |             let ret = sys_log!(s as *const _ as *const _, s.len());
[INFO] [stdout]     |                              +
[INFO] [stdout] 
[INFO] [stdout] 
[INFO] [stdout] error: aborting due to 21 previous errors
[INFO] [stdout] 
[INFO] [stdout] 
[INFO] [stdout] For more information about this error, try `rustc --explain E0412`.
[INFO] [stdout] 
[INFO] [stdout] error: aborting due to 27 previous errors; 2 warnings emitted
[INFO] [stdout] 
[INFO] [stdout] 
[INFO] [stdout] Some errors have detailed explanations: E0412, E0423, E0433, E0554.
[INFO] [stdout] 
[INFO] [stdout] For more information about an error, try `rustc --explain E0412`.
[INFO] [stdout] 
[INFO] [stderr] error: could not document `syscalls`
[INFO] [stderr] 
[INFO] [stderr] Caused by:
[INFO] [stderr]   process didn't exit successfully: `rustdoc --edition=2018 --crate-type lib --crate-name syscalls lib/rust/kernel/src/lib.rs -o /opt/rustwide/target/doc --error-format=json --json=diagnostic-rendered-ansi,artifacts,future-incompat --document-private-items -C metadata=ccc1ec3ae166cac7 -L dependency=/opt/rustwide/target/debug/deps --cap-lints=warn --crate-version 0.1.0` (exit status: 1)
[INFO] [stderr] error: could not compile `syscalls` due to 28 previous errors; 2 warnings emitted
[INFO] [stdout] error: aborting due to previous error
[INFO] [stdout] 
[INFO] [stdout] 
[INFO] [stdout] For more information about this error, try `rustc --explain E0554`.
[INFO] [stdout] 
[INFO] [stderr] error: could not compile `driver` due to 2 previous errors
[INFO] [stdout] error[E0554]: `#![feature]` may not be used on the stable release channel
[INFO] [stdout]  --> thirdparty/rust/simple-endian/src/lib.rs:2:12
[INFO] [stdout]   |
[INFO] [stdout] 2 | #![feature(test)]
[INFO] [stdout]   |            ^^^^
[INFO] [stdout] 
[INFO] [stdout] 
[INFO] [stdout] warning: unclosed HTML tag `T`
[INFO] [stdout]    --> thirdparty/rust/simple-endian/src/lib.rs:112:69
[INFO] [stdout]     |
[INFO] [stdout] 112 | /// The main part of the library.  Contains the trait SpecificEndian<T> and BigEndian<T> and LittleEndian<T> structs, as well as the
[INFO] [stdout]     |                                                                     ^^^
[INFO] [stdout]     |
[INFO] [stdout]     = note: `#[warn(rustdoc::invalid_html_tags)]` on by default
[INFO] [stdout] help: try marking as source code
[INFO] [stdout]     |
[INFO] [stdout] 112 | /// The main part of the library.  Contains the trait `SpecificEndian<T>` and BigEndian<T> and LittleEndian<T> structs, as well as the
[INFO] [stdout]     |                                                       +                 +
[INFO] [stdout] 
[INFO] [stdout] 
[INFO] [stdout] warning: unclosed HTML tag `T`
[INFO] [stdout]    --> thirdparty/rust/simple-endian/src/lib.rs:112:86
[INFO] [stdout]     |
[INFO] [stdout] 112 | /// The main part of the library.  Contains the trait SpecificEndian<T> and BigEndian<T> and LittleEndian<T> structs, as well as the
[INFO] [stdout]     |                                                                                      ^^^
[INFO] [stdout]     |
[INFO] [stdout] help: try marking as source code
[INFO] [stdout]     |
[INFO] [stdout] 112 | /// The main part of the library.  Contains the trait SpecificEndian<T> and `BigEndian<T>` and LittleEndian<T> structs, as well as the
[INFO] [stdout]     |                                                                             +            +
[INFO] [stdout] 
[INFO] [stdout] 
[INFO] [stdout] warning: unclosed HTML tag `T`
[INFO] [stdout]    --> thirdparty/rust/simple-endian/src/lib.rs:112:106
[INFO] [stdout]     |
[INFO] [stdout] 112 | /// The main part of the library.  Contains the trait SpecificEndian<T> and BigEndian<T> and LittleEndian<T> structs, as well as the
[INFO] [stdout]     |                                                                                                          ^^^
[INFO] [stdout]     |
[INFO] [stdout] help: try marking as source code
[INFO] [stdout]     |
[INFO] [stdout] 112 | /// The main part of the library.  Contains the trait SpecificEndian<T> and BigEndian<T> and `LittleEndian<T>` structs, as well as the
[INFO] [stdout]     |                                                                                              +               +
[INFO] [stdout] 
[INFO] [stdout] 
[INFO] [stdout] warning: unclosed HTML tag `T`
[INFO] [stdout]   --> thirdparty/rust/simple-endian/src/specific_endian.rs:79:69
[INFO] [stdout]    |
[INFO] [stdout] 79 |     /// Uses .from_bits() and .to_bits() to implement SpecificEndian<T> with Integer types.  Can be used with any type having these metho...
[INFO] [stdout]    |                                                                     ^^^
[INFO] [stdout]    |
[INFO] [stdout] help: try marking as source code
[INFO] [stdout]    |
[INFO] [stdout] 79 |     /// Uses .from_bits() and .to_bits() to implement `SpecificEndian<T>` with Integer types.  Can be used with any type having these methods, but mainly for use with the floats.
[INFO] [stdout]    |                                                       +                 +
[INFO] [stdout] 
[INFO] [stdout] 
[INFO] [stdout] warning: unclosed HTML tag `T`
[INFO] [stdout]    --> thirdparty/rust/simple-endian/src/specific_endian.rs:120:46
[INFO] [stdout]     |
[INFO] [stdout] 120 |     /// Imports the data raw into a BigEndian<T> struct.
[INFO] [stdout]     |                                              ^^^
[INFO] [stdout]     |
[INFO] [stdout] help: try marking as source code
[INFO] [stdout]     |
[INFO] [stdout] 120 |     /// Imports the data raw into a `BigEndian<T>` struct.
[INFO] [stdout]     |                                     +            +
[INFO] [stdout] 
[INFO] [stdout] 
[INFO] [stdout] warning: unclosed HTML tag `T`
[INFO] [stdout]    --> thirdparty/rust/simple-endian/src/specific_endian.rs:155:49
[INFO] [stdout]     |
[INFO] [stdout] 155 |     /// Imports the data raw into a LittleEndian<T> struct.
[INFO] [stdout]     |                                                 ^^^
[INFO] [stdout]     |
[INFO] [stdout] help: try marking as source code
[INFO] [stdout]     |
[INFO] [stdout] 155 |     /// Imports the data raw into a `LittleEndian<T>` struct.
[INFO] [stdout]     |                                     +               +
[INFO] [stdout] 
[INFO] [stdout] 
[INFO] [stdout] warning: unclosed HTML tag `BASETY`
[INFO] [stdout]  --> thirdparty/rust/simple-endian/src/lib.rs:141:1
[INFO] [stdout]   |
[INFO] [stdout] 1 | | #![no_std]
[INFO] [stdout]   | |________________________________________________________________________________________________________________________________________________________________^
[INFO] [stdout] ...
[INFO] [stdout] 14| / /// The shorthand types (e.g u64be, f32le, etc)
[INFO] [stdout]   |
[INFO] [stdout] 
[INFO] [stdout] 
[INFO] [stdout] warning: unclosed HTML tag `BASETYPE`
[INFO] [stdout]  --> thirdparty/rust/simple-endian/src/lib.rs:141:1
[INFO] [stdout]   |
[INFO] [stdout] 1 | | #![no_std]
[INFO] [stdout]   | |________________________________________________________________________________________________________________________________________________________________^
[INFO] [stdout] ...
[INFO] [stdout] 14| / /// The shorthand types (e.g u64be, f32le, etc)
[INFO] [stdout]   |
[INFO] [stdout] 
[INFO] [stdout] 
[INFO] [stdout] error[E0554]: `#![feature]` may not be used on the stable release channel
[INFO] [stdout]  --> thirdparty/rust/simple-endian/src/lib.rs:2:12
[INFO] [stdout]   |
[INFO] [stdout] 2 | #![feature(test)]
[INFO] [stdout]   |            ^^^^
[INFO] [stdout] 
[INFO] [stdout] 
[INFO] [stdout] error: aborting due to previous error; 8 warnings emitted
[INFO] [stdout] 
[INFO] [stdout] 
[INFO] [stdout] For more information about this error, try `rustc --explain E0554`.
[INFO] [stdout] 
[INFO] [stderr] error: could not document `simple_endian`
[INFO] [stderr] 
[INFO] [stderr] Caused by:
[INFO] [stderr]   process didn't exit successfully: `rustdoc --edition=2018 --crate-type lib --crate-name simple_endian thirdparty/rust/simple-endian/src/lib.rs -o /opt/rustwide/target/doc --cfg 'feature="big_endian"' --cfg 'feature="bitwise"' --cfg 'feature="both_endian"' --cfg 'feature="byte_impls"' --cfg 'feature="comparisons"' --cfg 'feature="default"' --cfg 'feature="float_impls"' --cfg 'feature="format"' --cfg 'feature="integer_impls"' --cfg 'feature="little_endian"' --cfg 'feature="math_ops"' --cfg 'feature="neg_ops"' --cfg 'feature="shift_ops"' --error-format=json --json=diagnostic-rendered-ansi,artifacts,future-incompat --document-private-items -C metadata=53b9bb30e1dd0557 -L dependency=/opt/rustwide/target/debug/deps --cap-lints=warn --crate-version 0.2.0` (exit status: 1)
[INFO] [stdout] error: aborting due to previous error
[INFO] [stdout] 
[INFO] [stdout] 
[INFO] [stdout] For more information about this error, try `rustc --explain E0554`.
[INFO] [stdout] 
[INFO] [stderr] error: could not compile `simple_endian` due to 2 previous errors
[INFO] running `Command { std: "docker" "inspect" "f88d15c31f2b167312eb386f11e1d6f740f1f3825297393fe6ea1ff7ff3122c7", kill_on_drop: false }`
[INFO] running `Command { std: "docker" "rm" "-f" "f88d15c31f2b167312eb386f11e1d6f740f1f3825297393fe6ea1ff7ff3122c7", kill_on_drop: false }`
[INFO] [stdout] f88d15c31f2b167312eb386f11e1d6f740f1f3825297393fe6ea1ff7ff3122c7
