[INFO] cloning repository https://github.com/CrocdileChan/offchain-storage
[INFO] running `Command { std: "git" "-c" "credential.helper=" "-c" "credential.helper=/workspace/cargo-home/bin/git-credential-null" "clone" "--bare" "https://github.com/CrocdileChan/offchain-storage" "/workspace/cache/git-repos/https%3A%2F%2Fgithub.com%2FCrocdileChan%2Foffchain-storage", kill_on_drop: false }`
[INFO] [stderr] Cloning into bare repository '/workspace/cache/git-repos/https%3A%2F%2Fgithub.com%2FCrocdileChan%2Foffchain-storage'...
[INFO] running `Command { std: "git" "rev-parse" "HEAD", kill_on_drop: false }`
[INFO] [stdout] 09aec657ba61dea7009e8627ca9921d3710f22ce
[INFO] documenting CrocdileChan/offchain-storage against beta-2023-04-20 for beta-1.70-rustdoc-1
[INFO] running `Command { std: "git" "clone" "/workspace/cache/git-repos/https%3A%2F%2Fgithub.com%2FCrocdileChan%2Foffchain-storage" "/workspace/builds/worker-7-tc2/source", kill_on_drop: false }`
[INFO] [stderr] Cloning into '/workspace/builds/worker-7-tc2/source'...
[INFO] [stderr] done.
[INFO] validating manifest of git repo https://github.com/CrocdileChan/offchain-storage on toolchain beta-2023-04-20
[INFO] running `Command { std: CARGO_HOME="/workspace/cargo-home" RUSTUP_HOME="/workspace/rustup-home" "/workspace/cargo-home/bin/cargo" "+beta-2023-04-20" "metadata" "--manifest-path" "Cargo.toml" "--no-deps", kill_on_drop: false }`
[INFO] started tweaking git repo https://github.com/CrocdileChan/offchain-storage
[INFO] finished tweaking git repo https://github.com/CrocdileChan/offchain-storage
[INFO] tweaked toml for git repo https://github.com/CrocdileChan/offchain-storage written to /workspace/builds/worker-7-tc2/source/Cargo.toml
[INFO] crate git repo https://github.com/CrocdileChan/offchain-storage already has a lockfile, it will not be regenerated
[INFO] running `Command { std: CARGO_HOME="/workspace/cargo-home" RUSTUP_HOME="/workspace/rustup-home" "/workspace/cargo-home/bin/cargo" "+beta-2023-04-20" "fetch" "--manifest-path" "Cargo.toml", kill_on_drop: false }`
[INFO] [stderr]     Updating crates.io index
[INFO] [stderr]  Downloading crates ...
[INFO] [stderr]   Downloaded wasm-bindgen-shared v0.2.55
[INFO] [stderr]   Downloaded trie-bench v0.18.0
[INFO] [stderr]   Downloaded uint v0.8.2
[INFO] [stderr]   Downloaded fixed-hash v0.5.1
[INFO] [stderr]   Downloaded paste-impl v0.1.6
[INFO] [stderr]   Downloaded tokio-timer v0.2.12
[INFO] [stderr]   Downloaded sha-1 v0.8.1
[INFO] [stderr]   Downloaded linked_hash_set v0.1.3
[INFO] [stderr]   Downloaded ctor v0.1.12
[INFO] [stderr]   Downloaded finality-grandpa v0.10.2
[INFO] [stderr]   Downloaded rpassword v4.0.3
[INFO] [stderr]   Downloaded schnorrkel v0.8.5
[INFO] [stderr]   Downloaded console_log v0.1.2
[INFO] [stderr]   Downloaded tracing-attributes v0.1.5
[INFO] [stderr]   Downloaded pwasm-utils v0.12.0
[INFO] [stderr]   Downloaded tracing-core v0.1.7
[INFO] [stderr]   Downloaded libp2p-wasm-ext v0.6.0
[INFO] [stderr]   Downloaded cmake v0.1.42
[INFO] [stderr]   Downloaded libp2p-mdns v0.13.1
[INFO] [stderr]   Downloaded region v2.1.2
[INFO] [stderr]   Downloaded file-per-thread-logger v0.1.2
[INFO] [stderr]   Downloaded cranelift-bforest v0.50.0
[INFO] [stderr]   Downloaded cranelift-entity v0.50.0
[INFO] [stderr]   Downloaded zstd v0.5.1+zstd.1.4.4
[INFO] [stderr]   Downloaded anyhow v1.0.25
[INFO] [stderr]   Downloaded parity-bytes v0.1.1
[INFO] [stderr]   Downloaded scroll_derive v0.10.1
[INFO] [stderr]   Downloaded assert_matches v1.3.0
[INFO] [stderr]   Downloaded aes-ctr v0.3.0
[INFO] [stderr]   Downloaded quickcheck v0.9.0
[INFO] [stderr]   Downloaded evm-core v0.14.0
[INFO] [stderr]   Downloaded evm-gasometer v0.14.0
[INFO] [stderr]   Downloaded vergen v3.0.4
[INFO] [stderr]   Downloaded async-std v1.2.0
[INFO] [stderr]   Downloaded ctrlc v3.1.3
[INFO] [stderr]   Downloaded target_info v0.1.0
[INFO] [stderr]   Downloaded enumflags2_derive v0.6.2
[INFO] [stderr]   Downloaded tokio v0.2.4
[INFO] [stderr]   Downloaded wasm-bindgen-futures v0.3.27
[INFO] [stderr]   Downloaded gimli v0.19.0
[INFO] [stderr]   Downloaded kvdb-memorydb v0.2.0
[INFO] [stderr]   Downloaded erased-serde v0.3.9
[INFO] [stderr]   Downloaded zstd-sys v1.4.15+zstd.1.4.4
[INFO] [stderr]   Downloaded libp2p-yamux v0.13.0
[INFO] [stderr]   Downloaded scroll v0.10.1
[INFO] [stderr]   Downloaded faerie v0.13.0
[INFO] [stderr]   Downloaded cranelift-codegen-meta v0.50.0
[INFO] [stderr]   Downloaded wasmparser v0.39.3
[INFO] [stderr]   Downloaded librocksdb-sys v6.2.4
[INFO] [stderr]   Downloaded wabt-sys v0.7.0
[INFO] [stderr]   Downloaded target-lexicon v0.9.0
[INFO] [stderr]   Downloaded libp2p-plaintext v0.13.1
[INFO] [stderr]   Downloaded libp2p-secio v0.13.1
[INFO] [stderr]   Downloaded libp2p-tcp v0.13.0
[INFO] [stderr]   Downloaded libsecp256k1 v0.3.4
[INFO] [stderr]   Downloaded fdlimit v0.1.1
[INFO] [stderr]   Downloaded lru v0.1.17
[INFO] [stderr]   Downloaded jsonrpc-http-server v14.0.5
[INFO] [stderr]   Downloaded globset v0.4.4
[INFO] [stderr]   Downloaded jsonrpc-server-utils v14.0.5
[INFO] [stderr]   Downloaded ws v0.9.1
[INFO] [stderr]   Downloaded jsonrpc-ws-server v14.0.5
[INFO] [stderr]   Downloaded sysinfo v0.9.6
[INFO] [stderr]   Downloaded kvdb-rocksdb v0.3.0
[INFO] [stderr]   Downloaded bytes v0.5.2
[INFO] [stderr]   Downloaded rocksdb v0.13.0
[INFO] [stderr]   Downloaded thiserror-impl v1.0.9
[INFO] [stderr]   Downloaded thiserror v1.0.9
[INFO] [stderr]   Downloaded snow v0.6.2
[INFO] [stderr]   Downloaded evm-runtime v0.14.1
[INFO] [stderr]   Downloaded evm v0.14.1
[INFO] [stderr]   Downloaded enumflags2 v0.6.2
[INFO] [stderr]   Downloaded fs-swap v0.2.4
[INFO] [stderr]   Downloaded interleaved-ordered v0.1.1
[INFO] [stderr]   Downloaded jsonrpc-pubsub v14.0.5
[INFO] [stderr]   Downloaded kvdb v0.2.0
[INFO] [stderr]   Downloaded raw-cpuid v7.0.3
[INFO] [stderr]   Downloaded cranelift-native v0.50.0
[INFO] [stderr]   Downloaded goblin v0.1.2
[INFO] [stderr]   Downloaded wasmtime-debug v0.8.0
[INFO] [stderr]   Downloaded zstd-safe v2.0.3+zstd.1.4.4
[INFO] [stderr]   Downloaded send_wrapper v0.2.0
[INFO] [stderr]   Downloaded tokio-executor v0.1.9
[INFO] [stderr]   Downloaded bumpalo v2.6.0
[INFO] [stderr]   Downloaded rustversion v1.0.0
[INFO] [stderr]   Downloaded tokio-threadpool v0.1.17
[INFO] [stderr]   Downloaded tokio-udp v0.1.5
[INFO] [stderr]   Downloaded tokio-reactor v0.1.11
[INFO] [stderr]   Downloaded wasm-timer v0.1.3
[INFO] [stderr]   Downloaded string-interner v0.7.1
[INFO] [stderr]   Downloaded wasmtime-jit v0.8.0
[INFO] [stderr]   Downloaded cranelift-codegen-shared v0.50.0
[INFO] [stderr]   Downloaded libp2p-ping v0.13.1
[INFO] [stderr]   Downloaded libp2p-swarm v0.3.0
[INFO] [stderr]   Downloaded soketto v0.2.3
[INFO] [stderr]   Downloaded parity-multiaddr v0.6.0
[INFO] [stderr]   Downloaded jsonrpc-client-transports v14.0.5
[INFO] [stderr]   Downloaded tiny-keccak v2.0.1
[INFO] [stderr]   Downloaded cranelift-codegen v0.50.0
[INFO] [stderr]   Downloaded futures-timer v0.4.0
[INFO] [stderr]   Downloaded protobuf v2.8.1
[INFO] [stderr]   Downloaded tiny-bip39 v0.6.2
[INFO] [stderr]   Downloaded jsonrpc-derive v14.0.5
[INFO] [stderr]   Downloaded impl-rlp v0.2.1
[INFO] [stderr]   Downloaded environmental v1.0.2
[INFO] [stderr]   Downloaded trie-standardmap v0.15.2
[INFO] [stderr]   Downloaded impl-serde v0.2.3
[INFO] [stderr]   Downloaded wasm-bindgen-backend v0.2.55
[INFO] [stderr]   Downloaded wasm-bindgen-macro-support v0.2.55
[INFO] [stderr]   Downloaded cranelift-frontend v0.50.0
[INFO] [stderr]   Downloaded wabt v0.9.2
[INFO] [stderr]   Downloaded libp2p-deflate v0.5.0
[INFO] [stderr]   Downloaded libp2p-dns v0.13.0
[INFO] [stderr]   Downloaded libp2p-mplex v0.13.0
[INFO] [stderr]   Downloaded primitive-types v0.6.1
[INFO] [stderr]   Downloaded cranelift-wasm v0.50.0
[INFO] [stderr]   Downloaded libp2p-core-derive v0.13.0
[INFO] [stderr]   Downloaded libp2p-floodsub v0.13.1
[INFO] [stderr]   Downloaded libp2p-identify v0.13.2
[INFO] [stderr]   Downloaded parity-multihash v0.2.0
[INFO] [stderr]   Downloaded js-sys v0.3.32
[INFO] [stderr]   Downloaded tokio-dns-unofficial v0.4.0
[INFO] [stderr]   Downloaded libp2p-kad v0.13.2
[INFO] [stderr]   Downloaded libp2p-noise v0.11.1
[INFO] [stderr]   Downloaded libp2p-uds v0.13.0
[INFO] [stderr]   Downloaded jsonrpc-core v14.0.5
[INFO] [stderr]   Downloaded wasmtime-runtime v0.8.0
[INFO] [stderr]   Downloaded twofish v0.2.0
[INFO] [stderr]   Downloaded libp2p-core v0.13.2
[INFO] [stderr]   Downloaded libp2p v0.13.2
[INFO] [stderr]   Downloaded hex-literal-impl v0.2.1
[INFO] [stderr]   Downloaded ipnet v2.1.0
[INFO] [stderr]   Downloaded libp2p-websocket v0.13.0
[INFO] [stderr]   Downloaded multistream-select v0.6.1
[INFO] [stderr]   Downloaded trie-db v0.18.1
[INFO] [stderr]   Downloaded keccak-hasher v0.15.2
[INFO] [stderr]   Downloaded wasm-bindgen v0.2.55
[INFO] [stderr]   Downloaded rw-stream-sink v0.1.2
[INFO] [stderr]   Downloaded nohash-hasher v0.1.2
[INFO] [stderr]   Downloaded bs58 v0.3.0
[INFO] [stderr]   Downloaded tokio-rustls v0.10.2
[INFO] [stderr]   Downloaded yamux v0.2.2
[INFO] [stderr]   Downloaded wasm-bindgen-webidl v0.2.55
[INFO] [stderr]   Downloaded web-sys v0.3.32
[INFO] [stderr]   Downloaded bitvec v0.15.2
[INFO] [stderr]   Downloaded tracing v0.1.10
[INFO] [stderr]   Downloaded safe-mix v1.0.0
[INFO] [stderr]   Downloaded websocket-base v0.24.0
[INFO] [stderr]   Downloaded websocket v0.24.0
[INFO] [stderr]   Downloaded jsonrpc-core-client v14.0.5
[INFO] [stderr]   Downloaded paste v0.1.6
[INFO] [stderr]   Downloaded integer-sqrt v0.1.2
[INFO] [stderr]   Downloaded hex v0.4.0
[INFO] [stderr]   Downloaded rlp v0.4.4
[INFO] [stderr]   Downloaded rustc-hex v2.0.1
[INFO] [stderr]   Downloaded hex-literal v0.2.1
[INFO] [stderr]   Downloaded substrate-bip39 v0.3.1
[INFO] [stderr]   Downloaded memory-db v0.18.0
[INFO] [stderr]   Downloaded sha2 v0.8.0
[INFO] [stderr]   Downloaded malloc_size_of_derive v0.1.1
[INFO] [stderr]   Downloaded parity-util-mem v0.3.0
[INFO] [stderr]   Downloaded byte-slice-cast v0.3.4
[INFO] [stderr]   Downloaded parity-scale-codec-derive v1.1.1
[INFO] [stderr]   Downloaded parity-scale-codec v1.1.0
[INFO] [stderr]   Downloaded trie-root v0.15.2
[INFO] [stderr]   Downloaded cargo_metadata v0.9.1
[INFO] [stderr]   Downloaded wasm-bindgen-macro v0.2.55
[INFO] [stderr]   Downloaded wasmtime-environ v0.8.0
[INFO] [stderr]   Downloaded test-case v0.3.3
[INFO] running `Command { std: "docker" "create" "-v" "/var/lib/crater-agent-workspace/builds/worker-7-tc2/target:/opt/rustwide/target:rw,Z" "-v" "/var/lib/crater-agent-workspace/builds/worker-7-tc2/source:/opt/rustwide/workdir:ro,Z" "-v" "/var/lib/crater-agent-workspace/cargo-home:/opt/rustwide/cargo-home:ro,Z" "-v" "/var/lib/crater-agent-workspace/rustup-home:/opt/rustwide/rustup-home:ro,Z" "-e" "SOURCE_DIR=/opt/rustwide/workdir" "-e" "CARGO_TARGET_DIR=/opt/rustwide/target" "-e" "CARGO_HOME=/opt/rustwide/cargo-home" "-e" "RUSTUP_HOME=/opt/rustwide/rustup-home" "-w" "/opt/rustwide/workdir" "-m" "1610612736" "--user" "0:0" "--network" "none" "ghcr.io/rust-lang/crates-build-env/linux@sha256:5ff2268d62e97bff2cde7d5815dd6ed5b47097566f13b8d0ca110b04b60e07ed" "/opt/rustwide/cargo-home/bin/cargo" "+beta-2023-04-20" "metadata" "--no-deps" "--format-version=1", kill_on_drop: false }`
[INFO] [stdout] ad5f4c013115fe40cb38843a809161ca2dadf757e63557e46ac2251f383faf3d
[INFO] running `Command { std: "docker" "start" "-a" "ad5f4c013115fe40cb38843a809161ca2dadf757e63557e46ac2251f383faf3d", kill_on_drop: false }`
[INFO] running `Command { std: "docker" "inspect" "ad5f4c013115fe40cb38843a809161ca2dadf757e63557e46ac2251f383faf3d", kill_on_drop: false }`
[INFO] running `Command { std: "docker" "rm" "-f" "ad5f4c013115fe40cb38843a809161ca2dadf757e63557e46ac2251f383faf3d", kill_on_drop: false }`
[INFO] [stdout] ad5f4c013115fe40cb38843a809161ca2dadf757e63557e46ac2251f383faf3d
[INFO] running `Command { std: "docker" "create" "-v" "/var/lib/crater-agent-workspace/builds/worker-7-tc2/target:/opt/rustwide/target:rw,Z" "-v" "/var/lib/crater-agent-workspace/builds/worker-7-tc2/source:/opt/rustwide/workdir:ro,Z" "-v" "/var/lib/crater-agent-workspace/cargo-home:/opt/rustwide/cargo-home:ro,Z" "-v" "/var/lib/crater-agent-workspace/rustup-home:/opt/rustwide/rustup-home:ro,Z" "-e" "SOURCE_DIR=/opt/rustwide/workdir" "-e" "CARGO_TARGET_DIR=/opt/rustwide/target" "-e" "CARGO_INCREMENTAL=0" "-e" "RUST_BACKTRACE=full" "-e" "RUSTFLAGS=--cap-lints=warn" "-e" "RUSTDOCFLAGS=--cap-lints=warn" "-e" "CARGO_HOME=/opt/rustwide/cargo-home" "-e" "RUSTUP_HOME=/opt/rustwide/rustup-home" "-w" "/opt/rustwide/workdir" "-m" "1610612736" "--user" "0:0" "--network" "none" "ghcr.io/rust-lang/crates-build-env/linux@sha256:5ff2268d62e97bff2cde7d5815dd6ed5b47097566f13b8d0ca110b04b60e07ed" "/opt/rustwide/cargo-home/bin/cargo" "+beta-2023-04-20" "doc" "--frozen" "--no-deps" "--document-private-items" "--message-format=json", kill_on_drop: false }`
[INFO] [stdout] 508890ded49839e97e75916eedfaab5679c8021f881bdc19208c28618cded160
[INFO] running `Command { std: "docker" "start" "-a" "508890ded49839e97e75916eedfaab5679c8021f881bdc19208c28618cded160", kill_on_drop: false }`
[INFO] [stderr]    Compiling libc v0.2.66
[INFO] [stderr]    Compiling syn v1.0.11
[INFO] [stderr]    Compiling log v0.4.8
[INFO] [stderr]    Compiling serde v1.0.103
[INFO] [stderr]    Compiling byteorder v1.3.2
[INFO] [stderr]    Compiling proc-macro2 v1.0.6
[INFO] [stderr]    Compiling typenum v1.11.2
[INFO] [stderr]    Compiling spin v0.5.2
[INFO] [stderr]    Compiling lazy_static v1.4.0
[INFO] [stderr]    Compiling getrandom v0.1.13
[INFO] [stderr]    Compiling rand v0.6.5
[INFO] [stderr]    Compiling quote v1.0.2
[INFO] [stderr]    Compiling failure_derive v0.1.6
[INFO] [stderr]    Compiling memchr v2.2.1
[INFO] [stderr]    Compiling crunchy v0.2.2
[INFO] [stderr]    Compiling num_cpus v1.11.1
[INFO] [stderr]    Compiling jobserver v0.1.17
[INFO] [stderr]    Compiling rand_core v0.4.2
[INFO] [stderr]    Compiling cc v1.0.48
[INFO] [stderr]    Compiling rand_core v0.3.1
[INFO] [stderr]    Compiling subtle v2.2.2
[INFO] [stderr]    Compiling generic-array v0.12.3
[INFO] [stderr]    Compiling ppv-lite86 v0.2.6
[INFO] [stderr]    Compiling rand_core v0.5.1
[INFO] [stderr]    Compiling digest v0.8.1
[INFO] [stderr]    Compiling aho-corasick v0.7.6
[INFO] [stderr]    Compiling thread_local v0.3.6
[INFO] [stderr]    Compiling regex-syntax v0.6.12
[INFO] [stderr]    Compiling num-bigint v0.2.3
[INFO] [stderr]    Compiling c2-chacha v0.2.3
[INFO] [stderr]     Checking lock_api v0.3.2
[INFO] [stderr]    Compiling rand_chacha v0.2.1
[INFO] [stderr]    Compiling backtrace-sys v0.1.32
[INFO] [stderr]    Compiling clear_on_drop v0.2.3
[INFO] [stderr]    Compiling rand v0.7.2
[INFO] [stderr]    Compiling num-rational v0.2.2
[INFO] [stderr]    Compiling arrayvec v0.4.12
[INFO] [stderr]     Checking opaque-debug v0.2.3
[INFO] [stderr]     Checking byte-tools v0.3.1
[INFO] [stderr]     Checking block-padding v0.1.5
[INFO] [stderr]     Checking block-buffer v0.7.3
[INFO] [stderr]     Checking rand_isaac v0.1.1
[INFO] [stderr]    Compiling curve25519-dalek v1.2.3
[INFO] [stderr]     Checking rand_hc v0.1.0
[INFO] [stderr]     Checking rand_chacha v0.1.1
[INFO] [stderr]     Checking rand_xorshift v0.1.1
[INFO] [stderr]     Checking rand_os v0.1.3
[INFO] [stderr]    Compiling tiny-keccak v2.0.1
[INFO] [stderr]    Compiling regex v1.3.1
[INFO] [stderr]     Checking fake-simd v0.1.2
[INFO] [stderr]     Checking sha2 v0.8.0
[INFO] [stderr]     Checking subtle v1.0.0
[INFO] [stderr]     Checking crypto-mac v0.7.0
[INFO] [stderr]     Checking rustc-demangle v0.1.16
[INFO] [stderr]     Checking keccak v0.1.0
[INFO] [stderr]     Checking smallvec v1.0.0
[INFO] [stderr]     Checking hmac v0.7.1
[INFO] [stderr]     Checking arrayref v0.3.5
[INFO] [stderr]    Compiling hashbrown v0.6.3
[INFO] [stderr]     Checking arrayvec v0.5.1
[INFO] [stderr]     Checking rustc-hex v2.0.1
[INFO] [stderr]     Checking hmac-drbg v0.2.0
[INFO] [stderr]     Checking uint v0.8.2
[INFO] [stderr]     Checking libsecp256k1 v0.3.4
[INFO] [stderr]    Compiling Inflector v0.11.4
[INFO] [stderr]     Checking bitvec v0.15.2
[INFO] [stderr]     Checking byte-slice-cast v0.3.4
[INFO] [stderr]     Checking errno v0.2.4
[INFO] [stderr]    Compiling synstructure v0.12.3
[INFO] [stderr]     Checking rlp v0.4.4
[INFO] [stderr]     Checking sp-std v2.0.0 (/opt/rustwide/workdir/primitives/std)
[INFO] [stderr]     Checking impl-rlp v0.2.1
[INFO] [stderr]     Checking fixed-hash v0.5.1
[INFO] [stderr]     Checking parity-wasm v0.41.0
[INFO] [stderr]     Checking memory_units v0.3.0
[INFO] [stderr]     Checking environmental v1.0.2
[INFO] [stderr]     Checking lock_api v0.1.5
[INFO] [stderr]     Checking hash-db v0.15.2
[INFO] [stderr]     Checking pbkdf2 v0.3.0
[INFO] [stderr]     Checking constant_time_eq v0.1.4
[INFO] [stderr]     Checking zeroize v0.9.3
[INFO] [stderr]     Checking blake2-rfc v0.2.18
[INFO] [stderr]     Checking hashbrown v0.1.8
[INFO] [stderr]     Checking wasmi-validation v0.3.0
[INFO] [stderr]     Checking twox-hash v1.5.0
[INFO] [stderr]     Checking hash256-std-hasher v0.15.2
[INFO] [stderr]     Checking hex v0.4.0
[INFO] [stderr]     Checking base58 v0.1.0
[INFO] [stderr]     Checking wasmi v0.6.2
[INFO] [stderr]     Checking trie-root v0.15.2
[INFO] [stderr]     Checking integer-sqrt v0.1.2
[INFO] [stderr]    Compiling nodrop v0.1.14
[INFO] [stderr]     Checking futures v0.1.29
[INFO] [stderr]    Compiling ring v0.16.9
[INFO] [stderr]     Checking either v1.5.3
[INFO] [stderr]     Checking iovec v0.1.4
[INFO] [stderr]     Checking slab v0.4.2
[INFO] [stderr]     Checking bytes v0.4.12
[INFO] [stderr]    Compiling httparse v1.3.4
[INFO] [stderr]    Compiling protobuf v2.8.1
[INFO] [stderr]     Checking crossbeam-utils v0.6.6
[INFO] [stderr]    Compiling proc-macro-nested v0.1.3
[INFO] [stderr]     Checking itoa v0.4.4
[INFO] [stderr]     Checking tokio-io v0.1.12
[INFO] [stderr]     Checking tracing-core v0.1.7
[INFO] [stderr]     Checking unicode-normalization v0.1.11
[INFO] [stderr]    Compiling serde_derive v1.0.103
[INFO] [stderr]    Compiling zeroize_derive v1.0.0
[INFO] [stderr]    Compiling proc-macro-hack v0.5.11
[INFO] [stderr]    Compiling sp-debug-derive v2.0.0 (/opt/rustwide/workdir/primitives/debug-derive)
[INFO] [stderr]    Compiling impl-trait-for-tuples v0.1.3
[INFO] [stderr]    Compiling malloc_size_of_derive v0.1.1
[INFO] [stderr]     Checking zeroize v1.1.0
[INFO] [stderr]    Compiling derive_more v0.99.2
[INFO] [stderr]     Checking curve25519-dalek v2.0.0
[INFO] [stderr]     Checking merlin v1.3.0
[INFO] [stderr]    Compiling asn1_der_derive v0.1.2
[INFO] [stderr]    Compiling tracing-attributes v0.1.5
[INFO] [stderr]    Compiling const-random-macro v0.1.6
[INFO] [stderr]    Compiling paste-impl v0.1.6
[INFO] [stderr]     Checking ed25519-dalek v1.0.0-pre.3
[INFO] [stderr]     Checking parity-util-mem v0.3.0
[INFO] [stderr]     Checking const-random v0.1.6
[INFO] [stderr]     Checking ahash v0.2.18
[INFO] [stderr]    Compiling futures-macro v0.3.1
[INFO] [stderr]     Checking tokio-codec v0.1.1
[INFO] [stderr]     Checking tokio-executor v0.1.9
[INFO] [stderr]     Checking tokio-timer v0.2.12
[INFO] [stderr]     Checking paste v0.1.6
[INFO] [stderr]     Checking crossbeam-utils v0.7.0
[INFO] [stderr]     Checking net2 v0.2.33
[INFO] [stderr]    Compiling wasm-bindgen-shared v0.2.55
[INFO] [stderr]     Checking mio v0.6.21
[INFO] [stderr]     Checking memory-db v0.18.0
[INFO] [stderr]     Checking trie-db v0.18.1
[INFO] [stderr]     Checking tracing v0.1.10
[INFO] [stderr]    Compiling libz-sys v1.0.25
[INFO] [stderr]    Compiling bumpalo v2.6.0
[INFO] [stderr]    Compiling syn v0.15.44
[INFO] [stderr]    Compiling wasm-bindgen v0.2.55
[INFO] [stderr]     Checking untrusted v0.7.0
[INFO] [stderr]     Checking sha3 v0.8.2
[INFO] [stderr]     Checking sha-1 v0.8.1
[INFO] [stderr]     Checking tokio-sync v0.1.7
[INFO] [stderr]     Checking idna v0.2.0
[INFO] [stderr]    Compiling wasm-bindgen-backend v0.2.55
[INFO] [stderr]     Checking pin-utils v0.1.0-alpha.4
[INFO] [stderr]     Checking unsigned-varint v0.2.3
[INFO] [stderr]     Checking url v2.1.0
[INFO] [stderr]     Checking mio-uds v0.6.7
[INFO] [stderr]     Checking blake2 v0.8.1
[INFO] [stderr]     Checking futures-core v0.3.1
[INFO] [stderr]     Checking data-encoding v2.1.2
[INFO] [stderr]     Checking parity-multihash v0.2.0
[INFO] [stderr]     Checking futures-sink v0.3.1
[INFO] [stderr]     Checking bs58 v0.3.0
[INFO] [stderr]     Checking multistream-select v0.6.1
[INFO] [stderr]     Checking wasm-timer v0.1.3
[INFO] [stderr]     Checking asn1_der v0.6.3
[INFO] [stderr]     Checking rw-stream-sink v0.1.2
[INFO] [stderr]    Compiling wasm-bindgen-macro-support v0.2.55
[INFO] [stderr]     Checking crossbeam-queue v0.1.2
[INFO] [stderr]     Checking futures-io v0.3.1
[INFO] [stderr]     Checking futures-channel v0.3.1
[INFO] [stderr]     Checking futures-task v0.3.1
[INFO] [stderr]     Checking tokio-current-thread v0.1.6
[INFO] [stderr]     Checking futures-util v0.3.1
[INFO] [stderr]     Checking http v0.1.21
[INFO] [stderr]     Checking sp-wasm-interface v2.0.0 (/opt/rustwide/workdir/primitives/wasm-interface)
[INFO] [stderr]    Compiling libp2p-core-derive v0.13.0
[INFO] [stderr]    Compiling maybe-uninit v2.0.0
[INFO] [stderr]    Compiling scopeguard v1.0.0
[INFO] [stderr]    Compiling wasm-bindgen-macro v0.2.55
[INFO] [stderr]    Compiling smallvec v0.6.13
[INFO] [stderr]     Checking futures-cpupool v0.1.8
[INFO] [stderr]     Checking base64 v0.10.1
[INFO] [stderr]    Compiling frame-support-procedural-tools-derive v2.0.0 (/opt/rustwide/workdir/frame/support/procedural/tools/derive)
[INFO] [stderr]     Checking sha1 v0.6.0
[INFO] [stderr]     Checking webpki v0.21.0
[INFO] [stderr]     Checking futures-executor v0.3.1
[INFO] [stderr]     Checking sct v0.6.0
[INFO] [stderr]     Checking futures v0.3.1
[INFO] [stderr]     Checking block-cipher-trait v0.6.2
[INFO] [stderr]     Checking adler32 v1.0.4
[INFO] [stderr]     Checking futures-core-preview v0.3.0-alpha.19
[INFO] [stderr]     Checking futures-sink-preview v0.3.0-alpha.19
[INFO] [stderr]     Checking miniz_oxide v0.3.5
[INFO] [stderr]     Checking rand v0.4.6
[INFO] [stderr]     Checking futures-channel-preview v0.3.0-alpha.19
[INFO] [stderr]     Checking once_cell v0.2.4
[INFO] [stderr]     Checking bitmask v0.5.0
[INFO] [stderr]     Checking futures-util-preview v0.3.0-alpha.19
[INFO] [stderr]     Checking rustls v0.16.0
[INFO] [stderr]     Checking flate2 v1.0.13
[INFO] [stderr]     Checking rand v0.3.23
[INFO] [stderr]     Checking stream-cipher v0.3.2
[INFO] [stderr]     Checking ctr v0.3.2
[INFO] [stderr]     Checking aes-soft v0.3.3
[INFO] [stderr]    Compiling strum_macros v0.16.0
[INFO] [stderr]     Checking lock_api v0.2.0
[INFO] [stderr]     Checking time v0.1.42
[INFO] [stderr]     Checking js-sys v0.3.32
[INFO] [stderr]     Checking impl-serde v0.2.3
[INFO] [stderr]     Checking serde_json v1.0.44
[INFO] [stderr]     Checking sp-storage v2.0.0 (/opt/rustwide/workdir/primitives/storage)
[INFO] [stderr]     Checking parity-multiaddr v0.6.0
[INFO] [stderr]     Checking sp-externalities v2.0.0 (/opt/rustwide/workdir/primitives/externalities)
[INFO] [stderr]     Checking c_linked_list v1.1.1
[INFO] [stderr]    Compiling semver v0.9.0
[INFO] [stderr]    Compiling toml v0.5.5
[INFO] [stdout] warning: trait objects without an explicit `dyn` are deprecated
[INFO] [stdout]    --> primitives/externalities/src/lib.rs:215:57
[INFO] [stdout]     |
[INFO] [stdout] 215 |         self.extension_by_type_id(TypeId::of::<T>()).and_then(Any::downcast_mut)
[INFO] [stdout]     |                                                               ^^^
[INFO] [stdout]     |
[INFO] [stdout]     = warning: this is accepted in the current edition (Rust 2018) but is a hard error in Rust 2021!
[INFO] [stdout]     = note: for more information, see <https://doc.rust-lang.org/nightly/edition-guide/rust-2021/warnings-promoted-to-error.html>
[INFO] [stdout]     = note: `#[warn(bare_trait_objects)]` on by default
[INFO] [stdout] help: use `dyn`
[INFO] [stdout]     |
[INFO] [stdout] 215 |         self.extension_by_type_id(TypeId::of::<T>()).and_then(<dyn Any>::downcast_mut)
[INFO] [stdout]     |                                                               ++++    +
[INFO] [stdout] 
[INFO] [stdout] 
[INFO] [stdout] warning: 1 warning emitted
[INFO] [stdout] 
[INFO] [stdout] 
[INFO] [stderr]     Checking nohash-hasher v0.1.2
[INFO] [stderr]     Checking tokio-rustls v0.10.2
[INFO] [stderr]     Checking byteorder v0.5.3
[INFO] [stderr]     Checking get_if_addrs v0.5.3
[INFO] [stderr]    Compiling rustc_version v0.2.3
[INFO] [stderr]     Checking cuckoofilter v0.3.2
[INFO] [stderr]     Checking aes-ctr v0.3.0
[INFO] [stderr]     Checking soketto v0.2.3
[INFO] [stderr]     Checking twofish v0.2.0
[INFO] [stderr]     Checking webpki-roots v0.18.0
[INFO] [stderr]     Checking dns-parser v0.8.0
[INFO] [stderr]     Checking x25519-dalek v0.5.2
[INFO] [stderr]     Checking ipnet v2.1.0
[INFO] [stderr]    Compiling parking_lot_core v0.6.2
[INFO] [stderr]    Compiling parking_lot v0.9.0
[INFO] [stderr]    Compiling parking_lot_core v0.4.0
[INFO] [stderr]    Compiling memoffset v0.5.3
[INFO] [stderr]    Compiling parking_lot_core v0.5.0
[INFO] [stderr]    Compiling proc-macro-crate v0.1.4
[INFO] [stderr]    Compiling parking_lot v0.8.0
[INFO] [stderr]     Checking crossbeam-epoch v0.8.0
[INFO] [stderr]    Compiling snow v0.6.2
[INFO] [stderr]    Compiling frame-support-procedural-tools v2.0.0 (/opt/rustwide/workdir/frame/support/procedural/tools)
[INFO] [stderr]     Checking crossbeam-deque v0.7.2
[INFO] [stderr]     Checking tokio-reactor v0.1.11
[INFO] [stderr]     Checking parking_lot v0.7.1
[INFO] [stderr]     Checking tokio-tcp v0.1.3
[INFO] [stderr]     Checking once_cell v0.1.8
[INFO] [stderr]     Checking tokio-threadpool v0.1.17
[INFO] [stderr]     Checking tokio-udp v0.1.5
[INFO] [stderr]    Compiling parity-scale-codec-derive v1.1.1
[INFO] [stderr]    Compiling sp-runtime-interface-proc-macro v2.0.0 (/opt/rustwide/workdir/primitives/runtime-interface/proc-macro)
[INFO] [stderr]    Compiling sp-api-proc-macro v2.0.0 (/opt/rustwide/workdir/primitives/api/proc-macro)
[INFO] [stderr]     Checking tokio-uds v0.2.5
[INFO] [stderr]    Compiling frame-support-procedural v2.0.0 (/opt/rustwide/workdir/frame/support/procedural)
[INFO] [stderr]     Checking tokio-fs v0.1.6
[INFO] [stderr]     Checking yamux v0.2.2
[INFO] [stderr]     Checking wasm-bindgen-futures v0.3.27
[INFO] [stderr]     Checking tokio v0.1.22
[INFO] [stderr]     Checking parity-send-wrapper v0.1.0
[INFO] [stderr]     Checking tokio-dns-unofficial v0.4.0
[INFO] [stderr]    Compiling rand_jitter v0.1.4
[INFO] [stderr]    Compiling rand_pcg v0.1.2
[INFO] [stderr]    Compiling slog v2.5.2
[INFO] [stderr]    Compiling safe-mix v1.0.0
[INFO] [stderr]    Compiling hex-literal-impl v0.2.1
[INFO] [stderr]     Checking futures-timer v0.4.0
[INFO] [stderr]     Checking parity-scale-codec v1.1.0
[INFO] [stderr]    Compiling indexmap v1.3.0
[INFO] [stderr]    Compiling quick-error v1.2.2
[INFO] [stderr]     Checking strum v0.16.0
[INFO] [stderr]     Checking sp-serializer v2.0.0 (/opt/rustwide/workdir/primitives/serializer)
[INFO] [stderr]     Checking chrono v0.4.10
[INFO] [stderr]     Checking lru v0.4.3
[INFO] [stderr]     Checking impl-codec v0.4.2
[INFO] [stderr]     Checking sp-arithmetic v2.0.0 (/opt/rustwide/workdir/primitives/arithmetic)
[INFO] [stderr]     Checking primitive-types v0.6.1
[INFO] [stderr]     Checking futures-timer v2.0.2
[INFO] [stderr]     Checking erased-serde v0.3.9
[INFO] [stderr]     Checking hex-literal v0.2.1
[INFO] [stderr]     Checking arc-swap v0.4.4
[INFO] [stderr]     Checking take_mut v0.2.2
[INFO] [stderr]     Checking slog-scope v4.3.0
[INFO] [stderr]     Checking slog-json v2.3.0
[INFO] [stderr]     Checking parity-bytes v0.1.1
[INFO] [stderr]    Compiling num-traits v0.2.10
[INFO] [stderr]    Compiling matches v0.1.8
[INFO] [stderr]    Compiling unicode-bidi v0.3.4
[INFO] [stderr]     Checking kvdb v0.2.0
[INFO] [stderr]    Compiling openssl-sys v0.9.53
[INFO] [stderr]    Compiling num-integer v0.1.41
[INFO] [stderr]    Compiling static_assertions v1.1.0
[INFO] [stderr]    Compiling hyper v0.12.35
[INFO] [stderr]     Checking sp-runtime-interface v2.0.0 (/opt/rustwide/workdir/primitives/runtime-interface)
[INFO] [stderr] The following warnings were emitted during compilation:
[INFO] [stderr] 
[INFO] [stderr] warning: build/expando.c:4:24: error: pasting "RUST_VERSION_OPENSSL_" and "(" does not give a valid preprocessing token
[INFO] [stderr] warning:     4 | #define VERSION2(n, v) RUST_VERSION_##n##_##v
[INFO] [stderr] warning:       |                        ^~~~~~~~~~~~~
[INFO] [stderr] warning: build/expando.c:5:23: note: in expansion of macro 'VERSION2'
[INFO] [stderr] warning:     5 | #define VERSION(n, v) VERSION2(n, v)
[INFO] [stderr] warning:       |                       ^~~~~~~~
[INFO] [stderr] warning: build/expando.c:10:1: note: in expansion of macro 'VERSION'
[INFO] [stderr] warning:    10 | VERSION(OPENSSL, OPENSSL_VERSION_NUMBER)
[INFO] [stderr] warning:       | ^~~~~~~
[INFO] [stderr] 
[INFO] [stderr] error: failed to run custom build command for `openssl-sys v0.9.53`
[INFO] [stderr] note: To improve backtraces for build dependencies, set the CARGO_PROFILE_DEV_BUILD_OVERRIDE_DEBUG=true environment variable to enable debug information generation.
[INFO] [stderr] 
[INFO] [stderr] Caused by:
[INFO] [stderr]   process didn't exit successfully: `/opt/rustwide/target/debug/build/openssl-sys-bbf97b113b0a4098/build-script-main` (exit status: 101)
[INFO] [stderr]   --- stdout
[INFO] [stderr]   cargo:rustc-cfg=const_fn
[INFO] [stderr]   cargo:rerun-if-env-changed=X86_64_UNKNOWN_LINUX_GNU_OPENSSL_LIB_DIR
[INFO] [stderr]   X86_64_UNKNOWN_LINUX_GNU_OPENSSL_LIB_DIR unset
[INFO] [stderr]   cargo:rerun-if-env-changed=OPENSSL_LIB_DIR
[INFO] [stderr]   OPENSSL_LIB_DIR unset
[INFO] [stderr]   cargo:rerun-if-env-changed=X86_64_UNKNOWN_LINUX_GNU_OPENSSL_INCLUDE_DIR
[INFO] [stderr]   X86_64_UNKNOWN_LINUX_GNU_OPENSSL_INCLUDE_DIR unset
[INFO] [stderr]   cargo:rerun-if-env-changed=OPENSSL_INCLUDE_DIR
[INFO] [stderr]   OPENSSL_INCLUDE_DIR unset
[INFO] [stderr]   cargo:rerun-if-env-changed=X86_64_UNKNOWN_LINUX_GNU_OPENSSL_DIR
[INFO] [stderr]   X86_64_UNKNOWN_LINUX_GNU_OPENSSL_DIR unset
[INFO] [stderr]   cargo:rerun-if-env-changed=OPENSSL_DIR
[INFO] [stderr]   OPENSSL_DIR unset
[INFO] [stderr]   cargo:rustc-link-lib=ssl
[INFO] [stderr]   cargo:rustc-link-lib=crypto
[INFO] [stderr]   OPT_LEVEL = Some("0")
[INFO] [stderr]   TARGET = Some("x86_64-unknown-linux-gnu")
[INFO] [stderr]   HOST = Some("x86_64-unknown-linux-gnu")
[INFO] [stderr]   CC_x86_64-unknown-linux-gnu = None
[INFO] [stderr]   CC_x86_64_unknown_linux_gnu = None
[INFO] [stderr]   HOST_CC = None
[INFO] [stderr]   CC = None
[INFO] [stderr]   CFLAGS_x86_64-unknown-linux-gnu = None
[INFO] [stderr]   CFLAGS_x86_64_unknown_linux_gnu = None
[INFO] [stderr]   HOST_CFLAGS = None
[INFO] [stderr]   CFLAGS = None
[INFO] [stderr]   CRATE_CC_NO_DEFAULTS = None
[INFO] [stderr]   DEBUG = Some("true")
[INFO] [stderr]   CARGO_CFG_TARGET_FEATURE = Some("fxsr,sse,sse2")
[INFO] [stderr]   running: "cc" "-O0" "-ffunction-sections" "-fdata-sections" "-fPIC" "-g" "-fno-omit-frame-pointer" "-m64" "-I" "/usr/include" "-Wall" "-Wextra" "-E" "build/expando.c"
[INFO] [stderr]   cargo:warning=build/expando.c:4:24: error: pasting "RUST_VERSION_OPENSSL_" and "(" does not give a valid preprocessing token
[INFO] [stderr]   cargo:warning=    4 | #define VERSION2(n, v) RUST_VERSION_##n##_##v
[INFO] [stderr]   cargo:warning=      |                        ^~~~~~~~~~~~~
[INFO] [stderr]   cargo:warning=build/expando.c:5:23: note: in expansion of macro 'VERSION2'
[INFO] [stderr]   cargo:warning=    5 | #define VERSION(n, v) VERSION2(n, v)
[INFO] [stderr]   cargo:warning=      |                       ^~~~~~~~
[INFO] [stderr]   cargo:warning=build/expando.c:10:1: note: in expansion of macro 'VERSION'
[INFO] [stderr]   cargo:warning=   10 | VERSION(OPENSSL, OPENSSL_VERSION_NUMBER)
[INFO] [stderr]   cargo:warning=      | ^~~~~~~
[INFO] [stderr]   exit status: 1
[INFO] [stderr] 
[INFO] [stderr]   --- stderr
[INFO] [stderr]   thread 'main' panicked at '
[INFO] [stderr]   Header expansion error:
[INFO] [stderr]   Error { kind: ToolExecError, message: "Command \"cc\" \"-O0\" \"-ffunction-sections\" \"-fdata-sections\" \"-fPIC\" \"-g\" \"-fno-omit-frame-pointer\" \"-m64\" \"-I\" \"/usr/include\" \"-Wall\" \"-Wextra\" \"-E\" \"build/expando.c\" with args \"cc\" did not execute successfully (status code exit status: 1)." }
[INFO] [stderr] 
[INFO] [stderr]   Failed to find OpenSSL development headers.
[INFO] [stderr] 
[INFO] [stderr]   You can try fixing this setting the `OPENSSL_DIR` environment variable
[INFO] [stderr]   pointing to your OpenSSL installation or installing OpenSSL headers package
[INFO] [stderr]   specific to your distribution:
[INFO] [stderr] 
[INFO] [stderr]       # On Ubuntu
[INFO] [stderr]       sudo apt-get install libssl-dev
[INFO] [stderr]       # On Arch Linux
[INFO] [stderr]       sudo pacman -S openssl
[INFO] [stderr]       # On Fedora
[INFO] [stderr]       sudo dnf install openssl-devel
[INFO] [stderr] 
[INFO] [stderr]   See rust-openssl README for more information:
[INFO] [stderr] 
[INFO] [stderr]       https://github.com/sfackler/rust-openssl#linux
[INFO] [stderr]   ', /opt/rustwide/cargo-home/registry/src/index.crates.io-6f17d22bba15001f/openssl-sys-0.9.53/build/main.rs:126:13
[INFO] [stderr]   stack backtrace:
[INFO] [stderr]      0:     0x559a3b39a98a - std::backtrace_rs::backtrace::libunwind::trace::h2f05d0192276a8f6
[INFO] [stderr]                                  at /rustc/1b7dd2252b99671ce5d1cb9664c5f8636329436d/library/std/src/../../backtrace/src/backtrace/libunwind.rs:93:5
[INFO] [stderr]      1:     0x559a3b39a98a - std::backtrace_rs::backtrace::trace_unsynchronized::hedc23dff7a1af150
[INFO] [stderr]                                  at /rustc/1b7dd2252b99671ce5d1cb9664c5f8636329436d/library/std/src/../../backtrace/src/backtrace/mod.rs:66:5
[INFO] [stderr]      2:     0x559a3b39a98a - std::sys_common::backtrace::_print_fmt::h17541ef7592f3ce2
[INFO] [stderr]                                  at /rustc/1b7dd2252b99671ce5d1cb9664c5f8636329436d/library/std/src/sys_common/backtrace.rs:65:5
[INFO] [stderr]      3:     0x559a3b39a98a - <std::sys_common::backtrace::_print::DisplayBacktrace as core::fmt::Display>::fmt::h20f75df5ab0c0792
[INFO] [stderr]                                  at /rustc/1b7dd2252b99671ce5d1cb9664c5f8636329436d/library/std/src/sys_common/backtrace.rs:44:22
[INFO] [stderr]      4:     0x559a3b3bb11f - core::fmt::write::h78109e6f466b3af6
[INFO] [stderr]                                  at /rustc/1b7dd2252b99671ce5d1cb9664c5f8636329436d/library/core/src/fmt/mod.rs:1254:17
[INFO] [stderr]      5:     0x559a3b397ba5 - std::io::Write::write_fmt::hc59e1b02dd273c8a
[INFO] [stderr]                                  at /rustc/1b7dd2252b99671ce5d1cb9664c5f8636329436d/library/std/src/io/mod.rs:1698:15
[INFO] [stderr]      6:     0x559a3b39a755 - std::sys_common::backtrace::_print::h8dac57a9f8fbf9a5
[INFO] [stderr]                                  at /rustc/1b7dd2252b99671ce5d1cb9664c5f8636329436d/library/std/src/sys_common/backtrace.rs:47:5
[INFO] [stderr]      7:     0x559a3b39a755 - std::sys_common::backtrace::print::hf9ecbf41d1aa712f
[INFO] [stderr]                                  at /rustc/1b7dd2252b99671ce5d1cb9664c5f8636329436d/library/std/src/sys_common/backtrace.rs:34:9
[INFO] [stderr]      8:     0x559a3b39c01e - std::panicking::default_hook::{{closure}}::h04c07acfc84ca028
[INFO] [stderr]                                  at /rustc/1b7dd2252b99671ce5d1cb9664c5f8636329436d/library/std/src/panicking.rs:269:22
[INFO] [stderr]      9:     0x559a3b39bdc5 - std::panicking::default_hook::h01f6bb23e1eceb2c
[INFO] [stderr]                                  at /rustc/1b7dd2252b99671ce5d1cb9664c5f8636329436d/library/std/src/panicking.rs:288:9
[INFO] [stderr]     10:     0x559a3b39c57e - std::panicking::rust_panic_with_hook::h2bb3722bbaf2f6df
[INFO] [stderr]                                  at /rustc/1b7dd2252b99671ce5d1cb9664c5f8636329436d/library/std/src/panicking.rs:691:13
[INFO] [stderr]     11:     0x559a3b39c479 - std::panicking::begin_panic_handler::{{closure}}::h91bc7f36a4be011b
[INFO] [stderr]                                  at /rustc/1b7dd2252b99671ce5d1cb9664c5f8636329436d/library/std/src/panicking.rs:582:13
[INFO] [stderr]     12:     0x559a3b39adf6 - std::sys_common::backtrace::__rust_end_short_backtrace::h8b3d3717114f9e59
[INFO] [stderr]                                  at /rustc/1b7dd2252b99671ce5d1cb9664c5f8636329436d/library/std/src/sys_common/backtrace.rs:150:18
[INFO] [stderr]     13:     0x559a3b39c1d2 - rust_begin_unwind
[INFO] [stderr]                                  at /rustc/1b7dd2252b99671ce5d1cb9664c5f8636329436d/library/std/src/panicking.rs:578:5
[INFO] [stderr]     14:     0x559a3b3087f3 - core::panicking::panic_fmt::hfd368e3fbdabea26
[INFO] [stderr]                                  at /rustc/1b7dd2252b99671ce5d1cb9664c5f8636329436d/library/core/src/panicking.rs:67:14
[INFO] [stderr]     15:     0x559a3b30ba08 - build_script_main::validate_headers::ha81b2f9fffa7d3c6
[INFO] [stderr]     16:     0x559a3b314b66 - build_script_main::find::try_pkg_config::h5642a2e341760bf0
[INFO] [stderr]     17:     0x559a3b313936 - build_script_main::find::find_openssl_dir::h7c76fc173f7236f5
[INFO] [stderr]     18:     0x559a3b313782 - build_script_main::find::get_openssl::{{closure}}::hb8a8ce753ac5fd80
[INFO] [stderr]     19:     0x559a3b312bca - core::option::Option<T>::unwrap_or_else::h773c8b6394ca8607
[INFO] [stderr]     20:     0x559a3b313480 - build_script_main::find::get_openssl::h23fbcd7fb3cdd9b7
[INFO] [stderr]     21:     0x559a3b30a805 - build_script_main::main::h21969ed49e5bb945
[INFO] [stderr]     22:     0x559a3b315103 - core::ops::function::FnOnce::call_once::hbe4462da9b51f1b9
[INFO] [stderr]     23:     0x559a3b30d966 - std::sys_common::backtrace::__rust_begin_short_backtrace::ha120dc3b7478b448
[INFO] [stderr]     24:     0x559a3b3117c9 - std::rt::lang_start::{{closure}}::hea85fdf7d941e1f1
[INFO] [stderr]     25:     0x559a3b3947fe - core::ops::function::impls::<impl core::ops::function::FnOnce<A> for &F>::call_once::h2eb19b8ce4148df4
[INFO] [stderr]                                  at /rustc/1b7dd2252b99671ce5d1cb9664c5f8636329436d/library/core/src/ops/function.rs:287:13
[INFO] [stderr]     26:     0x559a3b3947fe - std::panicking::try::do_call::h2e900feff5d504c5
[INFO] [stderr]                                  at /rustc/1b7dd2252b99671ce5d1cb9664c5f8636329436d/library/std/src/panicking.rs:485:40
[INFO] [stderr]     27:     0x559a3b3947fe - std::panicking::try::h8854836cb85aa9f2
[INFO] [stderr]                                  at /rustc/1b7dd2252b99671ce5d1cb9664c5f8636329436d/library/std/src/panicking.rs:449:19
[INFO] [stderr]     28:     0x559a3b3947fe - std::panic::catch_unwind::h706025dd4c48f64b
[INFO] [stderr]                                  at /rustc/1b7dd2252b99671ce5d1cb9664c5f8636329436d/library/std/src/panic.rs:140:14
[INFO] [stderr]     29:     0x559a3b3947fe - std::rt::lang_start_internal::{{closure}}::h7be5b97f4a07a91a
[INFO] [stderr]                                  at /rustc/1b7dd2252b99671ce5d1cb9664c5f8636329436d/library/std/src/rt.rs:148:48
[INFO] [stderr]     30:     0x559a3b3947fe - std::panicking::try::do_call::h59847e9d0a176965
[INFO] [stderr]                                  at /rustc/1b7dd2252b99671ce5d1cb9664c5f8636329436d/library/std/src/panicking.rs:485:40
[INFO] [stderr]     31:     0x559a3b3947fe - std::panicking::try::h399a918ba8522823
[INFO] [stderr]                                  at /rustc/1b7dd2252b99671ce5d1cb9664c5f8636329436d/library/std/src/panicking.rs:449:19
[INFO] [stderr]     32:     0x559a3b3947fe - std::panic::catch_unwind::hca7ca6c55b2a2e26
[INFO] [stderr]                                  at /rustc/1b7dd2252b99671ce5d1cb9664c5f8636329436d/library/std/src/panic.rs:140:14
[INFO] [stderr]     33:     0x559a3b3947fe - std::rt::lang_start_internal::h2c807a81560459eb
[INFO] [stderr]                                  at /rustc/1b7dd2252b99671ce5d1cb9664c5f8636329436d/library/std/src/rt.rs:148:20
[INFO] [stderr]     34:     0x559a3b3117a7 - std::rt::lang_start::hd2c4d0e23f3eef7a
[INFO] [stderr]     35:     0x559a3b30d7b5 - main
[INFO] [stderr]     36:     0x7f7fdd52dd90 - <unknown>
[INFO] [stderr]     37:     0x7f7fdd52de40 - __libc_start_main
[INFO] [stderr]     38:     0x559a3b308e65 - _start
[INFO] [stderr]     39:                0x0 - <unknown>
[INFO] [stderr] warning: build failed, waiting for other jobs to finish...
[INFO] running `Command { std: "docker" "inspect" "508890ded49839e97e75916eedfaab5679c8021f881bdc19208c28618cded160", kill_on_drop: false }`
[INFO] running `Command { std: "docker" "rm" "-f" "508890ded49839e97e75916eedfaab5679c8021f881bdc19208c28618cded160", kill_on_drop: false }`
[INFO] [stdout] 508890ded49839e97e75916eedfaab5679c8021f881bdc19208c28618cded160
